I20260713 09:04:58.960211 17298 tablet_service.cc:1917] Received RequestConsensusVote() RPC: tablet_id: "c45d6c0d178a4df6a18a5a6f39105a2a" candidate_uuid: "f8e5cc2cd32547d8883d85faacd59bd4" candidate_term: 1 candidate_status { last_received { term: 0 index: 0 } } ignore_live_leader: false dest_uuid: "32e32b0ab32f470681778dd487614d1e" is_pre_election: true
I20260713 09:04:58.961133 17298 raft_consensus.cc:2468] T c45d6c0d178a4df6a18a5a6f39105a2a P 32e32b0ab32f470681778dd487614d1e [term 0 FOLLOWER]: Leader pre-election vote request: Granting yes vote for candidate f8e5cc2cd32547d8883d85faacd59bd4 in term 0.
I20260713 09:04:58.965906 17450 tablet_service.cc:1917] Received RequestConsensusVote() RPC: tablet_id: "854fe4455823412395c7a9c59e2ca8de" candidate_uuid: "b281ba5edc1b40e798c6f5345a6e508b" candidate_term: 1 candidate_status { last_received { term: 0 index: 0 } } ignore_live_leader: false dest_uuid: "f8e5cc2cd32547d8883d85faacd59bd4" is_pre_election: true
I20260713 09:04:58.968669 17450 tablet_service.cc:1917] Received RequestConsensusVote() RPC: tablet_id: "42211739c66d4b469988dff94a08f1e9" candidate_uuid: "b281ba5edc1b40e798c6f5345a6e508b" candidate_term: 1 candidate_status { last_received { term: 0 index: 0 } } ignore_live_leader: false dest_uuid: "f8e5cc2cd32547d8883d85faacd59bd4" is_pre_election: true
I20260713 09:04:58.970135 17377 tablet_service.cc:1917] Received RequestConsensusVote() RPC: tablet_id: "8e9ffbedfbcf4ecbb6f3b4fdda398ef6" candidate_uuid: "32e32b0ab32f470681778dd487614d1e" candidate_term: 1 candidate_status { last_received { term: 0 index: 0 } } ignore_live_leader: false dest_uuid: "b281ba5edc1b40e798c6f5345a6e508b" is_pre_election: true
I20260713 09:04:58.970990 17377 raft_consensus.cc:2468] T 8e9ffbedfbcf4ecbb6f3b4fdda398ef6 P b281ba5edc1b40e798c6f5345a6e508b [term 0 FOLLOWER]: Leader pre-election vote request: Granting yes vote for candidate 32e32b0ab32f470681778dd487614d1e in term 0.
I20260713 09:04:58.969529 17450 raft_consensus.cc:2468] T 42211739c66d4b469988dff94a08f1e9 P f8e5cc2cd32547d8883d85faacd59bd4 [term 0 FOLLOWER]: Leader pre-election vote request: Granting yes vote for candidate b281ba5edc1b40e798c6f5345a6e508b in term 0.
I20260713 09:04:58.973974 17415 leader_election.cc:304] T c45d6c0d178a4df6a18a5a6f39105a2a P f8e5cc2cd32547d8883d85faacd59bd4 [CANDIDATE]: Term 1 pre-election: Election decided. Result: candidate won. Election summary: received 2 responses out of 3 voters: 2 yes votes; 0 no votes. yes voters: 32e32b0ab32f470681778dd487614d1e, f8e5cc2cd32547d8883d85faacd59bd4; no voters: 
I20260713 09:04:58.975569 17529 raft_consensus.cc:2804] T c45d6c0d178a4df6a18a5a6f39105a2a P f8e5cc2cd32547d8883d85faacd59bd4 [term 0 FOLLOWER]: Leader pre-election won for term 1
I20260713 09:04:58.976531 17529 raft_consensus.cc:493] T c45d6c0d178a4df6a18a5a6f39105a2a P f8e5cc2cd32547d8883d85faacd59bd4 [term 0 FOLLOWER]: Starting leader election (no leader contacted us within the election timeout)
I20260713 09:04:58.976262 17499 raft_consensus.cc:515] T 854fe4455823412395c7a9c59e2ca8de P b281ba5edc1b40e798c6f5345a6e508b [term 2 FOLLOWER]: Starting leader election with config: opid_index: -1 OBSOLETE_local: false peers { permanent_uuid: "32e32b0ab32f470681778dd487614d1e" member_type: VOTER last_known_addr { host: "127.16.65.65" port: 41749 } } peers { permanent_uuid: "b281ba5edc1b40e798c6f5345a6e508b" member_type: VOTER last_known_addr { host: "127.16.65.66" port: 39805 } } peers { permanent_uuid: "f8e5cc2cd32547d8883d85faacd59bd4" member_type: VOTER last_known_addr { host: "127.16.65.67" port: 43613 } }
I20260713 09:04:58.975562 17528 raft_consensus.cc:697] T 9822ee72c0424270998be0dbf238e5a2 P b281ba5edc1b40e798c6f5345a6e508b [term 1 LEADER]: Becoming Leader. State: Replica: b281ba5edc1b40e798c6f5345a6e508b, State: Running, Role: LEADER
I20260713 09:04:58.977702 17529 raft_consensus.cc:3060] T c45d6c0d178a4df6a18a5a6f39105a2a P f8e5cc2cd32547d8883d85faacd59bd4 [term 0 FOLLOWER]: Advancing to term 1
I20260713 09:04:58.959266 17451 tablet_service.cc:1917] Received RequestConsensusVote() RPC: tablet_id: "4f99a4c5e2f243f99208831d2aff25e2" candidate_uuid: "32e32b0ab32f470681778dd487614d1e" candidate_term: 1 candidate_status { last_received { term: 0 index: 0 } } ignore_live_leader: false dest_uuid: "f8e5cc2cd32547d8883d85faacd59bd4" is_pre_election: true
I20260713 09:04:58.982641 17528 consensus_queue.cc:237] T 9822ee72c0424270998be0dbf238e5a2 P b281ba5edc1b40e798c6f5345a6e508b [LEADER]: Queue going to LEADER mode. State: All replicated index: 0, Majority replicated index: 0, Committed index: 0, Last appended: 0.0, Last appended by leader: 0, Current term: 1, Majority size: 2, State: 0, Mode: LEADER, active raft config: opid_index: -1 OBSOLETE_local: false peers { permanent_uuid: "32e32b0ab32f470681778dd487614d1e" member_type: VOTER last_known_addr { host: "127.16.65.65" port: 41749 } } peers { permanent_uuid: "b281ba5edc1b40e798c6f5345a6e508b" member_type: VOTER last_known_addr { host: "127.16.65.66" port: 39805 } } peers { permanent_uuid: "f8e5cc2cd32547d8883d85faacd59bd4" member_type: VOTER last_known_addr { host: "127.16.65.67" port: 43613 } }
I20260713 09:04:58.982740 17492 raft_consensus.cc:359] T 4f99a4c5e2f243f99208831d2aff25e2 P f8e5cc2cd32547d8883d85faacd59bd4 [term 0 FOLLOWER]: Replica starting. Triggering 0 pending ops. Active config: opid_index: -1 OBSOLETE_local: false peers { permanent_uuid: "32e32b0ab32f470681778dd487614d1e" member_type: VOTER last_known_addr { host: "127.16.65.65" port: 41749 } } peers { permanent_uuid: "b281ba5edc1b40e798c6f5345a6e508b" member_type: VOTER last_known_addr { host: "127.16.65.66" port: 39805 } } peers { permanent_uuid: "f8e5cc2cd32547d8883d85faacd59bd4" member_type: VOTER last_known_addr { host: "127.16.65.67" port: 43613 } }
I20260713 09:04:58.983721 17492 raft_consensus.cc:385] T 4f99a4c5e2f243f99208831d2aff25e2 P f8e5cc2cd32547d8883d85faacd59bd4 [term 0 FOLLOWER]: Consensus starting up: Expiring failure detector timer to make a prompt election more likely
I20260713 09:04:58.984071 17492 raft_consensus.cc:740] T 4f99a4c5e2f243f99208831d2aff25e2 P f8e5cc2cd32547d8883d85faacd59bd4 [term 0 FOLLOWER]: Becoming Follower/Learner. State: Replica: f8e5cc2cd32547d8883d85faacd59bd4, State: Initialized, Role: FOLLOWER
I20260713 09:04:58.986389 17492 consensus_queue.cc:260] T 4f99a4c5e2f243f99208831d2aff25e2 P f8e5cc2cd32547d8883d85faacd59bd4 [NON_LEADER]: Queue going to NON_LEADER mode. State: All replicated index: 0, Majority replicated index: 0, Committed index: 0, Last appended: 0.0, Last appended by leader: 0, Current term: 0, Majority size: -1, State: 0, Mode: NON_LEADER, active raft config: opid_index: -1 OBSOLETE_local: false peers { permanent_uuid: "32e32b0ab32f470681778dd487614d1e" member_type: VOTER last_known_addr { host: "127.16.65.65" port: 41749 } } peers { permanent_uuid: "b281ba5edc1b40e798c6f5345a6e508b" member_type: VOTER last_known_addr { host: "127.16.65.66" port: 39805 } } peers { permanent_uuid: "f8e5cc2cd32547d8883d85faacd59bd4" member_type: VOTER last_known_addr { host: "127.16.65.67" port: 43613 } }
I20260713 09:04:58.987869 17377 tablet_service.cc:1917] Received RequestConsensusVote() RPC: tablet_id: "4f99a4c5e2f243f99208831d2aff25e2" candidate_uuid: "32e32b0ab32f470681778dd487614d1e" candidate_term: 1 candidate_status { last_received { term: 0 index: 0 } } ignore_live_leader: false dest_uuid: "b281ba5edc1b40e798c6f5345a6e508b" is_pre_election: true
I20260713 09:04:58.988960 17376 tablet_service.cc:1917] Received RequestConsensusVote() RPC: tablet_id: "66f1a57bfc2248519c5ad130fe71ab35" candidate_uuid: "f8e5cc2cd32547d8883d85faacd59bd4" candidate_term: 1 candidate_status { last_received { term: 0 index: 0 } } ignore_live_leader: false dest_uuid: "b281ba5edc1b40e798c6f5345a6e508b" is_pre_election: true
I20260713 09:04:58.989086 17377 raft_consensus.cc:2468] T 4f99a4c5e2f243f99208831d2aff25e2 P b281ba5edc1b40e798c6f5345a6e508b [term 0 FOLLOWER]: Leader pre-election vote request: Granting yes vote for candidate 32e32b0ab32f470681778dd487614d1e in term 0.
I20260713 09:04:58.990726 17298 tablet_service.cc:1917] Received RequestConsensusVote() RPC: tablet_id: "854fe4455823412395c7a9c59e2ca8de" candidate_uuid: "b281ba5edc1b40e798c6f5345a6e508b" candidate_term: 2 candidate_status { last_received { term: 0 index: 0 } } ignore_live_leader: false dest_uuid: "32e32b0ab32f470681778dd487614d1e"
I20260713 09:04:58.991302 17298 raft_consensus.cc:3060] T 854fe4455823412395c7a9c59e2ca8de P 32e32b0ab32f470681778dd487614d1e [term 1 FOLLOWER]: Advancing to term 2
I20260713 09:04:58.992053 17374 tablet_service.cc:1917] Received RequestConsensusVote() RPC: tablet_id: "c45d6c0d178a4df6a18a5a6f39105a2a" candidate_uuid: "f8e5cc2cd32547d8883d85faacd59bd4" candidate_term: 1 candidate_status { last_received { term: 0 index: 0 } } ignore_live_leader: false dest_uuid: "b281ba5edc1b40e798c6f5345a6e508b" is_pre_election: true
I20260713 09:04:58.991173 17375 tablet_service.cc:1917] Received RequestConsensusVote() RPC: tablet_id: "eaca2506118d446cb444ddf0b33a83a3" candidate_uuid: "f8e5cc2cd32547d8883d85faacd59bd4" candidate_term: 2 candidate_status { last_received { term: 0 index: 0 } } ignore_live_leader: false dest_uuid: "b281ba5edc1b40e798c6f5345a6e508b"
I20260713 09:04:58.992808 17376 tablet_service.cc:1917] Received RequestConsensusVote() RPC: tablet_id: "42211739c66d4b469988dff94a08f1e9" candidate_uuid: "f8e5cc2cd32547d8883d85faacd59bd4" candidate_term: 1 candidate_status { last_received { term: 0 index: 0 } } ignore_live_leader: false dest_uuid: "b281ba5edc1b40e798c6f5345a6e508b" is_pre_election: true
I20260713 09:04:58.993803 17267 leader_election.cc:304] T 8e9ffbedfbcf4ecbb6f3b4fdda398ef6 P 32e32b0ab32f470681778dd487614d1e [CANDIDATE]: Term 1 pre-election: Election decided. Result: candidate won. Election summary: received 3 responses out of 3 voters: 2 yes votes; 1 no votes. yes voters: 32e32b0ab32f470681778dd487614d1e, b281ba5edc1b40e798c6f5345a6e508b; no voters: f8e5cc2cd32547d8883d85faacd59bd4
I20260713 09:04:58.992713 17374 raft_consensus.cc:2468] T c45d6c0d178a4df6a18a5a6f39105a2a P b281ba5edc1b40e798c6f5345a6e508b [term 0 FOLLOWER]: Leader pre-election vote request: Granting yes vote for candidate f8e5cc2cd32547d8883d85faacd59bd4 in term 0.
I20260713 09:04:58.998525 17267 leader_election.cc:304] T 4f99a4c5e2f243f99208831d2aff25e2 P 32e32b0ab32f470681778dd487614d1e [CANDIDATE]: Term 1 pre-election: Election decided. Result: candidate won. Election summary: received 2 responses out of 3 voters: 2 yes votes; 0 no votes. yes voters: 32e32b0ab32f470681778dd487614d1e, b281ba5edc1b40e798c6f5345a6e508b; no voters: 
I20260713 09:04:58.999341 17496 raft_consensus.cc:2804] T 8e9ffbedfbcf4ecbb6f3b4fdda398ef6 P 32e32b0ab32f470681778dd487614d1e [term 0 FOLLOWER]: Leader pre-election won for term 1
I20260713 09:04:58.999739 17496 raft_consensus.cc:493] T 8e9ffbedfbcf4ecbb6f3b4fdda398ef6 P 32e32b0ab32f470681778dd487614d1e [term 0 FOLLOWER]: Starting leader election (no leader contacted us within the election timeout)
I20260713 09:04:58.999917 17298 raft_consensus.cc:2468] T 854fe4455823412395c7a9c59e2ca8de P 32e32b0ab32f470681778dd487614d1e [term 2 FOLLOWER]: Leader election vote request: Granting yes vote for candidate b281ba5edc1b40e798c6f5345a6e508b in term 2.
I20260713 09:04:59.000160 17496 raft_consensus.cc:3060] T 8e9ffbedfbcf4ecbb6f3b4fdda398ef6 P 32e32b0ab32f470681778dd487614d1e [term 0 FOLLOWER]: Advancing to term 1
I20260713 09:04:58.999466 17529 raft_consensus.cc:515] T c45d6c0d178a4df6a18a5a6f39105a2a P f8e5cc2cd32547d8883d85faacd59bd4 [term 1 FOLLOWER]: Starting leader election with config: opid_index: -1 OBSOLETE_local: false peers { permanent_uuid: "32e32b0ab32f470681778dd487614d1e" member_type: VOTER last_known_addr { host: "127.16.65.65" port: 41749 } } peers { permanent_uuid: "b281ba5edc1b40e798c6f5345a6e508b" member_type: VOTER last_known_addr { host: "127.16.65.66" port: 39805 } } peers { permanent_uuid: "f8e5cc2cd32547d8883d85faacd59bd4" member_type: VOTER last_known_addr { host: "127.16.65.67" port: 43613 } }
I20260713 09:04:59.001197 17341 leader_election.cc:304] T 854fe4455823412395c7a9c59e2ca8de P b281ba5edc1b40e798c6f5345a6e508b [CANDIDATE]: Term 2 election: Election decided. Result: candidate won. Election summary: received 2 responses out of 3 voters: 2 yes votes; 0 no votes. yes voters: 32e32b0ab32f470681778dd487614d1e, b281ba5edc1b40e798c6f5345a6e508b; no voters: 
I20260713 09:04:58.990615 17499 leader_election.cc:290] T 854fe4455823412395c7a9c59e2ca8de P b281ba5edc1b40e798c6f5345a6e508b [CANDIDATE]: Term 2 election: Requested vote from peers 32e32b0ab32f470681778dd487614d1e (127.16.65.65:41749), f8e5cc2cd32547d8883d85faacd59bd4 (127.16.65.67:43613)
I20260713 09:04:59.002079 17377 tablet_service.cc:1917] Received RequestConsensusVote() RPC: tablet_id: "5660d672b9714e9c8d054286228914ba" candidate_uuid: "f8e5cc2cd32547d8883d85faacd59bd4" candidate_term: 1 candidate_status { last_received { term: 0 index: 0 } } ignore_live_leader: false dest_uuid: "b281ba5edc1b40e798c6f5345a6e508b" is_pre_election: true
I20260713 09:04:59.001793 17535 raft_consensus.cc:2804] T 4f99a4c5e2f243f99208831d2aff25e2 P 32e32b0ab32f470681778dd487614d1e [term 0 FOLLOWER]: Leader pre-election won for term 1
I20260713 09:04:59.002715 17377 raft_consensus.cc:2468] T 5660d672b9714e9c8d054286228914ba P b281ba5edc1b40e798c6f5345a6e508b [term 0 FOLLOWER]: Leader pre-election vote request: Granting yes vote for candidate f8e5cc2cd32547d8883d85faacd59bd4 in term 0.
I20260713 09:04:59.002954 17535 raft_consensus.cc:493] T 4f99a4c5e2f243f99208831d2aff25e2 P 32e32b0ab32f470681778dd487614d1e [term 0 FOLLOWER]: Starting leader election (no leader contacted us within the election timeout)
I20260713 09:04:59.003279 17535 raft_consensus.cc:3060] T 4f99a4c5e2f243f99208831d2aff25e2 P 32e32b0ab32f470681778dd487614d1e [term 0 FOLLOWER]: Advancing to term 1
I20260713 09:04:58.992857 17200 catalog_manager.cc:5697] T 854fe4455823412395c7a9c59e2ca8de P f8e5cc2cd32547d8883d85faacd59bd4 reported cstate change: term changed from 0 to 1, leader changed from <none> to f8e5cc2cd32547d8883d85faacd59bd4 (127.16.65.67). New cstate: current_term: 1 leader_uuid: "f8e5cc2cd32547d8883d85faacd59bd4" committed_config { opid_index: -1 OBSOLETE_local: false peers { permanent_uuid: "32e32b0ab32f470681778dd487614d1e" member_type: VOTER last_known_addr { host: "127.16.65.65" port: 41749 } health_report { overall_health: UNKNOWN } } peers { permanent_uuid: "b281ba5edc1b40e798c6f5345a6e508b" member_type: VOTER last_known_addr { host: "127.16.65.66" port: 39805 } health_report { overall_health: UNKNOWN } } peers { permanent_uuid: "f8e5cc2cd32547d8883d85faacd59bd4" member_type: VOTER last_known_addr { host: "127.16.65.67" port: 43613 } health_report { overall_health: HEALTHY } } }
I20260713 09:04:59.004259 17298 tablet_service.cc:1917] Received RequestConsensusVote() RPC: tablet_id: "c45d6c0d178a4df6a18a5a6f39105a2a" candidate_uuid: "f8e5cc2cd32547d8883d85faacd59bd4" candidate_term: 1 candidate_status { last_received { term: 0 index: 0 } } ignore_live_leader: false dest_uuid: "32e32b0ab32f470681778dd487614d1e"
I20260713 09:04:59.005128 17298 raft_consensus.cc:3060] T c45d6c0d178a4df6a18a5a6f39105a2a P 32e32b0ab32f470681778dd487614d1e [term 0 FOLLOWER]: Advancing to term 1
I20260713 09:04:59.010962 17492 ts_tablet_manager.cc:1434] T 4f99a4c5e2f243f99208831d2aff25e2 P f8e5cc2cd32547d8883d85faacd59bd4: Time spent starting tablet: real 0.065s	user 0.007s	sys 0.000s
I20260713 09:04:59.010447 17537 raft_consensus.cc:2804] T 42211739c66d4b469988dff94a08f1e9 P b281ba5edc1b40e798c6f5345a6e508b [term 0 FOLLOWER]: Leader pre-election won for term 1
I20260713 09:04:59.010628 17499 raft_consensus.cc:2804] T 854fe4455823412395c7a9c59e2ca8de P b281ba5edc1b40e798c6f5345a6e508b [term 2 FOLLOWER]: Leader election won for term 2
I20260713 09:04:59.012218 17376 raft_consensus.cc:2468] T 42211739c66d4b469988dff94a08f1e9 P b281ba5edc1b40e798c6f5345a6e508b [term 0 FOLLOWER]: Leader pre-election vote request: Granting yes vote for candidate f8e5cc2cd32547d8883d85faacd59bd4 in term 0.
I20260713 09:04:59.012516 17499 raft_consensus.cc:697] T 854fe4455823412395c7a9c59e2ca8de P b281ba5edc1b40e798c6f5345a6e508b [term 2 LEADER]: Becoming Leader. State: Replica: b281ba5edc1b40e798c6f5345a6e508b, State: Running, Role: LEADER
I20260713 09:04:59.013427 17499 consensus_queue.cc:237] T 854fe4455823412395c7a9c59e2ca8de P b281ba5edc1b40e798c6f5345a6e508b [LEADER]: Queue going to LEADER mode. State: All replicated index: 0, Majority replicated index: 0, Committed index: 0, Last appended: 0.0, Last appended by leader: 0, Current term: 2, Majority size: 2, State: 0, Mode: LEADER, active raft config: opid_index: -1 OBSOLETE_local: false peers { permanent_uuid: "32e32b0ab32f470681778dd487614d1e" member_type: VOTER last_known_addr { host: "127.16.65.65" port: 41749 } } peers { permanent_uuid: "b281ba5edc1b40e798c6f5345a6e508b" member_type: VOTER last_known_addr { host: "127.16.65.66" port: 39805 } } peers { permanent_uuid: "f8e5cc2cd32547d8883d85faacd59bd4" member_type: VOTER last_known_addr { host: "127.16.65.67" port: 43613 } }
I20260713 09:04:59.016081 17492 tablet_bootstrap.cc:492] T 1a5fb997658749ac807c7ae8923a84f2 P f8e5cc2cd32547d8883d85faacd59bd4: Bootstrap starting.
I20260713 09:04:59.017341 17529 leader_election.cc:290] T c45d6c0d178a4df6a18a5a6f39105a2a P f8e5cc2cd32547d8883d85faacd59bd4 [CANDIDATE]: Term 1 election: Requested vote from peers 32e32b0ab32f470681778dd487614d1e (127.16.65.65:41749), b281ba5edc1b40e798c6f5345a6e508b (127.16.65.66:39805)
I20260713 09:04:59.016817 17535 raft_consensus.cc:515] T 4f99a4c5e2f243f99208831d2aff25e2 P 32e32b0ab32f470681778dd487614d1e [term 1 FOLLOWER]: Starting leader election with config: opid_index: -1 OBSOLETE_local: false peers { permanent_uuid: "32e32b0ab32f470681778dd487614d1e" member_type: VOTER last_known_addr { host: "127.16.65.65" port: 41749 } } peers { permanent_uuid: "b281ba5edc1b40e798c6f5345a6e508b" member_type: VOTER last_known_addr { host: "127.16.65.66" port: 39805 } } peers { permanent_uuid: "f8e5cc2cd32547d8883d85faacd59bd4" member_type: VOTER last_known_addr { host: "127.16.65.67" port: 43613 } }
I20260713 09:04:59.020977 17298 raft_consensus.cc:2468] T c45d6c0d178a4df6a18a5a6f39105a2a P 32e32b0ab32f470681778dd487614d1e [term 1 FOLLOWER]: Leader election vote request: Granting yes vote for candidate f8e5cc2cd32547d8883d85faacd59bd4 in term 1.
I20260713 09:04:59.022127 17415 leader_election.cc:304] T c45d6c0d178a4df6a18a5a6f39105a2a P f8e5cc2cd32547d8883d85faacd59bd4 [CANDIDATE]: Term 1 election: Election decided. Result: candidate won. Election summary: received 2 responses out of 3 voters: 2 yes votes; 0 no votes. yes voters: 32e32b0ab32f470681778dd487614d1e, f8e5cc2cd32547d8883d85faacd59bd4; no voters: 
W20260713 09:04:59.022428 17416 leader_election.cc:343] T 66f1a57bfc2248519c5ad130fe71ab35 P f8e5cc2cd32547d8883d85faacd59bd4 [CANDIDATE]: Term 1 pre-election: Tablet error from VoteRequest() call to peer b281ba5edc1b40e798c6f5345a6e508b (127.16.65.66:39805): Illegal state: must be running to vote when last-logged opid is not known
I20260713 09:04:59.022918 17529 raft_consensus.cc:2804] T c45d6c0d178a4df6a18a5a6f39105a2a P f8e5cc2cd32547d8883d85faacd59bd4 [term 1 FOLLOWER]: Leader election won for term 1
I20260713 09:04:59.022836 17416 leader_election.cc:304] T 66f1a57bfc2248519c5ad130fe71ab35 P f8e5cc2cd32547d8883d85faacd59bd4 [CANDIDATE]: Term 1 pre-election: Election decided. Result: candidate lost. Election summary: received 3 responses out of 3 voters: 1 yes votes; 2 no votes. yes voters: f8e5cc2cd32547d8883d85faacd59bd4; no voters: 32e32b0ab32f470681778dd487614d1e, b281ba5edc1b40e798c6f5345a6e508b
I20260713 09:04:59.023190 17491 tablet_bootstrap.cc:492] T 66f1a57bfc2248519c5ad130fe71ab35 P 32e32b0ab32f470681778dd487614d1e: No bootstrap required, opened a new log
I20260713 09:04:59.023591 17532 raft_consensus.cc:2749] T 66f1a57bfc2248519c5ad130fe71ab35 P f8e5cc2cd32547d8883d85faacd59bd4 [term 0 FOLLOWER]: Leader pre-election lost for term 1. Reason: could not achieve majority
I20260713 09:04:59.023782 17491 ts_tablet_manager.cc:1403] T 66f1a57bfc2248519c5ad130fe71ab35 P 32e32b0ab32f470681778dd487614d1e: Time spent bootstrapping tablet: real 0.105s	user 0.020s	sys 0.011s
I20260713 09:04:59.024307 17529 raft_consensus.cc:697] T c45d6c0d178a4df6a18a5a6f39105a2a P f8e5cc2cd32547d8883d85faacd59bd4 [term 1 LEADER]: Becoming Leader. State: Replica: f8e5cc2cd32547d8883d85faacd59bd4, State: Running, Role: LEADER
I20260713 09:04:59.025130 17529 consensus_queue.cc:237] T c45d6c0d178a4df6a18a5a6f39105a2a P f8e5cc2cd32547d8883d85faacd59bd4 [LEADER]: Queue going to LEADER mode. State: All replicated index: 0, Majority replicated index: 0, Committed index: 0, Last appended: 0.0, Last appended by leader: 0, Current term: 1, Majority size: 2, State: 0, Mode: LEADER, active raft config: opid_index: -1 OBSOLETE_local: false peers { permanent_uuid: "32e32b0ab32f470681778dd487614d1e" member_type: VOTER last_known_addr { host: "127.16.65.65" port: 41749 } } peers { permanent_uuid: "b281ba5edc1b40e798c6f5345a6e508b" member_type: VOTER last_known_addr { host: "127.16.65.66" port: 39805 } } peers { permanent_uuid: "f8e5cc2cd32547d8883d85faacd59bd4" member_type: VOTER last_known_addr { host: "127.16.65.67" port: 43613 } }
W20260713 09:04:59.023960 17416 leader_election.cc:343] T eaca2506118d446cb444ddf0b33a83a3 P f8e5cc2cd32547d8883d85faacd59bd4 [CANDIDATE]: Term 2 election: Tablet error from VoteRequest() call to peer b281ba5edc1b40e798c6f5345a6e508b (127.16.65.66:39805): Illegal state: must be running to vote when last-logged opid is not known
I20260713 09:04:59.028311 17416 leader_election.cc:304] T 5660d672b9714e9c8d054286228914ba P f8e5cc2cd32547d8883d85faacd59bd4 [CANDIDATE]: Term 1 pre-election: Election decided. Result: candidate won. Election summary: received 3 responses out of 3 voters: 2 yes votes; 1 no votes. yes voters: b281ba5edc1b40e798c6f5345a6e508b, f8e5cc2cd32547d8883d85faacd59bd4; no voters: 32e32b0ab32f470681778dd487614d1e
I20260713 09:04:59.030788 17535 leader_election.cc:290] T 4f99a4c5e2f243f99208831d2aff25e2 P 32e32b0ab32f470681778dd487614d1e [CANDIDATE]: Term 1 election: Requested vote from peers b281ba5edc1b40e798c6f5345a6e508b (127.16.65.66:39805), f8e5cc2cd32547d8883d85faacd59bd4 (127.16.65.67:43613)
I20260713 09:04:59.016330 17537 raft_consensus.cc:493] T 42211739c66d4b469988dff94a08f1e9 P b281ba5edc1b40e798c6f5345a6e508b [term 0 FOLLOWER]: Starting leader election (no leader contacted us within the election timeout)
I20260713 09:04:59.034076 17537 raft_consensus.cc:3060] T 42211739c66d4b469988dff94a08f1e9 P b281ba5edc1b40e798c6f5345a6e508b [term 0 FOLLOWER]: Advancing to term 1
I20260713 09:04:59.034618 17451 tablet_service.cc:1917] Received RequestConsensusVote() RPC: tablet_id: "854fe4455823412395c7a9c59e2ca8de" candidate_uuid: "b281ba5edc1b40e798c6f5345a6e508b" candidate_term: 2 candidate_status { last_received { term: 0 index: 0 } } ignore_live_leader: false dest_uuid: "f8e5cc2cd32547d8883d85faacd59bd4"
I20260713 09:04:59.033018 17491 raft_consensus.cc:359] T 66f1a57bfc2248519c5ad130fe71ab35 P 32e32b0ab32f470681778dd487614d1e [term 0 FOLLOWER]: Replica starting. Triggering 0 pending ops. Active config: opid_index: -1 OBSOLETE_local: false peers { permanent_uuid: "32e32b0ab32f470681778dd487614d1e" member_type: VOTER last_known_addr { host: "127.16.65.65" port: 41749 } } peers { permanent_uuid: "b281ba5edc1b40e798c6f5345a6e508b" member_type: VOTER last_known_addr { host: "127.16.65.66" port: 39805 } } peers { permanent_uuid: "f8e5cc2cd32547d8883d85faacd59bd4" member_type: VOTER last_known_addr { host: "127.16.65.67" port: 43613 } }
I20260713 09:04:59.036768 17491 raft_consensus.cc:385] T 66f1a57bfc2248519c5ad130fe71ab35 P 32e32b0ab32f470681778dd487614d1e [term 0 FOLLOWER]: Consensus starting up: Expiring failure detector timer to make a prompt election more likely
I20260713 09:04:59.038071 17376 tablet_service.cc:1917] Received RequestConsensusVote() RPC: tablet_id: "4f99a4c5e2f243f99208831d2aff25e2" candidate_uuid: "32e32b0ab32f470681778dd487614d1e" candidate_term: 1 candidate_status { last_received { term: 0 index: 0 } } ignore_live_leader: false dest_uuid: "b281ba5edc1b40e798c6f5345a6e508b"
I20260713 09:04:59.038831 17376 raft_consensus.cc:3060] T 4f99a4c5e2f243f99208831d2aff25e2 P b281ba5edc1b40e798c6f5345a6e508b [term 0 FOLLOWER]: Advancing to term 1
I20260713 09:04:59.038638 17496 raft_consensus.cc:515] T 8e9ffbedfbcf4ecbb6f3b4fdda398ef6 P 32e32b0ab32f470681778dd487614d1e [term 1 FOLLOWER]: Starting leader election with config: opid_index: -1 OBSOLETE_local: false peers { permanent_uuid: "32e32b0ab32f470681778dd487614d1e" member_type: VOTER last_known_addr { host: "127.16.65.65" port: 41749 } } peers { permanent_uuid: "b281ba5edc1b40e798c6f5345a6e508b" member_type: VOTER last_known_addr { host: "127.16.65.66" port: 39805 } } peers { permanent_uuid: "f8e5cc2cd32547d8883d85faacd59bd4" member_type: VOTER last_known_addr { host: "127.16.65.67" port: 43613 } }
I20260713 09:04:59.043517 17514 raft_consensus.cc:2804] T 5660d672b9714e9c8d054286228914ba P f8e5cc2cd32547d8883d85faacd59bd4 [term 0 FOLLOWER]: Leader pre-election won for term 1
I20260713 09:04:59.044006 17514 raft_consensus.cc:493] T 5660d672b9714e9c8d054286228914ba P f8e5cc2cd32547d8883d85faacd59bd4 [term 0 FOLLOWER]: Starting leader election (no leader contacted us within the election timeout)
I20260713 09:04:59.044468 17514 raft_consensus.cc:3060] T 5660d672b9714e9c8d054286228914ba P f8e5cc2cd32547d8883d85faacd59bd4 [term 0 FOLLOWER]: Advancing to term 1
I20260713 09:04:59.037180 17491 raft_consensus.cc:740] T 66f1a57bfc2248519c5ad130fe71ab35 P 32e32b0ab32f470681778dd487614d1e [term 0 FOLLOWER]: Becoming Follower/Learner. State: Replica: 32e32b0ab32f470681778dd487614d1e, State: Initialized, Role: FOLLOWER
I20260713 09:04:59.048568 17377 tablet_service.cc:1917] Received RequestConsensusVote() RPC: tablet_id: "8e9ffbedfbcf4ecbb6f3b4fdda398ef6" candidate_uuid: "32e32b0ab32f470681778dd487614d1e" candidate_term: 1 candidate_status { last_received { term: 0 index: 0 } } ignore_live_leader: false dest_uuid: "b281ba5edc1b40e798c6f5345a6e508b"
I20260713 09:04:59.049120 17377 raft_consensus.cc:3060] T 8e9ffbedfbcf4ecbb6f3b4fdda398ef6 P b281ba5edc1b40e798c6f5345a6e508b [term 0 FOLLOWER]: Advancing to term 1
I20260713 09:04:59.049017 17491 consensus_queue.cc:260] T 66f1a57bfc2248519c5ad130fe71ab35 P 32e32b0ab32f470681778dd487614d1e [NON_LEADER]: Queue going to NON_LEADER mode. State: All replicated index: 0, Majority replicated index: 0, Committed index: 0, Last appended: 0.0, Last appended by leader: 0, Current term: 0, Majority size: -1, State: 0, Mode: NON_LEADER, active raft config: opid_index: -1 OBSOLETE_local: false peers { permanent_uuid: "32e32b0ab32f470681778dd487614d1e" member_type: VOTER last_known_addr { host: "127.16.65.65" port: 41749 } } peers { permanent_uuid: "b281ba5edc1b40e798c6f5345a6e508b" member_type: VOTER last_known_addr { host: "127.16.65.66" port: 39805 } } peers { permanent_uuid: "f8e5cc2cd32547d8883d85faacd59bd4" member_type: VOTER last_known_addr { host: "127.16.65.67" port: 43613 } }
I20260713 09:04:59.054847 17416 leader_election.cc:304] T 42211739c66d4b469988dff94a08f1e9 P f8e5cc2cd32547d8883d85faacd59bd4 [CANDIDATE]: Term 1 pre-election: Election decided. Result: candidate won. Election summary: received 3 responses out of 3 voters: 2 yes votes; 1 no votes. yes voters: b281ba5edc1b40e798c6f5345a6e508b, f8e5cc2cd32547d8883d85faacd59bd4; no voters: 32e32b0ab32f470681778dd487614d1e
I20260713 09:04:59.055576 17377 raft_consensus.cc:2468] T 8e9ffbedfbcf4ecbb6f3b4fdda398ef6 P b281ba5edc1b40e798c6f5345a6e508b [term 1 FOLLOWER]: Leader election vote request: Granting yes vote for candidate 32e32b0ab32f470681778dd487614d1e in term 1.
I20260713 09:04:59.058422 17267 leader_election.cc:304] T 8e9ffbedfbcf4ecbb6f3b4fdda398ef6 P 32e32b0ab32f470681778dd487614d1e [CANDIDATE]: Term 1 election: Election decided. Result: candidate won. Election summary: received 2 responses out of 3 voters: 2 yes votes; 0 no votes. yes voters: 32e32b0ab32f470681778dd487614d1e, b281ba5edc1b40e798c6f5345a6e508b; no voters: 
I20260713 09:04:59.059559 17535 raft_consensus.cc:2804] T 8e9ffbedfbcf4ecbb6f3b4fdda398ef6 P 32e32b0ab32f470681778dd487614d1e [term 1 FOLLOWER]: Leader election won for term 1
I20260713 09:04:59.060483 17535 raft_consensus.cc:697] T 8e9ffbedfbcf4ecbb6f3b4fdda398ef6 P 32e32b0ab32f470681778dd487614d1e [term 1 LEADER]: Becoming Leader. State: Replica: 32e32b0ab32f470681778dd487614d1e, State: Running, Role: LEADER
I20260713 09:04:59.072206 17514 raft_consensus.cc:515] T 5660d672b9714e9c8d054286228914ba P f8e5cc2cd32547d8883d85faacd59bd4 [term 1 FOLLOWER]: Starting leader election with config: opid_index: -1 OBSOLETE_local: false peers { permanent_uuid: "32e32b0ab32f470681778dd487614d1e" member_type: VOTER last_known_addr { host: "127.16.65.65" port: 41749 } } peers { permanent_uuid: "b281ba5edc1b40e798c6f5345a6e508b" member_type: VOTER last_known_addr { host: "127.16.65.66" port: 39805 } } peers { permanent_uuid: "f8e5cc2cd32547d8883d85faacd59bd4" member_type: VOTER last_known_addr { host: "127.16.65.67" port: 43613 } }
I20260713 09:04:59.076529 17514 leader_election.cc:290] T 5660d672b9714e9c8d054286228914ba P f8e5cc2cd32547d8883d85faacd59bd4 [CANDIDATE]: Term 1 election: Requested vote from peers 32e32b0ab32f470681778dd487614d1e (127.16.65.65:41749), b281ba5edc1b40e798c6f5345a6e508b (127.16.65.66:39805)
I20260713 09:04:59.078260 17491 ts_tablet_manager.cc:1434] T 66f1a57bfc2248519c5ad130fe71ab35 P 32e32b0ab32f470681778dd487614d1e: Time spent starting tablet: real 0.054s	user 0.008s	sys 0.001s
I20260713 09:04:59.080122 17491 tablet_bootstrap.cc:492] T 5660d672b9714e9c8d054286228914ba P 32e32b0ab32f470681778dd487614d1e: Bootstrap starting.
I20260713 09:04:59.071367 17532 raft_consensus.cc:2804] T 42211739c66d4b469988dff94a08f1e9 P f8e5cc2cd32547d8883d85faacd59bd4 [term 0 FOLLOWER]: Leader pre-election won for term 1
I20260713 09:04:59.077395 17298 tablet_service.cc:1917] Received RequestConsensusVote() RPC: tablet_id: "5660d672b9714e9c8d054286228914ba" candidate_uuid: "f8e5cc2cd32547d8883d85faacd59bd4" candidate_term: 1 candidate_status { last_received { term: 0 index: 0 } } ignore_live_leader: false dest_uuid: "32e32b0ab32f470681778dd487614d1e"
I20260713 09:04:59.062220 17535 consensus_queue.cc:237] T 8e9ffbedfbcf4ecbb6f3b4fdda398ef6 P 32e32b0ab32f470681778dd487614d1e [LEADER]: Queue going to LEADER mode. State: All replicated index: 0, Majority replicated index: 0, Committed index: 0, Last appended: 0.0, Last appended by leader: 0, Current term: 1, Majority size: 2, State: 0, Mode: LEADER, active raft config: opid_index: -1 OBSOLETE_local: false peers { permanent_uuid: "32e32b0ab32f470681778dd487614d1e" member_type: VOTER last_known_addr { host: "127.16.65.65" port: 41749 } } peers { permanent_uuid: "b281ba5edc1b40e798c6f5345a6e508b" member_type: VOTER last_known_addr { host: "127.16.65.66" port: 39805 } } peers { permanent_uuid: "f8e5cc2cd32547d8883d85faacd59bd4" member_type: VOTER last_known_addr { host: "127.16.65.67" port: 43613 } }
W20260713 09:04:59.084748 17265 leader_election.cc:343] T 4f99a4c5e2f243f99208831d2aff25e2 P 32e32b0ab32f470681778dd487614d1e [CANDIDATE]: Term 1 pre-election: Tablet error from VoteRequest() call to peer f8e5cc2cd32547d8883d85faacd59bd4 (127.16.65.67:43613): Illegal state: must be running to vote when last-logged opid is not known
I20260713 09:04:59.086009 17494 tablet_bootstrap.cc:654] T 66f1a57bfc2248519c5ad130fe71ab35 P b281ba5edc1b40e798c6f5345a6e508b: Neither blocks nor log segments found. Creating new log.
I20260713 09:04:59.086136 17537 raft_consensus.cc:515] T 42211739c66d4b469988dff94a08f1e9 P b281ba5edc1b40e798c6f5345a6e508b [term 1 FOLLOWER]: Starting leader election with config: opid_index: -1 OBSOLETE_local: false peers { permanent_uuid: "f8e5cc2cd32547d8883d85faacd59bd4" member_type: VOTER last_known_addr { host: "127.16.65.67" port: 43613 } } peers { permanent_uuid: "32e32b0ab32f470681778dd487614d1e" member_type: VOTER last_known_addr { host: "127.16.65.65" port: 41749 } } peers { permanent_uuid: "b281ba5edc1b40e798c6f5345a6e508b" member_type: VOTER last_known_addr { host: "127.16.65.66" port: 39805 } }
I20260713 09:04:59.088723 17377 tablet_service.cc:1917] Received RequestConsensusVote() RPC: tablet_id: "c45d6c0d178a4df6a18a5a6f39105a2a" candidate_uuid: "f8e5cc2cd32547d8883d85faacd59bd4" candidate_term: 1 candidate_status { last_received { term: 0 index: 0 } } ignore_live_leader: false dest_uuid: "b281ba5edc1b40e798c6f5345a6e508b"
I20260713 09:04:59.082919 17532 raft_consensus.cc:493] T 42211739c66d4b469988dff94a08f1e9 P f8e5cc2cd32547d8883d85faacd59bd4 [term 0 FOLLOWER]: Starting leader election (no leader contacted us within the election timeout)
I20260713 09:04:59.089272 17377 raft_consensus.cc:3060] T c45d6c0d178a4df6a18a5a6f39105a2a P b281ba5edc1b40e798c6f5345a6e508b [term 0 FOLLOWER]: Advancing to term 1
I20260713 09:04:59.090627 17537 leader_election.cc:290] T 42211739c66d4b469988dff94a08f1e9 P b281ba5edc1b40e798c6f5345a6e508b [CANDIDATE]: Term 1 election: Requested vote from peers f8e5cc2cd32547d8883d85faacd59bd4 (127.16.65.67:43613), 32e32b0ab32f470681778dd487614d1e (127.16.65.65:41749)
I20260713 09:04:59.092114 17301 tablet_service.cc:1917] Received RequestConsensusVote() RPC: tablet_id: "42211739c66d4b469988dff94a08f1e9" candidate_uuid: "b281ba5edc1b40e798c6f5345a6e508b" candidate_term: 1 candidate_status { last_received { term: 0 index: 0 } } ignore_live_leader: false dest_uuid: "32e32b0ab32f470681778dd487614d1e"
I20260713 09:04:59.092826 17301 raft_consensus.cc:3060] T 42211739c66d4b469988dff94a08f1e9 P 32e32b0ab32f470681778dd487614d1e [term 0 FOLLOWER]: Advancing to term 1
I20260713 09:04:59.100986 17532 raft_consensus.cc:3060] T 42211739c66d4b469988dff94a08f1e9 P f8e5cc2cd32547d8883d85faacd59bd4 [term 0 FOLLOWER]: Advancing to term 1
I20260713 09:04:59.103678 17376 raft_consensus.cc:2468] T 4f99a4c5e2f243f99208831d2aff25e2 P b281ba5edc1b40e798c6f5345a6e508b [term 1 FOLLOWER]: Leader election vote request: Granting yes vote for candidate 32e32b0ab32f470681778dd487614d1e in term 1.
I20260713 09:04:59.105269 17267 leader_election.cc:304] T 4f99a4c5e2f243f99208831d2aff25e2 P 32e32b0ab32f470681778dd487614d1e [CANDIDATE]: Term 1 election: Election decided. Result: candidate won. Election summary: received 2 responses out of 3 voters: 2 yes votes; 0 no votes. yes voters: 32e32b0ab32f470681778dd487614d1e, b281ba5edc1b40e798c6f5345a6e508b; no voters: 
I20260713 09:04:59.109943 17530 raft_consensus.cc:2804] T 4f99a4c5e2f243f99208831d2aff25e2 P 32e32b0ab32f470681778dd487614d1e [term 1 FOLLOWER]: Leader election won for term 1
I20260713 09:04:59.112268 17301 raft_consensus.cc:2468] T 42211739c66d4b469988dff94a08f1e9 P 32e32b0ab32f470681778dd487614d1e [term 1 FOLLOWER]: Leader election vote request: Granting yes vote for candidate b281ba5edc1b40e798c6f5345a6e508b in term 1.
I20260713 09:04:59.113899 17341 leader_election.cc:304] T 42211739c66d4b469988dff94a08f1e9 P b281ba5edc1b40e798c6f5345a6e508b [CANDIDATE]: Term 1 election: Election decided. Result: candidate won. Election summary: received 2 responses out of 3 voters: 2 yes votes; 0 no votes. yes voters: 32e32b0ab32f470681778dd487614d1e, b281ba5edc1b40e798c6f5345a6e508b; no voters: 
I20260713 09:04:59.115005 17537 raft_consensus.cc:2804] T 42211739c66d4b469988dff94a08f1e9 P b281ba5edc1b40e798c6f5345a6e508b [term 1 FOLLOWER]: Leader election won for term 1
I20260713 09:04:59.115554 17537 raft_consensus.cc:697] T 42211739c66d4b469988dff94a08f1e9 P b281ba5edc1b40e798c6f5345a6e508b [term 1 LEADER]: Becoming Leader. State: Replica: b281ba5edc1b40e798c6f5345a6e508b, State: Running, Role: LEADER
I20260713 09:04:59.116709 17537 consensus_queue.cc:237] T 42211739c66d4b469988dff94a08f1e9 P b281ba5edc1b40e798c6f5345a6e508b [LEADER]: Queue going to LEADER mode. State: All replicated index: 0, Majority replicated index: 0, Committed index: 0, Last appended: 0.0, Last appended by leader: 0, Current term: 1, Majority size: 2, State: 0, Mode: LEADER, active raft config: opid_index: -1 OBSOLETE_local: false peers { permanent_uuid: "f8e5cc2cd32547d8883d85faacd59bd4" member_type: VOTER last_known_addr { host: "127.16.65.67" port: 43613 } } peers { permanent_uuid: "32e32b0ab32f470681778dd487614d1e" member_type: VOTER last_known_addr { host: "127.16.65.65" port: 41749 } } peers { permanent_uuid: "b281ba5edc1b40e798c6f5345a6e508b" member_type: VOTER last_known_addr { host: "127.16.65.66" port: 39805 } }
W20260713 09:04:59.118672 17415 leader_election.cc:343] T 5660d672b9714e9c8d054286228914ba P f8e5cc2cd32547d8883d85faacd59bd4 [CANDIDATE]: Term 1 election: Tablet error from VoteRequest() call to peer 32e32b0ab32f470681778dd487614d1e (127.16.65.65:41749): Illegal state: must be running to vote when last-logged opid is not known
I20260713 09:04:59.137195 17491 tablet_bootstrap.cc:654] T 5660d672b9714e9c8d054286228914ba P 32e32b0ab32f470681778dd487614d1e: Neither blocks nor log segments found. Creating new log.
I20260713 09:04:59.105595 17496 leader_election.cc:290] T 8e9ffbedfbcf4ecbb6f3b4fdda398ef6 P 32e32b0ab32f470681778dd487614d1e [CANDIDATE]: Term 1 election: Requested vote from peers b281ba5edc1b40e798c6f5345a6e508b (127.16.65.66:39805), f8e5cc2cd32547d8883d85faacd59bd4 (127.16.65.67:43613)
I20260713 09:04:59.144562 17451 tablet_service.cc:1917] Received RequestConsensusVote() RPC: tablet_id: "4f99a4c5e2f243f99208831d2aff25e2" candidate_uuid: "32e32b0ab32f470681778dd487614d1e" candidate_term: 1 candidate_status { last_received { term: 0 index: 0 } } ignore_live_leader: false dest_uuid: "f8e5cc2cd32547d8883d85faacd59bd4"
I20260713 09:04:59.144835 17450 tablet_service.cc:1917] Received RequestConsensusVote() RPC: tablet_id: "8e9ffbedfbcf4ecbb6f3b4fdda398ef6" candidate_uuid: "32e32b0ab32f470681778dd487614d1e" candidate_term: 1 candidate_status { last_received { term: 0 index: 0 } } ignore_live_leader: false dest_uuid: "f8e5cc2cd32547d8883d85faacd59bd4"
I20260713 09:04:59.144626 17376 tablet_service.cc:1917] Received RequestConsensusVote() RPC: tablet_id: "5660d672b9714e9c8d054286228914ba" candidate_uuid: "f8e5cc2cd32547d8883d85faacd59bd4" candidate_term: 1 candidate_status { last_received { term: 0 index: 0 } } ignore_live_leader: false dest_uuid: "b281ba5edc1b40e798c6f5345a6e508b"
I20260713 09:04:59.145267 17451 raft_consensus.cc:3060] T 4f99a4c5e2f243f99208831d2aff25e2 P f8e5cc2cd32547d8883d85faacd59bd4 [term 0 FOLLOWER]: Advancing to term 1
I20260713 09:04:59.145777 17376 raft_consensus.cc:3060] T 5660d672b9714e9c8d054286228914ba P b281ba5edc1b40e798c6f5345a6e508b [term 0 FOLLOWER]: Advancing to term 1
I20260713 09:04:59.146454 17492 tablet_bootstrap.cc:654] T 1a5fb997658749ac807c7ae8923a84f2 P f8e5cc2cd32547d8883d85faacd59bd4: Neither blocks nor log segments found. Creating new log.
W20260713 09:04:59.158078 17265 leader_election.cc:343] T 8e9ffbedfbcf4ecbb6f3b4fdda398ef6 P 32e32b0ab32f470681778dd487614d1e [CANDIDATE]: Term 1 election: Tablet error from VoteRequest() call to peer f8e5cc2cd32547d8883d85faacd59bd4 (127.16.65.67:43613): Illegal state: must be running to vote when last-logged opid is not known
I20260713 09:04:59.157087 17532 raft_consensus.cc:515] T 42211739c66d4b469988dff94a08f1e9 P f8e5cc2cd32547d8883d85faacd59bd4 [term 1 FOLLOWER]: Starting leader election with config: opid_index: -1 OBSOLETE_local: false peers { permanent_uuid: "f8e5cc2cd32547d8883d85faacd59bd4" member_type: VOTER last_known_addr { host: "127.16.65.67" port: 43613 } } peers { permanent_uuid: "32e32b0ab32f470681778dd487614d1e" member_type: VOTER last_known_addr { host: "127.16.65.65" port: 41749 } } peers { permanent_uuid: "b281ba5edc1b40e798c6f5345a6e508b" member_type: VOTER last_known_addr { host: "127.16.65.66" port: 39805 } }
I20260713 09:04:59.167989 17450 tablet_service.cc:1917] Received RequestConsensusVote() RPC: tablet_id: "42211739c66d4b469988dff94a08f1e9" candidate_uuid: "b281ba5edc1b40e798c6f5345a6e508b" candidate_term: 1 candidate_status { last_received { term: 0 index: 0 } } ignore_live_leader: false dest_uuid: "f8e5cc2cd32547d8883d85faacd59bd4"
I20260713 09:04:59.169255 17530 raft_consensus.cc:697] T 4f99a4c5e2f243f99208831d2aff25e2 P 32e32b0ab32f470681778dd487614d1e [term 1 LEADER]: Becoming Leader. State: Replica: 32e32b0ab32f470681778dd487614d1e, State: Running, Role: LEADER
I20260713 09:04:59.171721 17451 raft_consensus.cc:2468] T 4f99a4c5e2f243f99208831d2aff25e2 P f8e5cc2cd32547d8883d85faacd59bd4 [term 1 FOLLOWER]: Leader election vote request: Granting yes vote for candidate 32e32b0ab32f470681778dd487614d1e in term 1.
I20260713 09:04:59.172640 17450 raft_consensus.cc:2393] T 42211739c66d4b469988dff94a08f1e9 P f8e5cc2cd32547d8883d85faacd59bd4 [term 1 FOLLOWER]: Leader election vote request: Denying vote to candidate b281ba5edc1b40e798c6f5345a6e508b in current term 1: Already voted for candidate f8e5cc2cd32547d8883d85faacd59bd4 in this term.
I20260713 09:04:59.169858 17377 raft_consensus.cc:2468] T c45d6c0d178a4df6a18a5a6f39105a2a P b281ba5edc1b40e798c6f5345a6e508b [term 1 FOLLOWER]: Leader election vote request: Granting yes vote for candidate f8e5cc2cd32547d8883d85faacd59bd4 in term 1.
I20260713 09:04:59.175328 17530 consensus_queue.cc:237] T 4f99a4c5e2f243f99208831d2aff25e2 P 32e32b0ab32f470681778dd487614d1e [LEADER]: Queue going to LEADER mode. State: All replicated index: 0, Majority replicated index: 0, Committed index: 0, Last appended: 0.0, Last appended by leader: 0, Current term: 1, Majority size: 2, State: 0, Mode: LEADER, active raft config: opid_index: -1 OBSOLETE_local: false peers { permanent_uuid: "32e32b0ab32f470681778dd487614d1e" member_type: VOTER last_known_addr { host: "127.16.65.65" port: 41749 } } peers { permanent_uuid: "b281ba5edc1b40e798c6f5345a6e508b" member_type: VOTER last_known_addr { host: "127.16.65.66" port: 39805 } } peers { permanent_uuid: "f8e5cc2cd32547d8883d85faacd59bd4" member_type: VOTER last_known_addr { host: "127.16.65.67" port: 43613 } }
I20260713 09:04:59.167763 17376 raft_consensus.cc:2468] T 5660d672b9714e9c8d054286228914ba P b281ba5edc1b40e798c6f5345a6e508b [term 1 FOLLOWER]: Leader election vote request: Granting yes vote for candidate f8e5cc2cd32547d8883d85faacd59bd4 in term 1.
I20260713 09:04:59.177296 17491 tablet_bootstrap.cc:492] T 5660d672b9714e9c8d054286228914ba P 32e32b0ab32f470681778dd487614d1e: No bootstrap required, opened a new log
I20260713 09:04:59.177819 17491 ts_tablet_manager.cc:1403] T 5660d672b9714e9c8d054286228914ba P 32e32b0ab32f470681778dd487614d1e: Time spent bootstrapping tablet: real 0.098s	user 0.018s	sys 0.004s
I20260713 09:04:59.177867 17416 leader_election.cc:304] T 5660d672b9714e9c8d054286228914ba P f8e5cc2cd32547d8883d85faacd59bd4 [CANDIDATE]: Term 1 election: Election decided. Result: candidate won. Election summary: received 3 responses out of 3 voters: 2 yes votes; 1 no votes. yes voters: b281ba5edc1b40e798c6f5345a6e508b, f8e5cc2cd32547d8883d85faacd59bd4; no voters: 32e32b0ab32f470681778dd487614d1e
I20260713 09:04:59.179287 17529 raft_consensus.cc:2804] T 5660d672b9714e9c8d054286228914ba P f8e5cc2cd32547d8883d85faacd59bd4 [term 1 FOLLOWER]: Leader election won for term 1
I20260713 09:04:59.179750 17529 raft_consensus.cc:697] T 5660d672b9714e9c8d054286228914ba P f8e5cc2cd32547d8883d85faacd59bd4 [term 1 LEADER]: Becoming Leader. State: Replica: f8e5cc2cd32547d8883d85faacd59bd4, State: Running, Role: LEADER
I20260713 09:04:59.179942 17494 tablet_bootstrap.cc:492] T 66f1a57bfc2248519c5ad130fe71ab35 P b281ba5edc1b40e798c6f5345a6e508b: No bootstrap required, opened a new log
I20260713 09:04:59.180337 17494 ts_tablet_manager.cc:1403] T 66f1a57bfc2248519c5ad130fe71ab35 P b281ba5edc1b40e798c6f5345a6e508b: Time spent bootstrapping tablet: real 0.236s	user 0.028s	sys 0.025s
I20260713 09:04:59.180966 17301 tablet_service.cc:1917] Received RequestConsensusVote() RPC: tablet_id: "42211739c66d4b469988dff94a08f1e9" candidate_uuid: "f8e5cc2cd32547d8883d85faacd59bd4" candidate_term: 1 candidate_status { last_received { term: 0 index: 0 } } ignore_live_leader: false dest_uuid: "32e32b0ab32f470681778dd487614d1e"
I20260713 09:04:59.181807 17301 raft_consensus.cc:2393] T 42211739c66d4b469988dff94a08f1e9 P 32e32b0ab32f470681778dd487614d1e [term 1 FOLLOWER]: Leader election vote request: Denying vote to candidate f8e5cc2cd32547d8883d85faacd59bd4 in current term 1: Already voted for candidate b281ba5edc1b40e798c6f5345a6e508b in this term.
I20260713 09:04:59.181891 17491 raft_consensus.cc:359] T 5660d672b9714e9c8d054286228914ba P 32e32b0ab32f470681778dd487614d1e [term 0 FOLLOWER]: Replica starting. Triggering 0 pending ops. Active config: opid_index: -1 OBSOLETE_local: false peers { permanent_uuid: "32e32b0ab32f470681778dd487614d1e" member_type: VOTER last_known_addr { host: "127.16.65.65" port: 41749 } } peers { permanent_uuid: "b281ba5edc1b40e798c6f5345a6e508b" member_type: VOTER last_known_addr { host: "127.16.65.66" port: 39805 } } peers { permanent_uuid: "f8e5cc2cd32547d8883d85faacd59bd4" member_type: VOTER last_known_addr { host: "127.16.65.67" port: 43613 } }
I20260713 09:04:59.182653 17491 raft_consensus.cc:385] T 5660d672b9714e9c8d054286228914ba P 32e32b0ab32f470681778dd487614d1e [term 0 FOLLOWER]: Consensus starting up: Expiring failure detector timer to make a prompt election more likely
I20260713 09:04:59.182976 17491 raft_consensus.cc:740] T 5660d672b9714e9c8d054286228914ba P 32e32b0ab32f470681778dd487614d1e [term 0 FOLLOWER]: Becoming Follower/Learner. State: Replica: 32e32b0ab32f470681778dd487614d1e, State: Initialized, Role: FOLLOWER
I20260713 09:04:59.183844 17532 leader_election.cc:290] T 42211739c66d4b469988dff94a08f1e9 P f8e5cc2cd32547d8883d85faacd59bd4 [CANDIDATE]: Term 1 election: Requested vote from peers 32e32b0ab32f470681778dd487614d1e (127.16.65.65:41749), b281ba5edc1b40e798c6f5345a6e508b (127.16.65.66:39805)
I20260713 09:04:59.183583 17494 raft_consensus.cc:359] T 66f1a57bfc2248519c5ad130fe71ab35 P b281ba5edc1b40e798c6f5345a6e508b [term 0 FOLLOWER]: Replica starting. Triggering 0 pending ops. Active config: opid_index: -1 OBSOLETE_local: false peers { permanent_uuid: "32e32b0ab32f470681778dd487614d1e" member_type: VOTER last_known_addr { host: "127.16.65.65" port: 41749 } } peers { permanent_uuid: "b281ba5edc1b40e798c6f5345a6e508b" member_type: VOTER last_known_addr { host: "127.16.65.66" port: 39805 } } peers { permanent_uuid: "f8e5cc2cd32547d8883d85faacd59bd4" member_type: VOTER last_known_addr { host: "127.16.65.67" port: 43613 } }
I20260713 09:04:59.183724 17491 consensus_queue.cc:260] T 5660d672b9714e9c8d054286228914ba P 32e32b0ab32f470681778dd487614d1e [NON_LEADER]: Queue going to NON_LEADER mode. State: All replicated index: 0, Majority replicated index: 0, Committed index: 0, Last appended: 0.0, Last appended by leader: 0, Current term: 0, Majority size: -1, State: 0, Mode: NON_LEADER, active raft config: opid_index: -1 OBSOLETE_local: false peers { permanent_uuid: "32e32b0ab32f470681778dd487614d1e" member_type: VOTER last_known_addr { host: "127.16.65.65" port: 41749 } } peers { permanent_uuid: "b281ba5edc1b40e798c6f5345a6e508b" member_type: VOTER last_known_addr { host: "127.16.65.66" port: 39805 } } peers { permanent_uuid: "f8e5cc2cd32547d8883d85faacd59bd4" member_type: VOTER last_known_addr { host: "127.16.65.67" port: 43613 } }
I20260713 09:04:59.180541 17529 consensus_queue.cc:237] T 5660d672b9714e9c8d054286228914ba P f8e5cc2cd32547d8883d85faacd59bd4 [LEADER]: Queue going to LEADER mode. State: All replicated index: 0, Majority replicated index: 0, Committed index: 0, Last appended: 0.0, Last appended by leader: 0, Current term: 1, Majority size: 2, State: 0, Mode: LEADER, active raft config: opid_index: -1 OBSOLETE_local: false peers { permanent_uuid: "32e32b0ab32f470681778dd487614d1e" member_type: VOTER last_known_addr { host: "127.16.65.65" port: 41749 } } peers { permanent_uuid: "b281ba5edc1b40e798c6f5345a6e508b" member_type: VOTER last_known_addr { host: "127.16.65.66" port: 39805 } } peers { permanent_uuid: "f8e5cc2cd32547d8883d85faacd59bd4" member_type: VOTER last_known_addr { host: "127.16.65.67" port: 43613 } }
I20260713 09:04:59.184815 17377 tablet_service.cc:1917] Received RequestConsensusVote() RPC: tablet_id: "42211739c66d4b469988dff94a08f1e9" candidate_uuid: "f8e5cc2cd32547d8883d85faacd59bd4" candidate_term: 1 candidate_status { last_received { term: 0 index: 0 } } ignore_live_leader: false dest_uuid: "b281ba5edc1b40e798c6f5345a6e508b"
I20260713 09:04:59.185834 17491 ts_tablet_manager.cc:1434] T 5660d672b9714e9c8d054286228914ba P 32e32b0ab32f470681778dd487614d1e: Time spent starting tablet: real 0.008s	user 0.007s	sys 0.000s
I20260713 09:04:59.186372 17416 leader_election.cc:304] T 42211739c66d4b469988dff94a08f1e9 P f8e5cc2cd32547d8883d85faacd59bd4 [CANDIDATE]: Term 1 election: Election decided. Result: candidate lost. Election summary: received 3 responses out of 3 voters: 1 yes votes; 2 no votes. yes voters: f8e5cc2cd32547d8883d85faacd59bd4; no voters: 32e32b0ab32f470681778dd487614d1e, b281ba5edc1b40e798c6f5345a6e508b
I20260713 09:04:59.184340 17494 raft_consensus.cc:385] T 66f1a57bfc2248519c5ad130fe71ab35 P b281ba5edc1b40e798c6f5345a6e508b [term 0 FOLLOWER]: Consensus starting up: Expiring failure detector timer to make a prompt election more likely
I20260713 09:04:59.187575 17494 raft_consensus.cc:740] T 66f1a57bfc2248519c5ad130fe71ab35 P b281ba5edc1b40e798c6f5345a6e508b [term 0 FOLLOWER]: Becoming Follower/Learner. State: Replica: b281ba5edc1b40e798c6f5345a6e508b, State: Initialized, Role: FOLLOWER
