I20260713 09:05:02.153190 17749 raft_consensus.cc:3060] T 11e64506c6ea4f528bf537ae140a24bc P 7354334832a0405f8dc4773ae6f1249d [term 0 FOLLOWER]: Advancing to term 1
I20260713 09:05:02.154680 17790 raft_consensus.cc:359] T bf863b2bb79349a5a8dfec10ef086585 P 479bd6ae0a624196b94212212aa9af10 [term 0 FOLLOWER]: Replica starting. Triggering 0 pending ops. Active config: opid_index: -1 OBSOLETE_local: false peers { permanent_uuid: "b7a5b34803c2422b9a43b73a06e03f5c" member_type: VOTER last_known_addr { host: "127.16.26.193" port: 45859 } } peers { permanent_uuid: "479bd6ae0a624196b94212212aa9af10" member_type: VOTER last_known_addr { host: "127.16.26.194" port: 43727 } } peers { permanent_uuid: "7354334832a0405f8dc4773ae6f1249d" member_type: VOTER last_known_addr { host: "127.16.26.195" port: 44617 } }
I20260713 09:05:02.155390 17790 raft_consensus.cc:385] T bf863b2bb79349a5a8dfec10ef086585 P 479bd6ae0a624196b94212212aa9af10 [term 0 FOLLOWER]: Consensus starting up: Expiring failure detector timer to make a prompt election more likely
I20260713 09:05:02.155658 17790 raft_consensus.cc:740] T bf863b2bb79349a5a8dfec10ef086585 P 479bd6ae0a624196b94212212aa9af10 [term 0 FOLLOWER]: Becoming Follower/Learner. State: Replica: 479bd6ae0a624196b94212212aa9af10, State: Initialized, Role: FOLLOWER
I20260713 09:05:02.156476 17790 consensus_queue.cc:260] T bf863b2bb79349a5a8dfec10ef086585 P 479bd6ae0a624196b94212212aa9af10 [NON_LEADER]: Queue going to NON_LEADER mode. State: All replicated index: 0, Majority replicated index: 0, Committed index: 0, Last appended: 0.0, Last appended by leader: 0, Current term: 0, Majority size: -1, State: 0, Mode: NON_LEADER, active raft config: opid_index: -1 OBSOLETE_local: false peers { permanent_uuid: "b7a5b34803c2422b9a43b73a06e03f5c" member_type: VOTER last_known_addr { host: "127.16.26.193" port: 45859 } } peers { permanent_uuid: "479bd6ae0a624196b94212212aa9af10" member_type: VOTER last_known_addr { host: "127.16.26.194" port: 43727 } } peers { permanent_uuid: "7354334832a0405f8dc4773ae6f1249d" member_type: VOTER last_known_addr { host: "127.16.26.195" port: 44617 } }
I20260713 09:05:02.158509 17790 ts_tablet_manager.cc:1434] T bf863b2bb79349a5a8dfec10ef086585 P 479bd6ae0a624196b94212212aa9af10: Time spent starting tablet: real 0.008s	user 0.005s	sys 0.000s
I20260713 09:05:02.159427 17790 tablet_bootstrap.cc:492] T bdd19c5594334d8dac24a0c929ae87fe P 479bd6ae0a624196b94212212aa9af10: Bootstrap starting.
I20260713 09:05:02.149256 17817 raft_consensus.cc:515] T 134d06c8646f41aeb5e149e3aa9316c4 P 479bd6ae0a624196b94212212aa9af10 [term 0 FOLLOWER]: Starting pre-election with config: opid_index: -1 OBSOLETE_local: false peers { permanent_uuid: "479bd6ae0a624196b94212212aa9af10" member_type: VOTER last_known_addr { host: "127.16.26.194" port: 43727 } } peers { permanent_uuid: "7354334832a0405f8dc4773ae6f1249d" member_type: VOTER last_known_addr { host: "127.16.26.195" port: 44617 } } peers { permanent_uuid: "b7a5b34803c2422b9a43b73a06e03f5c" member_type: VOTER last_known_addr { host: "127.16.26.193" port: 45859 } }
I20260713 09:05:02.161842 17817 leader_election.cc:290] T 134d06c8646f41aeb5e149e3aa9316c4 P 479bd6ae0a624196b94212212aa9af10 [CANDIDATE]: Term 1 pre-election: Requested pre-vote from peers 7354334832a0405f8dc4773ae6f1249d (127.16.26.195:44617), b7a5b34803c2422b9a43b73a06e03f5c (127.16.26.193:45859)
I20260713 09:05:02.163856 17750 tablet_service.cc:1917] Received RequestConsensusVote() RPC: tablet_id: "134d06c8646f41aeb5e149e3aa9316c4" candidate_uuid: "479bd6ae0a624196b94212212aa9af10" candidate_term: 1 candidate_status { last_received { term: 0 index: 0 } } ignore_live_leader: false dest_uuid: "7354334832a0405f8dc4773ae6f1249d" is_pre_election: true
I20260713 09:05:02.164577 17750 raft_consensus.cc:2468] T 134d06c8646f41aeb5e149e3aa9316c4 P 7354334832a0405f8dc4773ae6f1249d [term 0 FOLLOWER]: Leader pre-election vote request: Granting yes vote for candidate 479bd6ae0a624196b94212212aa9af10 in term 0.
I20260713 09:05:02.165688 17790 tablet_bootstrap.cc:654] T bdd19c5594334d8dac24a0c929ae87fe P 479bd6ae0a624196b94212212aa9af10: Neither blocks nor log segments found. Creating new log.
I20260713 09:05:02.165859 17600 raft_consensus.cc:2468] T 11e64506c6ea4f528bf537ae140a24bc P b7a5b34803c2422b9a43b73a06e03f5c [term 1 FOLLOWER]: Leader election vote request: Granting yes vote for candidate 479bd6ae0a624196b94212212aa9af10 in term 1.
I20260713 09:05:02.166972 17639 leader_election.cc:304] T 11e64506c6ea4f528bf537ae140a24bc P 479bd6ae0a624196b94212212aa9af10 [CANDIDATE]: Term 1 election: Election decided. Result: candidate won. Election summary: received 2 responses out of 3 voters: 2 yes votes; 0 no votes. yes voters: 479bd6ae0a624196b94212212aa9af10, b7a5b34803c2422b9a43b73a06e03f5c; no voters: 
I20260713 09:05:02.167779 17817 raft_consensus.cc:2804] T 11e64506c6ea4f528bf537ae140a24bc P 479bd6ae0a624196b94212212aa9af10 [term 1 FOLLOWER]: Leader election won for term 1
I20260713 09:05:02.168226 17817 raft_consensus.cc:697] T 11e64506c6ea4f528bf537ae140a24bc P 479bd6ae0a624196b94212212aa9af10 [term 1 LEADER]: Becoming Leader. State: Replica: 479bd6ae0a624196b94212212aa9af10, State: Running, Role: LEADER
I20260713 09:05:02.163925 17601 tablet_service.cc:1917] Received RequestConsensusVote() RPC: tablet_id: "134d06c8646f41aeb5e149e3aa9316c4" candidate_uuid: "479bd6ae0a624196b94212212aa9af10" candidate_term: 1 candidate_status { last_received { term: 0 index: 0 } } ignore_live_leader: false dest_uuid: "b7a5b34803c2422b9a43b73a06e03f5c" is_pre_election: true
I20260713 09:05:02.168993 17817 consensus_queue.cc:237] T 11e64506c6ea4f528bf537ae140a24bc P 479bd6ae0a624196b94212212aa9af10 [LEADER]: Queue going to LEADER mode. State: All replicated index: 0, Majority replicated index: 0, Committed index: 0, Last appended: 0.0, Last appended by leader: 0, Current term: 1, Majority size: 2, State: 0, Mode: LEADER, active raft config: opid_index: -1 OBSOLETE_local: false peers { permanent_uuid: "b7a5b34803c2422b9a43b73a06e03f5c" member_type: VOTER last_known_addr { host: "127.16.26.193" port: 45859 } } peers { permanent_uuid: "479bd6ae0a624196b94212212aa9af10" member_type: VOTER last_known_addr { host: "127.16.26.194" port: 43727 } } peers { permanent_uuid: "7354334832a0405f8dc4773ae6f1249d" member_type: VOTER last_known_addr { host: "127.16.26.195" port: 44617 } }
I20260713 09:05:02.169024 17601 raft_consensus.cc:2468] T 134d06c8646f41aeb5e149e3aa9316c4 P b7a5b34803c2422b9a43b73a06e03f5c [term 0 FOLLOWER]: Leader pre-election vote request: Granting yes vote for candidate 479bd6ae0a624196b94212212aa9af10 in term 0.
I20260713 09:05:02.169296 17639 leader_election.cc:304] T 134d06c8646f41aeb5e149e3aa9316c4 P 479bd6ae0a624196b94212212aa9af10 [CANDIDATE]: Term 1 pre-election: Election decided. Result: candidate won. Election summary: received 2 responses out of 3 voters: 2 yes votes; 0 no votes. yes voters: 479bd6ae0a624196b94212212aa9af10, 7354334832a0405f8dc4773ae6f1249d; no voters: 
I20260713 09:05:02.171586 17814 raft_consensus.cc:2804] T 134d06c8646f41aeb5e149e3aa9316c4 P 479bd6ae0a624196b94212212aa9af10 [term 0 FOLLOWER]: Leader pre-election won for term 1
I20260713 09:05:02.171936 17814 raft_consensus.cc:493] T 134d06c8646f41aeb5e149e3aa9316c4 P 479bd6ae0a624196b94212212aa9af10 [term 0 FOLLOWER]: Starting leader election (no leader contacted us within the election timeout)
I20260713 09:05:02.172245 17814 raft_consensus.cc:3060] T 134d06c8646f41aeb5e149e3aa9316c4 P 479bd6ae0a624196b94212212aa9af10 [term 0 FOLLOWER]: Advancing to term 1
I20260713 09:05:02.175796 17749 raft_consensus.cc:2468] T 11e64506c6ea4f528bf537ae140a24bc P 7354334832a0405f8dc4773ae6f1249d [term 1 FOLLOWER]: Leader election vote request: Granting yes vote for candidate 479bd6ae0a624196b94212212aa9af10 in term 1.
I20260713 09:05:02.178565 17791 ts_tablet_manager.cc:1434] T e85297ede5d14dabae8a3b6327a5b219 P 7354334832a0405f8dc4773ae6f1249d: Time spent starting tablet: real 0.095s	user 0.027s	sys 0.024s
I20260713 09:05:02.179539 17791 tablet_bootstrap.cc:492] T 96846eba268a4d1a9813a8eafda5ff00 P 7354334832a0405f8dc4773ae6f1249d: Bootstrap starting.
I20260713 09:05:02.183264 17814 raft_consensus.cc:515] T 134d06c8646f41aeb5e149e3aa9316c4 P 479bd6ae0a624196b94212212aa9af10 [term 1 FOLLOWER]: Starting leader election with config: opid_index: -1 OBSOLETE_local: false peers { permanent_uuid: "479bd6ae0a624196b94212212aa9af10" member_type: VOTER last_known_addr { host: "127.16.26.194" port: 43727 } } peers { permanent_uuid: "7354334832a0405f8dc4773ae6f1249d" member_type: VOTER last_known_addr { host: "127.16.26.195" port: 44617 } } peers { permanent_uuid: "b7a5b34803c2422b9a43b73a06e03f5c" member_type: VOTER last_known_addr { host: "127.16.26.193" port: 45859 } }
I20260713 09:05:02.185981 17749 tablet_service.cc:1917] Received RequestConsensusVote() RPC: tablet_id: "134d06c8646f41aeb5e149e3aa9316c4" candidate_uuid: "479bd6ae0a624196b94212212aa9af10" candidate_term: 1 candidate_status { last_received { term: 0 index: 0 } } ignore_live_leader: false dest_uuid: "7354334832a0405f8dc4773ae6f1249d"
I20260713 09:05:02.186321 17814 leader_election.cc:290] T 134d06c8646f41aeb5e149e3aa9316c4 P 479bd6ae0a624196b94212212aa9af10 [CANDIDATE]: Term 1 election: Requested vote from peers 7354334832a0405f8dc4773ae6f1249d (127.16.26.195:44617), b7a5b34803c2422b9a43b73a06e03f5c (127.16.26.193:45859)
I20260713 09:05:02.186513 17749 raft_consensus.cc:3060] T 134d06c8646f41aeb5e149e3aa9316c4 P 7354334832a0405f8dc4773ae6f1249d [term 0 FOLLOWER]: Advancing to term 1
I20260713 09:05:02.187712 17496 catalog_manager.cc:5697] T 3b4bd44902dc4153984fa8c296ee3939 P 7354334832a0405f8dc4773ae6f1249d reported cstate change: term changed from 0 to 1, leader changed from <none> to 7354334832a0405f8dc4773ae6f1249d (127.16.26.195). New cstate: current_term: 1 leader_uuid: "7354334832a0405f8dc4773ae6f1249d" committed_config { opid_index: -1 OBSOLETE_local: false peers { permanent_uuid: "b7a5b34803c2422b9a43b73a06e03f5c" member_type: VOTER last_known_addr { host: "127.16.26.193" port: 45859 } health_report { overall_health: UNKNOWN } } peers { permanent_uuid: "479bd6ae0a624196b94212212aa9af10" member_type: VOTER last_known_addr { host: "127.16.26.194" port: 43727 } health_report { overall_health: UNKNOWN } } peers { permanent_uuid: "7354334832a0405f8dc4773ae6f1249d" member_type: VOTER last_known_addr { host: "127.16.26.195" port: 44617 } health_report { overall_health: HEALTHY } } }
I20260713 09:05:02.192607 17749 raft_consensus.cc:2468] T 134d06c8646f41aeb5e149e3aa9316c4 P 7354334832a0405f8dc4773ae6f1249d [term 1 FOLLOWER]: Leader election vote request: Granting yes vote for candidate 479bd6ae0a624196b94212212aa9af10 in term 1.
I20260713 09:05:02.193692 17639 leader_election.cc:304] T 134d06c8646f41aeb5e149e3aa9316c4 P 479bd6ae0a624196b94212212aa9af10 [CANDIDATE]: Term 1 election: Election decided. Result: candidate won. Election summary: received 2 responses out of 3 voters: 2 yes votes; 0 no votes. yes voters: 479bd6ae0a624196b94212212aa9af10, 7354334832a0405f8dc4773ae6f1249d; no voters: 
I20260713 09:05:02.194033 17600 tablet_service.cc:1917] Received RequestConsensusVote() RPC: tablet_id: "134d06c8646f41aeb5e149e3aa9316c4" candidate_uuid: "479bd6ae0a624196b94212212aa9af10" candidate_term: 1 candidate_status { last_received { term: 0 index: 0 } } ignore_live_leader: false dest_uuid: "b7a5b34803c2422b9a43b73a06e03f5c"
I20260713 09:05:02.194583 17600 raft_consensus.cc:3060] T 134d06c8646f41aeb5e149e3aa9316c4 P b7a5b34803c2422b9a43b73a06e03f5c [term 0 FOLLOWER]: Advancing to term 1
I20260713 09:05:02.196242 17814 raft_consensus.cc:2804] T 134d06c8646f41aeb5e149e3aa9316c4 P 479bd6ae0a624196b94212212aa9af10 [term 1 FOLLOWER]: Leader election won for term 1
I20260713 09:05:02.197168 17814 raft_consensus.cc:697] T 134d06c8646f41aeb5e149e3aa9316c4 P 479bd6ae0a624196b94212212aa9af10 [term 1 LEADER]: Becoming Leader. State: Replica: 479bd6ae0a624196b94212212aa9af10, State: Running, Role: LEADER
I20260713 09:05:02.197960 17814 consensus_queue.cc:237] T 134d06c8646f41aeb5e149e3aa9316c4 P 479bd6ae0a624196b94212212aa9af10 [LEADER]: Queue going to LEADER mode. State: All replicated index: 0, Majority replicated index: 0, Committed index: 0, Last appended: 0.0, Last appended by leader: 0, Current term: 1, Majority size: 2, State: 0, Mode: LEADER, active raft config: opid_index: -1 OBSOLETE_local: false peers { permanent_uuid: "479bd6ae0a624196b94212212aa9af10" member_type: VOTER last_known_addr { host: "127.16.26.194" port: 43727 } } peers { permanent_uuid: "7354334832a0405f8dc4773ae6f1249d" member_type: VOTER last_known_addr { host: "127.16.26.195" port: 44617 } } peers { permanent_uuid: "b7a5b34803c2422b9a43b73a06e03f5c" member_type: VOTER last_known_addr { host: "127.16.26.193" port: 45859 } }
I20260713 09:05:02.200075 17791 tablet_bootstrap.cc:654] T 96846eba268a4d1a9813a8eafda5ff00 P 7354334832a0405f8dc4773ae6f1249d: Neither blocks nor log segments found. Creating new log.
I20260713 09:05:02.206810 17600 raft_consensus.cc:2468] T 134d06c8646f41aeb5e149e3aa9316c4 P b7a5b34803c2422b9a43b73a06e03f5c [term 1 FOLLOWER]: Leader election vote request: Granting yes vote for candidate 479bd6ae0a624196b94212212aa9af10 in term 1.
I20260713 09:05:02.210250 17792 tablet_bootstrap.cc:492] T c79e2d89c6464402bf33095afc005803 P b7a5b34803c2422b9a43b73a06e03f5c: No bootstrap required, opened a new log
I20260713 09:05:02.210698 17792 ts_tablet_manager.cc:1403] T c79e2d89c6464402bf33095afc005803 P b7a5b34803c2422b9a43b73a06e03f5c: Time spent bootstrapping tablet: real 0.083s	user 0.030s	sys 0.021s
I20260713 09:05:02.212839 17790 tablet_bootstrap.cc:492] T bdd19c5594334d8dac24a0c929ae87fe P 479bd6ae0a624196b94212212aa9af10: No bootstrap required, opened a new log
I20260713 09:05:02.213254 17790 ts_tablet_manager.cc:1403] T bdd19c5594334d8dac24a0c929ae87fe P 479bd6ae0a624196b94212212aa9af10: Time spent bootstrapping tablet: real 0.054s	user 0.019s	sys 0.030s
I20260713 09:05:02.213254 17792 raft_consensus.cc:359] T c79e2d89c6464402bf33095afc005803 P b7a5b34803c2422b9a43b73a06e03f5c [term 0 FOLLOWER]: Replica starting. Triggering 0 pending ops. Active config: opid_index: -1 OBSOLETE_local: false peers { permanent_uuid: "b7a5b34803c2422b9a43b73a06e03f5c" member_type: VOTER last_known_addr { host: "127.16.26.193" port: 45859 } } peers { permanent_uuid: "479bd6ae0a624196b94212212aa9af10" member_type: VOTER last_known_addr { host: "127.16.26.194" port: 43727 } } peers { permanent_uuid: "7354334832a0405f8dc4773ae6f1249d" member_type: VOTER last_known_addr { host: "127.16.26.195" port: 44617 } }
I20260713 09:05:02.214087 17792 raft_consensus.cc:385] T c79e2d89c6464402bf33095afc005803 P b7a5b34803c2422b9a43b73a06e03f5c [term 0 FOLLOWER]: Consensus starting up: Expiring failure detector timer to make a prompt election more likely
I20260713 09:05:02.214329 17792 raft_consensus.cc:740] T c79e2d89c6464402bf33095afc005803 P b7a5b34803c2422b9a43b73a06e03f5c [term 0 FOLLOWER]: Becoming Follower/Learner. State: Replica: b7a5b34803c2422b9a43b73a06e03f5c, State: Initialized, Role: FOLLOWER
I20260713 09:05:02.215092 17792 consensus_queue.cc:260] T c79e2d89c6464402bf33095afc005803 P b7a5b34803c2422b9a43b73a06e03f5c [NON_LEADER]: Queue going to NON_LEADER mode. State: All replicated index: 0, Majority replicated index: 0, Committed index: 0, Last appended: 0.0, Last appended by leader: 0, Current term: 0, Majority size: -1, State: 0, Mode: NON_LEADER, active raft config: opid_index: -1 OBSOLETE_local: false peers { permanent_uuid: "b7a5b34803c2422b9a43b73a06e03f5c" member_type: VOTER last_known_addr { host: "127.16.26.193" port: 45859 } } peers { permanent_uuid: "479bd6ae0a624196b94212212aa9af10" member_type: VOTER last_known_addr { host: "127.16.26.194" port: 43727 } } peers { permanent_uuid: "7354334832a0405f8dc4773ae6f1249d" member_type: VOTER last_known_addr { host: "127.16.26.195" port: 44617 } }
I20260713 09:05:02.215890 17790 raft_consensus.cc:359] T bdd19c5594334d8dac24a0c929ae87fe P 479bd6ae0a624196b94212212aa9af10 [term 0 FOLLOWER]: Replica starting. Triggering 0 pending ops. Active config: opid_index: -1 OBSOLETE_local: false peers { permanent_uuid: "b7a5b34803c2422b9a43b73a06e03f5c" member_type: VOTER last_known_addr { host: "127.16.26.193" port: 45859 } } peers { permanent_uuid: "479bd6ae0a624196b94212212aa9af10" member_type: VOTER last_known_addr { host: "127.16.26.194" port: 43727 } } peers { permanent_uuid: "7354334832a0405f8dc4773ae6f1249d" member_type: VOTER last_known_addr { host: "127.16.26.195" port: 44617 } }
I20260713 09:05:02.216542 17790 raft_consensus.cc:385] T bdd19c5594334d8dac24a0c929ae87fe P 479bd6ae0a624196b94212212aa9af10 [term 0 FOLLOWER]: Consensus starting up: Expiring failure detector timer to make a prompt election more likely
I20260713 09:05:02.216782 17790 raft_consensus.cc:740] T bdd19c5594334d8dac24a0c929ae87fe P 479bd6ae0a624196b94212212aa9af10 [term 0 FOLLOWER]: Becoming Follower/Learner. State: Replica: 479bd6ae0a624196b94212212aa9af10, State: Initialized, Role: FOLLOWER
I20260713 09:05:02.217336 17790 consensus_queue.cc:260] T bdd19c5594334d8dac24a0c929ae87fe P 479bd6ae0a624196b94212212aa9af10 [NON_LEADER]: Queue going to NON_LEADER mode. State: All replicated index: 0, Majority replicated index: 0, Committed index: 0, Last appended: 0.0, Last appended by leader: 0, Current term: 0, Majority size: -1, State: 0, Mode: NON_LEADER, active raft config: opid_index: -1 OBSOLETE_local: false peers { permanent_uuid: "b7a5b34803c2422b9a43b73a06e03f5c" member_type: VOTER last_known_addr { host: "127.16.26.193" port: 45859 } } peers { permanent_uuid: "479bd6ae0a624196b94212212aa9af10" member_type: VOTER last_known_addr { host: "127.16.26.194" port: 43727 } } peers { permanent_uuid: "7354334832a0405f8dc4773ae6f1249d" member_type: VOTER last_known_addr { host: "127.16.26.195" port: 44617 } }
I20260713 09:05:02.219430 17790 ts_tablet_manager.cc:1434] T bdd19c5594334d8dac24a0c929ae87fe P 479bd6ae0a624196b94212212aa9af10: Time spent starting tablet: real 0.006s	user 0.005s	sys 0.000s
I20260713 09:05:02.220255 17790 tablet_bootstrap.cc:492] T b3c900cc5d234c5794fa89f67d00d5d2 P 479bd6ae0a624196b94212212aa9af10: Bootstrap starting.
W20260713 09:05:02.220326 17639 consensus_peers.cc:597] T 96846eba268a4d1a9813a8eafda5ff00 P 479bd6ae0a624196b94212212aa9af10 -> Peer 7354334832a0405f8dc4773ae6f1249d (127.16.26.195:44617): Couldn't send request to peer 7354334832a0405f8dc4773ae6f1249d. Error code: TABLET_NOT_RUNNING (12). Status: Illegal state: Tablet not RUNNING: BOOTSTRAPPING. This is attempt 1: this message will repeat every 5th retry.
I20260713 09:05:02.221060 17792 ts_tablet_manager.cc:1434] T c79e2d89c6464402bf33095afc005803 P b7a5b34803c2422b9a43b73a06e03f5c: Time spent starting tablet: real 0.010s	user 0.006s	sys 0.000s
I20260713 09:05:02.222000 17792 tablet_bootstrap.cc:492] T 23f42d6caaf14dd5810fd1f9dd46d1d2 P b7a5b34803c2422b9a43b73a06e03f5c: Bootstrap starting.
I20260713 09:05:02.222676 17791 tablet_bootstrap.cc:492] T 96846eba268a4d1a9813a8eafda5ff00 P 7354334832a0405f8dc4773ae6f1249d: No bootstrap required, opened a new log
I20260713 09:05:02.223064 17791 ts_tablet_manager.cc:1403] T 96846eba268a4d1a9813a8eafda5ff00 P 7354334832a0405f8dc4773ae6f1249d: Time spent bootstrapping tablet: real 0.044s	user 0.005s	sys 0.010s
I20260713 09:05:02.223655 17496 catalog_manager.cc:5697] T 11e64506c6ea4f528bf537ae140a24bc P 479bd6ae0a624196b94212212aa9af10 reported cstate change: term changed from 0 to 1, leader changed from <none> to 479bd6ae0a624196b94212212aa9af10 (127.16.26.194). New cstate: current_term: 1 leader_uuid: "479bd6ae0a624196b94212212aa9af10" committed_config { opid_index: -1 OBSOLETE_local: false peers { permanent_uuid: "b7a5b34803c2422b9a43b73a06e03f5c" member_type: VOTER last_known_addr { host: "127.16.26.193" port: 45859 } health_report { overall_health: UNKNOWN } } peers { permanent_uuid: "479bd6ae0a624196b94212212aa9af10" member_type: VOTER last_known_addr { host: "127.16.26.194" port: 43727 } health_report { overall_health: HEALTHY } } peers { permanent_uuid: "7354334832a0405f8dc4773ae6f1249d" member_type: VOTER last_known_addr { host: "127.16.26.195" port: 44617 } health_report { overall_health: UNKNOWN } } }
I20260713 09:05:02.225461 17791 raft_consensus.cc:359] T 96846eba268a4d1a9813a8eafda5ff00 P 7354334832a0405f8dc4773ae6f1249d [term 0 FOLLOWER]: Replica starting. Triggering 0 pending ops. Active config: opid_index: -1 OBSOLETE_local: false peers { permanent_uuid: "b7a5b34803c2422b9a43b73a06e03f5c" member_type: VOTER last_known_addr { host: "127.16.26.193" port: 45859 } } peers { permanent_uuid: "479bd6ae0a624196b94212212aa9af10" member_type: VOTER last_known_addr { host: "127.16.26.194" port: 43727 } } peers { permanent_uuid: "7354334832a0405f8dc4773ae6f1249d" member_type: VOTER last_known_addr { host: "127.16.26.195" port: 44617 } }
I20260713 09:05:02.226066 17791 raft_consensus.cc:385] T 96846eba268a4d1a9813a8eafda5ff00 P 7354334832a0405f8dc4773ae6f1249d [term 0 FOLLOWER]: Consensus starting up: Expiring failure detector timer to make a prompt election more likely
I20260713 09:05:02.226322 17791 raft_consensus.cc:740] T 96846eba268a4d1a9813a8eafda5ff00 P 7354334832a0405f8dc4773ae6f1249d [term 0 FOLLOWER]: Becoming Follower/Learner. State: Replica: 7354334832a0405f8dc4773ae6f1249d, State: Initialized, Role: FOLLOWER
I20260713 09:05:02.226881 17790 tablet_bootstrap.cc:654] T b3c900cc5d234c5794fa89f67d00d5d2 P 479bd6ae0a624196b94212212aa9af10: Neither blocks nor log segments found. Creating new log.
I20260713 09:05:02.227025 17791 consensus_queue.cc:260] T 96846eba268a4d1a9813a8eafda5ff00 P 7354334832a0405f8dc4773ae6f1249d [NON_LEADER]: Queue going to NON_LEADER mode. State: All replicated index: 0, Majority replicated index: 0, Committed index: 0, Last appended: 0.0, Last appended by leader: 0, Current term: 0, Majority size: -1, State: 0, Mode: NON_LEADER, active raft config: opid_index: -1 OBSOLETE_local: false peers { permanent_uuid: "b7a5b34803c2422b9a43b73a06e03f5c" member_type: VOTER last_known_addr { host: "127.16.26.193" port: 45859 } } peers { permanent_uuid: "479bd6ae0a624196b94212212aa9af10" member_type: VOTER last_known_addr { host: "127.16.26.194" port: 43727 } } peers { permanent_uuid: "7354334832a0405f8dc4773ae6f1249d" member_type: VOTER last_known_addr { host: "127.16.26.195" port: 44617 } }
I20260713 09:05:02.228065 17792 tablet_bootstrap.cc:654] T 23f42d6caaf14dd5810fd1f9dd46d1d2 P b7a5b34803c2422b9a43b73a06e03f5c: Neither blocks nor log segments found. Creating new log.
I20260713 09:05:02.232028 17791 ts_tablet_manager.cc:1434] T 96846eba268a4d1a9813a8eafda5ff00 P 7354334832a0405f8dc4773ae6f1249d: Time spent starting tablet: real 0.009s	user 0.005s	sys 0.001s
I20260713 09:05:02.232992 17791 tablet_bootstrap.cc:492] T bb9e8970ddbd47d08a2b8aab78545a7b P 7354334832a0405f8dc4773ae6f1249d: Bootstrap starting.
I20260713 09:05:02.238528 17791 tablet_bootstrap.cc:654] T bb9e8970ddbd47d08a2b8aab78545a7b P 7354334832a0405f8dc4773ae6f1249d: Neither blocks nor log segments found. Creating new log.
I20260713 09:05:02.249467 17792 tablet_bootstrap.cc:492] T 23f42d6caaf14dd5810fd1f9dd46d1d2 P b7a5b34803c2422b9a43b73a06e03f5c: No bootstrap required, opened a new log
I20260713 09:05:02.248682 17499 catalog_manager.cc:5697] T 134d06c8646f41aeb5e149e3aa9316c4 P 479bd6ae0a624196b94212212aa9af10 reported cstate change: term changed from 0 to 1, leader changed from <none> to 479bd6ae0a624196b94212212aa9af10 (127.16.26.194). New cstate: current_term: 1 leader_uuid: "479bd6ae0a624196b94212212aa9af10" committed_config { opid_index: -1 OBSOLETE_local: false peers { permanent_uuid: "479bd6ae0a624196b94212212aa9af10" member_type: VOTER last_known_addr { host: "127.16.26.194" port: 43727 } health_report { overall_health: HEALTHY } } peers { permanent_uuid: "7354334832a0405f8dc4773ae6f1249d" member_type: VOTER last_known_addr { host: "127.16.26.195" port: 44617 } health_report { overall_health: UNKNOWN } } peers { permanent_uuid: "b7a5b34803c2422b9a43b73a06e03f5c" member_type: VOTER last_known_addr { host: "127.16.26.193" port: 45859 } health_report { overall_health: UNKNOWN } } }
I20260713 09:05:02.249964 17792 ts_tablet_manager.cc:1403] T 23f42d6caaf14dd5810fd1f9dd46d1d2 P b7a5b34803c2422b9a43b73a06e03f5c: Time spent bootstrapping tablet: real 0.028s	user 0.022s	sys 0.005s
I20260713 09:05:02.253022 17792 raft_consensus.cc:359] T 23f42d6caaf14dd5810fd1f9dd46d1d2 P b7a5b34803c2422b9a43b73a06e03f5c [term 0 FOLLOWER]: Replica starting. Triggering 0 pending ops. Active config: opid_index: -1 OBSOLETE_local: false peers { permanent_uuid: "b7a5b34803c2422b9a43b73a06e03f5c" member_type: VOTER last_known_addr { host: "127.16.26.193" port: 45859 } } peers { permanent_uuid: "479bd6ae0a624196b94212212aa9af10" member_type: VOTER last_known_addr { host: "127.16.26.194" port: 43727 } } peers { permanent_uuid: "7354334832a0405f8dc4773ae6f1249d" member_type: VOTER last_known_addr { host: "127.16.26.195" port: 44617 } }
I20260713 09:05:02.253629 17792 raft_consensus.cc:385] T 23f42d6caaf14dd5810fd1f9dd46d1d2 P b7a5b34803c2422b9a43b73a06e03f5c [term 0 FOLLOWER]: Consensus starting up: Expiring failure detector timer to make a prompt election more likely
I20260713 09:05:02.253892 17792 raft_consensus.cc:740] T 23f42d6caaf14dd5810fd1f9dd46d1d2 P b7a5b34803c2422b9a43b73a06e03f5c [term 0 FOLLOWER]: Becoming Follower/Learner. State: Replica: b7a5b34803c2422b9a43b73a06e03f5c, State: Initialized, Role: FOLLOWER
I20260713 09:05:02.254657 17791 tablet_bootstrap.cc:492] T bb9e8970ddbd47d08a2b8aab78545a7b P 7354334832a0405f8dc4773ae6f1249d: No bootstrap required, opened a new log
I20260713 09:05:02.254530 17792 consensus_queue.cc:260] T 23f42d6caaf14dd5810fd1f9dd46d1d2 P b7a5b34803c2422b9a43b73a06e03f5c [NON_LEADER]: Queue going to NON_LEADER mode. State: All replicated index: 0, Majority replicated index: 0, Committed index: 0, Last appended: 0.0, Last appended by leader: 0, Current term: 0, Majority size: -1, State: 0, Mode: NON_LEADER, active raft config: opid_index: -1 OBSOLETE_local: false peers { permanent_uuid: "b7a5b34803c2422b9a43b73a06e03f5c" member_type: VOTER last_known_addr { host: "127.16.26.193" port: 45859 } } peers { permanent_uuid: "479bd6ae0a624196b94212212aa9af10" member_type: VOTER last_known_addr { host: "127.16.26.194" port: 43727 } } peers { permanent_uuid: "7354334832a0405f8dc4773ae6f1249d" member_type: VOTER last_known_addr { host: "127.16.26.195" port: 44617 } }
I20260713 09:05:02.255051 17791 ts_tablet_manager.cc:1403] T bb9e8970ddbd47d08a2b8aab78545a7b P 7354334832a0405f8dc4773ae6f1249d: Time spent bootstrapping tablet: real 0.022s	user 0.011s	sys 0.004s
I20260713 09:05:02.256676 17792 ts_tablet_manager.cc:1434] T 23f42d6caaf14dd5810fd1f9dd46d1d2 P b7a5b34803c2422b9a43b73a06e03f5c: Time spent starting tablet: real 0.006s	user 0.006s	sys 0.000s
I20260713 09:05:02.257479 17792 tablet_bootstrap.cc:492] T bb9e8970ddbd47d08a2b8aab78545a7b P b7a5b34803c2422b9a43b73a06e03f5c: Bootstrap starting.
I20260713 09:05:02.257550 17791 raft_consensus.cc:359] T bb9e8970ddbd47d08a2b8aab78545a7b P 7354334832a0405f8dc4773ae6f1249d [term 0 FOLLOWER]: Replica starting. Triggering 0 pending ops. Active config: opid_index: -1 OBSOLETE_local: false peers { permanent_uuid: "b7a5b34803c2422b9a43b73a06e03f5c" member_type: VOTER last_known_addr { host: "127.16.26.193" port: 45859 } } peers { permanent_uuid: "479bd6ae0a624196b94212212aa9af10" member_type: VOTER last_known_addr { host: "127.16.26.194" port: 43727 } } peers { permanent_uuid: "7354334832a0405f8dc4773ae6f1249d" member_type: VOTER last_known_addr { host: "127.16.26.195" port: 44617 } }
I20260713 09:05:02.258174 17791 raft_consensus.cc:385] T bb9e8970ddbd47d08a2b8aab78545a7b P 7354334832a0405f8dc4773ae6f1249d [term 0 FOLLOWER]: Consensus starting up: Expiring failure detector timer to make a prompt election more likely
I20260713 09:05:02.258412 17791 raft_consensus.cc:740] T bb9e8970ddbd47d08a2b8aab78545a7b P 7354334832a0405f8dc4773ae6f1249d [term 0 FOLLOWER]: Becoming Follower/Learner. State: Replica: 7354334832a0405f8dc4773ae6f1249d, State: Initialized, Role: FOLLOWER
I20260713 09:05:02.259182 17791 consensus_queue.cc:260] T bb9e8970ddbd47d08a2b8aab78545a7b P 7354334832a0405f8dc4773ae6f1249d [NON_LEADER]: Queue going to NON_LEADER mode. State: All replicated index: 0, Majority replicated index: 0, Committed index: 0, Last appended: 0.0, Last appended by leader: 0, Current term: 0, Majority size: -1, State: 0, Mode: NON_LEADER, active raft config: opid_index: -1 OBSOLETE_local: false peers { permanent_uuid: "b7a5b34803c2422b9a43b73a06e03f5c" member_type: VOTER last_known_addr { host: "127.16.26.193" port: 45859 } } peers { permanent_uuid: "479bd6ae0a624196b94212212aa9af10" member_type: VOTER last_known_addr { host: "127.16.26.194" port: 43727 } } peers { permanent_uuid: "7354334832a0405f8dc4773ae6f1249d" member_type: VOTER last_known_addr { host: "127.16.26.195" port: 44617 } }
I20260713 09:05:02.261240 17791 ts_tablet_manager.cc:1434] T bb9e8970ddbd47d08a2b8aab78545a7b P 7354334832a0405f8dc4773ae6f1249d: Time spent starting tablet: real 0.006s	user 0.005s	sys 0.000s
I20260713 09:05:02.262049 17791 tablet_bootstrap.cc:492] T bf863b2bb79349a5a8dfec10ef086585 P 7354334832a0405f8dc4773ae6f1249d: Bootstrap starting.
I20260713 09:05:02.263310 17792 tablet_bootstrap.cc:654] T bb9e8970ddbd47d08a2b8aab78545a7b P b7a5b34803c2422b9a43b73a06e03f5c: Neither blocks nor log segments found. Creating new log.
I20260713 09:05:02.267482 17791 tablet_bootstrap.cc:654] T bf863b2bb79349a5a8dfec10ef086585 P 7354334832a0405f8dc4773ae6f1249d: Neither blocks nor log segments found. Creating new log.
I20260713 09:05:02.269328 17814 raft_consensus.cc:493] T bf863b2bb79349a5a8dfec10ef086585 P 479bd6ae0a624196b94212212aa9af10 [term 0 FOLLOWER]: Starting pre-election (no leader contacted us within the election timeout)
I20260713 09:05:02.269810 17814 raft_consensus.cc:515] T bf863b2bb79349a5a8dfec10ef086585 P 479bd6ae0a624196b94212212aa9af10 [term 0 FOLLOWER]: Starting pre-election with config: opid_index: -1 OBSOLETE_local: false peers { permanent_uuid: "b7a5b34803c2422b9a43b73a06e03f5c" member_type: VOTER last_known_addr { host: "127.16.26.193" port: 45859 } } peers { permanent_uuid: "479bd6ae0a624196b94212212aa9af10" member_type: VOTER last_known_addr { host: "127.16.26.194" port: 43727 } } peers { permanent_uuid: "7354334832a0405f8dc4773ae6f1249d" member_type: VOTER last_known_addr { host: "127.16.26.195" port: 44617 } }
I20260713 09:05:02.271835 17814 leader_election.cc:290] T bf863b2bb79349a5a8dfec10ef086585 P 479bd6ae0a624196b94212212aa9af10 [CANDIDATE]: Term 1 pre-election: Requested pre-vote from peers b7a5b34803c2422b9a43b73a06e03f5c (127.16.26.193:45859), 7354334832a0405f8dc4773ae6f1249d (127.16.26.195:44617)
I20260713 09:05:02.273874 17749 tablet_service.cc:1917] Received RequestConsensusVote() RPC: tablet_id: "bf863b2bb79349a5a8dfec10ef086585" candidate_uuid: "479bd6ae0a624196b94212212aa9af10" candidate_term: 1 candidate_status { last_received { term: 0 index: 0 } } ignore_live_leader: false dest_uuid: "7354334832a0405f8dc4773ae6f1249d" is_pre_election: true
W20260713 09:05:02.275581 17639 leader_election.cc:343] T bf863b2bb79349a5a8dfec10ef086585 P 479bd6ae0a624196b94212212aa9af10 [CANDIDATE]: Term 1 pre-election: Tablet error from VoteRequest() call to peer 7354334832a0405f8dc4773ae6f1249d (127.16.26.195:44617): Illegal state: must be running to vote when last-logged opid is not known
I20260713 09:05:02.274940 17600 tablet_service.cc:1917] Received RequestConsensusVote() RPC: tablet_id: "bf863b2bb79349a5a8dfec10ef086585" candidate_uuid: "479bd6ae0a624196b94212212aa9af10" candidate_term: 1 candidate_status { last_received { term: 0 index: 0 } } ignore_live_leader: false dest_uuid: "b7a5b34803c2422b9a43b73a06e03f5c" is_pre_election: true
I20260713 09:05:02.276809 17600 raft_consensus.cc:2468] T bf863b2bb79349a5a8dfec10ef086585 P b7a5b34803c2422b9a43b73a06e03f5c [term 0 FOLLOWER]: Leader pre-election vote request: Granting yes vote for candidate 479bd6ae0a624196b94212212aa9af10 in term 0.
I20260713 09:05:02.277568 17790 tablet_bootstrap.cc:492] T b3c900cc5d234c5794fa89f67d00d5d2 P 479bd6ae0a624196b94212212aa9af10: No bootstrap required, opened a new log
I20260713 09:05:02.278043 17792 tablet_bootstrap.cc:492] T bb9e8970ddbd47d08a2b8aab78545a7b P b7a5b34803c2422b9a43b73a06e03f5c: No bootstrap required, opened a new log
I20260713 09:05:02.277912 17639 leader_election.cc:304] T bf863b2bb79349a5a8dfec10ef086585 P 479bd6ae0a624196b94212212aa9af10 [CANDIDATE]: Term 1 pre-election: Election decided. Result: candidate won. Election summary: received 3 responses out of 3 voters: 2 yes votes; 1 no votes. yes voters: 479bd6ae0a624196b94212212aa9af10, b7a5b34803c2422b9a43b73a06e03f5c; no voters: 7354334832a0405f8dc4773ae6f1249d
I20260713 09:05:02.278321 17790 ts_tablet_manager.cc:1403] T b3c900cc5d234c5794fa89f67d00d5d2 P 479bd6ae0a624196b94212212aa9af10: Time spent bootstrapping tablet: real 0.058s	user 0.030s	sys 0.013s
I20260713 09:05:02.278448 17792 ts_tablet_manager.cc:1403] T bb9e8970ddbd47d08a2b8aab78545a7b P b7a5b34803c2422b9a43b73a06e03f5c: Time spent bootstrapping tablet: real 0.021s	user 0.006s	sys 0.007s
I20260713 09:05:02.278926 17817 raft_consensus.cc:2804] T bf863b2bb79349a5a8dfec10ef086585 P 479bd6ae0a624196b94212212aa9af10 [term 0 FOLLOWER]: Leader pre-election won for term 1
I20260713 09:05:02.279297 17817 raft_consensus.cc:493] T bf863b2bb79349a5a8dfec10ef086585 P 479bd6ae0a624196b94212212aa9af10 [term 0 FOLLOWER]: Starting leader election (no leader contacted us within the election timeout)
I20260713 09:05:02.279619 17817 raft_consensus.cc:3060] T bf863b2bb79349a5a8dfec10ef086585 P 479bd6ae0a624196b94212212aa9af10 [term 0 FOLLOWER]: Advancing to term 1
I20260713 09:05:02.280758 17790 raft_consensus.cc:359] T b3c900cc5d234c5794fa89f67d00d5d2 P 479bd6ae0a624196b94212212aa9af10 [term 0 FOLLOWER]: Replica starting. Triggering 0 pending ops. Active config: opid_index: -1 OBSOLETE_local: false peers { permanent_uuid: "b7a5b34803c2422b9a43b73a06e03f5c" member_type: VOTER last_known_addr { host: "127.16.26.193" port: 45859 } } peers { permanent_uuid: "479bd6ae0a624196b94212212aa9af10" member_type: VOTER last_known_addr { host: "127.16.26.194" port: 43727 } } peers { permanent_uuid: "7354334832a0405f8dc4773ae6f1249d" member_type: VOTER last_known_addr { host: "127.16.26.195" port: 44617 } }
I20260713 09:05:02.281001 17792 raft_consensus.cc:359] T bb9e8970ddbd47d08a2b8aab78545a7b P b7a5b34803c2422b9a43b73a06e03f5c [term 0 FOLLOWER]: Replica starting. Triggering 0 pending ops. Active config: opid_index: -1 OBSOLETE_local: false peers { permanent_uuid: "b7a5b34803c2422b9a43b73a06e03f5c" member_type: VOTER last_known_addr { host: "127.16.26.193" port: 45859 } } peers { permanent_uuid: "479bd6ae0a624196b94212212aa9af10" member_type: VOTER last_known_addr { host: "127.16.26.194" port: 43727 } } peers { permanent_uuid: "7354334832a0405f8dc4773ae6f1249d" member_type: VOTER last_known_addr { host: "127.16.26.195" port: 44617 } }
I20260713 09:05:02.281649 17792 raft_consensus.cc:385] T bb9e8970ddbd47d08a2b8aab78545a7b P b7a5b34803c2422b9a43b73a06e03f5c [term 0 FOLLOWER]: Consensus starting up: Expiring failure detector timer to make a prompt election more likely
I20260713 09:05:02.281407 17790 raft_consensus.cc:385] T b3c900cc5d234c5794fa89f67d00d5d2 P 479bd6ae0a624196b94212212aa9af10 [term 0 FOLLOWER]: Consensus starting up: Expiring failure detector timer to make a prompt election more likely
I20260713 09:05:02.282217 17790 raft_consensus.cc:740] T b3c900cc5d234c5794fa89f67d00d5d2 P 479bd6ae0a624196b94212212aa9af10 [term 0 FOLLOWER]: Becoming Follower/Learner. State: Replica: 479bd6ae0a624196b94212212aa9af10, State: Initialized, Role: FOLLOWER
I20260713 09:05:02.282899 17790 consensus_queue.cc:260] T b3c900cc5d234c5794fa89f67d00d5d2 P 479bd6ae0a624196b94212212aa9af10 [NON_LEADER]: Queue going to NON_LEADER mode. State: All replicated index: 0, Majority replicated index: 0, Committed index: 0, Last appended: 0.0, Last appended by leader: 0, Current term: 0, Majority size: -1, State: 0, Mode: NON_LEADER, active raft config: opid_index: -1 OBSOLETE_local: false peers { permanent_uuid: "b7a5b34803c2422b9a43b73a06e03f5c" member_type: VOTER last_known_addr { host: "127.16.26.193" port: 45859 } } peers { permanent_uuid: "479bd6ae0a624196b94212212aa9af10" member_type: VOTER last_known_addr { host: "127.16.26.194" port: 43727 } } peers { permanent_uuid: "7354334832a0405f8dc4773ae6f1249d" member_type: VOTER last_known_addr { host: "127.16.26.195" port: 44617 } }
I20260713 09:05:02.284300 17790 ts_tablet_manager.cc:1434] T b3c900cc5d234c5794fa89f67d00d5d2 P 479bd6ae0a624196b94212212aa9af10: Time spent starting tablet: real 0.006s	user 0.003s	sys 0.000s
I20260713 09:05:02.281929 17792 raft_consensus.cc:740] T bb9e8970ddbd47d08a2b8aab78545a7b P b7a5b34803c2422b9a43b73a06e03f5c [term 0 FOLLOWER]: Becoming Follower/Learner. State: Replica: b7a5b34803c2422b9a43b73a06e03f5c, State: Initialized, Role: FOLLOWER
I20260713 09:05:02.285120 17791 tablet_bootstrap.cc:492] T bf863b2bb79349a5a8dfec10ef086585 P 7354334832a0405f8dc4773ae6f1249d: No bootstrap required, opened a new log
I20260713 09:05:02.284976 17792 consensus_queue.cc:260] T bb9e8970ddbd47d08a2b8aab78545a7b P b7a5b34803c2422b9a43b73a06e03f5c [NON_LEADER]: Queue going to NON_LEADER mode. State: All replicated index: 0, Majority replicated index: 0, Committed index: 0, Last appended: 0.0, Last appended by leader: 0, Current term: 0, Majority size: -1, State: 0, Mode: NON_LEADER, active raft config: opid_index: -1 OBSOLETE_local: false peers { permanent_uuid: "b7a5b34803c2422b9a43b73a06e03f5c" member_type: VOTER last_known_addr { host: "127.16.26.193" port: 45859 } } peers { permanent_uuid: "479bd6ae0a624196b94212212aa9af10" member_type: VOTER last_known_addr { host: "127.16.26.194" port: 43727 } } peers { permanent_uuid: "7354334832a0405f8dc4773ae6f1249d" member_type: VOTER last_known_addr { host: "127.16.26.195" port: 44617 } }
I20260713 09:05:02.285573 17791 ts_tablet_manager.cc:1403] T bf863b2bb79349a5a8dfec10ef086585 P 7354334832a0405f8dc4773ae6f1249d: Time spent bootstrapping tablet: real 0.024s	user 0.013s	sys 0.001s
I20260713 09:05:02.286724 17792 ts_tablet_manager.cc:1434] T bb9e8970ddbd47d08a2b8aab78545a7b P b7a5b34803c2422b9a43b73a06e03f5c: Time spent starting tablet: real 0.008s	user 0.005s	sys 0.000s
I20260713 09:05:02.286942 17817 raft_consensus.cc:515] T bf863b2bb79349a5a8dfec10ef086585 P 479bd6ae0a624196b94212212aa9af10 [term 1 FOLLOWER]: Starting leader election with config: opid_index: -1 OBSOLETE_local: false peers { permanent_uuid: "b7a5b34803c2422b9a43b73a06e03f5c" member_type: VOTER last_known_addr { host: "127.16.26.193" port: 45859 } } peers { permanent_uuid: "479bd6ae0a624196b94212212aa9af10" member_type: VOTER last_known_addr { host: "127.16.26.194" port: 43727 } } peers { permanent_uuid: "7354334832a0405f8dc4773ae6f1249d" member_type: VOTER last_known_addr { host: "127.16.26.195" port: 44617 } }
I20260713 09:05:02.287810 17792 tablet_bootstrap.cc:492] T 3b4bd44902dc4153984fa8c296ee3939 P b7a5b34803c2422b9a43b73a06e03f5c: Bootstrap starting.
I20260713 09:05:02.288115 17791 raft_consensus.cc:359] T bf863b2bb79349a5a8dfec10ef086585 P 7354334832a0405f8dc4773ae6f1249d [term 0 FOLLOWER]: Replica starting. Triggering 0 pending ops. Active config: opid_index: -1 OBSOLETE_local: false peers { permanent_uuid: "b7a5b34803c2422b9a43b73a06e03f5c" member_type: VOTER last_known_addr { host: "127.16.26.193" port: 45859 } } peers { permanent_uuid: "479bd6ae0a624196b94212212aa9af10" member_type: VOTER last_known_addr { host: "127.16.26.194" port: 43727 } } peers { permanent_uuid: "7354334832a0405f8dc4773ae6f1249d" member_type: VOTER last_known_addr { host: "127.16.26.195" port: 44617 } }
I20260713 09:05:02.288746 17791 raft_consensus.cc:385] T bf863b2bb79349a5a8dfec10ef086585 P 7354334832a0405f8dc4773ae6f1249d [term 0 FOLLOWER]: Consensus starting up: Expiring failure detector timer to make a prompt election more likely
I20260713 09:05:02.289006 17791 raft_consensus.cc:740] T bf863b2bb79349a5a8dfec10ef086585 P 7354334832a0405f8dc4773ae6f1249d [term 0 FOLLOWER]: Becoming Follower/Learner. State: Replica: 7354334832a0405f8dc4773ae6f1249d, State: Initialized, Role: FOLLOWER
I20260713 09:05:02.289544 17600 tablet_service.cc:1917] Received RequestConsensusVote() RPC: tablet_id: "bf863b2bb79349a5a8dfec10ef086585" candidate_uuid: "479bd6ae0a624196b94212212aa9af10" candidate_term: 1 candidate_status { last_received { term: 0 index: 0 } } ignore_live_leader: false dest_uuid: "b7a5b34803c2422b9a43b73a06e03f5c"
I20260713 09:05:02.289613 17791 consensus_queue.cc:260] T bf863b2bb79349a5a8dfec10ef086585 P 7354334832a0405f8dc4773ae6f1249d [NON_LEADER]: Queue going to NON_LEADER mode. State: All replicated index: 0, Majority replicated index: 0, Committed index: 0, Last appended: 0.0, Last appended by leader: 0, Current term: 0, Majority size: -1, State: 0, Mode: NON_LEADER, active raft config: opid_index: -1 OBSOLETE_local: false peers { permanent_uuid: "b7a5b34803c2422b9a43b73a06e03f5c" member_type: VOTER last_known_addr { host: "127.16.26.193" port: 45859 } } peers { permanent_uuid: "479bd6ae0a624196b94212212aa9af10" member_type: VOTER last_known_addr { host: "127.16.26.194" port: 43727 } } peers { permanent_uuid: "7354334832a0405f8dc4773ae6f1249d" member_type: VOTER last_known_addr { host: "127.16.26.195" port: 44617 } }
I20260713 09:05:02.290130 17600 raft_consensus.cc:3060] T bf863b2bb79349a5a8dfec10ef086585 P b7a5b34803c2422b9a43b73a06e03f5c [term 0 FOLLOWER]: Advancing to term 1
I20260713 09:05:02.293527 17790 tablet_bootstrap.cc:492] T 23f42d6caaf14dd5810fd1f9dd46d1d2 P 479bd6ae0a624196b94212212aa9af10: Bootstrap starting.
I20260713 09:05:02.296103 17792 tablet_bootstrap.cc:654] T 3b4bd44902dc4153984fa8c296ee3939 P b7a5b34803c2422b9a43b73a06e03f5c: Neither blocks nor log segments found. Creating new log.
I20260713 09:05:02.298717 17791 ts_tablet_manager.cc:1434] T bf863b2bb79349a5a8dfec10ef086585 P 7354334832a0405f8dc4773ae6f1249d: Time spent starting tablet: real 0.013s	user 0.005s	sys 0.001s
I20260713 09:05:02.298804 17600 raft_consensus.cc:2468] T bf863b2bb79349a5a8dfec10ef086585 P b7a5b34803c2422b9a43b73a06e03f5c [term 1 FOLLOWER]: Leader election vote request: Granting yes vote for candidate 479bd6ae0a624196b94212212aa9af10 in term 1.
I20260713 09:05:02.299579 17791 tablet_bootstrap.cc:492] T 23f42d6caaf14dd5810fd1f9dd46d1d2 P 7354334832a0405f8dc4773ae6f1249d: Bootstrap starting.
I20260713 09:05:02.299860 17639 leader_election.cc:304] T bf863b2bb79349a5a8dfec10ef086585 P 479bd6ae0a624196b94212212aa9af10 [CANDIDATE]: Term 1 election: Election decided. Result: candidate won. Election summary: received 2 responses out of 3 voters: 2 yes votes; 0 no votes. yes voters: 479bd6ae0a624196b94212212aa9af10, b7a5b34803c2422b9a43b73a06e03f5c; no voters: 
I20260713 09:05:02.300930 17814 raft_consensus.cc:2804] T bf863b2bb79349a5a8dfec10ef086585 P 479bd6ae0a624196b94212212aa9af10 [term 1 FOLLOWER]: Leader election won for term 1
I20260713 09:05:02.301399 17814 raft_consensus.cc:697] T bf863b2bb79349a5a8dfec10ef086585 P 479bd6ae0a624196b94212212aa9af10 [term 1 LEADER]: Becoming Leader. State: Replica: 479bd6ae0a624196b94212212aa9af10, State: Running, Role: LEADER
I20260713 09:05:02.301875 17749 tablet_service.cc:1917] Received RequestConsensusVote() RPC: tablet_id: "bf863b2bb79349a5a8dfec10ef086585" candidate_uuid: "479bd6ae0a624196b94212212aa9af10" candidate_term: 1 candidate_status { last_received { term: 0 index: 0 } } ignore_live_leader: false dest_uuid: "7354334832a0405f8dc4773ae6f1249d"
I20260713 09:05:02.302908 17749 raft_consensus.cc:3060] T bf863b2bb79349a5a8dfec10ef086585 P 7354334832a0405f8dc4773ae6f1249d [term 0 FOLLOWER]: Advancing to term 1
I20260713 09:05:02.302182 17814 consensus_queue.cc:237] T bf863b2bb79349a5a8dfec10ef086585 P 479bd6ae0a624196b94212212aa9af10 [LEADER]: Queue going to LEADER mode. State: All replicated index: 0, Majority replicated index: 0, Committed index: 0, Last appended: 0.0, Last appended by leader: 0, Current term: 1, Majority size: 2, State: 0, Mode: LEADER, active raft config: opid_index: -1 OBSOLETE_local: false peers { permanent_uuid: "b7a5b34803c2422b9a43b73a06e03f5c" member_type: VOTER last_known_addr { host: "127.16.26.193" port: 45859 } } peers { permanent_uuid: "479bd6ae0a624196b94212212aa9af10" member_type: VOTER last_known_addr { host: "127.16.26.194" port: 43727 } } peers { permanent_uuid: "7354334832a0405f8dc4773ae6f1249d" member_type: VOTER last_known_addr { host: "127.16.26.195" port: 44617 } }
I20260713 09:05:02.305207 17791 tablet_bootstrap.cc:654] T 23f42d6caaf14dd5810fd1f9dd46d1d2 P 7354334832a0405f8dc4773ae6f1249d: Neither blocks nor log segments found. Creating new log.
I20260713 09:05:02.307473 17790 tablet_bootstrap.cc:654] T 23f42d6caaf14dd5810fd1f9dd46d1d2 P 479bd6ae0a624196b94212212aa9af10: Neither blocks nor log segments found. Creating new log.
I20260713 09:05:02.309525 17749 raft_consensus.cc:2468] T bf863b2bb79349a5a8dfec10ef086585 P 7354334832a0405f8dc4773ae6f1249d [term 1 FOLLOWER]: Leader election vote request: Granting yes vote for candidate 479bd6ae0a624196b94212212aa9af10 in term 1.
I20260713 09:05:02.310714 17792 tablet_bootstrap.cc:492] T 3b4bd44902dc4153984fa8c296ee3939 P b7a5b34803c2422b9a43b73a06e03f5c: No bootstrap required, opened a new log
I20260713 09:05:02.311134 17792 ts_tablet_manager.cc:1403] T 3b4bd44902dc4153984fa8c296ee3939 P b7a5b34803c2422b9a43b73a06e03f5c: Time spent bootstrapping tablet: real 0.023s	user 0.009s	sys 0.006s
I20260713 09:05:02.313551 17792 raft_consensus.cc:359] T 3b4bd44902dc4153984fa8c296ee3939 P b7a5b34803c2422b9a43b73a06e03f5c [term 0 FOLLOWER]: Replica starting. Triggering 0 pending ops. Active config: opid_index: -1 OBSOLETE_local: false peers { permanent_uuid: "b7a5b34803c2422b9a43b73a06e03f5c" member_type: VOTER last_known_addr { host: "127.16.26.193" port: 45859 } } peers { permanent_uuid: "479bd6ae0a624196b94212212aa9af10" member_type: VOTER last_known_addr { host: "127.16.26.194" port: 43727 } } peers { permanent_uuid: "7354334832a0405f8dc4773ae6f1249d" member_type: VOTER last_known_addr { host: "127.16.26.195" port: 44617 } }
I20260713 09:05:02.314180 17792 raft_consensus.cc:385] T 3b4bd44902dc4153984fa8c296ee3939 P b7a5b34803c2422b9a43b73a06e03f5c [term 0 FOLLOWER]: Consensus starting up: Expiring failure detector timer to make a prompt election more likely
I20260713 09:05:02.314435 17792 raft_consensus.cc:740] T 3b4bd44902dc4153984fa8c296ee3939 P b7a5b34803c2422b9a43b73a06e03f5c [term 0 FOLLOWER]: Becoming Follower/Learner. State: Replica: b7a5b34803c2422b9a43b73a06e03f5c, State: Initialized, Role: FOLLOWER
I20260713 09:05:02.315202 17792 consensus_queue.cc:260] T 3b4bd44902dc4153984fa8c296ee3939 P b7a5b34803c2422b9a43b73a06e03f5c [NON_LEADER]: Queue going to NON_LEADER mode. State: All replicated index: 0, Majority replicated index: 0, Committed index: 0, Last appended: 0.0, Last appended by leader: 0, Current term: 0, Majority size: -1, State: 0, Mode: NON_LEADER, active raft config: opid_index: -1 OBSOLETE_local: false peers { permanent_uuid: "b7a5b34803c2422b9a43b73a06e03f5c" member_type: VOTER last_known_addr { host: "127.16.26.193" port: 45859 } } peers { permanent_uuid: "479bd6ae0a624196b94212212aa9af10" member_type: VOTER last_known_addr { host: "127.16.26.194" port: 43727 } } peers { permanent_uuid: "7354334832a0405f8dc4773ae6f1249d" member_type: VOTER last_known_addr { host: "127.16.26.195" port: 44617 } }
I20260713 09:05:02.318158 17817 leader_election.cc:290] T bf863b2bb79349a5a8dfec10ef086585 P 479bd6ae0a624196b94212212aa9af10 [CANDIDATE]: Term 1 election: Requested vote from peers b7a5b34803c2422b9a43b73a06e03f5c (127.16.26.193:45859), 7354334832a0405f8dc4773ae6f1249d (127.16.26.195:44617)
I20260713 09:05:02.320470 17792 ts_tablet_manager.cc:1434] T 3b4bd44902dc4153984fa8c296ee3939 P b7a5b34803c2422b9a43b73a06e03f5c: Time spent starting tablet: real 0.009s	user 0.007s	sys 0.001s
I20260713 09:05:02.321339 17792 tablet_bootstrap.cc:492] T bdd19c5594334d8dac24a0c929ae87fe P b7a5b34803c2422b9a43b73a06e03f5c: Bootstrap starting.
I20260713 09:05:02.322314 17791 tablet_bootstrap.cc:492] T 23f42d6caaf14dd5810fd1f9dd46d1d2 P 7354334832a0405f8dc4773ae6f1249d: No bootstrap required, opened a new log
I20260713 09:05:02.322726 17791 ts_tablet_manager.cc:1403] T 23f42d6caaf14dd5810fd1f9dd46d1d2 P 7354334832a0405f8dc4773ae6f1249d: Time spent bootstrapping tablet: real 0.023s	user 0.008s	sys 0.004s
I20260713 09:05:02.322810 17790 tablet_bootstrap.cc:492] T 23f42d6caaf14dd5810fd1f9dd46d1d2 P 479bd6ae0a624196b94212212aa9af10: No bootstrap required, opened a new log
I20260713 09:05:02.323232 17790 ts_tablet_manager.cc:1403] T 23f42d6caaf14dd5810fd1f9dd46d1d2 P 479bd6ae0a624196b94212212aa9af10: Time spent bootstrapping tablet: real 0.030s	user 0.007s	sys 0.007s
I20260713 09:05:02.325021 17791 raft_consensus.cc:359] T 23f42d6caaf14dd5810fd1f9dd46d1d2 P 7354334832a0405f8dc4773ae6f1249d [term 0 FOLLOWER]: Replica starting. Triggering 0 pending ops. Active config: opid_index: -1 OBSOLETE_local: false peers { permanent_uuid: "b7a5b34803c2422b9a43b73a06e03f5c" member_type: VOTER last_known_addr { host: "127.16.26.193" port: 45859 } } peers { permanent_uuid: "479bd6ae0a624196b94212212aa9af10" member_type: VOTER last_known_addr { host: "127.16.26.194" port: 43727 } } peers { permanent_uuid: "7354334832a0405f8dc4773ae6f1249d" member_type: VOTER last_known_addr { host: "127.16.26.195" port: 44617 } }
