I20260713 09:05:01.825767 17790 raft_consensus.cc:359] T 11e64506c6ea4f528bf537ae140a24bc P 479bd6ae0a624196b94212212aa9af10 [term 0 FOLLOWER]: Replica starting. Triggering 0 pending ops. Active config: opid_index: -1 OBSOLETE_local: false peers { permanent_uuid: "b7a5b34803c2422b9a43b73a06e03f5c" member_type: VOTER last_known_addr { host: "127.16.26.193" port: 45859 } } peers { permanent_uuid: "479bd6ae0a624196b94212212aa9af10" member_type: VOTER last_known_addr { host: "127.16.26.194" port: 43727 } } peers { permanent_uuid: "7354334832a0405f8dc4773ae6f1249d" member_type: VOTER last_known_addr { host: "127.16.26.195" port: 44617 } }
I20260713 09:05:01.826296 17792 ts_tablet_manager.cc:1434] T 624cbe2df1de459db1d3978c771a9cd6 P b7a5b34803c2422b9a43b73a06e03f5c: Time spent starting tablet: real 0.006s	user 0.005s	sys 0.000s
I20260713 09:05:01.826478 17790 raft_consensus.cc:385] T 11e64506c6ea4f528bf537ae140a24bc P 479bd6ae0a624196b94212212aa9af10 [term 0 FOLLOWER]: Consensus starting up: Expiring failure detector timer to make a prompt election more likely
I20260713 09:05:01.826766 17790 raft_consensus.cc:740] T 11e64506c6ea4f528bf537ae140a24bc P 479bd6ae0a624196b94212212aa9af10 [term 0 FOLLOWER]: Becoming Follower/Learner. State: Replica: 479bd6ae0a624196b94212212aa9af10, State: Initialized, Role: FOLLOWER
I20260713 09:05:01.827236 17792 tablet_bootstrap.cc:492] T 983a8ff609bd4c57a58e31c1d2c97958 P b7a5b34803c2422b9a43b73a06e03f5c: Bootstrap starting.
I20260713 09:05:01.832235 17790 consensus_queue.cc:260] T 11e64506c6ea4f528bf537ae140a24bc P 479bd6ae0a624196b94212212aa9af10 [NON_LEADER]: Queue going to NON_LEADER mode. State: All replicated index: 0, Majority replicated index: 0, Committed index: 0, Last appended: 0.0, Last appended by leader: 0, Current term: 0, Majority size: -1, State: 0, Mode: NON_LEADER, active raft config: opid_index: -1 OBSOLETE_local: false peers { permanent_uuid: "b7a5b34803c2422b9a43b73a06e03f5c" member_type: VOTER last_known_addr { host: "127.16.26.193" port: 45859 } } peers { permanent_uuid: "479bd6ae0a624196b94212212aa9af10" member_type: VOTER last_known_addr { host: "127.16.26.194" port: 43727 } } peers { permanent_uuid: "7354334832a0405f8dc4773ae6f1249d" member_type: VOTER last_known_addr { host: "127.16.26.195" port: 44617 } }
I20260713 09:05:01.833405 17792 tablet_bootstrap.cc:654] T 983a8ff609bd4c57a58e31c1d2c97958 P b7a5b34803c2422b9a43b73a06e03f5c: Neither blocks nor log segments found. Creating new log.
I20260713 09:05:01.834348 17790 ts_tablet_manager.cc:1434] T 11e64506c6ea4f528bf537ae140a24bc P 479bd6ae0a624196b94212212aa9af10: Time spent starting tablet: real 0.030s	user 0.006s	sys 0.000s
I20260713 09:05:01.835256 17790 tablet_bootstrap.cc:492] T 983a8ff609bd4c57a58e31c1d2c97958 P 479bd6ae0a624196b94212212aa9af10: Bootstrap starting.
I20260713 09:05:01.838733 17798 raft_consensus.cc:493] T 624cbe2df1de459db1d3978c771a9cd6 P b7a5b34803c2422b9a43b73a06e03f5c [term 0 FOLLOWER]: Starting pre-election (no leader contacted us within the election timeout)
I20260713 09:05:01.839206 17798 raft_consensus.cc:515] T 624cbe2df1de459db1d3978c771a9cd6 P b7a5b34803c2422b9a43b73a06e03f5c [term 0 FOLLOWER]: Starting pre-election with config: opid_index: -1 OBSOLETE_local: false peers { permanent_uuid: "b7a5b34803c2422b9a43b73a06e03f5c" member_type: VOTER last_known_addr { host: "127.16.26.193" port: 45859 } } peers { permanent_uuid: "479bd6ae0a624196b94212212aa9af10" member_type: VOTER last_known_addr { host: "127.16.26.194" port: 43727 } } peers { permanent_uuid: "7354334832a0405f8dc4773ae6f1249d" member_type: VOTER last_known_addr { host: "127.16.26.195" port: 44617 } }
I20260713 09:05:01.842844 17601 tablet_service.cc:1917] Received RequestConsensusVote() RPC: tablet_id: "134d06c8646f41aeb5e149e3aa9316c4" candidate_uuid: "7354334832a0405f8dc4773ae6f1249d" candidate_term: 1 candidate_status { last_received { term: 0 index: 0 } } ignore_live_leader: false dest_uuid: "b7a5b34803c2422b9a43b73a06e03f5c" is_pre_election: true
I20260713 09:05:01.843588 17798 leader_election.cc:290] T 624cbe2df1de459db1d3978c771a9cd6 P b7a5b34803c2422b9a43b73a06e03f5c [CANDIDATE]: Term 1 pre-election: Requested pre-vote from peers 479bd6ae0a624196b94212212aa9af10 (127.16.26.194:43727), 7354334832a0405f8dc4773ae6f1249d (127.16.26.195:44617)
I20260713 09:05:01.866735 17791 tablet_bootstrap.cc:492] T 983a8ff609bd4c57a58e31c1d2c97958 P 7354334832a0405f8dc4773ae6f1249d: No bootstrap required, opened a new log
I20260713 09:05:01.867419 17791 ts_tablet_manager.cc:1403] T 983a8ff609bd4c57a58e31c1d2c97958 P 7354334832a0405f8dc4773ae6f1249d: Time spent bootstrapping tablet: real 0.118s	user 0.034s	sys 0.034s
W20260713 09:05:01.871412 17713 leader_election.cc:343] T 134d06c8646f41aeb5e149e3aa9316c4 P 7354334832a0405f8dc4773ae6f1249d [CANDIDATE]: Term 1 pre-election: Tablet error from VoteRequest() call to peer b7a5b34803c2422b9a43b73a06e03f5c (127.16.26.193:45859): Illegal state: must be running to vote when last-logged opid is not known
I20260713 09:05:01.869057 17496 catalog_manager.cc:5697] T 96846eba268a4d1a9813a8eafda5ff00 P 479bd6ae0a624196b94212212aa9af10 reported cstate change: term changed from 0 to 1, leader changed from <none> to 479bd6ae0a624196b94212212aa9af10 (127.16.26.194). New cstate: current_term: 1 leader_uuid: "479bd6ae0a624196b94212212aa9af10" committed_config { opid_index: -1 OBSOLETE_local: false peers { permanent_uuid: "b7a5b34803c2422b9a43b73a06e03f5c" member_type: VOTER last_known_addr { host: "127.16.26.193" port: 45859 } health_report { overall_health: UNKNOWN } } peers { permanent_uuid: "479bd6ae0a624196b94212212aa9af10" member_type: VOTER last_known_addr { host: "127.16.26.194" port: 43727 } health_report { overall_health: HEALTHY } } peers { permanent_uuid: "7354334832a0405f8dc4773ae6f1249d" member_type: VOTER last_known_addr { host: "127.16.26.195" port: 44617 } health_report { overall_health: UNKNOWN } } }
I20260713 09:05:01.872298 17750 tablet_service.cc:1917] Received RequestConsensusVote() RPC: tablet_id: "96846eba268a4d1a9813a8eafda5ff00" candidate_uuid: "479bd6ae0a624196b94212212aa9af10" candidate_term: 1 candidate_status { last_received { term: 0 index: 0 } } ignore_live_leader: false dest_uuid: "7354334832a0405f8dc4773ae6f1249d" is_pre_election: true
I20260713 09:05:01.875046 17749 tablet_service.cc:1917] Received RequestConsensusVote() RPC: tablet_id: "96846eba268a4d1a9813a8eafda5ff00" candidate_uuid: "479bd6ae0a624196b94212212aa9af10" candidate_term: 1 candidate_status { last_received { term: 0 index: 0 } } ignore_live_leader: false dest_uuid: "7354334832a0405f8dc4773ae6f1249d"
W20260713 09:05:01.875440 17639 leader_election.cc:343] T 96846eba268a4d1a9813a8eafda5ff00 P 479bd6ae0a624196b94212212aa9af10 [CANDIDATE]: Term 1 pre-election: Tablet error from VoteRequest() call to peer 7354334832a0405f8dc4773ae6f1249d (127.16.26.195:44617): Illegal state: must be running to vote when last-logged opid is not known
I20260713 09:05:01.876123 17797 raft_consensus.cc:493] T 624cbe2df1de459db1d3978c771a9cd6 P 7354334832a0405f8dc4773ae6f1249d [term 0 FOLLOWER]: Starting pre-election (no leader contacted us within the election timeout)
I20260713 09:05:01.876202 17798 raft_consensus.cc:493] T e85297ede5d14dabae8a3b6327a5b219 P b7a5b34803c2422b9a43b73a06e03f5c [term 0 FOLLOWER]: Starting pre-election (no leader contacted us within the election timeout)
I20260713 09:05:01.876639 17797 raft_consensus.cc:515] T 624cbe2df1de459db1d3978c771a9cd6 P 7354334832a0405f8dc4773ae6f1249d [term 0 FOLLOWER]: Starting pre-election with config: opid_index: -1 OBSOLETE_local: false peers { permanent_uuid: "b7a5b34803c2422b9a43b73a06e03f5c" member_type: VOTER last_known_addr { host: "127.16.26.193" port: 45859 } } peers { permanent_uuid: "479bd6ae0a624196b94212212aa9af10" member_type: VOTER last_known_addr { host: "127.16.26.194" port: 43727 } } peers { permanent_uuid: "7354334832a0405f8dc4773ae6f1249d" member_type: VOTER last_known_addr { host: "127.16.26.195" port: 44617 } }
I20260713 09:05:01.876709 17798 raft_consensus.cc:515] T e85297ede5d14dabae8a3b6327a5b219 P b7a5b34803c2422b9a43b73a06e03f5c [term 0 FOLLOWER]: Starting pre-election with config: opid_index: -1 OBSOLETE_local: false peers { permanent_uuid: "b7a5b34803c2422b9a43b73a06e03f5c" member_type: VOTER last_known_addr { host: "127.16.26.193" port: 45859 } } peers { permanent_uuid: "479bd6ae0a624196b94212212aa9af10" member_type: VOTER last_known_addr { host: "127.16.26.194" port: 43727 } } peers { permanent_uuid: "7354334832a0405f8dc4773ae6f1249d" member_type: VOTER last_known_addr { host: "127.16.26.195" port: 44617 } }
W20260713 09:05:01.878276 17639 leader_election.cc:343] T 96846eba268a4d1a9813a8eafda5ff00 P 479bd6ae0a624196b94212212aa9af10 [CANDIDATE]: Term 1 election: Tablet error from VoteRequest() call to peer 7354334832a0405f8dc4773ae6f1249d (127.16.26.195:44617): Illegal state: must be running to vote when last-logged opid is not known
I20260713 09:05:01.878695 17797 leader_election.cc:290] T 624cbe2df1de459db1d3978c771a9cd6 P 7354334832a0405f8dc4773ae6f1249d [CANDIDATE]: Term 1 pre-election: Requested pre-vote from peers b7a5b34803c2422b9a43b73a06e03f5c (127.16.26.193:45859), 479bd6ae0a624196b94212212aa9af10 (127.16.26.194:43727)
I20260713 09:05:01.880110 17798 leader_election.cc:290] T e85297ede5d14dabae8a3b6327a5b219 P b7a5b34803c2422b9a43b73a06e03f5c [CANDIDATE]: Term 1 pre-election: Requested pre-vote from peers 479bd6ae0a624196b94212212aa9af10 (127.16.26.194:43727), 7354334832a0405f8dc4773ae6f1249d (127.16.26.195:44617)
I20260713 09:05:01.880648 17790 tablet_bootstrap.cc:654] T 983a8ff609bd4c57a58e31c1d2c97958 P 479bd6ae0a624196b94212212aa9af10: Neither blocks nor log segments found. Creating new log.
I20260713 09:05:01.888589 17601 tablet_service.cc:1917] Received RequestConsensusVote() RPC: tablet_id: "624cbe2df1de459db1d3978c771a9cd6" candidate_uuid: "7354334832a0405f8dc4773ae6f1249d" candidate_term: 1 candidate_status { last_received { term: 0 index: 0 } } ignore_live_leader: false dest_uuid: "b7a5b34803c2422b9a43b73a06e03f5c" is_pre_election: true
I20260713 09:05:01.889338 17601 raft_consensus.cc:2468] T 624cbe2df1de459db1d3978c771a9cd6 P b7a5b34803c2422b9a43b73a06e03f5c [term 0 FOLLOWER]: Leader pre-election vote request: Granting yes vote for candidate 7354334832a0405f8dc4773ae6f1249d in term 0.
I20260713 09:05:01.887739 17791 raft_consensus.cc:359] T 983a8ff609bd4c57a58e31c1d2c97958 P 7354334832a0405f8dc4773ae6f1249d [term 0 FOLLOWER]: Replica starting. Triggering 0 pending ops. Active config: opid_index: -1 OBSOLETE_local: false peers { permanent_uuid: "b7a5b34803c2422b9a43b73a06e03f5c" member_type: VOTER last_known_addr { host: "127.16.26.193" port: 45859 } } peers { permanent_uuid: "479bd6ae0a624196b94212212aa9af10" member_type: VOTER last_known_addr { host: "127.16.26.194" port: 43727 } } peers { permanent_uuid: "7354334832a0405f8dc4773ae6f1249d" member_type: VOTER last_known_addr { host: "127.16.26.195" port: 44617 } }
I20260713 09:05:01.890964 17791 raft_consensus.cc:385] T 983a8ff609bd4c57a58e31c1d2c97958 P 7354334832a0405f8dc4773ae6f1249d [term 0 FOLLOWER]: Consensus starting up: Expiring failure detector timer to make a prompt election more likely
I20260713 09:05:01.892709 17791 raft_consensus.cc:740] T 983a8ff609bd4c57a58e31c1d2c97958 P 7354334832a0405f8dc4773ae6f1249d [term 0 FOLLOWER]: Becoming Follower/Learner. State: Replica: 7354334832a0405f8dc4773ae6f1249d, State: Initialized, Role: FOLLOWER
I20260713 09:05:01.892776 17814 raft_consensus.cc:493] T da3ceb0b8c484ad1941c08eba6c0e531 P 479bd6ae0a624196b94212212aa9af10 [term 0 FOLLOWER]: Starting pre-election (no leader contacted us within the election timeout)
I20260713 09:05:01.893267 17814 raft_consensus.cc:515] T da3ceb0b8c484ad1941c08eba6c0e531 P 479bd6ae0a624196b94212212aa9af10 [term 0 FOLLOWER]: Starting pre-election with config: opid_index: -1 OBSOLETE_local: false peers { permanent_uuid: "b7a5b34803c2422b9a43b73a06e03f5c" member_type: VOTER last_known_addr { host: "127.16.26.193" port: 45859 } } peers { permanent_uuid: "479bd6ae0a624196b94212212aa9af10" member_type: VOTER last_known_addr { host: "127.16.26.194" port: 43727 } } peers { permanent_uuid: "7354334832a0405f8dc4773ae6f1249d" member_type: VOTER last_known_addr { host: "127.16.26.195" port: 44617 } }
I20260713 09:05:01.893623 17791 consensus_queue.cc:260] T 983a8ff609bd4c57a58e31c1d2c97958 P 7354334832a0405f8dc4773ae6f1249d [NON_LEADER]: Queue going to NON_LEADER mode. State: All replicated index: 0, Majority replicated index: 0, Committed index: 0, Last appended: 0.0, Last appended by leader: 0, Current term: 0, Majority size: -1, State: 0, Mode: NON_LEADER, active raft config: opid_index: -1 OBSOLETE_local: false peers { permanent_uuid: "b7a5b34803c2422b9a43b73a06e03f5c" member_type: VOTER last_known_addr { host: "127.16.26.193" port: 45859 } } peers { permanent_uuid: "479bd6ae0a624196b94212212aa9af10" member_type: VOTER last_known_addr { host: "127.16.26.194" port: 43727 } } peers { permanent_uuid: "7354334832a0405f8dc4773ae6f1249d" member_type: VOTER last_known_addr { host: "127.16.26.195" port: 44617 } }
I20260713 09:05:01.894374 17713 leader_election.cc:304] T 624cbe2df1de459db1d3978c771a9cd6 P 7354334832a0405f8dc4773ae6f1249d [CANDIDATE]: Term 1 pre-election: Election decided. Result: candidate won. Election summary: received 2 responses out of 3 voters: 2 yes votes; 0 no votes. yes voters: 7354334832a0405f8dc4773ae6f1249d, b7a5b34803c2422b9a43b73a06e03f5c; no voters: 
I20260713 09:05:01.895251 17814 leader_election.cc:290] T da3ceb0b8c484ad1941c08eba6c0e531 P 479bd6ae0a624196b94212212aa9af10 [CANDIDATE]: Term 1 pre-election: Requested pre-vote from peers b7a5b34803c2422b9a43b73a06e03f5c (127.16.26.193:45859), 7354334832a0405f8dc4773ae6f1249d (127.16.26.195:44617)
I20260713 09:05:01.895748 17792 tablet_bootstrap.cc:492] T 983a8ff609bd4c57a58e31c1d2c97958 P b7a5b34803c2422b9a43b73a06e03f5c: No bootstrap required, opened a new log
I20260713 09:05:01.897626 17797 raft_consensus.cc:2804] T 624cbe2df1de459db1d3978c771a9cd6 P 7354334832a0405f8dc4773ae6f1249d [term 0 FOLLOWER]: Leader pre-election won for term 1
I20260713 09:05:01.897989 17797 raft_consensus.cc:493] T 624cbe2df1de459db1d3978c771a9cd6 P 7354334832a0405f8dc4773ae6f1249d [term 0 FOLLOWER]: Starting leader election (no leader contacted us within the election timeout)
I20260713 09:05:01.898103 17749 tablet_service.cc:1917] Received RequestConsensusVote() RPC: tablet_id: "da3ceb0b8c484ad1941c08eba6c0e531" candidate_uuid: "479bd6ae0a624196b94212212aa9af10" candidate_term: 1 candidate_status { last_received { term: 0 index: 0 } } ignore_live_leader: false dest_uuid: "7354334832a0405f8dc4773ae6f1249d" is_pre_election: true
I20260713 09:05:01.899098 17601 tablet_service.cc:1917] Received RequestConsensusVote() RPC: tablet_id: "da3ceb0b8c484ad1941c08eba6c0e531" candidate_uuid: "479bd6ae0a624196b94212212aa9af10" candidate_term: 1 candidate_status { last_received { term: 0 index: 0 } } ignore_live_leader: false dest_uuid: "b7a5b34803c2422b9a43b73a06e03f5c" is_pre_election: true
W20260713 09:05:01.899576 17639 leader_election.cc:343] T da3ceb0b8c484ad1941c08eba6c0e531 P 479bd6ae0a624196b94212212aa9af10 [CANDIDATE]: Term 1 pre-election: Tablet error from VoteRequest() call to peer 7354334832a0405f8dc4773ae6f1249d (127.16.26.195:44617): Illegal state: must be running to vote when last-logged opid is not known
I20260713 09:05:01.898329 17797 raft_consensus.cc:3060] T 624cbe2df1de459db1d3978c771a9cd6 P 7354334832a0405f8dc4773ae6f1249d [term 0 FOLLOWER]: Advancing to term 1
I20260713 09:05:01.896771 17792 ts_tablet_manager.cc:1403] T 983a8ff609bd4c57a58e31c1d2c97958 P b7a5b34803c2422b9a43b73a06e03f5c: Time spent bootstrapping tablet: real 0.070s	user 0.015s	sys 0.012s
W20260713 09:05:01.900566 17639 leader_election.cc:343] T da3ceb0b8c484ad1941c08eba6c0e531 P 479bd6ae0a624196b94212212aa9af10 [CANDIDATE]: Term 1 pre-election: Tablet error from VoteRequest() call to peer b7a5b34803c2422b9a43b73a06e03f5c (127.16.26.193:45859): Illegal state: must be running to vote when last-logged opid is not known
I20260713 09:05:01.901505 17639 leader_election.cc:304] T da3ceb0b8c484ad1941c08eba6c0e531 P 479bd6ae0a624196b94212212aa9af10 [CANDIDATE]: Term 1 pre-election: Election decided. Result: candidate lost. Election summary: received 3 responses out of 3 voters: 1 yes votes; 2 no votes. yes voters: 479bd6ae0a624196b94212212aa9af10; no voters: 7354334832a0405f8dc4773ae6f1249d, b7a5b34803c2422b9a43b73a06e03f5c
I20260713 09:05:01.902495 17814 raft_consensus.cc:2749] T da3ceb0b8c484ad1941c08eba6c0e531 P 479bd6ae0a624196b94212212aa9af10 [term 0 FOLLOWER]: Leader pre-election lost for term 1. Reason: could not achieve majority
I20260713 09:05:01.903635 17798 raft_consensus.cc:493] T 14efd503627548d6856d21844cc004b5 P b7a5b34803c2422b9a43b73a06e03f5c [term 0 FOLLOWER]: Starting pre-election (no leader contacted us within the election timeout)
I20260713 09:05:01.904083 17798 raft_consensus.cc:515] T 14efd503627548d6856d21844cc004b5 P b7a5b34803c2422b9a43b73a06e03f5c [term 0 FOLLOWER]: Starting pre-election with config: opid_index: -1 OBSOLETE_local: false peers { permanent_uuid: "b7a5b34803c2422b9a43b73a06e03f5c" member_type: VOTER last_known_addr { host: "127.16.26.193" port: 45859 } } peers { permanent_uuid: "479bd6ae0a624196b94212212aa9af10" member_type: VOTER last_known_addr { host: "127.16.26.194" port: 43727 } } peers { permanent_uuid: "7354334832a0405f8dc4773ae6f1249d" member_type: VOTER last_known_addr { host: "127.16.26.195" port: 44617 } }
I20260713 09:05:01.906455 17798 leader_election.cc:290] T 14efd503627548d6856d21844cc004b5 P b7a5b34803c2422b9a43b73a06e03f5c [CANDIDATE]: Term 1 pre-election: Requested pre-vote from peers 479bd6ae0a624196b94212212aa9af10 (127.16.26.194:43727), 7354334832a0405f8dc4773ae6f1249d (127.16.26.195:44617)
I20260713 09:05:01.906141 17792 raft_consensus.cc:359] T 983a8ff609bd4c57a58e31c1d2c97958 P b7a5b34803c2422b9a43b73a06e03f5c [term 0 FOLLOWER]: Replica starting. Triggering 0 pending ops. Active config: opid_index: -1 OBSOLETE_local: false peers { permanent_uuid: "b7a5b34803c2422b9a43b73a06e03f5c" member_type: VOTER last_known_addr { host: "127.16.26.193" port: 45859 } } peers { permanent_uuid: "479bd6ae0a624196b94212212aa9af10" member_type: VOTER last_known_addr { host: "127.16.26.194" port: 43727 } } peers { permanent_uuid: "7354334832a0405f8dc4773ae6f1249d" member_type: VOTER last_known_addr { host: "127.16.26.195" port: 44617 } }
I20260713 09:05:01.908317 17676 tablet_service.cc:1917] Received RequestConsensusVote() RPC: tablet_id: "624cbe2df1de459db1d3978c771a9cd6" candidate_uuid: "b7a5b34803c2422b9a43b73a06e03f5c" candidate_term: 1 candidate_status { last_received { term: 0 index: 0 } } ignore_live_leader: false dest_uuid: "479bd6ae0a624196b94212212aa9af10" is_pre_election: true
I20260713 09:05:01.910043 17675 tablet_service.cc:1917] Received RequestConsensusVote() RPC: tablet_id: "e85297ede5d14dabae8a3b6327a5b219" candidate_uuid: "b7a5b34803c2422b9a43b73a06e03f5c" candidate_term: 1 candidate_status { last_received { term: 0 index: 0 } } ignore_live_leader: false dest_uuid: "479bd6ae0a624196b94212212aa9af10" is_pre_election: true
I20260713 09:05:01.910684 17675 raft_consensus.cc:2468] T e85297ede5d14dabae8a3b6327a5b219 P 479bd6ae0a624196b94212212aa9af10 [term 0 FOLLOWER]: Leader pre-election vote request: Granting yes vote for candidate b7a5b34803c2422b9a43b73a06e03f5c in term 0.
I20260713 09:05:01.910715 17674 tablet_service.cc:1917] Received RequestConsensusVote() RPC: tablet_id: "14efd503627548d6856d21844cc004b5" candidate_uuid: "b7a5b34803c2422b9a43b73a06e03f5c" candidate_term: 1 candidate_status { last_received { term: 0 index: 0 } } ignore_live_leader: false dest_uuid: "479bd6ae0a624196b94212212aa9af10" is_pre_election: true
I20260713 09:05:01.911851 17791 ts_tablet_manager.cc:1434] T 983a8ff609bd4c57a58e31c1d2c97958 P 7354334832a0405f8dc4773ae6f1249d: Time spent starting tablet: real 0.044s	user 0.007s	sys 0.000s
W20260713 09:05:01.911305 17566 leader_election.cc:343] T 624cbe2df1de459db1d3978c771a9cd6 P b7a5b34803c2422b9a43b73a06e03f5c [CANDIDATE]: Term 1 pre-election: Tablet error from VoteRequest() call to peer 479bd6ae0a624196b94212212aa9af10 (127.16.26.194:43727): Illegal state: must be running to vote when last-logged opid is not known
I20260713 09:05:01.920579 17791 tablet_bootstrap.cc:492] T da3ceb0b8c484ad1941c08eba6c0e531 P 7354334832a0405f8dc4773ae6f1249d: Bootstrap starting.
I20260713 09:05:01.920634 17566 leader_election.cc:304] T e85297ede5d14dabae8a3b6327a5b219 P b7a5b34803c2422b9a43b73a06e03f5c [CANDIDATE]: Term 1 pre-election: Election decided. Result: candidate won. Election summary: received 2 responses out of 3 voters: 2 yes votes; 0 no votes. yes voters: 479bd6ae0a624196b94212212aa9af10, b7a5b34803c2422b9a43b73a06e03f5c; no voters: 
I20260713 09:05:01.921442 17798 raft_consensus.cc:2804] T e85297ede5d14dabae8a3b6327a5b219 P b7a5b34803c2422b9a43b73a06e03f5c [term 0 FOLLOWER]: Leader pre-election won for term 1
I20260713 09:05:01.921762 17798 raft_consensus.cc:493] T e85297ede5d14dabae8a3b6327a5b219 P b7a5b34803c2422b9a43b73a06e03f5c [term 0 FOLLOWER]: Starting leader election (no leader contacted us within the election timeout)
I20260713 09:05:01.922047 17798 raft_consensus.cc:3060] T e85297ede5d14dabae8a3b6327a5b219 P b7a5b34803c2422b9a43b73a06e03f5c [term 0 FOLLOWER]: Advancing to term 1
I20260713 09:05:01.925410 17749 tablet_service.cc:1917] Received RequestConsensusVote() RPC: tablet_id: "624cbe2df1de459db1d3978c771a9cd6" candidate_uuid: "b7a5b34803c2422b9a43b73a06e03f5c" candidate_term: 1 candidate_status { last_received { term: 0 index: 0 } } ignore_live_leader: false dest_uuid: "7354334832a0405f8dc4773ae6f1249d" is_pre_election: true
I20260713 09:05:01.925720 17750 tablet_service.cc:1917] Received RequestConsensusVote() RPC: tablet_id: "e85297ede5d14dabae8a3b6327a5b219" candidate_uuid: "b7a5b34803c2422b9a43b73a06e03f5c" candidate_term: 1 candidate_status { last_received { term: 0 index: 0 } } ignore_live_leader: false dest_uuid: "7354334832a0405f8dc4773ae6f1249d" is_pre_election: true
I20260713 09:05:01.926914 17791 tablet_bootstrap.cc:654] T da3ceb0b8c484ad1941c08eba6c0e531 P 7354334832a0405f8dc4773ae6f1249d: Neither blocks nor log segments found. Creating new log.
I20260713 09:05:01.908983 17792 raft_consensus.cc:385] T 983a8ff609bd4c57a58e31c1d2c97958 P b7a5b34803c2422b9a43b73a06e03f5c [term 0 FOLLOWER]: Consensus starting up: Expiring failure detector timer to make a prompt election more likely
I20260713 09:05:01.927116 17750 tablet_service.cc:1917] Received RequestConsensusVote() RPC: tablet_id: "14efd503627548d6856d21844cc004b5" candidate_uuid: "b7a5b34803c2422b9a43b73a06e03f5c" candidate_term: 1 candidate_status { last_received { term: 0 index: 0 } } ignore_live_leader: false dest_uuid: "7354334832a0405f8dc4773ae6f1249d" is_pre_election: true
I20260713 09:05:01.926750 17797 raft_consensus.cc:515] T 624cbe2df1de459db1d3978c771a9cd6 P 7354334832a0405f8dc4773ae6f1249d [term 1 FOLLOWER]: Starting leader election with config: opid_index: -1 OBSOLETE_local: false peers { permanent_uuid: "b7a5b34803c2422b9a43b73a06e03f5c" member_type: VOTER last_known_addr { host: "127.16.26.193" port: 45859 } } peers { permanent_uuid: "479bd6ae0a624196b94212212aa9af10" member_type: VOTER last_known_addr { host: "127.16.26.194" port: 43727 } } peers { permanent_uuid: "7354334832a0405f8dc4773ae6f1249d" member_type: VOTER last_known_addr { host: "127.16.26.195" port: 44617 } }
I20260713 09:05:01.928196 17674 raft_consensus.cc:2468] T 14efd503627548d6856d21844cc004b5 P 479bd6ae0a624196b94212212aa9af10 [term 0 FOLLOWER]: Leader pre-election vote request: Granting yes vote for candidate b7a5b34803c2422b9a43b73a06e03f5c in term 0.
I20260713 09:05:01.928728 17749 raft_consensus.cc:2393] T 624cbe2df1de459db1d3978c771a9cd6 P 7354334832a0405f8dc4773ae6f1249d [term 1 FOLLOWER]: Leader pre-election vote request: Denying vote to candidate b7a5b34803c2422b9a43b73a06e03f5c in current term 1: Already voted for candidate 7354334832a0405f8dc4773ae6f1249d in this term.
I20260713 09:05:01.928960 17798 raft_consensus.cc:515] T e85297ede5d14dabae8a3b6327a5b219 P b7a5b34803c2422b9a43b73a06e03f5c [term 1 FOLLOWER]: Starting leader election with config: opid_index: -1 OBSOLETE_local: false peers { permanent_uuid: "b7a5b34803c2422b9a43b73a06e03f5c" member_type: VOTER last_known_addr { host: "127.16.26.193" port: 45859 } } peers { permanent_uuid: "479bd6ae0a624196b94212212aa9af10" member_type: VOTER last_known_addr { host: "127.16.26.194" port: 43727 } } peers { permanent_uuid: "7354334832a0405f8dc4773ae6f1249d" member_type: VOTER last_known_addr { host: "127.16.26.195" port: 44617 } }
I20260713 09:05:01.929616 17566 leader_election.cc:304] T 14efd503627548d6856d21844cc004b5 P b7a5b34803c2422b9a43b73a06e03f5c [CANDIDATE]: Term 1 pre-election: Election decided. Result: candidate won. Election summary: received 2 responses out of 3 voters: 2 yes votes; 0 no votes. yes voters: 479bd6ae0a624196b94212212aa9af10, b7a5b34803c2422b9a43b73a06e03f5c; no voters: 
W20260713 09:05:01.930871 17564 leader_election.cc:343] T e85297ede5d14dabae8a3b6327a5b219 P b7a5b34803c2422b9a43b73a06e03f5c [CANDIDATE]: Term 1 pre-election: Tablet error from VoteRequest() call to peer 7354334832a0405f8dc4773ae6f1249d (127.16.26.195:44617): Illegal state: must be running to vote when last-logged opid is not known
I20260713 09:05:01.933167 17797 leader_election.cc:290] T 624cbe2df1de459db1d3978c771a9cd6 P 7354334832a0405f8dc4773ae6f1249d [CANDIDATE]: Term 1 election: Requested vote from peers b7a5b34803c2422b9a43b73a06e03f5c (127.16.26.193:45859), 479bd6ae0a624196b94212212aa9af10 (127.16.26.194:43727)
I20260713 09:05:01.933806 17675 tablet_service.cc:1917] Received RequestConsensusVote() RPC: tablet_id: "624cbe2df1de459db1d3978c771a9cd6" candidate_uuid: "7354334832a0405f8dc4773ae6f1249d" candidate_term: 1 candidate_status { last_received { term: 0 index: 0 } } ignore_live_leader: false dest_uuid: "479bd6ae0a624196b94212212aa9af10" is_pre_election: true
W20260713 09:05:01.933990 17564 leader_election.cc:343] T 14efd503627548d6856d21844cc004b5 P b7a5b34803c2422b9a43b73a06e03f5c [CANDIDATE]: Term 1 pre-election: Tablet error from VoteRequest() call to peer 7354334832a0405f8dc4773ae6f1249d (127.16.26.195:44617): Illegal state: must be running to vote when last-logged opid is not known
I20260713 09:05:01.934000 17601 tablet_service.cc:1917] Received RequestConsensusVote() RPC: tablet_id: "624cbe2df1de459db1d3978c771a9cd6" candidate_uuid: "7354334832a0405f8dc4773ae6f1249d" candidate_term: 1 candidate_status { last_received { term: 0 index: 0 } } ignore_live_leader: false dest_uuid: "b7a5b34803c2422b9a43b73a06e03f5c"
I20260713 09:05:01.934851 17601 raft_consensus.cc:3060] T 624cbe2df1de459db1d3978c771a9cd6 P b7a5b34803c2422b9a43b73a06e03f5c [term 0 FOLLOWER]: Advancing to term 1
I20260713 09:05:01.935154 17674 tablet_service.cc:1917] Received RequestConsensusVote() RPC: tablet_id: "134d06c8646f41aeb5e149e3aa9316c4" candidate_uuid: "7354334832a0405f8dc4773ae6f1249d" candidate_term: 1 candidate_status { last_received { term: 0 index: 0 } } ignore_live_leader: false dest_uuid: "479bd6ae0a624196b94212212aa9af10" is_pre_election: true
I20260713 09:05:01.935094 17564 leader_election.cc:304] T 624cbe2df1de459db1d3978c771a9cd6 P b7a5b34803c2422b9a43b73a06e03f5c [CANDIDATE]: Term 1 pre-election: Election decided. Result: candidate lost. Election summary: received 3 responses out of 3 voters: 1 yes votes; 2 no votes. yes voters: b7a5b34803c2422b9a43b73a06e03f5c; no voters: 479bd6ae0a624196b94212212aa9af10, 7354334832a0405f8dc4773ae6f1249d
I20260713 09:05:01.928217 17792 raft_consensus.cc:740] T 983a8ff609bd4c57a58e31c1d2c97958 P b7a5b34803c2422b9a43b73a06e03f5c [term 0 FOLLOWER]: Becoming Follower/Learner. State: Replica: b7a5b34803c2422b9a43b73a06e03f5c, State: Initialized, Role: FOLLOWER
W20260713 09:05:01.940702 17715 leader_election.cc:343] T 624cbe2df1de459db1d3978c771a9cd6 P 7354334832a0405f8dc4773ae6f1249d [CANDIDATE]: Term 1 pre-election: Tablet error from VoteRequest() call to peer 479bd6ae0a624196b94212212aa9af10 (127.16.26.194:43727): Illegal state: must be running to vote when last-logged opid is not known
I20260713 09:05:01.941121 17798 leader_election.cc:290] T e85297ede5d14dabae8a3b6327a5b219 P b7a5b34803c2422b9a43b73a06e03f5c [CANDIDATE]: Term 1 election: Requested vote from peers 479bd6ae0a624196b94212212aa9af10 (127.16.26.194:43727), 7354334832a0405f8dc4773ae6f1249d (127.16.26.195:44617)
W20260713 09:05:01.941598 17715 leader_election.cc:343] T 134d06c8646f41aeb5e149e3aa9316c4 P 7354334832a0405f8dc4773ae6f1249d [CANDIDATE]: Term 1 pre-election: Tablet error from VoteRequest() call to peer 479bd6ae0a624196b94212212aa9af10 (127.16.26.194:43727): Illegal state: must be running to vote when last-logged opid is not known
I20260713 09:05:01.941705 17798 raft_consensus.cc:2804] T 14efd503627548d6856d21844cc004b5 P b7a5b34803c2422b9a43b73a06e03f5c [term 0 FOLLOWER]: Leader pre-election won for term 1
I20260713 09:05:01.943593 17674 tablet_service.cc:1917] Received RequestConsensusVote() RPC: tablet_id: "624cbe2df1de459db1d3978c771a9cd6" candidate_uuid: "7354334832a0405f8dc4773ae6f1249d" candidate_term: 1 candidate_status { last_received { term: 0 index: 0 } } ignore_live_leader: false dest_uuid: "479bd6ae0a624196b94212212aa9af10"
I20260713 09:05:01.945024 17798 raft_consensus.cc:493] T 14efd503627548d6856d21844cc004b5 P b7a5b34803c2422b9a43b73a06e03f5c [term 0 FOLLOWER]: Starting leader election (no leader contacted us within the election timeout)
I20260713 09:05:01.947501 17798 raft_consensus.cc:3060] T 14efd503627548d6856d21844cc004b5 P b7a5b34803c2422b9a43b73a06e03f5c [term 0 FOLLOWER]: Advancing to term 1
I20260713 09:05:01.944937 17792 consensus_queue.cc:260] T 983a8ff609bd4c57a58e31c1d2c97958 P b7a5b34803c2422b9a43b73a06e03f5c [NON_LEADER]: Queue going to NON_LEADER mode. State: All replicated index: 0, Majority replicated index: 0, Committed index: 0, Last appended: 0.0, Last appended by leader: 0, Current term: 0, Majority size: -1, State: 0, Mode: NON_LEADER, active raft config: opid_index: -1 OBSOLETE_local: false peers { permanent_uuid: "b7a5b34803c2422b9a43b73a06e03f5c" member_type: VOTER last_known_addr { host: "127.16.26.193" port: 45859 } } peers { permanent_uuid: "479bd6ae0a624196b94212212aa9af10" member_type: VOTER last_known_addr { host: "127.16.26.194" port: 43727 } } peers { permanent_uuid: "7354334832a0405f8dc4773ae6f1249d" member_type: VOTER last_known_addr { host: "127.16.26.195" port: 44617 } }
I20260713 09:05:01.949115 17601 raft_consensus.cc:2468] T 624cbe2df1de459db1d3978c771a9cd6 P b7a5b34803c2422b9a43b73a06e03f5c [term 1 FOLLOWER]: Leader election vote request: Granting yes vote for candidate 7354334832a0405f8dc4773ae6f1249d in term 1.
I20260713 09:05:01.950356 17713 leader_election.cc:304] T 624cbe2df1de459db1d3978c771a9cd6 P 7354334832a0405f8dc4773ae6f1249d [CANDIDATE]: Term 1 election: Election decided. Result: candidate won. Election summary: received 2 responses out of 3 voters: 2 yes votes; 0 no votes. yes voters: 7354334832a0405f8dc4773ae6f1249d, b7a5b34803c2422b9a43b73a06e03f5c; no voters: 
I20260713 09:05:01.942037 17715 leader_election.cc:304] T 134d06c8646f41aeb5e149e3aa9316c4 P 7354334832a0405f8dc4773ae6f1249d [CANDIDATE]: Term 1 pre-election: Election decided. Result: candidate lost. Election summary: received 3 responses out of 3 voters: 1 yes votes; 2 no votes. yes voters: 7354334832a0405f8dc4773ae6f1249d; no voters: 479bd6ae0a624196b94212212aa9af10, b7a5b34803c2422b9a43b73a06e03f5c
I20260713 09:05:01.951519 17797 raft_consensus.cc:2804] T 624cbe2df1de459db1d3978c771a9cd6 P 7354334832a0405f8dc4773ae6f1249d [term 1 FOLLOWER]: Leader election won for term 1
I20260713 09:05:01.951650 17674 tablet_service.cc:1917] Received RequestConsensusVote() RPC: tablet_id: "e85297ede5d14dabae8a3b6327a5b219" candidate_uuid: "b7a5b34803c2422b9a43b73a06e03f5c" candidate_term: 1 candidate_status { last_received { term: 0 index: 0 } } ignore_live_leader: false dest_uuid: "479bd6ae0a624196b94212212aa9af10"
I20260713 09:05:01.952340 17792 ts_tablet_manager.cc:1434] T 983a8ff609bd4c57a58e31c1d2c97958 P b7a5b34803c2422b9a43b73a06e03f5c: Time spent starting tablet: real 0.051s	user 0.006s	sys 0.000s
I20260713 09:05:01.952316 17674 raft_consensus.cc:3060] T e85297ede5d14dabae8a3b6327a5b219 P 479bd6ae0a624196b94212212aa9af10 [term 0 FOLLOWER]: Advancing to term 1
I20260713 09:05:01.953290 17792 tablet_bootstrap.cc:492] T 11e64506c6ea4f528bf537ae140a24bc P b7a5b34803c2422b9a43b73a06e03f5c: Bootstrap starting.
I20260713 09:05:01.954066 17827 raft_consensus.cc:2749] T 624cbe2df1de459db1d3978c771a9cd6 P b7a5b34803c2422b9a43b73a06e03f5c [term 1 FOLLOWER]: Leader pre-election lost for term 1. Reason: could not achieve majority
I20260713 09:05:01.956871 17825 raft_consensus.cc:2749] T 134d06c8646f41aeb5e149e3aa9316c4 P 7354334832a0405f8dc4773ae6f1249d [term 0 FOLLOWER]: Leader pre-election lost for term 1. Reason: could not achieve majority
W20260713 09:05:01.958309 17715 leader_election.cc:343] T 624cbe2df1de459db1d3978c771a9cd6 P 7354334832a0405f8dc4773ae6f1249d [CANDIDATE]: Term 1 election: Tablet error from VoteRequest() call to peer 479bd6ae0a624196b94212212aa9af10 (127.16.26.194:43727): Illegal state: must be running to vote when last-logged opid is not known
I20260713 09:05:01.958578 17791 tablet_bootstrap.cc:492] T da3ceb0b8c484ad1941c08eba6c0e531 P 7354334832a0405f8dc4773ae6f1249d: No bootstrap required, opened a new log
I20260713 09:05:01.958410 17749 tablet_service.cc:1917] Received RequestConsensusVote() RPC: tablet_id: "e85297ede5d14dabae8a3b6327a5b219" candidate_uuid: "b7a5b34803c2422b9a43b73a06e03f5c" candidate_term: 1 candidate_status { last_received { term: 0 index: 0 } } ignore_live_leader: false dest_uuid: "7354334832a0405f8dc4773ae6f1249d"
I20260713 09:05:01.958811 17797 raft_consensus.cc:697] T 624cbe2df1de459db1d3978c771a9cd6 P 7354334832a0405f8dc4773ae6f1249d [term 1 LEADER]: Becoming Leader. State: Replica: 7354334832a0405f8dc4773ae6f1249d, State: Running, Role: LEADER
I20260713 09:05:01.961169 17791 ts_tablet_manager.cc:1403] T da3ceb0b8c484ad1941c08eba6c0e531 P 7354334832a0405f8dc4773ae6f1249d: Time spent bootstrapping tablet: real 0.041s	user 0.014s	sys 0.000s
W20260713 09:05:01.961762 17564 leader_election.cc:343] T e85297ede5d14dabae8a3b6327a5b219 P b7a5b34803c2422b9a43b73a06e03f5c [CANDIDATE]: Term 1 election: Tablet error from VoteRequest() call to peer 7354334832a0405f8dc4773ae6f1249d (127.16.26.195:44617): Illegal state: must be running to vote when last-logged opid is not known
I20260713 09:05:01.961547 17797 consensus_queue.cc:237] T 624cbe2df1de459db1d3978c771a9cd6 P 7354334832a0405f8dc4773ae6f1249d [LEADER]: Queue going to LEADER mode. State: All replicated index: 0, Majority replicated index: 0, Committed index: 0, Last appended: 0.0, Last appended by leader: 0, Current term: 1, Majority size: 2, State: 0, Mode: LEADER, active raft config: opid_index: -1 OBSOLETE_local: false peers { permanent_uuid: "b7a5b34803c2422b9a43b73a06e03f5c" member_type: VOTER last_known_addr { host: "127.16.26.193" port: 45859 } } peers { permanent_uuid: "479bd6ae0a624196b94212212aa9af10" member_type: VOTER last_known_addr { host: "127.16.26.194" port: 43727 } } peers { permanent_uuid: "7354334832a0405f8dc4773ae6f1249d" member_type: VOTER last_known_addr { host: "127.16.26.195" port: 44617 } }
I20260713 09:05:01.960536 17792 tablet_bootstrap.cc:654] T 11e64506c6ea4f528bf537ae140a24bc P b7a5b34803c2422b9a43b73a06e03f5c: Neither blocks nor log segments found. Creating new log.
I20260713 09:05:01.960597 17674 raft_consensus.cc:2468] T e85297ede5d14dabae8a3b6327a5b219 P 479bd6ae0a624196b94212212aa9af10 [term 1 FOLLOWER]: Leader election vote request: Granting yes vote for candidate b7a5b34803c2422b9a43b73a06e03f5c in term 1.
I20260713 09:05:01.966238 17566 leader_election.cc:304] T e85297ede5d14dabae8a3b6327a5b219 P b7a5b34803c2422b9a43b73a06e03f5c [CANDIDATE]: Term 1 election: Election decided. Result: candidate won. Election summary: received 3 responses out of 3 voters: 2 yes votes; 1 no votes. yes voters: 479bd6ae0a624196b94212212aa9af10, b7a5b34803c2422b9a43b73a06e03f5c; no voters: 7354334832a0405f8dc4773ae6f1249d
I20260713 09:05:01.968443 17790 tablet_bootstrap.cc:492] T 983a8ff609bd4c57a58e31c1d2c97958 P 479bd6ae0a624196b94212212aa9af10: No bootstrap required, opened a new log
I20260713 09:05:01.965137 17791 raft_consensus.cc:359] T da3ceb0b8c484ad1941c08eba6c0e531 P 7354334832a0405f8dc4773ae6f1249d [term 0 FOLLOWER]: Replica starting. Triggering 0 pending ops. Active config: opid_index: -1 OBSOLETE_local: false peers { permanent_uuid: "b7a5b34803c2422b9a43b73a06e03f5c" member_type: VOTER last_known_addr { host: "127.16.26.193" port: 45859 } } peers { permanent_uuid: "479bd6ae0a624196b94212212aa9af10" member_type: VOTER last_known_addr { host: "127.16.26.194" port: 43727 } } peers { permanent_uuid: "7354334832a0405f8dc4773ae6f1249d" member_type: VOTER last_known_addr { host: "127.16.26.195" port: 44617 } }
I20260713 09:05:01.969491 17829 raft_consensus.cc:2804] T e85297ede5d14dabae8a3b6327a5b219 P b7a5b34803c2422b9a43b73a06e03f5c [term 1 FOLLOWER]: Leader election won for term 1
I20260713 09:05:01.970105 17829 raft_consensus.cc:697] T e85297ede5d14dabae8a3b6327a5b219 P b7a5b34803c2422b9a43b73a06e03f5c [term 1 LEADER]: Becoming Leader. State: Replica: b7a5b34803c2422b9a43b73a06e03f5c, State: Running, Role: LEADER
I20260713 09:05:01.968982 17790 ts_tablet_manager.cc:1403] T 983a8ff609bd4c57a58e31c1d2c97958 P 479bd6ae0a624196b94212212aa9af10: Time spent bootstrapping tablet: real 0.134s	user 0.011s	sys 0.008s
I20260713 09:05:01.969542 17791 raft_consensus.cc:385] T da3ceb0b8c484ad1941c08eba6c0e531 P 7354334832a0405f8dc4773ae6f1249d [term 0 FOLLOWER]: Consensus starting up: Expiring failure detector timer to make a prompt election more likely
I20260713 09:05:01.970866 17829 consensus_queue.cc:237] T e85297ede5d14dabae8a3b6327a5b219 P b7a5b34803c2422b9a43b73a06e03f5c [LEADER]: Queue going to LEADER mode. State: All replicated index: 0, Majority replicated index: 0, Committed index: 0, Last appended: 0.0, Last appended by leader: 0, Current term: 1, Majority size: 2, State: 0, Mode: LEADER, active raft config: opid_index: -1 OBSOLETE_local: false peers { permanent_uuid: "b7a5b34803c2422b9a43b73a06e03f5c" member_type: VOTER last_known_addr { host: "127.16.26.193" port: 45859 } } peers { permanent_uuid: "479bd6ae0a624196b94212212aa9af10" member_type: VOTER last_known_addr { host: "127.16.26.194" port: 43727 } } peers { permanent_uuid: "7354334832a0405f8dc4773ae6f1249d" member_type: VOTER last_known_addr { host: "127.16.26.195" port: 44617 } }
I20260713 09:05:01.973757 17790 raft_consensus.cc:359] T 983a8ff609bd4c57a58e31c1d2c97958 P 479bd6ae0a624196b94212212aa9af10 [term 0 FOLLOWER]: Replica starting. Triggering 0 pending ops. Active config: opid_index: -1 OBSOLETE_local: false peers { permanent_uuid: "b7a5b34803c2422b9a43b73a06e03f5c" member_type: VOTER last_known_addr { host: "127.16.26.193" port: 45859 } } peers { permanent_uuid: "479bd6ae0a624196b94212212aa9af10" member_type: VOTER last_known_addr { host: "127.16.26.194" port: 43727 } } peers { permanent_uuid: "7354334832a0405f8dc4773ae6f1249d" member_type: VOTER last_known_addr { host: "127.16.26.195" port: 44617 } }
I20260713 09:05:01.974407 17790 raft_consensus.cc:385] T 983a8ff609bd4c57a58e31c1d2c97958 P 479bd6ae0a624196b94212212aa9af10 [term 0 FOLLOWER]: Consensus starting up: Expiring failure detector timer to make a prompt election more likely
I20260713 09:05:01.974977 17790 raft_consensus.cc:740] T 983a8ff609bd4c57a58e31c1d2c97958 P 479bd6ae0a624196b94212212aa9af10 [term 0 FOLLOWER]: Becoming Follower/Learner. State: Replica: 479bd6ae0a624196b94212212aa9af10, State: Initialized, Role: FOLLOWER
I20260713 09:05:01.976604 17790 consensus_queue.cc:260] T 983a8ff609bd4c57a58e31c1d2c97958 P 479bd6ae0a624196b94212212aa9af10 [NON_LEADER]: Queue going to NON_LEADER mode. State: All replicated index: 0, Majority replicated index: 0, Committed index: 0, Last appended: 0.0, Last appended by leader: 0, Current term: 0, Majority size: -1, State: 0, Mode: NON_LEADER, active raft config: opid_index: -1 OBSOLETE_local: false peers { permanent_uuid: "b7a5b34803c2422b9a43b73a06e03f5c" member_type: VOTER last_known_addr { host: "127.16.26.193" port: 45859 } } peers { permanent_uuid: "479bd6ae0a624196b94212212aa9af10" member_type: VOTER last_known_addr { host: "127.16.26.194" port: 43727 } } peers { permanent_uuid: "7354334832a0405f8dc4773ae6f1249d" member_type: VOTER last_known_addr { host: "127.16.26.195" port: 44617 } }
I20260713 09:05:01.977010 17798 raft_consensus.cc:515] T 14efd503627548d6856d21844cc004b5 P b7a5b34803c2422b9a43b73a06e03f5c [term 1 FOLLOWER]: Starting leader election with config: opid_index: -1 OBSOLETE_local: false peers { permanent_uuid: "b7a5b34803c2422b9a43b73a06e03f5c" member_type: VOTER last_known_addr { host: "127.16.26.193" port: 45859 } } peers { permanent_uuid: "479bd6ae0a624196b94212212aa9af10" member_type: VOTER last_known_addr { host: "127.16.26.194" port: 43727 } } peers { permanent_uuid: "7354334832a0405f8dc4773ae6f1249d" member_type: VOTER last_known_addr { host: "127.16.26.195" port: 44617 } }
I20260713 09:05:01.978962 17790 ts_tablet_manager.cc:1434] T 983a8ff609bd4c57a58e31c1d2c97958 P 479bd6ae0a624196b94212212aa9af10: Time spent starting tablet: real 0.008s	user 0.005s	sys 0.000s
I20260713 09:05:01.979848 17674 tablet_service.cc:1917] Received RequestConsensusVote() RPC: tablet_id: "14efd503627548d6856d21844cc004b5" candidate_uuid: "b7a5b34803c2422b9a43b73a06e03f5c" candidate_term: 1 candidate_status { last_received { term: 0 index: 0 } } ignore_live_leader: false dest_uuid: "479bd6ae0a624196b94212212aa9af10"
I20260713 09:05:01.979362 17499 catalog_manager.cc:5697] T 624cbe2df1de459db1d3978c771a9cd6 P 7354334832a0405f8dc4773ae6f1249d reported cstate change: term changed from 0 to 1, leader changed from <none> to 7354334832a0405f8dc4773ae6f1249d (127.16.26.195). New cstate: current_term: 1 leader_uuid: "7354334832a0405f8dc4773ae6f1249d" committed_config { opid_index: -1 OBSOLETE_local: false peers { permanent_uuid: "b7a5b34803c2422b9a43b73a06e03f5c" member_type: VOTER last_known_addr { host: "127.16.26.193" port: 45859 } health_report { overall_health: UNKNOWN } } peers { permanent_uuid: "479bd6ae0a624196b94212212aa9af10" member_type: VOTER last_known_addr { host: "127.16.26.194" port: 43727 } health_report { overall_health: UNKNOWN } } peers { permanent_uuid: "7354334832a0405f8dc4773ae6f1249d" member_type: VOTER last_known_addr { host: "127.16.26.195" port: 44617 } health_report { overall_health: HEALTHY } } }
I20260713 09:05:01.980216 17790 tablet_bootstrap.cc:492] T 624cbe2df1de459db1d3978c771a9cd6 P 479bd6ae0a624196b94212212aa9af10: Bootstrap starting.
I20260713 09:05:01.980441 17674 raft_consensus.cc:3060] T 14efd503627548d6856d21844cc004b5 P 479bd6ae0a624196b94212212aa9af10 [term 0 FOLLOWER]: Advancing to term 1
I20260713 09:05:01.971509 17791 raft_consensus.cc:740] T da3ceb0b8c484ad1941c08eba6c0e531 P 7354334832a0405f8dc4773ae6f1249d [term 0 FOLLOWER]: Becoming Follower/Learner. State: Replica: 7354334832a0405f8dc4773ae6f1249d, State: Initialized, Role: FOLLOWER
I20260713 09:05:01.987584 17798 leader_election.cc:290] T 14efd503627548d6856d21844cc004b5 P b7a5b34803c2422b9a43b73a06e03f5c [CANDIDATE]: Term 1 election: Requested vote from peers 479bd6ae0a624196b94212212aa9af10 (127.16.26.194:43727), 7354334832a0405f8dc4773ae6f1249d (127.16.26.195:44617)
I20260713 09:05:01.987795 17749 tablet_service.cc:1917] Received RequestConsensusVote() RPC: tablet_id: "14efd503627548d6856d21844cc004b5" candidate_uuid: "b7a5b34803c2422b9a43b73a06e03f5c" candidate_term: 1 candidate_status { last_received { term: 0 index: 0 } } ignore_live_leader: false dest_uuid: "7354334832a0405f8dc4773ae6f1249d"
I20260713 09:05:01.988293 17674 raft_consensus.cc:2468] T 14efd503627548d6856d21844cc004b5 P 479bd6ae0a624196b94212212aa9af10 [term 1 FOLLOWER]: Leader election vote request: Granting yes vote for candidate b7a5b34803c2422b9a43b73a06e03f5c in term 1.
I20260713 09:05:01.986979 17791 consensus_queue.cc:260] T da3ceb0b8c484ad1941c08eba6c0e531 P 7354334832a0405f8dc4773ae6f1249d [NON_LEADER]: Queue going to NON_LEADER mode. State: All replicated index: 0, Majority replicated index: 0, Committed index: 0, Last appended: 0.0, Last appended by leader: 0, Current term: 0, Majority size: -1, State: 0, Mode: NON_LEADER, active raft config: opid_index: -1 OBSOLETE_local: false peers { permanent_uuid: "b7a5b34803c2422b9a43b73a06e03f5c" member_type: VOTER last_known_addr { host: "127.16.26.193" port: 45859 } } peers { permanent_uuid: "479bd6ae0a624196b94212212aa9af10" member_type: VOTER last_known_addr { host: "127.16.26.194" port: 43727 } } peers { permanent_uuid: "7354334832a0405f8dc4773ae6f1249d" member_type: VOTER last_known_addr { host: "127.16.26.195" port: 44617 } }
W20260713 09:05:01.989079 17564 leader_election.cc:343] T 14efd503627548d6856d21844cc004b5 P b7a5b34803c2422b9a43b73a06e03f5c [CANDIDATE]: Term 1 election: Tablet error from VoteRequest() call to peer 7354334832a0405f8dc4773ae6f1249d (127.16.26.195:44617): Illegal state: must be running to vote when last-logged opid is not known
I20260713 09:05:01.989761 17566 leader_election.cc:304] T 14efd503627548d6856d21844cc004b5 P b7a5b34803c2422b9a43b73a06e03f5c [CANDIDATE]: Term 1 election: Election decided. Result: candidate won. Election summary: received 3 responses out of 3 voters: 2 yes votes; 1 no votes. yes voters: 479bd6ae0a624196b94212212aa9af10, b7a5b34803c2422b9a43b73a06e03f5c; no voters: 7354334832a0405f8dc4773ae6f1249d
I20260713 09:05:01.992586 17791 ts_tablet_manager.cc:1434] T da3ceb0b8c484ad1941c08eba6c0e531 P 7354334832a0405f8dc4773ae6f1249d: Time spent starting tablet: real 0.031s	user 0.005s	sys 0.003s
I20260713 09:05:01.993018 17798 raft_consensus.cc:2804] T 14efd503627548d6856d21844cc004b5 P b7a5b34803c2422b9a43b73a06e03f5c [term 1 FOLLOWER]: Leader election won for term 1
I20260713 09:05:01.993952 17798 raft_consensus.cc:697] T 14efd503627548d6856d21844cc004b5 P b7a5b34803c2422b9a43b73a06e03f5c [term 1 LEADER]: Becoming Leader. State: Replica: b7a5b34803c2422b9a43b73a06e03f5c, State: Running, Role: LEADER
I20260713 09:05:01.994343 17790 tablet_bootstrap.cc:654] T 624cbe2df1de459db1d3978c771a9cd6 P 479bd6ae0a624196b94212212aa9af10: Neither blocks nor log segments found. Creating new log.
I20260713 09:05:01.993510 17792 tablet_bootstrap.cc:492] T 11e64506c6ea4f528bf537ae140a24bc P b7a5b34803c2422b9a43b73a06e03f5c: No bootstrap required, opened a new log
I20260713 09:05:01.994905 17792 ts_tablet_manager.cc:1403] T 11e64506c6ea4f528bf537ae140a24bc P b7a5b34803c2422b9a43b73a06e03f5c: Time spent bootstrapping tablet: real 0.042s	user 0.013s	sys 0.012s
I20260713 09:05:01.993477 17791 tablet_bootstrap.cc:492] T 11e64506c6ea4f528bf537ae140a24bc P 7354334832a0405f8dc4773ae6f1249d: Bootstrap starting.
I20260713 09:05:01.996577 17798 consensus_queue.cc:237] T 14efd503627548d6856d21844cc004b5 P b7a5b34803c2422b9a43b73a06e03f5c [LEADER]: Queue going to LEADER mode. State: All replicated index: 0, Majority replicated index: 0, Committed index: 0, Last appended: 0.0, Last appended by leader: 0, Current term: 1, Majority size: 2, State: 0, Mode: LEADER, active raft config: opid_index: -1 OBSOLETE_local: false peers { permanent_uuid: "b7a5b34803c2422b9a43b73a06e03f5c" member_type: VOTER last_known_addr { host: "127.16.26.193" port: 45859 } } peers { permanent_uuid: "479bd6ae0a624196b94212212aa9af10" member_type: VOTER last_known_addr { host: "127.16.26.194" port: 43727 } } peers { permanent_uuid: "7354334832a0405f8dc4773ae6f1249d" member_type: VOTER last_known_addr { host: "127.16.26.195" port: 44617 } }
I20260713 09:05:02.000262 17792 raft_consensus.cc:359] T 11e64506c6ea4f528bf537ae140a24bc P b7a5b34803c2422b9a43b73a06e03f5c [term 0 FOLLOWER]: Replica starting. Triggering 0 pending ops. Active config: opid_index: -1 OBSOLETE_local: false peers { permanent_uuid: "b7a5b34803c2422b9a43b73a06e03f5c" member_type: VOTER last_known_addr { host: "127.16.26.193" port: 45859 } } peers { permanent_uuid: "479bd6ae0a624196b94212212aa9af10" member_type: VOTER last_known_addr { host: "127.16.26.194" port: 43727 } } peers { permanent_uuid: "7354334832a0405f8dc4773ae6f1249d" member_type: VOTER last_known_addr { host: "127.16.26.195" port: 44617 } }
I20260713 09:05:02.002169 17792 raft_consensus.cc:385] T 11e64506c6ea4f528bf537ae140a24bc P b7a5b34803c2422b9a43b73a06e03f5c [term 0 FOLLOWER]: Consensus starting up: Expiring failure detector timer to make a prompt election more likely
I20260713 09:05:02.002605 17791 tablet_bootstrap.cc:654] T 11e64506c6ea4f528bf537ae140a24bc P 7354334832a0405f8dc4773ae6f1249d: Neither blocks nor log segments found. Creating new log.
I20260713 09:05:02.002549 17792 raft_consensus.cc:740] T 11e64506c6ea4f528bf537ae140a24bc P b7a5b34803c2422b9a43b73a06e03f5c [term 0 FOLLOWER]: Becoming Follower/Learner. State: Replica: b7a5b34803c2422b9a43b73a06e03f5c, State: Initialized, Role: FOLLOWER
