I20260713 08:59:33.395298  1627 data_dirs.cc:400] Could only allocate 1 dirs of requested 3 for tablet 0b5c62b97c0f4f70833fc5cff5547f3d. 1 dirs total, 0 dirs full, 0 dirs failed
I20260713 08:59:33.403689  1623 tablet_service.cc:1511] Processing CreateTablet for tablet 78182bb403bb4811ad4d02395c26c6c4 (DEFAULT_TABLE table=test-workload [id=9ee23a94ff6d46a6b7709745098b9776]), partition=RANGE (key) PARTITION 1073741820 <= VALUES < 1163220305
I20260713 08:59:33.404889  1623 data_dirs.cc:400] Could only allocate 1 dirs of requested 3 for tablet 78182bb403bb4811ad4d02395c26c6c4. 1 dirs total, 0 dirs full, 0 dirs failed
I20260713 08:59:33.420010  1621 tablet_service.cc:1511] Processing CreateTablet for tablet 765bc97dc92f49128e7c71d5282a80de (DEFAULT_TABLE table=test-workload [id=9ee23a94ff6d46a6b7709745098b9776]), partition=RANGE (key) PARTITION 1163220305 <= VALUES < 1252698790
I20260713 08:59:33.421227  1621 data_dirs.cc:400] Could only allocate 1 dirs of requested 3 for tablet 765bc97dc92f49128e7c71d5282a80de. 1 dirs total, 0 dirs full, 0 dirs failed
I20260713 08:59:33.425597  1622 tablet_service.cc:1511] Processing CreateTablet for tablet b59810ebac434d49a95d70d19662cd22 (DEFAULT_TABLE table=test-workload [id=9ee23a94ff6d46a6b7709745098b9776]), partition=RANGE (key) PARTITION 1252698790 <= VALUES < 1342177275
I20260713 08:59:33.438161  1547 tablet_service.cc:1511] Processing CreateTablet for tablet 0b5c62b97c0f4f70833fc5cff5547f3d (DEFAULT_TABLE table=test-workload [id=9ee23a94ff6d46a6b7709745098b9776]), partition=RANGE (key) PARTITION 984263335 <= VALUES < 1073741820
I20260713 08:59:33.433344  1622 data_dirs.cc:400] Could only allocate 1 dirs of requested 3 for tablet b59810ebac434d49a95d70d19662cd22. 1 dirs total, 0 dirs full, 0 dirs failed
I20260713 08:59:33.445165  1619 tablet_service.cc:1511] Processing CreateTablet for tablet f888aabc127e4d51b0a7adb78c378567 (DEFAULT_TABLE table=test-workload [id=9ee23a94ff6d46a6b7709745098b9776]), partition=RANGE (key) PARTITION 1342177275 <= VALUES < 1431655760
I20260713 08:59:33.414502  1692 tablet_service.cc:1511] Processing CreateTablet for tablet 2167fdbae68d44e59bbc3e3f15f41734 (DEFAULT_TABLE table=test-workload [id=9ee23a94ff6d46a6b7709745098b9776]), partition=RANGE (key) PARTITION 894784850 <= VALUES < 984263335
I20260713 08:59:33.458021  1623 tablet_service.cc:1511] Processing CreateTablet for tablet 09239a2975914f0c84143b394aca419d (DEFAULT_TABLE table=test-workload [id=9ee23a94ff6d46a6b7709745098b9776]), partition=RANGE (key) PARTITION 1431655760 <= VALUES < 1521134245
I20260713 08:59:33.458422  1547 data_dirs.cc:400] Could only allocate 1 dirs of requested 3 for tablet 0b5c62b97c0f4f70833fc5cff5547f3d. 1 dirs total, 0 dirs full, 0 dirs failed
I20260713 08:59:33.459914  1546 tablet_service.cc:1511] Processing CreateTablet for tablet 765bc97dc92f49128e7c71d5282a80de (DEFAULT_TABLE table=test-workload [id=9ee23a94ff6d46a6b7709745098b9776]), partition=RANGE (key) PARTITION 1163220305 <= VALUES < 1252698790
I20260713 08:59:33.464316  1546 data_dirs.cc:400] Could only allocate 1 dirs of requested 3 for tablet 765bc97dc92f49128e7c71d5282a80de. 1 dirs total, 0 dirs full, 0 dirs failed
I20260713 08:59:33.464058  1693 tablet_service.cc:1511] Processing CreateTablet for tablet 765bc97dc92f49128e7c71d5282a80de (DEFAULT_TABLE table=test-workload [id=9ee23a94ff6d46a6b7709745098b9776]), partition=RANGE (key) PARTITION 1163220305 <= VALUES < 1252698790
I20260713 08:59:33.472572  1701 tablet_service.cc:1511] Processing CreateTablet for tablet b59810ebac434d49a95d70d19662cd22 (DEFAULT_TABLE table=test-workload [id=9ee23a94ff6d46a6b7709745098b9776]), partition=RANGE (key) PARTITION 1252698790 <= VALUES < 1342177275
I20260713 08:59:33.467691  1692 data_dirs.cc:400] Could only allocate 1 dirs of requested 3 for tablet 2167fdbae68d44e59bbc3e3f15f41734. 1 dirs total, 0 dirs full, 0 dirs failed
I20260713 08:59:33.473860  1701 data_dirs.cc:400] Could only allocate 1 dirs of requested 3 for tablet b59810ebac434d49a95d70d19662cd22. 1 dirs total, 0 dirs full, 0 dirs failed
I20260713 08:59:33.476869  1696 tablet_service.cc:1511] Processing CreateTablet for tablet f888aabc127e4d51b0a7adb78c378567 (DEFAULT_TABLE table=test-workload [id=9ee23a94ff6d46a6b7709745098b9776]), partition=RANGE (key) PARTITION 1342177275 <= VALUES < 1431655760
I20260713 08:59:33.476997  1627 tablet_service.cc:1511] Processing CreateTablet for tablet d8152a0892f84830ac07ae183b330c43 (DEFAULT_TABLE table=test-workload [id=9ee23a94ff6d46a6b7709745098b9776]), partition=RANGE (key) PARTITION 1521134245 <= VALUES < 1610612730
I20260713 08:59:33.478075  1696 data_dirs.cc:400] Could only allocate 1 dirs of requested 3 for tablet f888aabc127e4d51b0a7adb78c378567. 1 dirs total, 0 dirs full, 0 dirs failed
I20260713 08:59:33.480150  1626 tablet_service.cc:1511] Processing CreateTablet for tablet 70b3996316914169bd59431a8b90f0b9 (DEFAULT_TABLE table=test-workload [id=9ee23a94ff6d46a6b7709745098b9776]), partition=RANGE (key) PARTITION 1610612730 <= VALUES < 1700091215
I20260713 08:59:33.429396  1697 tablet_service.cc:1511] Processing CreateTablet for tablet 0b5c62b97c0f4f70833fc5cff5547f3d (DEFAULT_TABLE table=test-workload [id=9ee23a94ff6d46a6b7709745098b9776]), partition=RANGE (key) PARTITION 984263335 <= VALUES < 1073741820
I20260713 08:59:33.487545  1697 data_dirs.cc:400] Could only allocate 1 dirs of requested 3 for tablet 0b5c62b97c0f4f70833fc5cff5547f3d. 1 dirs total, 0 dirs full, 0 dirs failed
I20260713 08:59:33.473579  1547 tablet_service.cc:1511] Processing CreateTablet for tablet b59810ebac434d49a95d70d19662cd22 (DEFAULT_TABLE table=test-workload [id=9ee23a94ff6d46a6b7709745098b9776]), partition=RANGE (key) PARTITION 1252698790 <= VALUES < 1342177275
I20260713 08:59:33.453269  1752 tablet_bootstrap.cc:654] T 10dcd29219104f2f9763fd76180fe17f P e814d21e24c74a2281558aa93c640cf3: Neither blocks nor log segments found. Creating new log.
I20260713 08:59:33.493137  1693 data_dirs.cc:400] Could only allocate 1 dirs of requested 3 for tablet 765bc97dc92f49128e7c71d5282a80de. 1 dirs total, 0 dirs full, 0 dirs failed
I20260713 08:59:33.493462  1623 data_dirs.cc:400] Could only allocate 1 dirs of requested 3 for tablet 09239a2975914f0c84143b394aca419d. 1 dirs total, 0 dirs full, 0 dirs failed
I20260713 08:59:33.493927  1544 tablet_service.cc:1511] Processing CreateTablet for tablet f888aabc127e4d51b0a7adb78c378567 (DEFAULT_TABLE table=test-workload [id=9ee23a94ff6d46a6b7709745098b9776]), partition=RANGE (key) PARTITION 1342177275 <= VALUES < 1431655760
I20260713 08:59:33.438644  1543 tablet_service.cc:1511] Processing CreateTablet for tablet 78182bb403bb4811ad4d02395c26c6c4 (DEFAULT_TABLE table=test-workload [id=9ee23a94ff6d46a6b7709745098b9776]), partition=RANGE (key) PARTITION 1073741820 <= VALUES < 1163220305
I20260713 08:59:33.496767  1753 tablet_bootstrap.cc:492] T d06961cb3f3f4654b4cf6a6a36e12cbc P 20430f3e82d44ec8bef891786af71c52: Bootstrap starting.
I20260713 08:59:33.497063  1700 tablet_service.cc:1511] Processing CreateTablet for tablet 09239a2975914f0c84143b394aca419d (DEFAULT_TABLE table=test-workload [id=9ee23a94ff6d46a6b7709745098b9776]), partition=RANGE (key) PARTITION 1431655760 <= VALUES < 1521134245
I20260713 08:59:33.498229  1619 data_dirs.cc:400] Could only allocate 1 dirs of requested 3 for tablet f888aabc127e4d51b0a7adb78c378567. 1 dirs total, 0 dirs full, 0 dirs failed
I20260713 08:59:33.498579  1698 tablet_service.cc:1511] Processing CreateTablet for tablet 78182bb403bb4811ad4d02395c26c6c4 (DEFAULT_TABLE table=test-workload [id=9ee23a94ff6d46a6b7709745098b9776]), partition=RANGE (key) PARTITION 1073741820 <= VALUES < 1163220305
I20260713 08:59:33.500844  1624 tablet_service.cc:1511] Processing CreateTablet for tablet 394e5d1918cd474b87edd81b91191713 (DEFAULT_TABLE table=test-workload [id=9ee23a94ff6d46a6b7709745098b9776]), partition=RANGE (key) PARTITION 1700091215 <= VALUES < 1789569700
I20260713 08:59:33.503947  1624 data_dirs.cc:400] Could only allocate 1 dirs of requested 3 for tablet 394e5d1918cd474b87edd81b91191713. 1 dirs total, 0 dirs full, 0 dirs failed
I20260713 08:59:33.505518  1545 tablet_service.cc:1511] Processing CreateTablet for tablet 09239a2975914f0c84143b394aca419d (DEFAULT_TABLE table=test-workload [id=9ee23a94ff6d46a6b7709745098b9776]), partition=RANGE (key) PARTITION 1431655760 <= VALUES < 1521134245
I20260713 08:59:33.507943  1551 tablet_service.cc:1511] Processing CreateTablet for tablet d8152a0892f84830ac07ae183b330c43 (DEFAULT_TABLE table=test-workload [id=9ee23a94ff6d46a6b7709745098b9776]), partition=RANGE (key) PARTITION 1521134245 <= VALUES < 1610612730
I20260713 08:59:33.509027  1699 tablet_service.cc:1511] Processing CreateTablet for tablet d8152a0892f84830ac07ae183b330c43 (DEFAULT_TABLE table=test-workload [id=9ee23a94ff6d46a6b7709745098b9776]), partition=RANGE (key) PARTITION 1521134245 <= VALUES < 1610612730
I20260713 08:59:33.510583  1751 tablet_bootstrap.cc:492] T f05c8746daf14955b133d3cf9acda970 P d3ebf648cd8d4dc6a30c5a8b1b7d06f0: Bootstrap starting.
I20260713 08:59:33.514424  1627 data_dirs.cc:400] Could only allocate 1 dirs of requested 3 for tablet d8152a0892f84830ac07ae183b330c43. 1 dirs total, 0 dirs full, 0 dirs failed
I20260713 08:59:33.502388  1620 tablet_service.cc:1511] Processing CreateTablet for tablet 4854cfb0d9f2441d9f474785e9c4c333 (DEFAULT_TABLE table=test-workload [id=9ee23a94ff6d46a6b7709745098b9776]), partition=RANGE (key) PARTITION 1789569700 <= VALUES < 1879048185
I20260713 08:59:33.515616  1620 data_dirs.cc:400] Could only allocate 1 dirs of requested 3 for tablet 4854cfb0d9f2441d9f474785e9c4c333. 1 dirs total, 0 dirs full, 0 dirs failed
I20260713 08:59:33.520027  1698 data_dirs.cc:400] Could only allocate 1 dirs of requested 3 for tablet 78182bb403bb4811ad4d02395c26c6c4. 1 dirs total, 0 dirs full, 0 dirs failed
I20260713 08:59:33.525946  1548 tablet_service.cc:1511] Processing CreateTablet for tablet 394e5d1918cd474b87edd81b91191713 (DEFAULT_TABLE table=test-workload [id=9ee23a94ff6d46a6b7709745098b9776]), partition=RANGE (key) PARTITION 1700091215 <= VALUES < 1789569700
I20260713 08:59:33.528003  1548 data_dirs.cc:400] Could only allocate 1 dirs of requested 3 for tablet 394e5d1918cd474b87edd81b91191713. 1 dirs total, 0 dirs full, 0 dirs failed
I20260713 08:59:33.529811  1694 tablet_service.cc:1511] Processing CreateTablet for tablet 70b3996316914169bd59431a8b90f0b9 (DEFAULT_TABLE table=test-workload [id=9ee23a94ff6d46a6b7709745098b9776]), partition=RANGE (key) PARTITION 1610612730 <= VALUES < 1700091215
I20260713 08:59:33.531721  1695 tablet_service.cc:1511] Processing CreateTablet for tablet 394e5d1918cd474b87edd81b91191713 (DEFAULT_TABLE table=test-workload [id=9ee23a94ff6d46a6b7709745098b9776]), partition=RANGE (key) PARTITION 1700091215 <= VALUES < 1789569700
I20260713 08:59:33.536048  1699 data_dirs.cc:400] Could only allocate 1 dirs of requested 3 for tablet d8152a0892f84830ac07ae183b330c43. 1 dirs total, 0 dirs full, 0 dirs failed
I20260713 08:59:33.536630  1700 data_dirs.cc:400] Could only allocate 1 dirs of requested 3 for tablet 09239a2975914f0c84143b394aca419d. 1 dirs total, 0 dirs full, 0 dirs failed
I20260713 08:59:33.538228  1550 tablet_service.cc:1511] Processing CreateTablet for tablet 4854cfb0d9f2441d9f474785e9c4c333 (DEFAULT_TABLE table=test-workload [id=9ee23a94ff6d46a6b7709745098b9776]), partition=RANGE (key) PARTITION 1789569700 <= VALUES < 1879048185
I20260713 08:59:33.538475  1694 data_dirs.cc:400] Could only allocate 1 dirs of requested 3 for tablet 70b3996316914169bd59431a8b90f0b9. 1 dirs total, 0 dirs full, 0 dirs failed
I20260713 08:59:33.544817  1547 data_dirs.cc:400] Could only allocate 1 dirs of requested 3 for tablet b59810ebac434d49a95d70d19662cd22. 1 dirs total, 0 dirs full, 0 dirs failed
I20260713 08:59:33.546548  1543 data_dirs.cc:400] Could only allocate 1 dirs of requested 3 for tablet 78182bb403bb4811ad4d02395c26c6c4. 1 dirs total, 0 dirs full, 0 dirs failed
I20260713 08:59:33.551011  1544 data_dirs.cc:400] Could only allocate 1 dirs of requested 3 for tablet f888aabc127e4d51b0a7adb78c378567. 1 dirs total, 0 dirs full, 0 dirs failed
I20260713 08:59:33.555009  1551 data_dirs.cc:400] Could only allocate 1 dirs of requested 3 for tablet d8152a0892f84830ac07ae183b330c43. 1 dirs total, 0 dirs full, 0 dirs failed
I20260713 08:59:33.556373  1618 tablet_service.cc:1511] Processing CreateTablet for tablet d15b0a48620049b59443d4dd5cd0ef32 (DEFAULT_TABLE table=test-workload [id=9ee23a94ff6d46a6b7709745098b9776]), partition=RANGE (key) PARTITION 1879048185 <= VALUES < 1968526670
I20260713 08:59:33.556970  1621 tablet_service.cc:1511] Processing CreateTablet for tablet 030e4caf72b34757899041fb6fb2a735 (DEFAULT_TABLE table=test-workload [id=9ee23a94ff6d46a6b7709745098b9776]), partition=RANGE (key) PARTITION 1968526670 <= VALUES < 2058005155
I20260713 08:59:33.557791  1751 tablet_bootstrap.cc:654] T f05c8746daf14955b133d3cf9acda970 P d3ebf648cd8d4dc6a30c5a8b1b7d06f0: Neither blocks nor log segments found. Creating new log.
I20260713 08:59:33.560250  1753 tablet_bootstrap.cc:654] T d06961cb3f3f4654b4cf6a6a36e12cbc P 20430f3e82d44ec8bef891786af71c52: Neither blocks nor log segments found. Creating new log.
I20260713 08:59:33.560738  1545 data_dirs.cc:400] Could only allocate 1 dirs of requested 3 for tablet 09239a2975914f0c84143b394aca419d. 1 dirs total, 0 dirs full, 0 dirs failed
I20260713 08:59:33.563090  1626 data_dirs.cc:400] Could only allocate 1 dirs of requested 3 for tablet 70b3996316914169bd59431a8b90f0b9. 1 dirs total, 0 dirs full, 0 dirs failed
I20260713 08:59:33.569671  1549 tablet_service.cc:1511] Processing CreateTablet for tablet 70b3996316914169bd59431a8b90f0b9 (DEFAULT_TABLE table=test-workload [id=9ee23a94ff6d46a6b7709745098b9776]), partition=RANGE (key) PARTITION 1610612730 <= VALUES < 1700091215
I20260713 08:59:33.568984  1550 data_dirs.cc:400] Could only allocate 1 dirs of requested 3 for tablet 4854cfb0d9f2441d9f474785e9c4c333. 1 dirs total, 0 dirs full, 0 dirs failed
I20260713 08:59:33.575877  1621 data_dirs.cc:400] Could only allocate 1 dirs of requested 3 for tablet 030e4caf72b34757899041fb6fb2a735. 1 dirs total, 0 dirs full, 0 dirs failed
I20260713 08:59:33.581135  1549 data_dirs.cc:400] Could only allocate 1 dirs of requested 3 for tablet 70b3996316914169bd59431a8b90f0b9. 1 dirs total, 0 dirs full, 0 dirs failed
I20260713 08:59:33.581658  1620 tablet_service.cc:1511] Processing CreateTablet for tablet 989bdefb41604a73bd94373fdbf72fb2 (DEFAULT_TABLE table=test-workload [id=9ee23a94ff6d46a6b7709745098b9776]), partition=RANGE (key) PARTITION 2058005155 <= VALUES
I20260713 08:59:33.582103  1752 tablet_bootstrap.cc:492] T 10dcd29219104f2f9763fd76180fe17f P e814d21e24c74a2281558aa93c640cf3: No bootstrap required, opened a new log
I20260713 08:59:33.582504  1618 data_dirs.cc:400] Could only allocate 1 dirs of requested 3 for tablet d15b0a48620049b59443d4dd5cd0ef32. 1 dirs total, 0 dirs full, 0 dirs failed
I20260713 08:59:33.582516  1752 ts_tablet_manager.cc:1403] T 10dcd29219104f2f9763fd76180fe17f P e814d21e24c74a2281558aa93c640cf3: Time spent bootstrapping tablet: real 0.191s	user 0.006s	sys 0.013s
I20260713 08:59:33.584048  1697 tablet_service.cc:1511] Processing CreateTablet for tablet 4854cfb0d9f2441d9f474785e9c4c333 (DEFAULT_TABLE table=test-workload [id=9ee23a94ff6d46a6b7709745098b9776]), partition=RANGE (key) PARTITION 1789569700 <= VALUES < 1879048185
I20260713 08:59:33.584630  1751 tablet_bootstrap.cc:492] T f05c8746daf14955b133d3cf9acda970 P d3ebf648cd8d4dc6a30c5a8b1b7d06f0: No bootstrap required, opened a new log
I20260713 08:59:33.585027  1751 ts_tablet_manager.cc:1403] T f05c8746daf14955b133d3cf9acda970 P d3ebf648cd8d4dc6a30c5a8b1b7d06f0: Time spent bootstrapping tablet: real 0.075s	user 0.011s	sys 0.001s
I20260713 08:59:33.586356  1752 raft_consensus.cc:359] T 10dcd29219104f2f9763fd76180fe17f P e814d21e24c74a2281558aa93c640cf3 [term 0 FOLLOWER]: Replica starting. Triggering 0 pending ops. Active config: opid_index: -1 OBSOLETE_local: false peers { permanent_uuid: "d3ebf648cd8d4dc6a30c5a8b1b7d06f0" member_type: VOTER last_known_addr { host: "127.0.107.193" port: 34315 } } peers { permanent_uuid: "e814d21e24c74a2281558aa93c640cf3" member_type: VOTER last_known_addr { host: "127.0.107.194" port: 37595 } } peers { permanent_uuid: "20430f3e82d44ec8bef891786af71c52" member_type: VOTER last_known_addr { host: "127.0.107.195" port: 38883 } }
I20260713 08:59:33.587116  1752 raft_consensus.cc:385] T 10dcd29219104f2f9763fd76180fe17f P e814d21e24c74a2281558aa93c640cf3 [term 0 FOLLOWER]: Consensus starting up: Expiring failure detector timer to make a prompt election more likely
I20260713 08:59:33.587435  1752 raft_consensus.cc:740] T 10dcd29219104f2f9763fd76180fe17f P e814d21e24c74a2281558aa93c640cf3 [term 0 FOLLOWER]: Becoming Follower/Learner. State: Replica: e814d21e24c74a2281558aa93c640cf3, State: Initialized, Role: FOLLOWER
I20260713 08:59:33.588280  1752 consensus_queue.cc:260] T 10dcd29219104f2f9763fd76180fe17f P e814d21e24c74a2281558aa93c640cf3 [NON_LEADER]: Queue going to NON_LEADER mode. State: All replicated index: 0, Majority replicated index: 0, Committed index: 0, Last appended: 0.0, Last appended by leader: 0, Current term: 0, Majority size: -1, State: 0, Mode: NON_LEADER, active raft config: opid_index: -1 OBSOLETE_local: false peers { permanent_uuid: "d3ebf648cd8d4dc6a30c5a8b1b7d06f0" member_type: VOTER last_known_addr { host: "127.0.107.193" port: 34315 } } peers { permanent_uuid: "e814d21e24c74a2281558aa93c640cf3" member_type: VOTER last_known_addr { host: "127.0.107.194" port: 37595 } } peers { permanent_uuid: "20430f3e82d44ec8bef891786af71c52" member_type: VOTER last_known_addr { host: "127.0.107.195" port: 38883 } }
I20260713 08:59:33.592685  1552 tablet_service.cc:1511] Processing CreateTablet for tablet d15b0a48620049b59443d4dd5cd0ef32 (DEFAULT_TABLE table=test-workload [id=9ee23a94ff6d46a6b7709745098b9776]), partition=RANGE (key) PARTITION 1879048185 <= VALUES < 1968526670
I20260713 08:59:33.597105  1552 data_dirs.cc:400] Could only allocate 1 dirs of requested 3 for tablet d15b0a48620049b59443d4dd5cd0ef32. 1 dirs total, 0 dirs full, 0 dirs failed
I20260713 08:59:33.600709  1753 tablet_bootstrap.cc:492] T d06961cb3f3f4654b4cf6a6a36e12cbc P 20430f3e82d44ec8bef891786af71c52: No bootstrap required, opened a new log
I20260713 08:59:33.607366  1620 data_dirs.cc:400] Could only allocate 1 dirs of requested 3 for tablet 989bdefb41604a73bd94373fdbf72fb2. 1 dirs total, 0 dirs full, 0 dirs failed
I20260713 08:59:33.607039  1753 ts_tablet_manager.cc:1403] T d06961cb3f3f4654b4cf6a6a36e12cbc P 20430f3e82d44ec8bef891786af71c52: Time spent bootstrapping tablet: real 0.111s	user 0.007s	sys 0.008s
I20260713 08:59:33.569936  1695 data_dirs.cc:400] Could only allocate 1 dirs of requested 3 for tablet 394e5d1918cd474b87edd81b91191713. 1 dirs total, 0 dirs full, 0 dirs failed
I20260713 08:59:33.603636  1751 raft_consensus.cc:359] T f05c8746daf14955b133d3cf9acda970 P d3ebf648cd8d4dc6a30c5a8b1b7d06f0 [term 0 FOLLOWER]: Replica starting. Triggering 0 pending ops. Active config: opid_index: -1 OBSOLETE_local: false peers { permanent_uuid: "d3ebf648cd8d4dc6a30c5a8b1b7d06f0" member_type: VOTER last_known_addr { host: "127.0.107.193" port: 34315 } } peers { permanent_uuid: "e814d21e24c74a2281558aa93c640cf3" member_type: VOTER last_known_addr { host: "127.0.107.194" port: 37595 } } peers { permanent_uuid: "20430f3e82d44ec8bef891786af71c52" member_type: VOTER last_known_addr { host: "127.0.107.195" port: 38883 } }
I20260713 08:59:33.616698  1753 raft_consensus.cc:359] T d06961cb3f3f4654b4cf6a6a36e12cbc P 20430f3e82d44ec8bef891786af71c52 [term 0 FOLLOWER]: Replica starting. Triggering 0 pending ops. Active config: opid_index: -1 OBSOLETE_local: false peers { permanent_uuid: "d3ebf648cd8d4dc6a30c5a8b1b7d06f0" member_type: VOTER last_known_addr { host: "127.0.107.193" port: 34315 } } peers { permanent_uuid: "e814d21e24c74a2281558aa93c640cf3" member_type: VOTER last_known_addr { host: "127.0.107.194" port: 37595 } } peers { permanent_uuid: "20430f3e82d44ec8bef891786af71c52" member_type: VOTER last_known_addr { host: "127.0.107.195" port: 38883 } }
I20260713 08:59:33.624608  1697 data_dirs.cc:400] Could only allocate 1 dirs of requested 3 for tablet 4854cfb0d9f2441d9f474785e9c4c333. 1 dirs total, 0 dirs full, 0 dirs failed
I20260713 08:59:33.624693  1698 tablet_service.cc:1511] Processing CreateTablet for tablet d15b0a48620049b59443d4dd5cd0ef32 (DEFAULT_TABLE table=test-workload [id=9ee23a94ff6d46a6b7709745098b9776]), partition=RANGE (key) PARTITION 1879048185 <= VALUES < 1968526670
I20260713 08:59:33.628679  1751 raft_consensus.cc:385] T f05c8746daf14955b133d3cf9acda970 P d3ebf648cd8d4dc6a30c5a8b1b7d06f0 [term 0 FOLLOWER]: Consensus starting up: Expiring failure detector timer to make a prompt election more likely
I20260713 08:59:33.605724  1546 tablet_service.cc:1511] Processing CreateTablet for tablet 030e4caf72b34757899041fb6fb2a735 (DEFAULT_TABLE table=test-workload [id=9ee23a94ff6d46a6b7709745098b9776]), partition=RANGE (key) PARTITION 1968526670 <= VALUES < 2058005155
I20260713 08:59:33.635561  1546 data_dirs.cc:400] Could only allocate 1 dirs of requested 3 for tablet 030e4caf72b34757899041fb6fb2a735. 1 dirs total, 0 dirs full, 0 dirs failed
I20260713 08:59:33.639189  1698 data_dirs.cc:400] Could only allocate 1 dirs of requested 3 for tablet d15b0a48620049b59443d4dd5cd0ef32. 1 dirs total, 0 dirs full, 0 dirs failed
I20260713 08:59:33.646883  1752 ts_tablet_manager.cc:1434] T 10dcd29219104f2f9763fd76180fe17f P e814d21e24c74a2281558aa93c640cf3: Time spent starting tablet: real 0.064s	user 0.006s	sys 0.005s
I20260713 08:59:33.638032  1751 raft_consensus.cc:740] T f05c8746daf14955b133d3cf9acda970 P d3ebf648cd8d4dc6a30c5a8b1b7d06f0 [term 0 FOLLOWER]: Becoming Follower/Learner. State: Replica: d3ebf648cd8d4dc6a30c5a8b1b7d06f0, State: Initialized, Role: FOLLOWER
I20260713 08:59:33.649319  1751 consensus_queue.cc:260] T f05c8746daf14955b133d3cf9acda970 P d3ebf648cd8d4dc6a30c5a8b1b7d06f0 [NON_LEADER]: Queue going to NON_LEADER mode. State: All replicated index: 0, Majority replicated index: 0, Committed index: 0, Last appended: 0.0, Last appended by leader: 0, Current term: 0, Majority size: -1, State: 0, Mode: NON_LEADER, active raft config: opid_index: -1 OBSOLETE_local: false peers { permanent_uuid: "d3ebf648cd8d4dc6a30c5a8b1b7d06f0" member_type: VOTER last_known_addr { host: "127.0.107.193" port: 34315 } } peers { permanent_uuid: "e814d21e24c74a2281558aa93c640cf3" member_type: VOTER last_known_addr { host: "127.0.107.194" port: 37595 } } peers { permanent_uuid: "20430f3e82d44ec8bef891786af71c52" member_type: VOTER last_known_addr { host: "127.0.107.195" port: 38883 } }
I20260713 08:59:33.650972  1662 heartbeater.cc:499] Master 127.0.107.254:38305 was elected leader, sending a full tablet report...
I20260713 08:59:33.655474  1548 tablet_service.cc:1511] Processing CreateTablet for tablet 989bdefb41604a73bd94373fdbf72fb2 (DEFAULT_TABLE table=test-workload [id=9ee23a94ff6d46a6b7709745098b9776]), partition=RANGE (key) PARTITION 2058005155 <= VALUES
I20260713 08:59:33.656633  1548 data_dirs.cc:400] Could only allocate 1 dirs of requested 3 for tablet 989bdefb41604a73bd94373fdbf72fb2. 1 dirs total, 0 dirs full, 0 dirs failed
I20260713 08:59:33.651225  1693 tablet_service.cc:1511] Processing CreateTablet for tablet 989bdefb41604a73bd94373fdbf72fb2 (DEFAULT_TABLE table=test-workload [id=9ee23a94ff6d46a6b7709745098b9776]), partition=RANGE (key) PARTITION 2058005155 <= VALUES
I20260713 08:59:33.651743  1752 tablet_bootstrap.cc:492] T b892a426d84548da8e1ce0a68a57e0cf P e814d21e24c74a2281558aa93c640cf3: Bootstrap starting.
I20260713 08:59:33.629092  1753 raft_consensus.cc:385] T d06961cb3f3f4654b4cf6a6a36e12cbc P 20430f3e82d44ec8bef891786af71c52 [term 0 FOLLOWER]: Consensus starting up: Expiring failure detector timer to make a prompt election more likely
I20260713 08:59:33.680047  1696 tablet_service.cc:1511] Processing CreateTablet for tablet 030e4caf72b34757899041fb6fb2a735 (DEFAULT_TABLE table=test-workload [id=9ee23a94ff6d46a6b7709745098b9776]), partition=RANGE (key) PARTITION 1968526670 <= VALUES < 2058005155
I20260713 08:59:33.675525  1753 raft_consensus.cc:740] T d06961cb3f3f4654b4cf6a6a36e12cbc P 20430f3e82d44ec8bef891786af71c52 [term 0 FOLLOWER]: Becoming Follower/Learner. State: Replica: 20430f3e82d44ec8bef891786af71c52, State: Initialized, Role: FOLLOWER
I20260713 08:59:33.686378  1753 consensus_queue.cc:260] T d06961cb3f3f4654b4cf6a6a36e12cbc P 20430f3e82d44ec8bef891786af71c52 [NON_LEADER]: Queue going to NON_LEADER mode. State: All replicated index: 0, Majority replicated index: 0, Committed index: 0, Last appended: 0.0, Last appended by leader: 0, Current term: 0, Majority size: -1, State: 0, Mode: NON_LEADER, active raft config: opid_index: -1 OBSOLETE_local: false peers { permanent_uuid: "d3ebf648cd8d4dc6a30c5a8b1b7d06f0" member_type: VOTER last_known_addr { host: "127.0.107.193" port: 34315 } } peers { permanent_uuid: "e814d21e24c74a2281558aa93c640cf3" member_type: VOTER last_known_addr { host: "127.0.107.194" port: 37595 } } peers { permanent_uuid: "20430f3e82d44ec8bef891786af71c52" member_type: VOTER last_known_addr { host: "127.0.107.195" port: 38883 } }
I20260713 08:59:33.700659  1587 heartbeater.cc:499] Master 127.0.107.254:38305 was elected leader, sending a full tablet report...
I20260713 08:59:33.702523  1751 ts_tablet_manager.cc:1434] T f05c8746daf14955b133d3cf9acda970 P d3ebf648cd8d4dc6a30c5a8b1b7d06f0: Time spent starting tablet: real 0.117s	user 0.028s	sys 0.018s
I20260713 08:59:33.702935  1693 data_dirs.cc:400] Could only allocate 1 dirs of requested 3 for tablet 989bdefb41604a73bd94373fdbf72fb2. 1 dirs total, 0 dirs full, 0 dirs failed
I20260713 08:59:33.703656  1751 tablet_bootstrap.cc:492] T 10dcd29219104f2f9763fd76180fe17f P d3ebf648cd8d4dc6a30c5a8b1b7d06f0: Bootstrap starting.
I20260713 08:59:33.705657  1753 ts_tablet_manager.cc:1434] T d06961cb3f3f4654b4cf6a6a36e12cbc P 20430f3e82d44ec8bef891786af71c52: Time spent starting tablet: real 0.098s	user 0.019s	sys 0.002s
I20260713 08:59:33.722576  1736 heartbeater.cc:499] Master 127.0.107.254:38305 was elected leader, sending a full tablet report...
I20260713 08:59:33.722949  1696 data_dirs.cc:400] Could only allocate 1 dirs of requested 3 for tablet 030e4caf72b34757899041fb6fb2a735. 1 dirs total, 0 dirs full, 0 dirs failed
I20260713 08:59:33.726411  1753 tablet_bootstrap.cc:492] T 124174d0eea940ab98770b8131fd2169 P 20430f3e82d44ec8bef891786af71c52: Bootstrap starting.
I20260713 08:59:33.731307  1751 tablet_bootstrap.cc:654] T 10dcd29219104f2f9763fd76180fe17f P d3ebf648cd8d4dc6a30c5a8b1b7d06f0: Neither blocks nor log segments found. Creating new log.
I20260713 08:59:33.739725  1753 tablet_bootstrap.cc:654] T 124174d0eea940ab98770b8131fd2169 P 20430f3e82d44ec8bef891786af71c52: Neither blocks nor log segments found. Creating new log.
I20260713 08:59:33.751219  1752 tablet_bootstrap.cc:654] T b892a426d84548da8e1ce0a68a57e0cf P e814d21e24c74a2281558aa93c640cf3: Neither blocks nor log segments found. Creating new log.
W20260713 08:59:33.752235  1508 auto_rebalancer.cc:288] Could not retrieve cluster info: Service unavailable: Tablet not running
I20260713 08:59:33.756471  1751 tablet_bootstrap.cc:492] T 10dcd29219104f2f9763fd76180fe17f P d3ebf648cd8d4dc6a30c5a8b1b7d06f0: No bootstrap required, opened a new log
I20260713 08:59:33.760733  1751 ts_tablet_manager.cc:1403] T 10dcd29219104f2f9763fd76180fe17f P d3ebf648cd8d4dc6a30c5a8b1b7d06f0: Time spent bootstrapping tablet: real 0.057s	user 0.014s	sys 0.008s
I20260713 08:59:33.762439  1753 tablet_bootstrap.cc:492] T 124174d0eea940ab98770b8131fd2169 P 20430f3e82d44ec8bef891786af71c52: No bootstrap required, opened a new log
I20260713 08:59:33.767750  1753 ts_tablet_manager.cc:1403] T 124174d0eea940ab98770b8131fd2169 P 20430f3e82d44ec8bef891786af71c52: Time spent bootstrapping tablet: real 0.044s	user 0.009s	sys 0.003s
I20260713 08:59:33.769441  1751 raft_consensus.cc:359] T 10dcd29219104f2f9763fd76180fe17f P d3ebf648cd8d4dc6a30c5a8b1b7d06f0 [term 0 FOLLOWER]: Replica starting. Triggering 0 pending ops. Active config: opid_index: -1 OBSOLETE_local: false peers { permanent_uuid: "d3ebf648cd8d4dc6a30c5a8b1b7d06f0" member_type: VOTER last_known_addr { host: "127.0.107.193" port: 34315 } } peers { permanent_uuid: "e814d21e24c74a2281558aa93c640cf3" member_type: VOTER last_known_addr { host: "127.0.107.194" port: 37595 } } peers { permanent_uuid: "20430f3e82d44ec8bef891786af71c52" member_type: VOTER last_known_addr { host: "127.0.107.195" port: 38883 } }
I20260713 08:59:33.769805  1753 raft_consensus.cc:359] T 124174d0eea940ab98770b8131fd2169 P 20430f3e82d44ec8bef891786af71c52 [term 0 FOLLOWER]: Replica starting. Triggering 0 pending ops. Active config: opid_index: -1 OBSOLETE_local: false peers { permanent_uuid: "d3ebf648cd8d4dc6a30c5a8b1b7d06f0" member_type: VOTER last_known_addr { host: "127.0.107.193" port: 34315 } } peers { permanent_uuid: "e814d21e24c74a2281558aa93c640cf3" member_type: VOTER last_known_addr { host: "127.0.107.194" port: 37595 } } peers { permanent_uuid: "20430f3e82d44ec8bef891786af71c52" member_type: VOTER last_known_addr { host: "127.0.107.195" port: 38883 } }
I20260713 08:59:33.770162  1751 raft_consensus.cc:385] T 10dcd29219104f2f9763fd76180fe17f P d3ebf648cd8d4dc6a30c5a8b1b7d06f0 [term 0 FOLLOWER]: Consensus starting up: Expiring failure detector timer to make a prompt election more likely
I20260713 08:59:33.770391  1753 raft_consensus.cc:385] T 124174d0eea940ab98770b8131fd2169 P 20430f3e82d44ec8bef891786af71c52 [term 0 FOLLOWER]: Consensus starting up: Expiring failure detector timer to make a prompt election more likely
I20260713 08:59:33.770507  1751 raft_consensus.cc:740] T 10dcd29219104f2f9763fd76180fe17f P d3ebf648cd8d4dc6a30c5a8b1b7d06f0 [term 0 FOLLOWER]: Becoming Follower/Learner. State: Replica: d3ebf648cd8d4dc6a30c5a8b1b7d06f0, State: Initialized, Role: FOLLOWER
I20260713 08:59:33.771394  1752 tablet_bootstrap.cc:492] T b892a426d84548da8e1ce0a68a57e0cf P e814d21e24c74a2281558aa93c640cf3: No bootstrap required, opened a new log
I20260713 08:59:33.771301  1751 consensus_queue.cc:260] T 10dcd29219104f2f9763fd76180fe17f P d3ebf648cd8d4dc6a30c5a8b1b7d06f0 [NON_LEADER]: Queue going to NON_LEADER mode. State: All replicated index: 0, Majority replicated index: 0, Committed index: 0, Last appended: 0.0, Last appended by leader: 0, Current term: 0, Majority size: -1, State: 0, Mode: NON_LEADER, active raft config: opid_index: -1 OBSOLETE_local: false peers { permanent_uuid: "d3ebf648cd8d4dc6a30c5a8b1b7d06f0" member_type: VOTER last_known_addr { host: "127.0.107.193" port: 34315 } } peers { permanent_uuid: "e814d21e24c74a2281558aa93c640cf3" member_type: VOTER last_known_addr { host: "127.0.107.194" port: 37595 } } peers { permanent_uuid: "20430f3e82d44ec8bef891786af71c52" member_type: VOTER last_known_addr { host: "127.0.107.195" port: 38883 } }
I20260713 08:59:33.771848  1752 ts_tablet_manager.cc:1403] T b892a426d84548da8e1ce0a68a57e0cf P e814d21e24c74a2281558aa93c640cf3: Time spent bootstrapping tablet: real 0.120s	user 0.011s	sys 0.004s
I20260713 08:59:33.773300  1751 ts_tablet_manager.cc:1434] T 10dcd29219104f2f9763fd76180fe17f P d3ebf648cd8d4dc6a30c5a8b1b7d06f0: Time spent starting tablet: real 0.006s	user 0.004s	sys 0.000s
I20260713 08:59:33.770774  1753 raft_consensus.cc:740] T 124174d0eea940ab98770b8131fd2169 P 20430f3e82d44ec8bef891786af71c52 [term 0 FOLLOWER]: Becoming Follower/Learner. State: Replica: 20430f3e82d44ec8bef891786af71c52, State: Initialized, Role: FOLLOWER
I20260713 08:59:33.774597  1751 tablet_bootstrap.cc:492] T 36239e91ddfd4a3da49dd96f85b66ebe P d3ebf648cd8d4dc6a30c5a8b1b7d06f0: Bootstrap starting.
I20260713 08:59:33.774389  1752 raft_consensus.cc:359] T b892a426d84548da8e1ce0a68a57e0cf P e814d21e24c74a2281558aa93c640cf3 [term 0 FOLLOWER]: Replica starting. Triggering 0 pending ops. Active config: opid_index: -1 OBSOLETE_local: false peers { permanent_uuid: "d3ebf648cd8d4dc6a30c5a8b1b7d06f0" member_type: VOTER last_known_addr { host: "127.0.107.193" port: 34315 } } peers { permanent_uuid: "e814d21e24c74a2281558aa93c640cf3" member_type: VOTER last_known_addr { host: "127.0.107.194" port: 37595 } } peers { permanent_uuid: "20430f3e82d44ec8bef891786af71c52" member_type: VOTER last_known_addr { host: "127.0.107.195" port: 38883 } }
I20260713 08:59:33.775095  1752 raft_consensus.cc:385] T b892a426d84548da8e1ce0a68a57e0cf P e814d21e24c74a2281558aa93c640cf3 [term 0 FOLLOWER]: Consensus starting up: Expiring failure detector timer to make a prompt election more likely
I20260713 08:59:33.775396  1752 raft_consensus.cc:740] T b892a426d84548da8e1ce0a68a57e0cf P e814d21e24c74a2281558aa93c640cf3 [term 0 FOLLOWER]: Becoming Follower/Learner. State: Replica: e814d21e24c74a2281558aa93c640cf3, State: Initialized, Role: FOLLOWER
I20260713 08:59:33.775872  1753 consensus_queue.cc:260] T 124174d0eea940ab98770b8131fd2169 P 20430f3e82d44ec8bef891786af71c52 [NON_LEADER]: Queue going to NON_LEADER mode. State: All replicated index: 0, Majority replicated index: 0, Committed index: 0, Last appended: 0.0, Last appended by leader: 0, Current term: 0, Majority size: -1, State: 0, Mode: NON_LEADER, active raft config: opid_index: -1 OBSOLETE_local: false peers { permanent_uuid: "d3ebf648cd8d4dc6a30c5a8b1b7d06f0" member_type: VOTER last_known_addr { host: "127.0.107.193" port: 34315 } } peers { permanent_uuid: "e814d21e24c74a2281558aa93c640cf3" member_type: VOTER last_known_addr { host: "127.0.107.194" port: 37595 } } peers { permanent_uuid: "20430f3e82d44ec8bef891786af71c52" member_type: VOTER last_known_addr { host: "127.0.107.195" port: 38883 } }
I20260713 08:59:33.776067  1752 consensus_queue.cc:260] T b892a426d84548da8e1ce0a68a57e0cf P e814d21e24c74a2281558aa93c640cf3 [NON_LEADER]: Queue going to NON_LEADER mode. State: All replicated index: 0, Majority replicated index: 0, Committed index: 0, Last appended: 0.0, Last appended by leader: 0, Current term: 0, Majority size: -1, State: 0, Mode: NON_LEADER, active raft config: opid_index: -1 OBSOLETE_local: false peers { permanent_uuid: "d3ebf648cd8d4dc6a30c5a8b1b7d06f0" member_type: VOTER last_known_addr { host: "127.0.107.193" port: 34315 } } peers { permanent_uuid: "e814d21e24c74a2281558aa93c640cf3" member_type: VOTER last_known_addr { host: "127.0.107.194" port: 37595 } } peers { permanent_uuid: "20430f3e82d44ec8bef891786af71c52" member_type: VOTER last_known_addr { host: "127.0.107.195" port: 38883 } }
I20260713 08:59:33.777727  1753 ts_tablet_manager.cc:1434] T 124174d0eea940ab98770b8131fd2169 P 20430f3e82d44ec8bef891786af71c52: Time spent starting tablet: real 0.010s	user 0.003s	sys 0.001s
I20260713 08:59:33.778069  1752 ts_tablet_manager.cc:1434] T b892a426d84548da8e1ce0a68a57e0cf P e814d21e24c74a2281558aa93c640cf3: Time spent starting tablet: real 0.006s	user 0.004s	sys 0.000s
I20260713 08:59:33.779384  1752 tablet_bootstrap.cc:492] T 6f4231ffeedc427591c0ab1fa77c3605 P e814d21e24c74a2281558aa93c640cf3: Bootstrap starting.
I20260713 08:59:33.778571  1753 tablet_bootstrap.cc:492] T f05c8746daf14955b133d3cf9acda970 P 20430f3e82d44ec8bef891786af71c52: Bootstrap starting.
I20260713 08:59:33.780764  1751 tablet_bootstrap.cc:654] T 36239e91ddfd4a3da49dd96f85b66ebe P d3ebf648cd8d4dc6a30c5a8b1b7d06f0: Neither blocks nor log segments found. Creating new log.
I20260713 08:59:33.785030  1753 tablet_bootstrap.cc:654] T f05c8746daf14955b133d3cf9acda970 P 20430f3e82d44ec8bef891786af71c52: Neither blocks nor log segments found. Creating new log.
I20260713 08:59:33.785622  1752 tablet_bootstrap.cc:654] T 6f4231ffeedc427591c0ab1fa77c3605 P e814d21e24c74a2281558aa93c640cf3: Neither blocks nor log segments found. Creating new log.
I20260713 08:59:33.796741  1752 tablet_bootstrap.cc:492] T 6f4231ffeedc427591c0ab1fa77c3605 P e814d21e24c74a2281558aa93c640cf3: No bootstrap required, opened a new log
I20260713 08:59:33.797219  1752 ts_tablet_manager.cc:1403] T 6f4231ffeedc427591c0ab1fa77c3605 P e814d21e24c74a2281558aa93c640cf3: Time spent bootstrapping tablet: real 0.019s	user 0.008s	sys 0.008s
I20260713 08:59:33.801292  1751 tablet_bootstrap.cc:492] T 36239e91ddfd4a3da49dd96f85b66ebe P d3ebf648cd8d4dc6a30c5a8b1b7d06f0: No bootstrap required, opened a new log
I20260713 08:59:33.801755  1751 ts_tablet_manager.cc:1403] T 36239e91ddfd4a3da49dd96f85b66ebe P d3ebf648cd8d4dc6a30c5a8b1b7d06f0: Time spent bootstrapping tablet: real 0.027s	user 0.014s	sys 0.011s
I20260713 08:59:33.802085  1753 tablet_bootstrap.cc:492] T f05c8746daf14955b133d3cf9acda970 P 20430f3e82d44ec8bef891786af71c52: No bootstrap required, opened a new log
I20260713 08:59:33.802536  1753 ts_tablet_manager.cc:1403] T f05c8746daf14955b133d3cf9acda970 P 20430f3e82d44ec8bef891786af71c52: Time spent bootstrapping tablet: real 0.024s	user 0.004s	sys 0.017s
I20260713 08:59:33.804083  1752 raft_consensus.cc:359] T 6f4231ffeedc427591c0ab1fa77c3605 P e814d21e24c74a2281558aa93c640cf3 [term 0 FOLLOWER]: Replica starting. Triggering 0 pending ops. Active config: opid_index: -1 OBSOLETE_local: false peers { permanent_uuid: "d3ebf648cd8d4dc6a30c5a8b1b7d06f0" member_type: VOTER last_known_addr { host: "127.0.107.193" port: 34315 } } peers { permanent_uuid: "e814d21e24c74a2281558aa93c640cf3" member_type: VOTER last_known_addr { host: "127.0.107.194" port: 37595 } } peers { permanent_uuid: "20430f3e82d44ec8bef891786af71c52" member_type: VOTER last_known_addr { host: "127.0.107.195" port: 38883 } }
I20260713 08:59:33.804278  1751 raft_consensus.cc:359] T 36239e91ddfd4a3da49dd96f85b66ebe P d3ebf648cd8d4dc6a30c5a8b1b7d06f0 [term 0 FOLLOWER]: Replica starting. Triggering 0 pending ops. Active config: opid_index: -1 OBSOLETE_local: false peers { permanent_uuid: "d3ebf648cd8d4dc6a30c5a8b1b7d06f0" member_type: VOTER last_known_addr { host: "127.0.107.193" port: 34315 } } peers { permanent_uuid: "e814d21e24c74a2281558aa93c640cf3" member_type: VOTER last_known_addr { host: "127.0.107.194" port: 37595 } } peers { permanent_uuid: "20430f3e82d44ec8bef891786af71c52" member_type: VOTER last_known_addr { host: "127.0.107.195" port: 38883 } }
I20260713 08:59:33.804811  1752 raft_consensus.cc:385] T 6f4231ffeedc427591c0ab1fa77c3605 P e814d21e24c74a2281558aa93c640cf3 [term 0 FOLLOWER]: Consensus starting up: Expiring failure detector timer to make a prompt election more likely
I20260713 08:59:33.804910  1751 raft_consensus.cc:385] T 36239e91ddfd4a3da49dd96f85b66ebe P d3ebf648cd8d4dc6a30c5a8b1b7d06f0 [term 0 FOLLOWER]: Consensus starting up: Expiring failure detector timer to make a prompt election more likely
I20260713 08:59:33.805142  1752 raft_consensus.cc:740] T 6f4231ffeedc427591c0ab1fa77c3605 P e814d21e24c74a2281558aa93c640cf3 [term 0 FOLLOWER]: Becoming Follower/Learner. State: Replica: e814d21e24c74a2281558aa93c640cf3, State: Initialized, Role: FOLLOWER
I20260713 08:59:33.805238  1751 raft_consensus.cc:740] T 36239e91ddfd4a3da49dd96f85b66ebe P d3ebf648cd8d4dc6a30c5a8b1b7d06f0 [term 0 FOLLOWER]: Becoming Follower/Learner. State: Replica: d3ebf648cd8d4dc6a30c5a8b1b7d06f0, State: Initialized, Role: FOLLOWER
I20260713 08:59:33.805269  1753 raft_consensus.cc:359] T f05c8746daf14955b133d3cf9acda970 P 20430f3e82d44ec8bef891786af71c52 [term 0 FOLLOWER]: Replica starting. Triggering 0 pending ops. Active config: opid_index: -1 OBSOLETE_local: false peers { permanent_uuid: "d3ebf648cd8d4dc6a30c5a8b1b7d06f0" member_type: VOTER last_known_addr { host: "127.0.107.193" port: 34315 } } peers { permanent_uuid: "e814d21e24c74a2281558aa93c640cf3" member_type: VOTER last_known_addr { host: "127.0.107.194" port: 37595 } } peers { permanent_uuid: "20430f3e82d44ec8bef891786af71c52" member_type: VOTER last_known_addr { host: "127.0.107.195" port: 38883 } }
I20260713 08:59:33.806229  1753 raft_consensus.cc:385] T f05c8746daf14955b133d3cf9acda970 P 20430f3e82d44ec8bef891786af71c52 [term 0 FOLLOWER]: Consensus starting up: Expiring failure detector timer to make a prompt election more likely
I20260713 08:59:33.806012  1752 consensus_queue.cc:260] T 6f4231ffeedc427591c0ab1fa77c3605 P e814d21e24c74a2281558aa93c640cf3 [NON_LEADER]: Queue going to NON_LEADER mode. State: All replicated index: 0, Majority replicated index: 0, Committed index: 0, Last appended: 0.0, Last appended by leader: 0, Current term: 0, Majority size: -1, State: 0, Mode: NON_LEADER, active raft config: opid_index: -1 OBSOLETE_local: false peers { permanent_uuid: "d3ebf648cd8d4dc6a30c5a8b1b7d06f0" member_type: VOTER last_known_addr { host: "127.0.107.193" port: 34315 } } peers { permanent_uuid: "e814d21e24c74a2281558aa93c640cf3" member_type: VOTER last_known_addr { host: "127.0.107.194" port: 37595 } } peers { permanent_uuid: "20430f3e82d44ec8bef891786af71c52" member_type: VOTER last_known_addr { host: "127.0.107.195" port: 38883 } }
I20260713 08:59:33.806063  1751 consensus_queue.cc:260] T 36239e91ddfd4a3da49dd96f85b66ebe P d3ebf648cd8d4dc6a30c5a8b1b7d06f0 [NON_LEADER]: Queue going to NON_LEADER mode. State: All replicated index: 0, Majority replicated index: 0, Committed index: 0, Last appended: 0.0, Last appended by leader: 0, Current term: 0, Majority size: -1, State: 0, Mode: NON_LEADER, active raft config: opid_index: -1 OBSOLETE_local: false peers { permanent_uuid: "d3ebf648cd8d4dc6a30c5a8b1b7d06f0" member_type: VOTER last_known_addr { host: "127.0.107.193" port: 34315 } } peers { permanent_uuid: "e814d21e24c74a2281558aa93c640cf3" member_type: VOTER last_known_addr { host: "127.0.107.194" port: 37595 } } peers { permanent_uuid: "20430f3e82d44ec8bef891786af71c52" member_type: VOTER last_known_addr { host: "127.0.107.195" port: 38883 } }
I20260713 08:59:33.808167  1752 ts_tablet_manager.cc:1434] T 6f4231ffeedc427591c0ab1fa77c3605 P e814d21e24c74a2281558aa93c640cf3: Time spent starting tablet: real 0.011s	user 0.006s	sys 0.002s
I20260713 08:59:33.808164  1751 ts_tablet_manager.cc:1434] T 36239e91ddfd4a3da49dd96f85b66ebe P d3ebf648cd8d4dc6a30c5a8b1b7d06f0: Time spent starting tablet: real 0.006s	user 0.007s	sys 0.000s
I20260713 08:59:33.809158  1751 tablet_bootstrap.cc:492] T 124174d0eea940ab98770b8131fd2169 P d3ebf648cd8d4dc6a30c5a8b1b7d06f0: Bootstrap starting.
I20260713 08:59:33.809181  1752 tablet_bootstrap.cc:492] T d06961cb3f3f4654b4cf6a6a36e12cbc P e814d21e24c74a2281558aa93c640cf3: Bootstrap starting.
I20260713 08:59:33.806555  1753 raft_consensus.cc:740] T f05c8746daf14955b133d3cf9acda970 P 20430f3e82d44ec8bef891786af71c52 [term 0 FOLLOWER]: Becoming Follower/Learner. State: Replica: 20430f3e82d44ec8bef891786af71c52, State: Initialized, Role: FOLLOWER
I20260713 08:59:33.810724  1753 consensus_queue.cc:260] T f05c8746daf14955b133d3cf9acda970 P 20430f3e82d44ec8bef891786af71c52 [NON_LEADER]: Queue going to NON_LEADER mode. State: All replicated index: 0, Majority replicated index: 0, Committed index: 0, Last appended: 0.0, Last appended by leader: 0, Current term: 0, Majority size: -1, State: 0, Mode: NON_LEADER, active raft config: opid_index: -1 OBSOLETE_local: false peers { permanent_uuid: "d3ebf648cd8d4dc6a30c5a8b1b7d06f0" member_type: VOTER last_known_addr { host: "127.0.107.193" port: 34315 } } peers { permanent_uuid: "e814d21e24c74a2281558aa93c640cf3" member_type: VOTER last_known_addr { host: "127.0.107.194" port: 37595 } } peers { permanent_uuid: "20430f3e82d44ec8bef891786af71c52" member_type: VOTER last_known_addr { host: "127.0.107.195" port: 38883 } }
I20260713 08:59:33.812733  1753 ts_tablet_manager.cc:1434] T f05c8746daf14955b133d3cf9acda970 P 20430f3e82d44ec8bef891786af71c52: Time spent starting tablet: real 0.010s	user 0.005s	sys 0.000s
I20260713 08:59:33.813599  1753 tablet_bootstrap.cc:492] T 6f4231ffeedc427591c0ab1fa77c3605 P 20430f3e82d44ec8bef891786af71c52: Bootstrap starting.
I20260713 08:59:33.815701  1752 tablet_bootstrap.cc:654] T d06961cb3f3f4654b4cf6a6a36e12cbc P e814d21e24c74a2281558aa93c640cf3: Neither blocks nor log segments found. Creating new log.
I20260713 08:59:33.815742  1751 tablet_bootstrap.cc:654] T 124174d0eea940ab98770b8131fd2169 P d3ebf648cd8d4dc6a30c5a8b1b7d06f0: Neither blocks nor log segments found. Creating new log.
I20260713 08:59:33.824983  1753 tablet_bootstrap.cc:654] T 6f4231ffeedc427591c0ab1fa77c3605 P 20430f3e82d44ec8bef891786af71c52: Neither blocks nor log segments found. Creating new log.
I20260713 08:59:33.827423  1751 tablet_bootstrap.cc:492] T 124174d0eea940ab98770b8131fd2169 P d3ebf648cd8d4dc6a30c5a8b1b7d06f0: No bootstrap required, opened a new log
I20260713 08:59:33.827553  1752 tablet_bootstrap.cc:492] T d06961cb3f3f4654b4cf6a6a36e12cbc P e814d21e24c74a2281558aa93c640cf3: No bootstrap required, opened a new log
I20260713 08:59:33.827867  1751 ts_tablet_manager.cc:1403] T 124174d0eea940ab98770b8131fd2169 P d3ebf648cd8d4dc6a30c5a8b1b7d06f0: Time spent bootstrapping tablet: real 0.019s	user 0.017s	sys 0.000s
I20260713 08:59:33.827963  1752 ts_tablet_manager.cc:1403] T d06961cb3f3f4654b4cf6a6a36e12cbc P e814d21e24c74a2281558aa93c640cf3: Time spent bootstrapping tablet: real 0.019s	user 0.017s	sys 0.000s
I20260713 08:59:33.830708  1751 raft_consensus.cc:359] T 124174d0eea940ab98770b8131fd2169 P d3ebf648cd8d4dc6a30c5a8b1b7d06f0 [term 0 FOLLOWER]: Replica starting. Triggering 0 pending ops. Active config: opid_index: -1 OBSOLETE_local: false peers { permanent_uuid: "d3ebf648cd8d4dc6a30c5a8b1b7d06f0" member_type: VOTER last_known_addr { host: "127.0.107.193" port: 34315 } } peers { permanent_uuid: "e814d21e24c74a2281558aa93c640cf3" member_type: VOTER last_known_addr { host: "127.0.107.194" port: 37595 } } peers { permanent_uuid: "20430f3e82d44ec8bef891786af71c52" member_type: VOTER last_known_addr { host: "127.0.107.195" port: 38883 } }
I20260713 08:59:33.830871  1752 raft_consensus.cc:359] T d06961cb3f3f4654b4cf6a6a36e12cbc P e814d21e24c74a2281558aa93c640cf3 [term 0 FOLLOWER]: Replica starting. Triggering 0 pending ops. Active config: opid_index: -1 OBSOLETE_local: false peers { permanent_uuid: "d3ebf648cd8d4dc6a30c5a8b1b7d06f0" member_type: VOTER last_known_addr { host: "127.0.107.193" port: 34315 } } peers { permanent_uuid: "e814d21e24c74a2281558aa93c640cf3" member_type: VOTER last_known_addr { host: "127.0.107.194" port: 37595 } } peers { permanent_uuid: "20430f3e82d44ec8bef891786af71c52" member_type: VOTER last_known_addr { host: "127.0.107.195" port: 38883 } }
I20260713 08:59:33.831444  1751 raft_consensus.cc:385] T 124174d0eea940ab98770b8131fd2169 P d3ebf648cd8d4dc6a30c5a8b1b7d06f0 [term 0 FOLLOWER]: Consensus starting up: Expiring failure detector timer to make a prompt election more likely
I20260713 08:59:33.831507  1752 raft_consensus.cc:385] T d06961cb3f3f4654b4cf6a6a36e12cbc P e814d21e24c74a2281558aa93c640cf3 [term 0 FOLLOWER]: Consensus starting up: Expiring failure detector timer to make a prompt election more likely
I20260713 08:59:33.831794  1751 raft_consensus.cc:740] T 124174d0eea940ab98770b8131fd2169 P d3ebf648cd8d4dc6a30c5a8b1b7d06f0 [term 0 FOLLOWER]: Becoming Follower/Learner. State: Replica: d3ebf648cd8d4dc6a30c5a8b1b7d06f0, State: Initialized, Role: FOLLOWER
I20260713 08:59:33.831841  1752 raft_consensus.cc:740] T d06961cb3f3f4654b4cf6a6a36e12cbc P e814d21e24c74a2281558aa93c640cf3 [term 0 FOLLOWER]: Becoming Follower/Learner. State: Replica: e814d21e24c74a2281558aa93c640cf3, State: Initialized, Role: FOLLOWER
I20260713 08:59:33.832796  1751 consensus_queue.cc:260] T 124174d0eea940ab98770b8131fd2169 P d3ebf648cd8d4dc6a30c5a8b1b7d06f0 [NON_LEADER]: Queue going to NON_LEADER mode. State: All replicated index: 0, Majority replicated index: 0, Committed index: 0, Last appended: 0.0, Last appended by leader: 0, Current term: 0, Majority size: -1, State: 0, Mode: NON_LEADER, active raft config: opid_index: -1 OBSOLETE_local: false peers { permanent_uuid: "d3ebf648cd8d4dc6a30c5a8b1b7d06f0" member_type: VOTER last_known_addr { host: "127.0.107.193" port: 34315 } } peers { permanent_uuid: "e814d21e24c74a2281558aa93c640cf3" member_type: VOTER last_known_addr { host: "127.0.107.194" port: 37595 } } peers { permanent_uuid: "20430f3e82d44ec8bef891786af71c52" member_type: VOTER last_known_addr { host: "127.0.107.195" port: 38883 } }
I20260713 08:59:33.832813  1752 consensus_queue.cc:260] T d06961cb3f3f4654b4cf6a6a36e12cbc P e814d21e24c74a2281558aa93c640cf3 [NON_LEADER]: Queue going to NON_LEADER mode. State: All replicated index: 0, Majority replicated index: 0, Committed index: 0, Last appended: 0.0, Last appended by leader: 0, Current term: 0, Majority size: -1, State: 0, Mode: NON_LEADER, active raft config: opid_index: -1 OBSOLETE_local: false peers { permanent_uuid: "d3ebf648cd8d4dc6a30c5a8b1b7d06f0" member_type: VOTER last_known_addr { host: "127.0.107.193" port: 34315 } } peers { permanent_uuid: "e814d21e24c74a2281558aa93c640cf3" member_type: VOTER last_known_addr { host: "127.0.107.194" port: 37595 } } peers { permanent_uuid: "20430f3e82d44ec8bef891786af71c52" member_type: VOTER last_known_addr { host: "127.0.107.195" port: 38883 } }
I20260713 08:59:33.837471  1752 ts_tablet_manager.cc:1434] T d06961cb3f3f4654b4cf6a6a36e12cbc P e814d21e24c74a2281558aa93c640cf3: Time spent starting tablet: real 0.009s	user 0.006s	sys 0.000s
I20260713 08:59:33.838428  1752 tablet_bootstrap.cc:492] T 36239e91ddfd4a3da49dd96f85b66ebe P e814d21e24c74a2281558aa93c640cf3: Bootstrap starting.
I20260713 08:59:33.838553  1753 tablet_bootstrap.cc:492] T 6f4231ffeedc427591c0ab1fa77c3605 P 20430f3e82d44ec8bef891786af71c52: No bootstrap required, opened a new log
I20260713 08:59:33.839015  1753 ts_tablet_manager.cc:1403] T 6f4231ffeedc427591c0ab1fa77c3605 P 20430f3e82d44ec8bef891786af71c52: Time spent bootstrapping tablet: real 0.026s	user 0.018s	sys 0.001s
