I20260713 09:04:53.148160 12012 catalog_manager.cc:5697] T a16604ed3a3d4c8785a982406ac1db83 P 76b75067eae24be5994337310086433e reported cstate change: term changed from 0 to 1, leader changed from <none> to 76b75067eae24be5994337310086433e (127.10.196.2). New cstate: current_term: 1 leader_uuid: "76b75067eae24be5994337310086433e" committed_config { opid_index: -1 OBSOLETE_local: false peers { permanent_uuid: "4632a8f5529a4934816e439352928023" member_type: VOTER last_known_addr { host: "127.10.196.1" port: 34003 } health_report { overall_health: UNKNOWN } } peers { permanent_uuid: "76b75067eae24be5994337310086433e" member_type: VOTER last_known_addr { host: "127.10.196.2" port: 43389 } health_report { overall_health: HEALTHY } } peers { permanent_uuid: "b4d3a63282df454da792143e6ae44a7b" member_type: VOTER last_known_addr { host: "127.10.196.3" port: 39507 } health_report { overall_health: UNKNOWN } } }
I20260713 09:04:53.148712 12309 raft_consensus.cc:515] T 9b493837defa441aac13daf6813afbfe P 76b75067eae24be5994337310086433e [term 0 FOLLOWER]: Starting pre-election with config: opid_index: -1 OBSOLETE_local: false peers { permanent_uuid: "4632a8f5529a4934816e439352928023" member_type: VOTER last_known_addr { host: "127.10.196.1" port: 34003 } } peers { permanent_uuid: "76b75067eae24be5994337310086433e" member_type: VOTER last_known_addr { host: "127.10.196.2" port: 43389 } } peers { permanent_uuid: "b4d3a63282df454da792143e6ae44a7b" member_type: VOTER last_known_addr { host: "127.10.196.3" port: 39507 } }
I20260713 09:04:53.143273 12334 consensus_queue.cc:1048] T f9166383cefa44898926405133bc3f88 P b4d3a63282df454da792143e6ae44a7b [LEADER]: Connected to new peer: Peer: permanent_uuid: "4632a8f5529a4934816e439352928023" member_type: VOTER last_known_addr { host: "127.10.196.1" port: 34003 }, Status: LMP_MISMATCH, Last received: 0.0, Next index: 1, Last known committed idx: 0, Time since last communication: 0.008s
I20260713 09:04:53.146235 12343 raft_consensus.cc:515] T 335d038b6c11426b86891587dc01b596 P 4632a8f5529a4934816e439352928023 [term 2 FOLLOWER]: Starting leader election with config: opid_index: -1 OBSOLETE_local: false peers { permanent_uuid: "76b75067eae24be5994337310086433e" member_type: VOTER last_known_addr { host: "127.10.196.2" port: 43389 } } peers { permanent_uuid: "b4d3a63282df454da792143e6ae44a7b" member_type: VOTER last_known_addr { host: "127.10.196.3" port: 39507 } } peers { permanent_uuid: "4632a8f5529a4934816e439352928023" member_type: VOTER last_known_addr { host: "127.10.196.1" port: 34003 } }
W20260713 09:04:53.201720 12386 log.cc:927] Time spent T f72ead37e4ce4c8a8093eb8357ad27bf P 76b75067eae24be5994337310086433e: Append to log took a long time: real 0.082s	user 0.001s	sys 0.000s
I20260713 09:04:53.203613 12114 raft_consensus.cc:1240] T 335d038b6c11426b86891587dc01b596 P 4632a8f5529a4934816e439352928023 [term 2 FOLLOWER]: Rejecting Update request from peer b4d3a63282df454da792143e6ae44a7b for earlier term 1. Current term is 2. Ops: [1.1-1.1]
I20260713 09:04:53.230949 12334 consensus_queue.cc:1059] T 335d038b6c11426b86891587dc01b596 P b4d3a63282df454da792143e6ae44a7b [LEADER]: Peer responded invalid term: Peer: permanent_uuid: "4632a8f5529a4934816e439352928023" member_type: VOTER last_known_addr { host: "127.10.196.1" port: 34003 }, Status: INVALID_TERM, Last received: 0.0, Next index: 1, Last known committed idx: 0, Time since last communication: 0.000s
I20260713 09:04:53.231765 12334 raft_consensus.cc:3055] T 335d038b6c11426b86891587dc01b596 P b4d3a63282df454da792143e6ae44a7b [term 1 LEADER]: Stepping down as leader of term 1
I20260713 09:04:53.232079 12334 raft_consensus.cc:740] T 335d038b6c11426b86891587dc01b596 P b4d3a63282df454da792143e6ae44a7b [term 1 LEADER]: Becoming Follower/Learner. State: Replica: b4d3a63282df454da792143e6ae44a7b, State: Running, Role: LEADER
I20260713 09:04:53.232836 12334 consensus_queue.cc:260] T 335d038b6c11426b86891587dc01b596 P b4d3a63282df454da792143e6ae44a7b [NON_LEADER]: Queue going to NON_LEADER mode. State: All replicated index: 0, Majority replicated index: 0, Committed index: 0, Last appended: 1.1, Last appended by leader: 1, Current term: 1, Majority size: -1, State: 0, Mode: NON_LEADER, active raft config: opid_index: -1 OBSOLETE_local: false peers { permanent_uuid: "76b75067eae24be5994337310086433e" member_type: VOTER last_known_addr { host: "127.10.196.2" port: 43389 } } peers { permanent_uuid: "b4d3a63282df454da792143e6ae44a7b" member_type: VOTER last_known_addr { host: "127.10.196.3" port: 39507 } } peers { permanent_uuid: "4632a8f5529a4934816e439352928023" member_type: VOTER last_known_addr { host: "127.10.196.1" port: 34003 } }
I20260713 09:04:53.233881 12334 raft_consensus.cc:3060] T 335d038b6c11426b86891587dc01b596 P b4d3a63282df454da792143e6ae44a7b [term 1 FOLLOWER]: Advancing to term 2
I20260713 09:04:53.369484 12333 consensus_queue.cc:1048] T 287aec60c160465299c3a71df2d879a6 P b4d3a63282df454da792143e6ae44a7b [LEADER]: Connected to new peer: Peer: permanent_uuid: "4632a8f5529a4934816e439352928023" member_type: VOTER last_known_addr { host: "127.10.196.1" port: 34003 }, Status: LMP_MISMATCH, Last received: 0.0, Next index: 1, Last known committed idx: 0, Time since last communication: 0.000s
I20260713 09:04:53.443202 12304 tablet_bootstrap.cc:654] T 4134712b11474154b337fbf842070227 P 4632a8f5529a4934816e439352928023: Neither blocks nor log segments found. Creating new log.
I20260713 09:04:53.447624 12309 leader_election.cc:290] T 9b493837defa441aac13daf6813afbfe P 76b75067eae24be5994337310086433e [CANDIDATE]: Term 1 pre-election: Requested pre-vote from peers 4632a8f5529a4934816e439352928023 (127.10.196.1:34003), b4d3a63282df454da792143e6ae44a7b (127.10.196.3:39507)
I20260713 09:04:53.449409 12384 raft_consensus.cc:493] T 9b493837defa441aac13daf6813afbfe P 4632a8f5529a4934816e439352928023 [term 0 FOLLOWER]: Starting pre-election (no leader contacted us within the election timeout)
I20260713 09:04:53.453339 12372 raft_consensus.cc:515] T 4134712b11474154b337fbf842070227 P b4d3a63282df454da792143e6ae44a7b [term 1 FOLLOWER]: Starting leader election with config: opid_index: -1 OBSOLETE_local: false peers { permanent_uuid: "4632a8f5529a4934816e439352928023" member_type: VOTER last_known_addr { host: "127.10.196.1" port: 34003 } } peers { permanent_uuid: "76b75067eae24be5994337310086433e" member_type: VOTER last_known_addr { host: "127.10.196.2" port: 43389 } } peers { permanent_uuid: "b4d3a63282df454da792143e6ae44a7b" member_type: VOTER last_known_addr { host: "127.10.196.3" port: 39507 } }
I20260713 09:04:53.455993 12373 consensus_queue.cc:1048] T efee63e8aec14bbab8a496914d662b0f P 76b75067eae24be5994337310086433e [LEADER]: Connected to new peer: Peer: permanent_uuid: "4632a8f5529a4934816e439352928023" member_type: VOTER last_known_addr { host: "127.10.196.1" port: 34003 }, Status: LMP_MISMATCH, Last received: 0.0, Next index: 1, Last known committed idx: 0, Time since last communication: 0.004s
I20260713 09:04:53.457875 12384 raft_consensus.cc:515] T 9b493837defa441aac13daf6813afbfe P 4632a8f5529a4934816e439352928023 [term 0 FOLLOWER]: Starting pre-election with config: opid_index: -1 OBSOLETE_local: false peers { permanent_uuid: "4632a8f5529a4934816e439352928023" member_type: VOTER last_known_addr { host: "127.10.196.1" port: 34003 } } peers { permanent_uuid: "76b75067eae24be5994337310086433e" member_type: VOTER last_known_addr { host: "127.10.196.2" port: 43389 } } peers { permanent_uuid: "b4d3a63282df454da792143e6ae44a7b" member_type: VOTER last_known_addr { host: "127.10.196.3" port: 39507 } }
I20260713 09:04:53.461833 12263 tablet_service.cc:1917] Received RequestConsensusVote() RPC: tablet_id: "335d038b6c11426b86891587dc01b596" candidate_uuid: "4632a8f5529a4934816e439352928023" candidate_term: 2 candidate_status { last_received { term: 0 index: 0 } } ignore_live_leader: false dest_uuid: "b4d3a63282df454da792143e6ae44a7b"
I20260713 09:04:53.462000 12384 leader_election.cc:290] T 9b493837defa441aac13daf6813afbfe P 4632a8f5529a4934816e439352928023 [CANDIDATE]: Term 1 pre-election: Requested pre-vote from peers 76b75067eae24be5994337310086433e (127.10.196.2:43389), b4d3a63282df454da792143e6ae44a7b (127.10.196.3:39507)
W20260713 09:04:53.456880 12154 outbound_call.cc:321] RPC callback for RPC call kudu.consensus.ConsensusService.UpdateConsensus -> {remote=127.10.196.1:34003, user_credentials={real_user=slave}} blocked reactor thread for 78651.3us
I20260713 09:04:53.465724 12261 tablet_service.cc:1917] Received RequestConsensusVote() RPC: tablet_id: "9b493837defa441aac13daf6813afbfe" candidate_uuid: "4632a8f5529a4934816e439352928023" candidate_term: 1 candidate_status { last_received { term: 0 index: 0 } } ignore_live_leader: false dest_uuid: "b4d3a63282df454da792143e6ae44a7b" is_pre_election: true
I20260713 09:04:53.466301 12261 raft_consensus.cc:2468] T 9b493837defa441aac13daf6813afbfe P b4d3a63282df454da792143e6ae44a7b [term 0 FOLLOWER]: Leader pre-election vote request: Granting yes vote for candidate 4632a8f5529a4934816e439352928023 in term 0.
I20260713 09:04:53.466532 12305 tablet_bootstrap.cc:492] T 78b7fafedd21414a91222a4043cc84a4 P b4d3a63282df454da792143e6ae44a7b: No bootstrap required, opened a new log
I20260713 09:04:53.467027 12305 ts_tablet_manager.cc:1403] T 78b7fafedd21414a91222a4043cc84a4 P b4d3a63282df454da792143e6ae44a7b: Time spent bootstrapping tablet: real 0.354s	user 0.010s	sys 0.010s
I20260713 09:04:53.466457 12186 tablet_service.cc:1917] Received RequestConsensusVote() RPC: tablet_id: "9b493837defa441aac13daf6813afbfe" candidate_uuid: "4632a8f5529a4934816e439352928023" candidate_term: 1 candidate_status { last_received { term: 0 index: 0 } } ignore_live_leader: false dest_uuid: "76b75067eae24be5994337310086433e" is_pre_election: true
I20260713 09:04:53.467509 12186 raft_consensus.cc:2468] T 9b493837defa441aac13daf6813afbfe P 76b75067eae24be5994337310086433e [term 0 FOLLOWER]: Leader pre-election vote request: Granting yes vote for candidate 4632a8f5529a4934816e439352928023 in term 0.
I20260713 09:04:53.467778 12263 raft_consensus.cc:2410] T 335d038b6c11426b86891587dc01b596 P b4d3a63282df454da792143e6ae44a7b [term 2 FOLLOWER]: Leader election vote request: Denying vote to candidate 4632a8f5529a4934816e439352928023 for term 2 because replica has last-logged OpId of term: 1 index: 1, which is greater than that of the candidate, which has last-logged OpId of term: 0 index: 0.
I20260713 09:04:53.466646 12189 tablet_service.cc:1917] Received RequestConsensusVote() RPC: tablet_id: "335d038b6c11426b86891587dc01b596" candidate_uuid: "4632a8f5529a4934816e439352928023" candidate_term: 2 candidate_status { last_received { term: 0 index: 0 } } ignore_live_leader: false dest_uuid: "76b75067eae24be5994337310086433e"
I20260713 09:04:53.468585 12080 leader_election.cc:304] T 9b493837defa441aac13daf6813afbfe P 4632a8f5529a4934816e439352928023 [CANDIDATE]: Term 1 pre-election: Election decided. Result: candidate won. Election summary: received 2 responses out of 3 voters: 2 yes votes; 0 no votes. yes voters: 4632a8f5529a4934816e439352928023, b4d3a63282df454da792143e6ae44a7b; no voters: 
I20260713 09:04:53.462416 12343 leader_election.cc:290] T 335d038b6c11426b86891587dc01b596 P 4632a8f5529a4934816e439352928023 [CANDIDATE]: Term 2 election: Requested vote from peers 76b75067eae24be5994337310086433e (127.10.196.2:43389), b4d3a63282df454da792143e6ae44a7b (127.10.196.3:39507)
I20260713 09:04:53.471105 12383 raft_consensus.cc:2804] T 9b493837defa441aac13daf6813afbfe P 4632a8f5529a4934816e439352928023 [term 0 FOLLOWER]: Leader pre-election won for term 1
I20260713 09:04:53.471462 12383 raft_consensus.cc:493] T 9b493837defa441aac13daf6813afbfe P 4632a8f5529a4934816e439352928023 [term 0 FOLLOWER]: Starting leader election (no leader contacted us within the election timeout)
I20260713 09:04:53.471758 12383 raft_consensus.cc:3060] T 9b493837defa441aac13daf6813afbfe P 4632a8f5529a4934816e439352928023 [term 0 FOLLOWER]: Advancing to term 1
I20260713 09:04:53.472173 12305 raft_consensus.cc:359] T 78b7fafedd21414a91222a4043cc84a4 P b4d3a63282df454da792143e6ae44a7b [term 0 FOLLOWER]: Replica starting. Triggering 0 pending ops. Active config: opid_index: -1 OBSOLETE_local: false peers { permanent_uuid: "4632a8f5529a4934816e439352928023" member_type: VOTER last_known_addr { host: "127.10.196.1" port: 34003 } } peers { permanent_uuid: "76b75067eae24be5994337310086433e" member_type: VOTER last_known_addr { host: "127.10.196.2" port: 43389 } } peers { permanent_uuid: "b4d3a63282df454da792143e6ae44a7b" member_type: VOTER last_known_addr { host: "127.10.196.3" port: 39507 } }
I20260713 09:04:53.472801 12305 raft_consensus.cc:385] T 78b7fafedd21414a91222a4043cc84a4 P b4d3a63282df454da792143e6ae44a7b [term 0 FOLLOWER]: Consensus starting up: Expiring failure detector timer to make a prompt election more likely
I20260713 09:04:53.473073 12305 raft_consensus.cc:740] T 78b7fafedd21414a91222a4043cc84a4 P b4d3a63282df454da792143e6ae44a7b [term 0 FOLLOWER]: Becoming Follower/Learner. State: Replica: b4d3a63282df454da792143e6ae44a7b, State: Initialized, Role: FOLLOWER
I20260713 09:04:53.473654 12305 consensus_queue.cc:260] T 78b7fafedd21414a91222a4043cc84a4 P b4d3a63282df454da792143e6ae44a7b [NON_LEADER]: Queue going to NON_LEADER mode. State: All replicated index: 0, Majority replicated index: 0, Committed index: 0, Last appended: 0.0, Last appended by leader: 0, Current term: 0, Majority size: -1, State: 0, Mode: NON_LEADER, active raft config: opid_index: -1 OBSOLETE_local: false peers { permanent_uuid: "4632a8f5529a4934816e439352928023" member_type: VOTER last_known_addr { host: "127.10.196.1" port: 34003 } } peers { permanent_uuid: "76b75067eae24be5994337310086433e" member_type: VOTER last_known_addr { host: "127.10.196.2" port: 43389 } } peers { permanent_uuid: "b4d3a63282df454da792143e6ae44a7b" member_type: VOTER last_known_addr { host: "127.10.196.3" port: 39507 } }
W20260713 09:04:53.475093 12060 auto_rebalancer.cc:288] Could not retrieve cluster info: Service unavailable: Tablet not running
I20260713 09:04:53.475554 12305 ts_tablet_manager.cc:1434] T 78b7fafedd21414a91222a4043cc84a4 P b4d3a63282df454da792143e6ae44a7b: Time spent starting tablet: real 0.008s	user 0.004s	sys 0.000s
I20260713 09:04:53.476917 12322 consensus_queue.cc:1048] T 1a3253e9c34b4fb9828bcb788e117709 P b4d3a63282df454da792143e6ae44a7b [LEADER]: Connected to new peer: Peer: permanent_uuid: "76b75067eae24be5994337310086433e" member_type: VOTER last_known_addr { host: "127.10.196.2" port: 43389 }, Status: LMP_MISMATCH, Last received: 0.0, Next index: 1, Last known committed idx: 0, Time since last communication: 0.000s
I20260713 09:04:53.477383 12383 raft_consensus.cc:515] T 9b493837defa441aac13daf6813afbfe P 4632a8f5529a4934816e439352928023 [term 1 FOLLOWER]: Starting leader election with config: opid_index: -1 OBSOLETE_local: false peers { permanent_uuid: "4632a8f5529a4934816e439352928023" member_type: VOTER last_known_addr { host: "127.10.196.1" port: 34003 } } peers { permanent_uuid: "76b75067eae24be5994337310086433e" member_type: VOTER last_known_addr { host: "127.10.196.2" port: 43389 } } peers { permanent_uuid: "b4d3a63282df454da792143e6ae44a7b" member_type: VOTER last_known_addr { host: "127.10.196.3" port: 39507 } }
I20260713 09:04:53.479082 12305 tablet_bootstrap.cc:492] T 01ee348bf3b8470ca98212484fbd40cf P b4d3a63282df454da792143e6ae44a7b: Bootstrap starting.
I20260713 09:04:53.485067 12372 leader_election.cc:290] T 4134712b11474154b337fbf842070227 P b4d3a63282df454da792143e6ae44a7b [CANDIDATE]: Term 1 election: Requested vote from peers 4632a8f5529a4934816e439352928023 (127.10.196.1:34003), 76b75067eae24be5994337310086433e (127.10.196.2:43389)
I20260713 09:04:53.481278 12263 tablet_service.cc:1917] Received RequestConsensusVote() RPC: tablet_id: "9b493837defa441aac13daf6813afbfe" candidate_uuid: "4632a8f5529a4934816e439352928023" candidate_term: 1 candidate_status { last_received { term: 0 index: 0 } } ignore_live_leader: false dest_uuid: "b4d3a63282df454da792143e6ae44a7b"
I20260713 09:04:53.485677 12263 raft_consensus.cc:3060] T 9b493837defa441aac13daf6813afbfe P b4d3a63282df454da792143e6ae44a7b [term 0 FOLLOWER]: Advancing to term 1
I20260713 09:04:53.485551 12372 consensus_queue.cc:1048] T 1a3253e9c34b4fb9828bcb788e117709 P b4d3a63282df454da792143e6ae44a7b [LEADER]: Connected to new peer: Peer: permanent_uuid: "4632a8f5529a4934816e439352928023" member_type: VOTER last_known_addr { host: "127.10.196.1" port: 34003 }, Status: LMP_MISMATCH, Last received: 0.0, Next index: 1, Last known committed idx: 0, Time since last communication: 0.000s
I20260713 09:04:53.490657 12113 tablet_service.cc:1917] Received RequestConsensusVote() RPC: tablet_id: "9b493837defa441aac13daf6813afbfe" candidate_uuid: "76b75067eae24be5994337310086433e" candidate_term: 1 candidate_status { last_received { term: 0 index: 0 } } ignore_live_leader: false dest_uuid: "4632a8f5529a4934816e439352928023" is_pre_election: true
I20260713 09:04:53.491358 12113 raft_consensus.cc:2393] T 9b493837defa441aac13daf6813afbfe P 4632a8f5529a4934816e439352928023 [term 1 FOLLOWER]: Leader pre-election vote request: Denying vote to candidate 76b75067eae24be5994337310086433e in current term 1: Already voted for candidate 4632a8f5529a4934816e439352928023 in this term.
I20260713 09:04:53.480484 12077 leader_election.cc:304] T 335d038b6c11426b86891587dc01b596 P 4632a8f5529a4934816e439352928023 [CANDIDATE]: Term 2 election: Election decided. Result: candidate lost. Election summary: received 3 responses out of 3 voters: 1 yes votes; 2 no votes. yes voters: 4632a8f5529a4934816e439352928023; no voters: 76b75067eae24be5994337310086433e, b4d3a63282df454da792143e6ae44a7b
I20260713 09:04:53.501471 12322 consensus_queue.cc:1048] T b41969a7666d464da82c7b4f6570b071 P b4d3a63282df454da792143e6ae44a7b [LEADER]: Connected to new peer: Peer: permanent_uuid: "76b75067eae24be5994337310086433e" member_type: VOTER last_known_addr { host: "127.10.196.2" port: 43389 }, Status: LMP_MISMATCH, Last received: 0.0, Next index: 1, Last known committed idx: 0, Time since last communication: 0.000s
W20260713 09:04:53.502211 12155 outbound_call.cc:321] RPC callback for RPC call kudu.consensus.ConsensusService.RequestConsensusVote -> {remote=127.10.196.3:39507, user_credentials={real_user=slave}} blocked reactor thread for 354883us
I20260713 09:04:53.508472 12343 raft_consensus.cc:2749] T 335d038b6c11426b86891587dc01b596 P 4632a8f5529a4934816e439352928023 [term 2 FOLLOWER]: Leader election lost for term 2. Reason: could not achieve majority
I20260713 09:04:53.482893 12383 leader_election.cc:290] T 9b493837defa441aac13daf6813afbfe P 4632a8f5529a4934816e439352928023 [CANDIDATE]: Term 1 election: Requested vote from peers 76b75067eae24be5994337310086433e (127.10.196.2:43389), b4d3a63282df454da792143e6ae44a7b (127.10.196.3:39507)
I20260713 09:04:53.510576 12310 consensus_queue.cc:1048] T 287aec60c160465299c3a71df2d879a6 P b4d3a63282df454da792143e6ae44a7b [LEADER]: Connected to new peer: Peer: permanent_uuid: "76b75067eae24be5994337310086433e" member_type: VOTER last_known_addr { host: "127.10.196.2" port: 43389 }, Status: LMP_MISMATCH, Last received: 0.0, Next index: 1, Last known committed idx: 0, Time since last communication: 0.000s
I20260713 09:04:53.495746 12263 raft_consensus.cc:2468] T 9b493837defa441aac13daf6813afbfe P b4d3a63282df454da792143e6ae44a7b [term 1 FOLLOWER]: Leader election vote request: Granting yes vote for candidate 4632a8f5529a4934816e439352928023 in term 1.
I20260713 09:04:53.518133 12260 tablet_service.cc:1917] Received RequestConsensusVote() RPC: tablet_id: "9b493837defa441aac13daf6813afbfe" candidate_uuid: "76b75067eae24be5994337310086433e" candidate_term: 1 candidate_status { last_received { term: 0 index: 0 } } ignore_live_leader: false dest_uuid: "b4d3a63282df454da792143e6ae44a7b" is_pre_election: true
I20260713 09:04:53.518915 12260 raft_consensus.cc:2393] T 9b493837defa441aac13daf6813afbfe P b4d3a63282df454da792143e6ae44a7b [term 1 FOLLOWER]: Leader pre-election vote request: Denying vote to candidate 76b75067eae24be5994337310086433e in current term 1: Already voted for candidate 4632a8f5529a4934816e439352928023 in this term.
I20260713 09:04:53.521683 12309 consensus_queue.cc:1048] T a16604ed3a3d4c8785a982406ac1db83 P 76b75067eae24be5994337310086433e [LEADER]: Connected to new peer: Peer: permanent_uuid: "b4d3a63282df454da792143e6ae44a7b" member_type: VOTER last_known_addr { host: "127.10.196.3" port: 39507 }, Status: LMP_MISMATCH, Last received: 0.0, Next index: 1, Last known committed idx: 0, Time since last communication: 0.000s
I20260713 09:04:53.526079 12113 tablet_service.cc:1917] Received RequestConsensusVote() RPC: tablet_id: "4134712b11474154b337fbf842070227" candidate_uuid: "b4d3a63282df454da792143e6ae44a7b" candidate_term: 1 candidate_status { last_received { term: 0 index: 0 } } ignore_live_leader: false dest_uuid: "4632a8f5529a4934816e439352928023"
W20260713 09:04:53.525943 12077 outbound_call.cc:321] RPC callback for RPC call kudu.consensus.ConsensusService.RequestConsensusVote -> {remote=127.10.196.2:43389, user_credentials={real_user=slave}} blocked reactor thread for 45536.8us
I20260713 09:04:53.533766 12393 consensus_queue.cc:1048] T adef411ea6364d79a3bf9badf396b707 P 76b75067eae24be5994337310086433e [LEADER]: Connected to new peer: Peer: permanent_uuid: "4632a8f5529a4934816e439352928023" member_type: VOTER last_known_addr { host: "127.10.196.1" port: 34003 }, Status: LMP_MISMATCH, Last received: 0.0, Next index: 1, Last known committed idx: 0, Time since last communication: 0.007s
I20260713 09:04:53.534495 12303 tablet_bootstrap.cc:492] T fdaa3d3cd7974cfcb39b997502aa46c6 P 76b75067eae24be5994337310086433e: No bootstrap required, opened a new log
I20260713 09:04:53.534824 12303 ts_tablet_manager.cc:1403] T fdaa3d3cd7974cfcb39b997502aa46c6 P 76b75067eae24be5994337310086433e: Time spent bootstrapping tablet: real 0.472s	user 0.025s	sys 0.041s
I20260713 09:04:53.526890 12080 leader_election.cc:304] T 9b493837defa441aac13daf6813afbfe P 4632a8f5529a4934816e439352928023 [CANDIDATE]: Term 1 election: Election decided. Result: candidate won. Election summary: received 2 responses out of 3 voters: 2 yes votes; 0 no votes. yes voters: 4632a8f5529a4934816e439352928023, b4d3a63282df454da792143e6ae44a7b; no voters: 
I20260713 09:04:53.528383 12155 leader_election.cc:304] T 9b493837defa441aac13daf6813afbfe P 76b75067eae24be5994337310086433e [CANDIDATE]: Term 1 pre-election: Election decided. Result: candidate lost. Election summary: received 3 responses out of 3 voters: 1 yes votes; 2 no votes. yes voters: 76b75067eae24be5994337310086433e; no voters: 4632a8f5529a4934816e439352928023, b4d3a63282df454da792143e6ae44a7b
I20260713 09:04:53.536041 12373 consensus_queue.cc:1048] T adef411ea6364d79a3bf9badf396b707 P 76b75067eae24be5994337310086433e [LEADER]: Connected to new peer: Peer: permanent_uuid: "b4d3a63282df454da792143e6ae44a7b" member_type: VOTER last_known_addr { host: "127.10.196.3" port: 39507 }, Status: LMP_MISMATCH, Last received: 0.0, Next index: 1, Last known committed idx: 0, Time since last communication: 0.000s
I20260713 09:04:53.536816 12186 tablet_service.cc:1917] Received RequestConsensusVote() RPC: tablet_id: "9b493837defa441aac13daf6813afbfe" candidate_uuid: "4632a8f5529a4934816e439352928023" candidate_term: 1 candidate_status { last_received { term: 0 index: 0 } } ignore_live_leader: false dest_uuid: "76b75067eae24be5994337310086433e"
I20260713 09:04:53.539314 12305 tablet_bootstrap.cc:654] T 01ee348bf3b8470ca98212484fbd40cf P b4d3a63282df454da792143e6ae44a7b: Neither blocks nor log segments found. Creating new log.
I20260713 09:04:53.541402 12303 raft_consensus.cc:359] T fdaa3d3cd7974cfcb39b997502aa46c6 P 76b75067eae24be5994337310086433e [term 0 FOLLOWER]: Replica starting. Triggering 0 pending ops. Active config: opid_index: -1 OBSOLETE_local: false peers { permanent_uuid: "4632a8f5529a4934816e439352928023" member_type: VOTER last_known_addr { host: "127.10.196.1" port: 34003 } } peers { permanent_uuid: "76b75067eae24be5994337310086433e" member_type: VOTER last_known_addr { host: "127.10.196.2" port: 43389 } } peers { permanent_uuid: "b4d3a63282df454da792143e6ae44a7b" member_type: VOTER last_known_addr { host: "127.10.196.3" port: 39507 } }
I20260713 09:04:53.541810 12303 raft_consensus.cc:385] T fdaa3d3cd7974cfcb39b997502aa46c6 P 76b75067eae24be5994337310086433e [term 0 FOLLOWER]: Consensus starting up: Expiring failure detector timer to make a prompt election more likely
I20260713 09:04:53.542011 12303 raft_consensus.cc:740] T fdaa3d3cd7974cfcb39b997502aa46c6 P 76b75067eae24be5994337310086433e [term 0 FOLLOWER]: Becoming Follower/Learner. State: Replica: 76b75067eae24be5994337310086433e, State: Initialized, Role: FOLLOWER
I20260713 09:04:53.542466 12303 consensus_queue.cc:260] T fdaa3d3cd7974cfcb39b997502aa46c6 P 76b75067eae24be5994337310086433e [NON_LEADER]: Queue going to NON_LEADER mode. State: All replicated index: 0, Majority replicated index: 0, Committed index: 0, Last appended: 0.0, Last appended by leader: 0, Current term: 0, Majority size: -1, State: 0, Mode: NON_LEADER, active raft config: opid_index: -1 OBSOLETE_local: false peers { permanent_uuid: "4632a8f5529a4934816e439352928023" member_type: VOTER last_known_addr { host: "127.10.196.1" port: 34003 } } peers { permanent_uuid: "76b75067eae24be5994337310086433e" member_type: VOTER last_known_addr { host: "127.10.196.2" port: 43389 } } peers { permanent_uuid: "b4d3a63282df454da792143e6ae44a7b" member_type: VOTER last_known_addr { host: "127.10.196.3" port: 39507 } }
I20260713 09:04:53.544262 12303 ts_tablet_manager.cc:1434] T fdaa3d3cd7974cfcb39b997502aa46c6 P 76b75067eae24be5994337310086433e: Time spent starting tablet: real 0.009s	user 0.003s	sys 0.001s
I20260713 09:04:53.540096 12186 raft_consensus.cc:3060] T 9b493837defa441aac13daf6813afbfe P 76b75067eae24be5994337310086433e [term 0 FOLLOWER]: Advancing to term 1
I20260713 09:04:53.547523 12350 consensus_queue.cc:1048] T efee63e8aec14bbab8a496914d662b0f P 76b75067eae24be5994337310086433e [LEADER]: Connected to new peer: Peer: permanent_uuid: "b4d3a63282df454da792143e6ae44a7b" member_type: VOTER last_known_addr { host: "127.10.196.3" port: 39507 }, Status: LMP_MISMATCH, Last received: 0.0, Next index: 1, Last known committed idx: 0, Time since last communication: 0.000s
I20260713 09:04:53.551527 12186 raft_consensus.cc:2468] T 9b493837defa441aac13daf6813afbfe P 76b75067eae24be5994337310086433e [term 1 FOLLOWER]: Leader election vote request: Granting yes vote for candidate 4632a8f5529a4934816e439352928023 in term 1.
I20260713 09:04:53.543329 12383 raft_consensus.cc:2804] T 9b493837defa441aac13daf6813afbfe P 4632a8f5529a4934816e439352928023 [term 1 FOLLOWER]: Leader election won for term 1
I20260713 09:04:53.552174 12383 raft_consensus.cc:697] T 9b493837defa441aac13daf6813afbfe P 4632a8f5529a4934816e439352928023 [term 1 LEADER]: Becoming Leader. State: Replica: 4632a8f5529a4934816e439352928023, State: Running, Role: LEADER
I20260713 09:04:53.552733 12383 consensus_queue.cc:237] T 9b493837defa441aac13daf6813afbfe P 4632a8f5529a4934816e439352928023 [LEADER]: Queue going to LEADER mode. State: All replicated index: 0, Majority replicated index: 0, Committed index: 0, Last appended: 0.0, Last appended by leader: 0, Current term: 1, Majority size: 2, State: 0, Mode: LEADER, active raft config: opid_index: -1 OBSOLETE_local: false peers { permanent_uuid: "4632a8f5529a4934816e439352928023" member_type: VOTER last_known_addr { host: "127.10.196.1" port: 34003 } } peers { permanent_uuid: "76b75067eae24be5994337310086433e" member_type: VOTER last_known_addr { host: "127.10.196.2" port: 43389 } } peers { permanent_uuid: "b4d3a63282df454da792143e6ae44a7b" member_type: VOTER last_known_addr { host: "127.10.196.3" port: 39507 } }
W20260713 09:04:53.545934 12228 leader_election.cc:343] T 4134712b11474154b337fbf842070227 P b4d3a63282df454da792143e6ae44a7b [CANDIDATE]: Term 1 election: Tablet error from VoteRequest() call to peer 4632a8f5529a4934816e439352928023 (127.10.196.1:34003): Illegal state: must be running to vote when last-logged opid is not known
I20260713 09:04:53.554319 12303 tablet_bootstrap.cc:492] T 78b7fafedd21414a91222a4043cc84a4 P 76b75067eae24be5994337310086433e: Bootstrap starting.
I20260713 09:04:53.556418 12309 raft_consensus.cc:2749] T 9b493837defa441aac13daf6813afbfe P 76b75067eae24be5994337310086433e [term 1 FOLLOWER]: Leader pre-election lost for term 1. Reason: could not achieve majority
I20260713 09:04:53.534773 12009 catalog_manager.cc:5697] T 1a3253e9c34b4fb9828bcb788e117709 P b4d3a63282df454da792143e6ae44a7b reported cstate change: term changed from 0 to 1, leader changed from <none> to b4d3a63282df454da792143e6ae44a7b (127.10.196.3). New cstate: current_term: 1 leader_uuid: "b4d3a63282df454da792143e6ae44a7b" committed_config { opid_index: -1 OBSOLETE_local: false peers { permanent_uuid: "4632a8f5529a4934816e439352928023" member_type: VOTER last_known_addr { host: "127.10.196.1" port: 34003 } health_report { overall_health: UNKNOWN } } peers { permanent_uuid: "76b75067eae24be5994337310086433e" member_type: VOTER last_known_addr { host: "127.10.196.2" port: 43389 } health_report { overall_health: UNKNOWN } } peers { permanent_uuid: "b4d3a63282df454da792143e6ae44a7b" member_type: VOTER last_known_addr { host: "127.10.196.3" port: 39507 } health_report { overall_health: HEALTHY } } }
I20260713 09:04:53.546108 12187 tablet_service.cc:1917] Received RequestConsensusVote() RPC: tablet_id: "4134712b11474154b337fbf842070227" candidate_uuid: "b4d3a63282df454da792143e6ae44a7b" candidate_term: 1 candidate_status { last_received { term: 0 index: 0 } } ignore_live_leader: false dest_uuid: "76b75067eae24be5994337310086433e"
I20260713 09:04:53.558096 12187 raft_consensus.cc:3060] T 4134712b11474154b337fbf842070227 P 76b75067eae24be5994337310086433e [term 0 FOLLOWER]: Advancing to term 1
I20260713 09:04:53.558539 12009 catalog_manager.cc:5697] T b41969a7666d464da82c7b4f6570b071 P b4d3a63282df454da792143e6ae44a7b reported cstate change: term changed from 0 to 1, leader changed from <none> to b4d3a63282df454da792143e6ae44a7b (127.10.196.3). New cstate: current_term: 1 leader_uuid: "b4d3a63282df454da792143e6ae44a7b" committed_config { opid_index: -1 OBSOLETE_local: false peers { permanent_uuid: "4632a8f5529a4934816e439352928023" member_type: VOTER last_known_addr { host: "127.10.196.1" port: 34003 } health_report { overall_health: UNKNOWN } } peers { permanent_uuid: "76b75067eae24be5994337310086433e" member_type: VOTER last_known_addr { host: "127.10.196.2" port: 43389 } health_report { overall_health: UNKNOWN } } peers { permanent_uuid: "b4d3a63282df454da792143e6ae44a7b" member_type: VOTER last_known_addr { host: "127.10.196.3" port: 39507 } health_report { overall_health: HEALTHY } } }
I20260713 09:04:53.564232 12009 catalog_manager.cc:5697] T 93860b91247d4ee0b502b00fa9da6955 P b4d3a63282df454da792143e6ae44a7b reported cstate change: term changed from 0 to 1, leader changed from <none> to b4d3a63282df454da792143e6ae44a7b (127.10.196.3). New cstate: current_term: 1 leader_uuid: "b4d3a63282df454da792143e6ae44a7b" committed_config { opid_index: -1 OBSOLETE_local: false peers { permanent_uuid: "4632a8f5529a4934816e439352928023" member_type: VOTER last_known_addr { host: "127.10.196.1" port: 34003 } health_report { overall_health: UNKNOWN } } peers { permanent_uuid: "76b75067eae24be5994337310086433e" member_type: VOTER last_known_addr { host: "127.10.196.2" port: 43389 } health_report { overall_health: UNKNOWN } } peers { permanent_uuid: "b4d3a63282df454da792143e6ae44a7b" member_type: VOTER last_known_addr { host: "127.10.196.3" port: 39507 } health_report { overall_health: HEALTHY } } }
I20260713 09:04:53.584425 12111 raft_consensus.cc:3060] T a16604ed3a3d4c8785a982406ac1db83 P 4632a8f5529a4934816e439352928023 [term 0 FOLLOWER]: Advancing to term 1
I20260713 09:04:53.615442 12322 consensus_queue.cc:1048] T 93860b91247d4ee0b502b00fa9da6955 P b4d3a63282df454da792143e6ae44a7b [LEADER]: Connected to new peer: Peer: permanent_uuid: "76b75067eae24be5994337310086433e" member_type: VOTER last_known_addr { host: "127.10.196.2" port: 43389 }, Status: LMP_MISMATCH, Last received: 0.0, Next index: 1, Last known committed idx: 0, Time since last communication: 0.000s
I20260713 09:04:53.620885 12304 tablet_bootstrap.cc:492] T 4134712b11474154b337fbf842070227 P 4632a8f5529a4934816e439352928023: No bootstrap required, opened a new log
I20260713 09:04:53.584959 12187 raft_consensus.cc:2468] T 4134712b11474154b337fbf842070227 P 76b75067eae24be5994337310086433e [term 1 FOLLOWER]: Leader election vote request: Granting yes vote for candidate b4d3a63282df454da792143e6ae44a7b in term 1.
I20260713 09:04:53.621270 12304 ts_tablet_manager.cc:1403] T 4134712b11474154b337fbf842070227 P 4632a8f5529a4934816e439352928023: Time spent bootstrapping tablet: real 0.500s	user 0.005s	sys 0.013s
I20260713 09:04:53.630038 12322 consensus_queue.cc:1048] T b41969a7666d464da82c7b4f6570b071 P b4d3a63282df454da792143e6ae44a7b [LEADER]: Connected to new peer: Peer: permanent_uuid: "4632a8f5529a4934816e439352928023" member_type: VOTER last_known_addr { host: "127.10.196.1" port: 34003 }, Status: LMP_MISMATCH, Last received: 0.0, Next index: 1, Last known committed idx: 0, Time since last communication: 0.000s
I20260713 09:04:53.630347 12350 consensus_queue.cc:1048] T f72ead37e4ce4c8a8093eb8357ad27bf P 76b75067eae24be5994337310086433e [LEADER]: Connected to new peer: Peer: permanent_uuid: "4632a8f5529a4934816e439352928023" member_type: VOTER last_known_addr { host: "127.10.196.1" port: 34003 }, Status: LMP_MISMATCH, Last received: 0.0, Next index: 1, Last known committed idx: 0, Time since last communication: 0.000s
I20260713 09:04:53.633878 12381 raft_consensus.cc:493] T a16604ed3a3d4c8785a982406ac1db83 P 4632a8f5529a4934816e439352928023 [term 1 FOLLOWER]: Starting pre-election (no leader contacted us within the election timeout)
I20260713 09:04:53.634332 12381 raft_consensus.cc:515] T a16604ed3a3d4c8785a982406ac1db83 P 4632a8f5529a4934816e439352928023 [term 1 FOLLOWER]: Starting pre-election with config: opid_index: -1 OBSOLETE_local: false peers { permanent_uuid: "4632a8f5529a4934816e439352928023" member_type: VOTER last_known_addr { host: "127.10.196.1" port: 34003 } } peers { permanent_uuid: "76b75067eae24be5994337310086433e" member_type: VOTER last_known_addr { host: "127.10.196.2" port: 43389 } } peers { permanent_uuid: "b4d3a63282df454da792143e6ae44a7b" member_type: VOTER last_known_addr { host: "127.10.196.3" port: 39507 } }
I20260713 09:04:53.639871 12226 leader_election.cc:304] T 4134712b11474154b337fbf842070227 P b4d3a63282df454da792143e6ae44a7b [CANDIDATE]: Term 1 election: Election decided. Result: candidate won. Election summary: received 3 responses out of 3 voters: 2 yes votes; 1 no votes. yes voters: 76b75067eae24be5994337310086433e, b4d3a63282df454da792143e6ae44a7b; no voters: 4632a8f5529a4934816e439352928023
I20260713 09:04:53.644025 12322 raft_consensus.cc:2804] T 4134712b11474154b337fbf842070227 P b4d3a63282df454da792143e6ae44a7b [term 1 FOLLOWER]: Leader election won for term 1
I20260713 09:04:53.644491 12322 raft_consensus.cc:697] T 4134712b11474154b337fbf842070227 P b4d3a63282df454da792143e6ae44a7b [term 1 LEADER]: Becoming Leader. State: Replica: b4d3a63282df454da792143e6ae44a7b, State: Running, Role: LEADER
I20260713 09:04:53.645251 12322 consensus_queue.cc:237] T 4134712b11474154b337fbf842070227 P b4d3a63282df454da792143e6ae44a7b [LEADER]: Queue going to LEADER mode. State: All replicated index: 0, Majority replicated index: 0, Committed index: 0, Last appended: 0.0, Last appended by leader: 0, Current term: 1, Majority size: 2, State: 0, Mode: LEADER, active raft config: opid_index: -1 OBSOLETE_local: false peers { permanent_uuid: "4632a8f5529a4934816e439352928023" member_type: VOTER last_known_addr { host: "127.10.196.1" port: 34003 } } peers { permanent_uuid: "76b75067eae24be5994337310086433e" member_type: VOTER last_known_addr { host: "127.10.196.2" port: 43389 } } peers { permanent_uuid: "b4d3a63282df454da792143e6ae44a7b" member_type: VOTER last_known_addr { host: "127.10.196.3" port: 39507 } }
I20260713 09:04:53.658047 12381 leader_election.cc:290] T a16604ed3a3d4c8785a982406ac1db83 P 4632a8f5529a4934816e439352928023 [CANDIDATE]: Term 2 pre-election: Requested pre-vote from peers 76b75067eae24be5994337310086433e (127.10.196.2:43389), b4d3a63282df454da792143e6ae44a7b (127.10.196.3:39507)
I20260713 09:04:53.638191 12350 consensus_queue.cc:1048] T a16604ed3a3d4c8785a982406ac1db83 P 76b75067eae24be5994337310086433e [LEADER]: Connected to new peer: Peer: permanent_uuid: "4632a8f5529a4934816e439352928023" member_type: VOTER last_known_addr { host: "127.10.196.1" port: 34003 }, Status: LMP_MISMATCH, Last received: 0.0, Next index: 1, Last known committed idx: 0, Time since last communication: 0.014s
I20260713 09:04:53.662860 12189 tablet_service.cc:1917] Received RequestConsensusVote() RPC: tablet_id: "a16604ed3a3d4c8785a982406ac1db83" candidate_uuid: "4632a8f5529a4934816e439352928023" candidate_term: 2 candidate_status { last_received { term: 0 index: 0 } } ignore_live_leader: false dest_uuid: "76b75067eae24be5994337310086433e" is_pre_election: true
I20260713 09:04:53.675494 12261 tablet_service.cc:1917] Received RequestConsensusVote() RPC: tablet_id: "a16604ed3a3d4c8785a982406ac1db83" candidate_uuid: "4632a8f5529a4934816e439352928023" candidate_term: 2 candidate_status { last_received { term: 0 index: 0 } } ignore_live_leader: false dest_uuid: "b4d3a63282df454da792143e6ae44a7b" is_pre_election: true
I20260713 09:04:53.676016 12333 consensus_queue.cc:1048] T 93860b91247d4ee0b502b00fa9da6955 P b4d3a63282df454da792143e6ae44a7b [LEADER]: Connected to new peer: Peer: permanent_uuid: "4632a8f5529a4934816e439352928023" member_type: VOTER last_known_addr { host: "127.10.196.1" port: 34003 }, Status: LMP_MISMATCH, Last received: 0.0, Next index: 1, Last known committed idx: 0, Time since last communication: 0.001s
I20260713 09:04:53.678054 12080 leader_election.cc:304] T a16604ed3a3d4c8785a982406ac1db83 P 4632a8f5529a4934816e439352928023 [CANDIDATE]: Term 2 pre-election: Election decided. Result: candidate lost. Election summary: received 3 responses out of 3 voters: 1 yes votes; 2 no votes. yes voters: 4632a8f5529a4934816e439352928023; no voters: 76b75067eae24be5994337310086433e, b4d3a63282df454da792143e6ae44a7b
I20260713 09:04:53.678663 12304 raft_consensus.cc:359] T 4134712b11474154b337fbf842070227 P 4632a8f5529a4934816e439352928023 [term 0 FOLLOWER]: Replica starting. Triggering 0 pending ops. Active config: opid_index: -1 OBSOLETE_local: false peers { permanent_uuid: "4632a8f5529a4934816e439352928023" member_type: VOTER last_known_addr { host: "127.10.196.1" port: 34003 } } peers { permanent_uuid: "76b75067eae24be5994337310086433e" member_type: VOTER last_known_addr { host: "127.10.196.2" port: 43389 } } peers { permanent_uuid: "b4d3a63282df454da792143e6ae44a7b" member_type: VOTER last_known_addr { host: "127.10.196.3" port: 39507 } }
I20260713 09:04:53.680192 12304 raft_consensus.cc:385] T 4134712b11474154b337fbf842070227 P 4632a8f5529a4934816e439352928023 [term 0 FOLLOWER]: Consensus starting up: Expiring failure detector timer to make a prompt election more likely
I20260713 09:04:53.680524 12304 raft_consensus.cc:740] T 4134712b11474154b337fbf842070227 P 4632a8f5529a4934816e439352928023 [term 0 FOLLOWER]: Becoming Follower/Learner. State: Replica: 4632a8f5529a4934816e439352928023, State: Initialized, Role: FOLLOWER
I20260713 09:04:53.681169 12304 consensus_queue.cc:260] T 4134712b11474154b337fbf842070227 P 4632a8f5529a4934816e439352928023 [NON_LEADER]: Queue going to NON_LEADER mode. State: All replicated index: 0, Majority replicated index: 0, Committed index: 0, Last appended: 0.0, Last appended by leader: 0, Current term: 0, Majority size: -1, State: 0, Mode: NON_LEADER, active raft config: opid_index: -1 OBSOLETE_local: false peers { permanent_uuid: "4632a8f5529a4934816e439352928023" member_type: VOTER last_known_addr { host: "127.10.196.1" port: 34003 } } peers { permanent_uuid: "76b75067eae24be5994337310086433e" member_type: VOTER last_known_addr { host: "127.10.196.2" port: 43389 } } peers { permanent_uuid: "b4d3a63282df454da792143e6ae44a7b" member_type: VOTER last_known_addr { host: "127.10.196.3" port: 39507 } }
I20260713 09:04:53.676725 12012 catalog_manager.cc:5697] T f72ead37e4ce4c8a8093eb8357ad27bf P 76b75067eae24be5994337310086433e reported cstate change: term changed from 0 to 1, leader changed from <none> to 76b75067eae24be5994337310086433e (127.10.196.2). New cstate: current_term: 1 leader_uuid: "76b75067eae24be5994337310086433e" committed_config { opid_index: -1 OBSOLETE_local: false peers { permanent_uuid: "4632a8f5529a4934816e439352928023" member_type: VOTER last_known_addr { host: "127.10.196.1" port: 34003 } health_report { overall_health: UNKNOWN } } peers { permanent_uuid: "76b75067eae24be5994337310086433e" member_type: VOTER last_known_addr { host: "127.10.196.2" port: 43389 } health_report { overall_health: HEALTHY } } peers { permanent_uuid: "b4d3a63282df454da792143e6ae44a7b" member_type: VOTER last_known_addr { host: "127.10.196.3" port: 39507 } health_report { overall_health: UNKNOWN } } }
I20260713 09:04:53.688031 12304 ts_tablet_manager.cc:1434] T 4134712b11474154b337fbf842070227 P 4632a8f5529a4934816e439352928023: Time spent starting tablet: real 0.066s	user 0.004s	sys 0.002s
I20260713 09:04:53.699791 12304 tablet_bootstrap.cc:492] T 01ee348bf3b8470ca98212484fbd40cf P 4632a8f5529a4934816e439352928023: Bootstrap starting.
I20260713 09:04:53.717718 12304 tablet_bootstrap.cc:654] T 01ee348bf3b8470ca98212484fbd40cf P 4632a8f5529a4934816e439352928023: Neither blocks nor log segments found. Creating new log.
W20260713 09:04:53.726184 12404 log.cc:927] Time spent T 287aec60c160465299c3a71df2d879a6 P 76b75067eae24be5994337310086433e: Append to log took a long time: real 0.069s	user 0.000s	sys 0.001s
I20260713 09:04:53.734616 12303 tablet_bootstrap.cc:654] T 78b7fafedd21414a91222a4043cc84a4 P 76b75067eae24be5994337310086433e: Neither blocks nor log segments found. Creating new log.
I20260713 09:04:53.737756 12381 raft_consensus.cc:2749] T a16604ed3a3d4c8785a982406ac1db83 P 4632a8f5529a4934816e439352928023 [term 1 FOLLOWER]: Leader pre-election lost for term 2. Reason: could not achieve majority
I20260713 09:04:53.773195 12012 catalog_manager.cc:5697] T 4134712b11474154b337fbf842070227 P b4d3a63282df454da792143e6ae44a7b reported cstate change: term changed from 0 to 1, leader changed from <none> to b4d3a63282df454da792143e6ae44a7b (127.10.196.3). New cstate: current_term: 1 leader_uuid: "b4d3a63282df454da792143e6ae44a7b" committed_config { opid_index: -1 OBSOLETE_local: false peers { permanent_uuid: "4632a8f5529a4934816e439352928023" member_type: VOTER last_known_addr { host: "127.10.196.1" port: 34003 } health_report { overall_health: UNKNOWN } } peers { permanent_uuid: "76b75067eae24be5994337310086433e" member_type: VOTER last_known_addr { host: "127.10.196.2" port: 43389 } health_report { overall_health: UNKNOWN } } peers { permanent_uuid: "b4d3a63282df454da792143e6ae44a7b" member_type: VOTER last_known_addr { host: "127.10.196.3" port: 39507 } health_report { overall_health: HEALTHY } } }
I20260713 09:04:53.782045 12305 tablet_bootstrap.cc:492] T 01ee348bf3b8470ca98212484fbd40cf P b4d3a63282df454da792143e6ae44a7b: No bootstrap required, opened a new log
I20260713 09:04:53.782522 12305 ts_tablet_manager.cc:1403] T 01ee348bf3b8470ca98212484fbd40cf P b4d3a63282df454da792143e6ae44a7b: Time spent bootstrapping tablet: real 0.304s	user 0.024s	sys 0.029s
I20260713 09:04:53.785485 12305 raft_consensus.cc:359] T 01ee348bf3b8470ca98212484fbd40cf P b4d3a63282df454da792143e6ae44a7b [term 0 FOLLOWER]: Replica starting. Triggering 0 pending ops. Active config: opid_index: -1 OBSOLETE_local: false peers { permanent_uuid: "4632a8f5529a4934816e439352928023" member_type: VOTER last_known_addr { host: "127.10.196.1" port: 34003 } } peers { permanent_uuid: "76b75067eae24be5994337310086433e" member_type: VOTER last_known_addr { host: "127.10.196.2" port: 43389 } } peers { permanent_uuid: "b4d3a63282df454da792143e6ae44a7b" member_type: VOTER last_known_addr { host: "127.10.196.3" port: 39507 } }
I20260713 09:04:53.786094 12305 raft_consensus.cc:385] T 01ee348bf3b8470ca98212484fbd40cf P b4d3a63282df454da792143e6ae44a7b [term 0 FOLLOWER]: Consensus starting up: Expiring failure detector timer to make a prompt election more likely
I20260713 09:04:53.786358 12305 raft_consensus.cc:740] T 01ee348bf3b8470ca98212484fbd40cf P b4d3a63282df454da792143e6ae44a7b [term 0 FOLLOWER]: Becoming Follower/Learner. State: Replica: b4d3a63282df454da792143e6ae44a7b, State: Initialized, Role: FOLLOWER
I20260713 09:04:53.786965 12305 consensus_queue.cc:260] T 01ee348bf3b8470ca98212484fbd40cf P b4d3a63282df454da792143e6ae44a7b [NON_LEADER]: Queue going to NON_LEADER mode. State: All replicated index: 0, Majority replicated index: 0, Committed index: 0, Last appended: 0.0, Last appended by leader: 0, Current term: 0, Majority size: -1, State: 0, Mode: NON_LEADER, active raft config: opid_index: -1 OBSOLETE_local: false peers { permanent_uuid: "4632a8f5529a4934816e439352928023" member_type: VOTER last_known_addr { host: "127.10.196.1" port: 34003 } } peers { permanent_uuid: "76b75067eae24be5994337310086433e" member_type: VOTER last_known_addr { host: "127.10.196.2" port: 43389 } } peers { permanent_uuid: "b4d3a63282df454da792143e6ae44a7b" member_type: VOTER last_known_addr { host: "127.10.196.3" port: 39507 } }
I20260713 09:04:53.787617 12398 consensus_queue.cc:1048] T f72ead37e4ce4c8a8093eb8357ad27bf P 76b75067eae24be5994337310086433e [LEADER]: Connected to new peer: Peer: permanent_uuid: "b4d3a63282df454da792143e6ae44a7b" member_type: VOTER last_known_addr { host: "127.10.196.3" port: 39507 }, Status: LMP_MISMATCH, Last received: 0.0, Next index: 1, Last known committed idx: 0, Time since last communication: 0.001s
I20260713 09:04:53.797838 12305 ts_tablet_manager.cc:1434] T 01ee348bf3b8470ca98212484fbd40cf P b4d3a63282df454da792143e6ae44a7b: Time spent starting tablet: real 0.015s	user 0.005s	sys 0.001s
I20260713 09:04:53.798650 12305 tablet_bootstrap.cc:492] T 1ba91429ee86426dbacc6b9526f9f68e P b4d3a63282df454da792143e6ae44a7b: Bootstrap starting.
I20260713 09:04:53.806140 12010 catalog_manager.cc:5697] T 9b493837defa441aac13daf6813afbfe P 4632a8f5529a4934816e439352928023 reported cstate change: term changed from 0 to 1, leader changed from <none> to 4632a8f5529a4934816e439352928023 (127.10.196.1). New cstate: current_term: 1 leader_uuid: "4632a8f5529a4934816e439352928023" committed_config { opid_index: -1 OBSOLETE_local: false peers { permanent_uuid: "4632a8f5529a4934816e439352928023" member_type: VOTER last_known_addr { host: "127.10.196.1" port: 34003 } health_report { overall_health: HEALTHY } } peers { permanent_uuid: "76b75067eae24be5994337310086433e" member_type: VOTER last_known_addr { host: "127.10.196.2" port: 43389 } health_report { overall_health: UNKNOWN } } peers { permanent_uuid: "b4d3a63282df454da792143e6ae44a7b" member_type: VOTER last_known_addr { host: "127.10.196.3" port: 39507 } health_report { overall_health: UNKNOWN } } }
I20260713 09:04:53.816628 12304 tablet_bootstrap.cc:492] T 01ee348bf3b8470ca98212484fbd40cf P 4632a8f5529a4934816e439352928023: No bootstrap required, opened a new log
I20260713 09:04:53.817090 12304 ts_tablet_manager.cc:1403] T 01ee348bf3b8470ca98212484fbd40cf P 4632a8f5529a4934816e439352928023: Time spent bootstrapping tablet: real 0.118s	user 0.012s	sys 0.008s
I20260713 09:04:53.818027 12305 tablet_bootstrap.cc:654] T 1ba91429ee86426dbacc6b9526f9f68e P b4d3a63282df454da792143e6ae44a7b: Neither blocks nor log segments found. Creating new log.
I20260713 09:04:53.819630 12304 raft_consensus.cc:359] T 01ee348bf3b8470ca98212484fbd40cf P 4632a8f5529a4934816e439352928023 [term 0 FOLLOWER]: Replica starting. Triggering 0 pending ops. Active config: opid_index: -1 OBSOLETE_local: false peers { permanent_uuid: "4632a8f5529a4934816e439352928023" member_type: VOTER last_known_addr { host: "127.10.196.1" port: 34003 } } peers { permanent_uuid: "76b75067eae24be5994337310086433e" member_type: VOTER last_known_addr { host: "127.10.196.2" port: 43389 } } peers { permanent_uuid: "b4d3a63282df454da792143e6ae44a7b" member_type: VOTER last_known_addr { host: "127.10.196.3" port: 39507 } }
I20260713 09:04:53.823443 12304 raft_consensus.cc:385] T 01ee348bf3b8470ca98212484fbd40cf P 4632a8f5529a4934816e439352928023 [term 0 FOLLOWER]: Consensus starting up: Expiring failure detector timer to make a prompt election more likely
I20260713 09:04:53.823736 12304 raft_consensus.cc:740] T 01ee348bf3b8470ca98212484fbd40cf P 4632a8f5529a4934816e439352928023 [term 0 FOLLOWER]: Becoming Follower/Learner. State: Replica: 4632a8f5529a4934816e439352928023, State: Initialized, Role: FOLLOWER
