I20260713 09:05:04.769708 12276 raft_consensus.cc:2955] T 45679e60d22144629b9eae2be4b17396 P b4ad26bff2844829a55ab7edc09b91ce [term 1 FOLLOWER]: Committing config change with OpId 1.3: config changed from index 2 to 3, 63c72eb137a74b4da9934faf03a3489f (127.10.212.4) changed from NON_VOTER to VOTER. New config: { opid_index: 3 OBSOLETE_local: false peers { permanent_uuid: "7def111be2a348f3964d3fe1ddbda7b8" member_type: VOTER last_known_addr { host: "127.10.212.1" port: 36393 } } peers { permanent_uuid: "b4ad26bff2844829a55ab7edc09b91ce" member_type: VOTER last_known_addr { host: "127.10.212.2" port: 43011 } attrs { replace: true } } peers { permanent_uuid: "e5663fe80d8840bead1616a3742921ef" member_type: VOTER last_known_addr { host: "127.10.212.3" port: 45855 } } peers { permanent_uuid: "63c72eb137a74b4da9934faf03a3489f" member_type: VOTER last_known_addr { host: "127.10.212.4" port: 45843 } attrs { promote: false } } }
I20260713 09:05:04.771103 12863 ts_tablet_manager.cc:1929] T 461886a6e8d1425f9bc7f44439137caa P e5663fe80d8840bead1616a3742921ef: tablet deleted with delete type TABLET_DATA_TOMBSTONED: last-logged OpId 1.3
I20260713 09:05:04.771536 12863 log.cc:1199] T 461886a6e8d1425f9bc7f44439137caa P e5663fe80d8840bead1616a3742921ef: Deleting WAL directory at /tmp/dist-test-taske02vC0/test-tmp/auto_leader_rebalancer-test.0.LeaderRebalancerTest.AddTserver.1783933468688775-11088-0/minicluster-data/ts-2-root/wals/461886a6e8d1425f9bc7f44439137caa
I20260713 09:05:04.773103 12085 catalog_manager.cc:5028] TS e5663fe80d8840bead1616a3742921ef (127.10.212.3:45855): tablet 461886a6e8d1425f9bc7f44439137caa (table test-workload [id=42b2033fc01a4b9fb464c89f7840d40c]) successfully deleted
I20260713 09:05:04.783789 12347 raft_consensus.cc:2955] T 45679e60d22144629b9eae2be4b17396 P e5663fe80d8840bead1616a3742921ef [term 1 FOLLOWER]: Committing config change with OpId 1.3: config changed from index 2 to 3, 63c72eb137a74b4da9934faf03a3489f (127.10.212.4) changed from NON_VOTER to VOTER. New config: { opid_index: 3 OBSOLETE_local: false peers { permanent_uuid: "7def111be2a348f3964d3fe1ddbda7b8" member_type: VOTER last_known_addr { host: "127.10.212.1" port: 36393 } } peers { permanent_uuid: "b4ad26bff2844829a55ab7edc09b91ce" member_type: VOTER last_known_addr { host: "127.10.212.2" port: 43011 } attrs { replace: true } } peers { permanent_uuid: "e5663fe80d8840bead1616a3742921ef" member_type: VOTER last_known_addr { host: "127.10.212.3" port: 45855 } } peers { permanent_uuid: "63c72eb137a74b4da9934faf03a3489f" member_type: VOTER last_known_addr { host: "127.10.212.4" port: 45843 } attrs { promote: false } } }
I20260713 09:05:04.786748 12086 catalog_manager.cc:5210] ChangeConfig:REMOVE_PEER RPC for tablet f7bb43bcf21f40fda397a7ff74ee9a22 with cas_config_opid_index 3: ChangeConfig:REMOVE_PEER succeeded (attempt 1)
I20260713 09:05:04.785005 12349 raft_consensus.cc:1275] T f7bb43bcf21f40fda397a7ff74ee9a22 P e5663fe80d8840bead1616a3742921ef [term 1 FOLLOWER]: Refusing update from remote peer b4ad26bff2844829a55ab7edc09b91ce: Log matching property violated. Preceding OpId in replica: term: 1 index: 3. Preceding OpId from leader: term: 1 index: 4. (index mismatch)
I20260713 09:05:04.783727 12098 catalog_manager.cc:5697] T 45679e60d22144629b9eae2be4b17396 P 7def111be2a348f3964d3fe1ddbda7b8 reported cstate change: config changed from index 2 to 3, 63c72eb137a74b4da9934faf03a3489f (127.10.212.4) changed from NON_VOTER to VOTER. New cstate: current_term: 1 leader_uuid: "7def111be2a348f3964d3fe1ddbda7b8" committed_config { opid_index: 3 OBSOLETE_local: false peers { permanent_uuid: "7def111be2a348f3964d3fe1ddbda7b8" member_type: VOTER last_known_addr { host: "127.10.212.1" port: 36393 } health_report { overall_health: HEALTHY } } peers { permanent_uuid: "b4ad26bff2844829a55ab7edc09b91ce" member_type: VOTER last_known_addr { host: "127.10.212.2" port: 43011 } attrs { replace: true } health_report { overall_health: HEALTHY } } peers { permanent_uuid: "e5663fe80d8840bead1616a3742921ef" member_type: VOTER last_known_addr { host: "127.10.212.3" port: 45855 } health_report { overall_health: UNKNOWN } } peers { permanent_uuid: "63c72eb137a74b4da9934faf03a3489f" member_type: VOTER last_known_addr { host: "127.10.212.4" port: 45843 } attrs { promote: false } health_report { overall_health: HEALTHY } } }
I20260713 09:05:04.793653 12201 raft_consensus.cc:2955] T 558231a9dfc3431ba8f377542b5c3152 P 7def111be2a348f3964d3fe1ddbda7b8 [term 1 FOLLOWER]: Committing config change with OpId 1.3: config changed from index 2 to 3, 63c72eb137a74b4da9934faf03a3489f (127.10.212.4) changed from NON_VOTER to VOTER. New config: { opid_index: 3 OBSOLETE_local: false peers { permanent_uuid: "7def111be2a348f3964d3fe1ddbda7b8" member_type: VOTER last_known_addr { host: "127.10.212.1" port: 36393 } } peers { permanent_uuid: "b4ad26bff2844829a55ab7edc09b91ce" member_type: VOTER last_known_addr { host: "127.10.212.2" port: 43011 } attrs { replace: true } } peers { permanent_uuid: "e5663fe80d8840bead1616a3742921ef" member_type: VOTER last_known_addr { host: "127.10.212.3" port: 45855 } } peers { permanent_uuid: "63c72eb137a74b4da9934faf03a3489f" member_type: VOTER last_known_addr { host: "127.10.212.4" port: 45843 } attrs { promote: false } } }
I20260713 09:05:04.794054 12097 catalog_manager.cc:5697] T f7bb43bcf21f40fda397a7ff74ee9a22 P 63c72eb137a74b4da9934faf03a3489f reported cstate change: config changed from index 3 to 4, VOTER 7def111be2a348f3964d3fe1ddbda7b8 (127.10.212.1) evicted. New cstate: current_term: 1 leader_uuid: "b4ad26bff2844829a55ab7edc09b91ce" committed_config { opid_index: 4 OBSOLETE_local: false peers { permanent_uuid: "b4ad26bff2844829a55ab7edc09b91ce" member_type: VOTER last_known_addr { host: "127.10.212.2" port: 43011 } } peers { permanent_uuid: "e5663fe80d8840bead1616a3742921ef" member_type: VOTER last_known_addr { host: "127.10.212.3" port: 45855 } } peers { permanent_uuid: "63c72eb137a74b4da9934faf03a3489f" member_type: VOTER last_known_addr { host: "127.10.212.4" port: 45843 } attrs { promote: false } } }
I20260713 09:05:04.806680 12794 consensus_queue.cc:1048] T f7bb43bcf21f40fda397a7ff74ee9a22 P b4ad26bff2844829a55ab7edc09b91ce [LEADER]: Connected to new peer: Peer: permanent_uuid: "e5663fe80d8840bead1616a3742921ef" member_type: VOTER last_known_addr { host: "127.10.212.3" port: 45855 }, Status: LMP_MISMATCH, Last received: 0.0, Next index: 4, Last known committed idx: 3, Time since last communication: 0.000s
I20260713 09:05:04.812202 12185 tablet_service.cc:1558] Processing DeleteTablet for tablet f7bb43bcf21f40fda397a7ff74ee9a22 with delete_type TABLET_DATA_TOMBSTONED (TS 7def111be2a348f3964d3fe1ddbda7b8 not found in new config with opid_index 4) from {username='slave'} at 127.0.0.1:46550
I20260713 09:05:04.818029 12347 raft_consensus.cc:2955] T f7bb43bcf21f40fda397a7ff74ee9a22 P e5663fe80d8840bead1616a3742921ef [term 1 FOLLOWER]: Committing config change with OpId 1.4: config changed from index 3 to 4, VOTER 7def111be2a348f3964d3fe1ddbda7b8 (127.10.212.1) evicted. New config: { opid_index: 4 OBSOLETE_local: false peers { permanent_uuid: "b4ad26bff2844829a55ab7edc09b91ce" member_type: VOTER last_known_addr { host: "127.10.212.2" port: 43011 } } peers { permanent_uuid: "e5663fe80d8840bead1616a3742921ef" member_type: VOTER last_known_addr { host: "127.10.212.3" port: 45855 } } peers { permanent_uuid: "63c72eb137a74b4da9934faf03a3489f" member_type: VOTER last_known_addr { host: "127.10.212.4" port: 45843 } attrs { promote: false } } }
I20260713 09:05:04.820827 12201 consensus_queue.cc:237] T 45679e60d22144629b9eae2be4b17396 P 7def111be2a348f3964d3fe1ddbda7b8 [LEADER]: Queue going to LEADER mode. State: All replicated index: 0, Majority replicated index: 3, Committed index: 3, Last appended: 1.3, Last appended by leader: 0, Current term: 1, Majority size: 2, State: 0, Mode: LEADER, active raft config: opid_index: 4 OBSOLETE_local: false peers { permanent_uuid: "7def111be2a348f3964d3fe1ddbda7b8" member_type: VOTER last_known_addr { host: "127.10.212.1" port: 36393 } } peers { permanent_uuid: "e5663fe80d8840bead1616a3742921ef" member_type: VOTER last_known_addr { host: "127.10.212.3" port: 45855 } } peers { permanent_uuid: "63c72eb137a74b4da9934faf03a3489f" member_type: VOTER last_known_addr { host: "127.10.212.4" port: 45843 } attrs { promote: false } }
I20260713 09:05:04.826509 12350 consensus_queue.cc:237] T 558231a9dfc3431ba8f377542b5c3152 P e5663fe80d8840bead1616a3742921ef [LEADER]: Queue going to LEADER mode. State: All replicated index: 0, Majority replicated index: 3, Committed index: 3, Last appended: 1.3, Last appended by leader: 0, Current term: 1, Majority size: 2, State: 0, Mode: LEADER, active raft config: opid_index: 4 OBSOLETE_local: false peers { permanent_uuid: "7def111be2a348f3964d3fe1ddbda7b8" member_type: VOTER last_known_addr { host: "127.10.212.1" port: 36393 } } peers { permanent_uuid: "e5663fe80d8840bead1616a3742921ef" member_type: VOTER last_known_addr { host: "127.10.212.3" port: 45855 } } peers { permanent_uuid: "63c72eb137a74b4da9934faf03a3489f" member_type: VOTER last_known_addr { host: "127.10.212.4" port: 45843 } attrs { promote: false } }
I20260713 09:05:04.829813 12349 raft_consensus.cc:1275] T 45679e60d22144629b9eae2be4b17396 P e5663fe80d8840bead1616a3742921ef [term 1 FOLLOWER]: Refusing update from remote peer 7def111be2a348f3964d3fe1ddbda7b8: Log matching property violated. Preceding OpId in replica: term: 1 index: 3. Preceding OpId from leader: term: 1 index: 4. (index mismatch)
I20260713 09:05:04.831871 12778 consensus_queue.cc:1048] T 45679e60d22144629b9eae2be4b17396 P 7def111be2a348f3964d3fe1ddbda7b8 [LEADER]: Connected to new peer: Peer: permanent_uuid: "e5663fe80d8840bead1616a3742921ef" member_type: VOTER last_known_addr { host: "127.10.212.3" port: 45855 }, Status: LMP_MISMATCH, Last received: 0.0, Next index: 4, Last known committed idx: 3, Time since last communication: 0.000s
I20260713 09:05:04.840147 12619 raft_consensus.cc:1275] T 558231a9dfc3431ba8f377542b5c3152 P 63c72eb137a74b4da9934faf03a3489f [term 1 FOLLOWER]: Refusing update from remote peer e5663fe80d8840bead1616a3742921ef: Log matching property violated. Preceding OpId in replica: term: 1 index: 3. Preceding OpId from leader: term: 1 index: 4. (index mismatch)
I20260713 09:05:04.839335 12838 raft_consensus.cc:2955] T 45679e60d22144629b9eae2be4b17396 P 7def111be2a348f3964d3fe1ddbda7b8 [term 1 LEADER]: Committing config change with OpId 1.4: config changed from index 3 to 4, VOTER b4ad26bff2844829a55ab7edc09b91ce (127.10.212.2) evicted. New config: { opid_index: 4 OBSOLETE_local: false peers { permanent_uuid: "7def111be2a348f3964d3fe1ddbda7b8" member_type: VOTER last_known_addr { host: "127.10.212.1" port: 36393 } } peers { permanent_uuid: "e5663fe80d8840bead1616a3742921ef" member_type: VOTER last_known_addr { host: "127.10.212.3" port: 45855 } } peers { permanent_uuid: "63c72eb137a74b4da9934faf03a3489f" member_type: VOTER last_known_addr { host: "127.10.212.4" port: 45843 } attrs { promote: false } } }
I20260713 09:05:04.842133 12349 raft_consensus.cc:2955] T 45679e60d22144629b9eae2be4b17396 P e5663fe80d8840bead1616a3742921ef [term 1 FOLLOWER]: Committing config change with OpId 1.4: config changed from index 3 to 4, VOTER b4ad26bff2844829a55ab7edc09b91ce (127.10.212.2) evicted. New config: { opid_index: 4 OBSOLETE_local: false peers { permanent_uuid: "7def111be2a348f3964d3fe1ddbda7b8" member_type: VOTER last_known_addr { host: "127.10.212.1" port: 36393 } } peers { permanent_uuid: "e5663fe80d8840bead1616a3742921ef" member_type: VOTER last_known_addr { host: "127.10.212.3" port: 45855 } } peers { permanent_uuid: "63c72eb137a74b4da9934faf03a3489f" member_type: VOTER last_known_addr { host: "127.10.212.4" port: 45843 } attrs { promote: false } } }
I20260713 09:05:04.845206 12845 consensus_queue.cc:1048] T 558231a9dfc3431ba8f377542b5c3152 P e5663fe80d8840bead1616a3742921ef [LEADER]: Connected to new peer: Peer: permanent_uuid: "63c72eb137a74b4da9934faf03a3489f" member_type: VOTER last_known_addr { host: "127.10.212.4" port: 45843 } attrs { promote: false }, Status: LMP_MISMATCH, Last received: 0.0, Next index: 4, Last known committed idx: 3, Time since last communication: 0.002s
I20260713 09:05:04.850916 12085 catalog_manager.cc:5210] ChangeConfig:REMOVE_PEER RPC for tablet 45679e60d22144629b9eae2be4b17396 with cas_config_opid_index 3: ChangeConfig:REMOVE_PEER succeeded (attempt 1)
I20260713 09:05:04.857718 12201 raft_consensus.cc:1275] T 558231a9dfc3431ba8f377542b5c3152 P 7def111be2a348f3964d3fe1ddbda7b8 [term 1 FOLLOWER]: Refusing update from remote peer e5663fe80d8840bead1616a3742921ef: Log matching property violated. Preceding OpId in replica: term: 1 index: 3. Preceding OpId from leader: term: 1 index: 4. (index mismatch)
I20260713 09:05:04.848793 12618 raft_consensus.cc:1275] T 45679e60d22144629b9eae2be4b17396 P 63c72eb137a74b4da9934faf03a3489f [term 1 FOLLOWER]: Refusing update from remote peer 7def111be2a348f3964d3fe1ddbda7b8: Log matching property violated. Preceding OpId in replica: term: 1 index: 3. Preceding OpId from leader: term: 1 index: 4. (index mismatch)
I20260713 09:05:04.859100 12845 consensus_queue.cc:1048] T 558231a9dfc3431ba8f377542b5c3152 P e5663fe80d8840bead1616a3742921ef [LEADER]: Connected to new peer: Peer: permanent_uuid: "7def111be2a348f3964d3fe1ddbda7b8" member_type: VOTER last_known_addr { host: "127.10.212.1" port: 36393 }, Status: LMP_MISMATCH, Last received: 0.0, Next index: 4, Last known committed idx: 3, Time since last communication: 0.000s
I20260713 09:05:04.861383 12855 raft_consensus.cc:2955] T 558231a9dfc3431ba8f377542b5c3152 P e5663fe80d8840bead1616a3742921ef [term 1 LEADER]: Committing config change with OpId 1.4: config changed from index 3 to 4, VOTER b4ad26bff2844829a55ab7edc09b91ce (127.10.212.2) evicted. New config: { opid_index: 4 OBSOLETE_local: false peers { permanent_uuid: "7def111be2a348f3964d3fe1ddbda7b8" member_type: VOTER last_known_addr { host: "127.10.212.1" port: 36393 } } peers { permanent_uuid: "e5663fe80d8840bead1616a3742921ef" member_type: VOTER last_known_addr { host: "127.10.212.3" port: 45855 } } peers { permanent_uuid: "63c72eb137a74b4da9934faf03a3489f" member_type: VOTER last_known_addr { host: "127.10.212.4" port: 45843 } attrs { promote: false } } }
I20260713 09:05:04.864104 12618 raft_consensus.cc:2955] T 558231a9dfc3431ba8f377542b5c3152 P 63c72eb137a74b4da9934faf03a3489f [term 1 FOLLOWER]: Committing config change with OpId 1.4: config changed from index 3 to 4, VOTER b4ad26bff2844829a55ab7edc09b91ce (127.10.212.2) evicted. New config: { opid_index: 4 OBSOLETE_local: false peers { permanent_uuid: "7def111be2a348f3964d3fe1ddbda7b8" member_type: VOTER last_known_addr { host: "127.10.212.1" port: 36393 } } peers { permanent_uuid: "e5663fe80d8840bead1616a3742921ef" member_type: VOTER last_known_addr { host: "127.10.212.3" port: 45855 } } peers { permanent_uuid: "63c72eb137a74b4da9934faf03a3489f" member_type: VOTER last_known_addr { host: "127.10.212.4" port: 45843 } attrs { promote: false } } }
I20260713 09:05:04.868139 12200 raft_consensus.cc:2955] T 558231a9dfc3431ba8f377542b5c3152 P 7def111be2a348f3964d3fe1ddbda7b8 [term 1 FOLLOWER]: Committing config change with OpId 1.4: config changed from index 3 to 4, VOTER b4ad26bff2844829a55ab7edc09b91ce (127.10.212.2) evicted. New config: { opid_index: 4 OBSOLETE_local: false peers { permanent_uuid: "7def111be2a348f3964d3fe1ddbda7b8" member_type: VOTER last_known_addr { host: "127.10.212.1" port: 36393 } } peers { permanent_uuid: "e5663fe80d8840bead1616a3742921ef" member_type: VOTER last_known_addr { host: "127.10.212.3" port: 45855 } } peers { permanent_uuid: "63c72eb137a74b4da9934faf03a3489f" member_type: VOTER last_known_addr { host: "127.10.212.4" port: 45843 } attrs { promote: false } } }
I20260713 09:05:04.869200 12838 consensus_queue.cc:1048] T 45679e60d22144629b9eae2be4b17396 P 7def111be2a348f3964d3fe1ddbda7b8 [LEADER]: Connected to new peer: Peer: permanent_uuid: "63c72eb137a74b4da9934faf03a3489f" member_type: VOTER last_known_addr { host: "127.10.212.4" port: 45843 } attrs { promote: false }, Status: LMP_MISMATCH, Last received: 0.0, Next index: 4, Last known committed idx: 3, Time since last communication: 0.000s
I20260713 09:05:04.872460 12099 catalog_manager.cc:5697] T 45679e60d22144629b9eae2be4b17396 P 7def111be2a348f3964d3fe1ddbda7b8 reported cstate change: config changed from index 3 to 4, VOTER b4ad26bff2844829a55ab7edc09b91ce (127.10.212.2) evicted. New cstate: current_term: 1 leader_uuid: "7def111be2a348f3964d3fe1ddbda7b8" committed_config { opid_index: 4 OBSOLETE_local: false peers { permanent_uuid: "7def111be2a348f3964d3fe1ddbda7b8" member_type: VOTER last_known_addr { host: "127.10.212.1" port: 36393 } health_report { overall_health: HEALTHY } } peers { permanent_uuid: "e5663fe80d8840bead1616a3742921ef" member_type: VOTER last_known_addr { host: "127.10.212.3" port: 45855 } health_report { overall_health: HEALTHY } } peers { permanent_uuid: "63c72eb137a74b4da9934faf03a3489f" member_type: VOTER last_known_addr { host: "127.10.212.4" port: 45843 } attrs { promote: false } health_report { overall_health: UNKNOWN } } }
I20260713 09:05:04.873750 12619 raft_consensus.cc:2955] T 45679e60d22144629b9eae2be4b17396 P 63c72eb137a74b4da9934faf03a3489f [term 1 FOLLOWER]: Committing config change with OpId 1.4: config changed from index 3 to 4, VOTER b4ad26bff2844829a55ab7edc09b91ce (127.10.212.2) evicted. New config: { opid_index: 4 OBSOLETE_local: false peers { permanent_uuid: "7def111be2a348f3964d3fe1ddbda7b8" member_type: VOTER last_known_addr { host: "127.10.212.1" port: 36393 } } peers { permanent_uuid: "e5663fe80d8840bead1616a3742921ef" member_type: VOTER last_known_addr { host: "127.10.212.3" port: 45855 } } peers { permanent_uuid: "63c72eb137a74b4da9934faf03a3489f" member_type: VOTER last_known_addr { host: "127.10.212.4" port: 45843 } attrs { promote: false } } }
I20260713 09:05:04.884243 12263 tablet_service.cc:1558] Processing DeleteTablet for tablet 45679e60d22144629b9eae2be4b17396 with delete_type TABLET_DATA_TOMBSTONED (TS b4ad26bff2844829a55ab7edc09b91ce not found in new config with opid_index 4) from {username='slave'} at 127.0.0.1:42240
I20260713 09:05:04.890496 12096 catalog_manager.cc:5697] T 558231a9dfc3431ba8f377542b5c3152 P 7def111be2a348f3964d3fe1ddbda7b8 reported cstate change: config changed from index 3 to 4, VOTER b4ad26bff2844829a55ab7edc09b91ce (127.10.212.2) evicted. New cstate: current_term: 1 leader_uuid: "e5663fe80d8840bead1616a3742921ef" committed_config { opid_index: 4 OBSOLETE_local: false peers { permanent_uuid: "7def111be2a348f3964d3fe1ddbda7b8" member_type: VOTER last_known_addr { host: "127.10.212.1" port: 36393 } } peers { permanent_uuid: "e5663fe80d8840bead1616a3742921ef" member_type: VOTER last_known_addr { host: "127.10.212.3" port: 45855 } } peers { permanent_uuid: "63c72eb137a74b4da9934faf03a3489f" member_type: VOTER last_known_addr { host: "127.10.212.4" port: 45843 } attrs { promote: false } } }
I20260713 09:05:04.894439 12085 catalog_manager.cc:5210] ChangeConfig:REMOVE_PEER RPC for tablet 558231a9dfc3431ba8f377542b5c3152 with cas_config_opid_index 3: ChangeConfig:REMOVE_PEER succeeded (attempt 1)
I20260713 09:05:04.894501 12864 tablet_replica.cc:333] T f7bb43bcf21f40fda397a7ff74ee9a22 P 7def111be2a348f3964d3fe1ddbda7b8: stopping tablet replica
I20260713 09:05:04.897456 12865 tablet_replica.cc:333] T 45679e60d22144629b9eae2be4b17396 P b4ad26bff2844829a55ab7edc09b91ce: stopping tablet replica
I20260713 09:05:04.898386 12865 raft_consensus.cc:2243] T 45679e60d22144629b9eae2be4b17396 P b4ad26bff2844829a55ab7edc09b91ce [term 1 FOLLOWER]: Raft consensus shutting down.
I20260713 09:05:04.899050 12865 raft_consensus.cc:2272] T 45679e60d22144629b9eae2be4b17396 P b4ad26bff2844829a55ab7edc09b91ce [term 1 FOLLOWER]: Raft consensus is shut down!
I20260713 09:05:04.896034 12864 raft_consensus.cc:2243] T f7bb43bcf21f40fda397a7ff74ee9a22 P 7def111be2a348f3964d3fe1ddbda7b8 [term 1 FOLLOWER]: Raft consensus shutting down.
I20260713 09:05:04.900342 12864 raft_consensus.cc:2272] T f7bb43bcf21f40fda397a7ff74ee9a22 P 7def111be2a348f3964d3fe1ddbda7b8 [term 1 FOLLOWER]: Raft consensus is shut down!
I20260713 09:05:04.905552 12263 tablet_service.cc:1558] Processing DeleteTablet for tablet 558231a9dfc3431ba8f377542b5c3152 with delete_type TABLET_DATA_TOMBSTONED (TS b4ad26bff2844829a55ab7edc09b91ce not found in new config with opid_index 4) from {username='slave'} at 127.0.0.1:42240
I20260713 09:05:04.907656 12864 ts_tablet_manager.cc:1916] T f7bb43bcf21f40fda397a7ff74ee9a22 P 7def111be2a348f3964d3fe1ddbda7b8: Deleting tablet data with delete state TABLET_DATA_TOMBSTONED
I20260713 09:05:04.908890 12865 ts_tablet_manager.cc:1916] T 45679e60d22144629b9eae2be4b17396 P b4ad26bff2844829a55ab7edc09b91ce: Deleting tablet data with delete state TABLET_DATA_TOMBSTONED
I20260713 09:05:04.921927 12865 ts_tablet_manager.cc:1929] T 45679e60d22144629b9eae2be4b17396 P b4ad26bff2844829a55ab7edc09b91ce: tablet deleted with delete type TABLET_DATA_TOMBSTONED: last-logged OpId 1.3
I20260713 09:05:04.922361 12865 log.cc:1199] T 45679e60d22144629b9eae2be4b17396 P b4ad26bff2844829a55ab7edc09b91ce: Deleting WAL directory at /tmp/dist-test-taske02vC0/test-tmp/auto_leader_rebalancer-test.0.LeaderRebalancerTest.AddTserver.1783933468688775-11088-0/minicluster-data/ts-1-root/wals/45679e60d22144629b9eae2be4b17396
I20260713 09:05:04.922757 12864 ts_tablet_manager.cc:1929] T f7bb43bcf21f40fda397a7ff74ee9a22 P 7def111be2a348f3964d3fe1ddbda7b8: tablet deleted with delete type TABLET_DATA_TOMBSTONED: last-logged OpId 1.3
I20260713 09:05:04.923115 12864 log.cc:1199] T f7bb43bcf21f40fda397a7ff74ee9a22 P 7def111be2a348f3964d3fe1ddbda7b8: Deleting WAL directory at /tmp/dist-test-taske02vC0/test-tmp/auto_leader_rebalancer-test.0.LeaderRebalancerTest.AddTserver.1783933468688775-11088-0/minicluster-data/ts-0-root/wals/f7bb43bcf21f40fda397a7ff74ee9a22
I20260713 09:05:04.923851 12865 tablet_replica.cc:333] T 558231a9dfc3431ba8f377542b5c3152 P b4ad26bff2844829a55ab7edc09b91ce: stopping tablet replica
I20260713 09:05:04.923777 12086 catalog_manager.cc:5028] TS b4ad26bff2844829a55ab7edc09b91ce (127.10.212.2:43011): tablet 45679e60d22144629b9eae2be4b17396 (table test-workload [id=42b2033fc01a4b9fb464c89f7840d40c]) successfully deleted
I20260713 09:05:04.924516 12085 catalog_manager.cc:5028] TS 7def111be2a348f3964d3fe1ddbda7b8 (127.10.212.1:36393): tablet f7bb43bcf21f40fda397a7ff74ee9a22 (table test-workload [id=42b2033fc01a4b9fb464c89f7840d40c]) successfully deleted
I20260713 09:05:04.924932 12865 raft_consensus.cc:2243] T 558231a9dfc3431ba8f377542b5c3152 P b4ad26bff2844829a55ab7edc09b91ce [term 1 FOLLOWER]: Raft consensus shutting down.
I20260713 09:05:04.925599 12865 raft_consensus.cc:2272] T 558231a9dfc3431ba8f377542b5c3152 P b4ad26bff2844829a55ab7edc09b91ce [term 1 FOLLOWER]: Raft consensus is shut down!
I20260713 09:05:04.928536 12865 ts_tablet_manager.cc:1916] T 558231a9dfc3431ba8f377542b5c3152 P b4ad26bff2844829a55ab7edc09b91ce: Deleting tablet data with delete state TABLET_DATA_TOMBSTONED
I20260713 09:05:04.939132 12865 ts_tablet_manager.cc:1929] T 558231a9dfc3431ba8f377542b5c3152 P b4ad26bff2844829a55ab7edc09b91ce: tablet deleted with delete type TABLET_DATA_TOMBSTONED: last-logged OpId 1.3
I20260713 09:05:04.939395 12865 log.cc:1199] T 558231a9dfc3431ba8f377542b5c3152 P b4ad26bff2844829a55ab7edc09b91ce: Deleting WAL directory at /tmp/dist-test-taske02vC0/test-tmp/auto_leader_rebalancer-test.0.LeaderRebalancerTest.AddTserver.1783933468688775-11088-0/minicluster-data/ts-1-root/wals/558231a9dfc3431ba8f377542b5c3152
I20260713 09:05:04.940586 12086 catalog_manager.cc:5028] TS b4ad26bff2844829a55ab7edc09b91ce (127.10.212.2:43011): tablet 558231a9dfc3431ba8f377542b5c3152 (table test-workload [id=42b2033fc01a4b9fb464c89f7840d40c]) successfully deleted
I20260713 09:05:05.936128 12201 consensus_queue.cc:237] T f04ca761a89845a8a80f003470aff2bd P 7def111be2a348f3964d3fe1ddbda7b8 [LEADER]: Queue going to LEADER mode. State: All replicated index: 0, Majority replicated index: 1, Committed index: 1, Last appended: 1.1, Last appended by leader: 0, Current term: 1, Majority size: 2, State: 0, Mode: LEADER, active raft config: opid_index: 2 OBSOLETE_local: false peers { permanent_uuid: "7def111be2a348f3964d3fe1ddbda7b8" member_type: VOTER last_known_addr { host: "127.10.212.1" port: 36393 } } peers { permanent_uuid: "b4ad26bff2844829a55ab7edc09b91ce" member_type: VOTER last_known_addr { host: "127.10.212.2" port: 43011 } attrs { replace: true } } peers { permanent_uuid: "e5663fe80d8840bead1616a3742921ef" member_type: VOTER last_known_addr { host: "127.10.212.3" port: 45855 } } peers { permanent_uuid: "63c72eb137a74b4da9934faf03a3489f" member_type: NON_VOTER last_known_addr { host: "127.10.212.4" port: 45843 } attrs { promote: true } }
I20260713 09:05:05.942173 12276 raft_consensus.cc:1275] T f04ca761a89845a8a80f003470aff2bd P b4ad26bff2844829a55ab7edc09b91ce [term 1 FOLLOWER]: Refusing update from remote peer 7def111be2a348f3964d3fe1ddbda7b8: Log matching property violated. Preceding OpId in replica: term: 1 index: 1. Preceding OpId from leader: term: 1 index: 2. (index mismatch)
W20260713 09:05:05.942262 12167 consensus_peers.cc:597] T f04ca761a89845a8a80f003470aff2bd P 7def111be2a348f3964d3fe1ddbda7b8 -> Peer 63c72eb137a74b4da9934faf03a3489f (127.10.212.4:45843): Couldn't send request to peer 63c72eb137a74b4da9934faf03a3489f. Error code: TABLET_NOT_FOUND (6). Status: Not found: Tablet not found: f04ca761a89845a8a80f003470aff2bd. This is attempt 1: this message will repeat every 5th retry.
I20260713 09:05:05.942600 12350 raft_consensus.cc:1275] T f04ca761a89845a8a80f003470aff2bd P e5663fe80d8840bead1616a3742921ef [term 1 FOLLOWER]: Refusing update from remote peer 7def111be2a348f3964d3fe1ddbda7b8: Log matching property violated. Preceding OpId in replica: term: 1 index: 1. Preceding OpId from leader: term: 1 index: 2. (index mismatch)
I20260713 09:05:05.943514 12867 consensus_queue.cc:1048] T f04ca761a89845a8a80f003470aff2bd P 7def111be2a348f3964d3fe1ddbda7b8 [LEADER]: Connected to new peer: Peer: permanent_uuid: "b4ad26bff2844829a55ab7edc09b91ce" member_type: VOTER last_known_addr { host: "127.10.212.2" port: 43011 } attrs { replace: true }, Status: LMP_MISMATCH, Last received: 0.0, Next index: 2, Last known committed idx: 1, Time since last communication: 0.000s
I20260713 09:05:05.944422 12778 consensus_queue.cc:1048] T f04ca761a89845a8a80f003470aff2bd P 7def111be2a348f3964d3fe1ddbda7b8 [LEADER]: Connected to new peer: Peer: permanent_uuid: "e5663fe80d8840bead1616a3742921ef" member_type: VOTER last_known_addr { host: "127.10.212.3" port: 45855 }, Status: LMP_MISMATCH, Last received: 0.0, Next index: 2, Last known committed idx: 1, Time since last communication: 0.000s
I20260713 09:05:05.951020 12867 raft_consensus.cc:2955] T f04ca761a89845a8a80f003470aff2bd P 7def111be2a348f3964d3fe1ddbda7b8 [term 1 LEADER]: Committing config change with OpId 1.2: config changed from index -1 to 2, NON_VOTER 63c72eb137a74b4da9934faf03a3489f (127.10.212.4) added. New config: { opid_index: 2 OBSOLETE_local: false peers { permanent_uuid: "7def111be2a348f3964d3fe1ddbda7b8" member_type: VOTER last_known_addr { host: "127.10.212.1" port: 36393 } } peers { permanent_uuid: "b4ad26bff2844829a55ab7edc09b91ce" member_type: VOTER last_known_addr { host: "127.10.212.2" port: 43011 } attrs { replace: true } } peers { permanent_uuid: "e5663fe80d8840bead1616a3742921ef" member_type: VOTER last_known_addr { host: "127.10.212.3" port: 45855 } } peers { permanent_uuid: "63c72eb137a74b4da9934faf03a3489f" member_type: NON_VOTER last_known_addr { host: "127.10.212.4" port: 45843 } attrs { promote: true } } }
I20260713 09:05:05.952775 12350 raft_consensus.cc:2955] T f04ca761a89845a8a80f003470aff2bd P e5663fe80d8840bead1616a3742921ef [term 1 FOLLOWER]: Committing config change with OpId 1.2: config changed from index -1 to 2, NON_VOTER 63c72eb137a74b4da9934faf03a3489f (127.10.212.4) added. New config: { opid_index: 2 OBSOLETE_local: false peers { permanent_uuid: "7def111be2a348f3964d3fe1ddbda7b8" member_type: VOTER last_known_addr { host: "127.10.212.1" port: 36393 } } peers { permanent_uuid: "b4ad26bff2844829a55ab7edc09b91ce" member_type: VOTER last_known_addr { host: "127.10.212.2" port: 43011 } attrs { replace: true } } peers { permanent_uuid: "e5663fe80d8840bead1616a3742921ef" member_type: VOTER last_known_addr { host: "127.10.212.3" port: 45855 } } peers { permanent_uuid: "63c72eb137a74b4da9934faf03a3489f" member_type: NON_VOTER last_known_addr { host: "127.10.212.4" port: 45843 } attrs { promote: true } } }
I20260713 09:05:05.953919 12276 raft_consensus.cc:2955] T f04ca761a89845a8a80f003470aff2bd P b4ad26bff2844829a55ab7edc09b91ce [term 1 FOLLOWER]: Committing config change with OpId 1.2: config changed from index -1 to 2, NON_VOTER 63c72eb137a74b4da9934faf03a3489f (127.10.212.4) added. New config: { opid_index: 2 OBSOLETE_local: false peers { permanent_uuid: "7def111be2a348f3964d3fe1ddbda7b8" member_type: VOTER last_known_addr { host: "127.10.212.1" port: 36393 } } peers { permanent_uuid: "b4ad26bff2844829a55ab7edc09b91ce" member_type: VOTER last_known_addr { host: "127.10.212.2" port: 43011 } attrs { replace: true } } peers { permanent_uuid: "e5663fe80d8840bead1616a3742921ef" member_type: VOTER last_known_addr { host: "127.10.212.3" port: 45855 } } peers { permanent_uuid: "63c72eb137a74b4da9934faf03a3489f" member_type: NON_VOTER last_known_addr { host: "127.10.212.4" port: 45843 } attrs { promote: true } } }
I20260713 09:05:05.967268 12097 catalog_manager.cc:5697] T f04ca761a89845a8a80f003470aff2bd P b4ad26bff2844829a55ab7edc09b91ce reported cstate change: config changed from index -1 to 2, NON_VOTER 63c72eb137a74b4da9934faf03a3489f (127.10.212.4) added. New cstate: current_term: 1 leader_uuid: "7def111be2a348f3964d3fe1ddbda7b8" committed_config { opid_index: 2 OBSOLETE_local: false peers { permanent_uuid: "7def111be2a348f3964d3fe1ddbda7b8" member_type: VOTER last_known_addr { host: "127.10.212.1" port: 36393 } } peers { permanent_uuid: "b4ad26bff2844829a55ab7edc09b91ce" member_type: VOTER last_known_addr { host: "127.10.212.2" port: 43011 } attrs { replace: true } } peers { permanent_uuid: "e5663fe80d8840bead1616a3742921ef" member_type: VOTER last_known_addr { host: "127.10.212.3" port: 45855 } } peers { permanent_uuid: "63c72eb137a74b4da9934faf03a3489f" member_type: NON_VOTER last_known_addr { host: "127.10.212.4" port: 45843 } attrs { promote: true } } }
I20260713 09:05:05.969672 12273 consensus_queue.cc:237] T 9b8ad931453f47678da0e5f03942053f P b4ad26bff2844829a55ab7edc09b91ce [LEADER]: Queue going to LEADER mode. State: All replicated index: 0, Majority replicated index: 1, Committed index: 1, Last appended: 1.1, Last appended by leader: 0, Current term: 1, Majority size: 2, State: 0, Mode: LEADER, active raft config: opid_index: 2 OBSOLETE_local: false peers { permanent_uuid: "7def111be2a348f3964d3fe1ddbda7b8" member_type: VOTER last_known_addr { host: "127.10.212.1" port: 36393 } } peers { permanent_uuid: "b4ad26bff2844829a55ab7edc09b91ce" member_type: VOTER last_known_addr { host: "127.10.212.2" port: 43011 } } peers { permanent_uuid: "e5663fe80d8840bead1616a3742921ef" member_type: VOTER last_known_addr { host: "127.10.212.3" port: 45855 } attrs { replace: true } } peers { permanent_uuid: "63c72eb137a74b4da9934faf03a3489f" member_type: NON_VOTER last_known_addr { host: "127.10.212.4" port: 45843 } attrs { promote: true } }
W20260713 09:05:05.977450 12242 consensus_peers.cc:597] T 9b8ad931453f47678da0e5f03942053f P b4ad26bff2844829a55ab7edc09b91ce -> Peer 63c72eb137a74b4da9934faf03a3489f (127.10.212.4:45843): Couldn't send request to peer 63c72eb137a74b4da9934faf03a3489f. Error code: TABLET_NOT_FOUND (6). Status: Not found: Tablet not found: 9b8ad931453f47678da0e5f03942053f. This is attempt 1: this message will repeat every 5th retry.
I20260713 09:05:05.977766 12350 raft_consensus.cc:1275] T 9b8ad931453f47678da0e5f03942053f P e5663fe80d8840bead1616a3742921ef [term 1 FOLLOWER]: Refusing update from remote peer b4ad26bff2844829a55ab7edc09b91ce: Log matching property violated. Preceding OpId in replica: term: 1 index: 1. Preceding OpId from leader: term: 1 index: 2. (index mismatch)
I20260713 09:05:05.979243 12817 consensus_queue.cc:1048] T 9b8ad931453f47678da0e5f03942053f P b4ad26bff2844829a55ab7edc09b91ce [LEADER]: Connected to new peer: Peer: permanent_uuid: "e5663fe80d8840bead1616a3742921ef" member_type: VOTER last_known_addr { host: "127.10.212.3" port: 45855 } attrs { replace: true }, Status: LMP_MISMATCH, Last received: 0.0, Next index: 2, Last known committed idx: 1, Time since last communication: 0.001s
I20260713 09:05:05.982152 12201 raft_consensus.cc:1275] T 9b8ad931453f47678da0e5f03942053f P 7def111be2a348f3964d3fe1ddbda7b8 [term 1 FOLLOWER]: Refusing update from remote peer b4ad26bff2844829a55ab7edc09b91ce: Log matching property violated. Preceding OpId in replica: term: 1 index: 1. Preceding OpId from leader: term: 1 index: 2. (index mismatch)
I20260713 09:05:05.983374 12817 consensus_queue.cc:1048] T 9b8ad931453f47678da0e5f03942053f P b4ad26bff2844829a55ab7edc09b91ce [LEADER]: Connected to new peer: Peer: permanent_uuid: "7def111be2a348f3964d3fe1ddbda7b8" member_type: VOTER last_known_addr { host: "127.10.212.1" port: 36393 }, Status: LMP_MISMATCH, Last received: 0.0, Next index: 2, Last known committed idx: 1, Time since last communication: 0.000s
I20260713 09:05:05.992129 12817 raft_consensus.cc:2955] T 9b8ad931453f47678da0e5f03942053f P b4ad26bff2844829a55ab7edc09b91ce [term 1 LEADER]: Committing config change with OpId 1.2: config changed from index -1 to 2, NON_VOTER 63c72eb137a74b4da9934faf03a3489f (127.10.212.4) added. New config: { opid_index: 2 OBSOLETE_local: false peers { permanent_uuid: "7def111be2a348f3964d3fe1ddbda7b8" member_type: VOTER last_known_addr { host: "127.10.212.1" port: 36393 } } peers { permanent_uuid: "b4ad26bff2844829a55ab7edc09b91ce" member_type: VOTER last_known_addr { host: "127.10.212.2" port: 43011 } } peers { permanent_uuid: "e5663fe80d8840bead1616a3742921ef" member_type: VOTER last_known_addr { host: "127.10.212.3" port: 45855 } attrs { replace: true } } peers { permanent_uuid: "63c72eb137a74b4da9934faf03a3489f" member_type: NON_VOTER last_known_addr { host: "127.10.212.4" port: 45843 } attrs { promote: true } } }
I20260713 09:05:05.997081 12201 raft_consensus.cc:2955] T 9b8ad931453f47678da0e5f03942053f P 7def111be2a348f3964d3fe1ddbda7b8 [term 1 FOLLOWER]: Committing config change with OpId 1.2: config changed from index -1 to 2, NON_VOTER 63c72eb137a74b4da9934faf03a3489f (127.10.212.4) added. New config: { opid_index: 2 OBSOLETE_local: false peers { permanent_uuid: "7def111be2a348f3964d3fe1ddbda7b8" member_type: VOTER last_known_addr { host: "127.10.212.1" port: 36393 } } peers { permanent_uuid: "b4ad26bff2844829a55ab7edc09b91ce" member_type: VOTER last_known_addr { host: "127.10.212.2" port: 43011 } } peers { permanent_uuid: "e5663fe80d8840bead1616a3742921ef" member_type: VOTER last_known_addr { host: "127.10.212.3" port: 45855 } attrs { replace: true } } peers { permanent_uuid: "63c72eb137a74b4da9934faf03a3489f" member_type: NON_VOTER last_known_addr { host: "127.10.212.4" port: 45843 } attrs { promote: true } } }
I20260713 09:05:05.998275 12349 raft_consensus.cc:2955] T 9b8ad931453f47678da0e5f03942053f P e5663fe80d8840bead1616a3742921ef [term 1 FOLLOWER]: Committing config change with OpId 1.2: config changed from index -1 to 2, NON_VOTER 63c72eb137a74b4da9934faf03a3489f (127.10.212.4) added. New config: { opid_index: 2 OBSOLETE_local: false peers { permanent_uuid: "7def111be2a348f3964d3fe1ddbda7b8" member_type: VOTER last_known_addr { host: "127.10.212.1" port: 36393 } } peers { permanent_uuid: "b4ad26bff2844829a55ab7edc09b91ce" member_type: VOTER last_known_addr { host: "127.10.212.2" port: 43011 } } peers { permanent_uuid: "e5663fe80d8840bead1616a3742921ef" member_type: VOTER last_known_addr { host: "127.10.212.3" port: 45855 } attrs { replace: true } } peers { permanent_uuid: "63c72eb137a74b4da9934faf03a3489f" member_type: NON_VOTER last_known_addr { host: "127.10.212.4" port: 45843 } attrs { promote: true } } }
I20260713 09:05:06.006891 12276 consensus_queue.cc:237] T 1169c273735441aa9a6dd2e924716be7 P b4ad26bff2844829a55ab7edc09b91ce [LEADER]: Queue going to LEADER mode. State: All replicated index: 0, Majority replicated index: 1, Committed index: 1, Last appended: 1.1, Last appended by leader: 0, Current term: 1, Majority size: 2, State: 0, Mode: LEADER, active raft config: opid_index: 2 OBSOLETE_local: false peers { permanent_uuid: "7def111be2a348f3964d3fe1ddbda7b8" member_type: VOTER last_known_addr { host: "127.10.212.1" port: 36393 } attrs { replace: true } } peers { permanent_uuid: "b4ad26bff2844829a55ab7edc09b91ce" member_type: VOTER last_known_addr { host: "127.10.212.2" port: 43011 } } peers { permanent_uuid: "e5663fe80d8840bead1616a3742921ef" member_type: VOTER last_known_addr { host: "127.10.212.3" port: 45855 } } peers { permanent_uuid: "63c72eb137a74b4da9934faf03a3489f" member_type: NON_VOTER last_known_addr { host: "127.10.212.4" port: 45843 } attrs { promote: true } }
I20260713 09:05:06.012274 12099 catalog_manager.cc:5697] T 9b8ad931453f47678da0e5f03942053f P 7def111be2a348f3964d3fe1ddbda7b8 reported cstate change: config changed from index -1 to 2, NON_VOTER 63c72eb137a74b4da9934faf03a3489f (127.10.212.4) added. New cstate: current_term: 1 leader_uuid: "b4ad26bff2844829a55ab7edc09b91ce" committed_config { opid_index: 2 OBSOLETE_local: false peers { permanent_uuid: "7def111be2a348f3964d3fe1ddbda7b8" member_type: VOTER last_known_addr { host: "127.10.212.1" port: 36393 } } peers { permanent_uuid: "b4ad26bff2844829a55ab7edc09b91ce" member_type: VOTER last_known_addr { host: "127.10.212.2" port: 43011 } } peers { permanent_uuid: "e5663fe80d8840bead1616a3742921ef" member_type: VOTER last_known_addr { host: "127.10.212.3" port: 45855 } attrs { replace: true } } peers { permanent_uuid: "63c72eb137a74b4da9934faf03a3489f" member_type: NON_VOTER last_known_addr { host: "127.10.212.4" port: 45843 } attrs { promote: true } } }
W20260713 09:05:06.021366 12242 consensus_peers.cc:597] T 1169c273735441aa9a6dd2e924716be7 P b4ad26bff2844829a55ab7edc09b91ce -> Peer 63c72eb137a74b4da9934faf03a3489f (127.10.212.4:45843): Couldn't send request to peer 63c72eb137a74b4da9934faf03a3489f. Error code: TABLET_NOT_FOUND (6). Status: Not found: Tablet not found: 1169c273735441aa9a6dd2e924716be7. This is attempt 1: this message will repeat every 5th retry.
I20260713 09:05:06.021660 12349 raft_consensus.cc:1275] T 1169c273735441aa9a6dd2e924716be7 P e5663fe80d8840bead1616a3742921ef [term 1 FOLLOWER]: Refusing update from remote peer b4ad26bff2844829a55ab7edc09b91ce: Log matching property violated. Preceding OpId in replica: term: 1 index: 1. Preceding OpId from leader: term: 1 index: 2. (index mismatch)
I20260713 09:05:06.021797 12201 raft_consensus.cc:1275] T 1169c273735441aa9a6dd2e924716be7 P 7def111be2a348f3964d3fe1ddbda7b8 [term 1 FOLLOWER]: Refusing update from remote peer b4ad26bff2844829a55ab7edc09b91ce: Log matching property violated. Preceding OpId in replica: term: 1 index: 1. Preceding OpId from leader: term: 1 index: 2. (index mismatch)
I20260713 09:05:06.022943 12817 consensus_queue.cc:1048] T 1169c273735441aa9a6dd2e924716be7 P b4ad26bff2844829a55ab7edc09b91ce [LEADER]: Connected to new peer: Peer: permanent_uuid: "e5663fe80d8840bead1616a3742921ef" member_type: VOTER last_known_addr { host: "127.10.212.3" port: 45855 }, Status: LMP_MISMATCH, Last received: 0.0, Next index: 2, Last known committed idx: 1, Time since last communication: 0.000s
I20260713 09:05:06.023757 12875 consensus_queue.cc:1048] T 1169c273735441aa9a6dd2e924716be7 P b4ad26bff2844829a55ab7edc09b91ce [LEADER]: Connected to new peer: Peer: permanent_uuid: "7def111be2a348f3964d3fe1ddbda7b8" member_type: VOTER last_known_addr { host: "127.10.212.1" port: 36393 } attrs { replace: true }, Status: LMP_MISMATCH, Last received: 0.0, Next index: 2, Last known committed idx: 1, Time since last communication: 0.000s
I20260713 09:05:06.034264 12875 raft_consensus.cc:2955] T 1169c273735441aa9a6dd2e924716be7 P b4ad26bff2844829a55ab7edc09b91ce [term 1 LEADER]: Committing config change with OpId 1.2: config changed from index -1 to 2, NON_VOTER 63c72eb137a74b4da9934faf03a3489f (127.10.212.4) added. New config: { opid_index: 2 OBSOLETE_local: false peers { permanent_uuid: "7def111be2a348f3964d3fe1ddbda7b8" member_type: VOTER last_known_addr { host: "127.10.212.1" port: 36393 } attrs { replace: true } } peers { permanent_uuid: "b4ad26bff2844829a55ab7edc09b91ce" member_type: VOTER last_known_addr { host: "127.10.212.2" port: 43011 } } peers { permanent_uuid: "e5663fe80d8840bead1616a3742921ef" member_type: VOTER last_known_addr { host: "127.10.212.3" port: 45855 } } peers { permanent_uuid: "63c72eb137a74b4da9934faf03a3489f" member_type: NON_VOTER last_known_addr { host: "127.10.212.4" port: 45843 } attrs { promote: true } } }
I20260713 09:05:06.037523 12350 raft_consensus.cc:2955] T 1169c273735441aa9a6dd2e924716be7 P e5663fe80d8840bead1616a3742921ef [term 1 FOLLOWER]: Committing config change with OpId 1.2: config changed from index -1 to 2, NON_VOTER 63c72eb137a74b4da9934faf03a3489f (127.10.212.4) added. New config: { opid_index: 2 OBSOLETE_local: false peers { permanent_uuid: "7def111be2a348f3964d3fe1ddbda7b8" member_type: VOTER last_known_addr { host: "127.10.212.1" port: 36393 } attrs { replace: true } } peers { permanent_uuid: "b4ad26bff2844829a55ab7edc09b91ce" member_type: VOTER last_known_addr { host: "127.10.212.2" port: 43011 } } peers { permanent_uuid: "e5663fe80d8840bead1616a3742921ef" member_type: VOTER last_known_addr { host: "127.10.212.3" port: 45855 } } peers { permanent_uuid: "63c72eb137a74b4da9934faf03a3489f" member_type: NON_VOTER last_known_addr { host: "127.10.212.4" port: 45843 } attrs { promote: true } } }
I20260713 09:05:06.038972 12201 raft_consensus.cc:2955] T 1169c273735441aa9a6dd2e924716be7 P 7def111be2a348f3964d3fe1ddbda7b8 [term 1 FOLLOWER]: Committing config change with OpId 1.2: config changed from index -1 to 2, NON_VOTER 63c72eb137a74b4da9934faf03a3489f (127.10.212.4) added. New config: { opid_index: 2 OBSOLETE_local: false peers { permanent_uuid: "7def111be2a348f3964d3fe1ddbda7b8" member_type: VOTER last_known_addr { host: "127.10.212.1" port: 36393 } attrs { replace: true } } peers { permanent_uuid: "b4ad26bff2844829a55ab7edc09b91ce" member_type: VOTER last_known_addr { host: "127.10.212.2" port: 43011 } } peers { permanent_uuid: "e5663fe80d8840bead1616a3742921ef" member_type: VOTER last_known_addr { host: "127.10.212.3" port: 45855 } } peers { permanent_uuid: "63c72eb137a74b4da9934faf03a3489f" member_type: NON_VOTER last_known_addr { host: "127.10.212.4" port: 45843 } attrs { promote: true } } }
I20260713 09:05:06.050700 12097 catalog_manager.cc:5697] T 1169c273735441aa9a6dd2e924716be7 P b4ad26bff2844829a55ab7edc09b91ce reported cstate change: config changed from index -1 to 2, NON_VOTER 63c72eb137a74b4da9934faf03a3489f (127.10.212.4) added. New cstate: current_term: 1 leader_uuid: "b4ad26bff2844829a55ab7edc09b91ce" committed_config { opid_index: 2 OBSOLETE_local: false peers { permanent_uuid: "7def111be2a348f3964d3fe1ddbda7b8" member_type: VOTER last_known_addr { host: "127.10.212.1" port: 36393 } attrs { replace: true } health_report { overall_health: HEALTHY } } peers { permanent_uuid: "b4ad26bff2844829a55ab7edc09b91ce" member_type: VOTER last_known_addr { host: "127.10.212.2" port: 43011 } health_report { overall_health: HEALTHY } } peers { permanent_uuid: "e5663fe80d8840bead1616a3742921ef" member_type: VOTER last_known_addr { host: "127.10.212.3" port: 45855 } health_report { overall_health: HEALTHY } } peers { permanent_uuid: "63c72eb137a74b4da9934faf03a3489f" member_type: NON_VOTER last_known_addr { host: "127.10.212.4" port: 45843 } attrs { promote: true } health_report { overall_health: UNKNOWN } } }
I20260713 09:05:06.051455 12349 consensus_queue.cc:237] T 1e8431b597ee4a4fa55e58e9a985b8a3 P e5663fe80d8840bead1616a3742921ef [LEADER]: Queue going to LEADER mode. State: All replicated index: 0, Majority replicated index: 1, Committed index: 1, Last appended: 1.1, Last appended by leader: 0, Current term: 1, Majority size: 2, State: 0, Mode: LEADER, active raft config: opid_index: 2 OBSOLETE_local: false peers { permanent_uuid: "7def111be2a348f3964d3fe1ddbda7b8" member_type: VOTER last_known_addr { host: "127.10.212.1" port: 36393 } attrs { replace: true } } peers { permanent_uuid: "b4ad26bff2844829a55ab7edc09b91ce" member_type: VOTER last_known_addr { host: "127.10.212.2" port: 43011 } } peers { permanent_uuid: "e5663fe80d8840bead1616a3742921ef" member_type: VOTER last_known_addr { host: "127.10.212.3" port: 45855 } } peers { permanent_uuid: "63c72eb137a74b4da9934faf03a3489f" member_type: NON_VOTER last_known_addr { host: "127.10.212.4" port: 45843 } attrs { promote: true } }
W20260713 09:05:06.058991 12316 consensus_peers.cc:597] T 1e8431b597ee4a4fa55e58e9a985b8a3 P e5663fe80d8840bead1616a3742921ef -> Peer 63c72eb137a74b4da9934faf03a3489f (127.10.212.4:45843): Couldn't send request to peer 63c72eb137a74b4da9934faf03a3489f. Error code: TABLET_NOT_FOUND (6). Status: Not found: Tablet not found: 1e8431b597ee4a4fa55e58e9a985b8a3. This is attempt 1: this message will repeat every 5th retry.
I20260713 09:05:06.060360 12276 raft_consensus.cc:1275] T 1e8431b597ee4a4fa55e58e9a985b8a3 P b4ad26bff2844829a55ab7edc09b91ce [term 1 FOLLOWER]: Refusing update from remote peer e5663fe80d8840bead1616a3742921ef: Log matching property violated. Preceding OpId in replica: term: 1 index: 1. Preceding OpId from leader: term: 1 index: 2. (index mismatch)
I20260713 09:05:06.060360 12201 raft_consensus.cc:1275] T 1e8431b597ee4a4fa55e58e9a985b8a3 P 7def111be2a348f3964d3fe1ddbda7b8 [term 1 FOLLOWER]: Refusing update from remote peer e5663fe80d8840bead1616a3742921ef: Log matching property violated. Preceding OpId in replica: term: 1 index: 1. Preceding OpId from leader: term: 1 index: 2. (index mismatch)
I20260713 09:05:06.062574 12855 consensus_queue.cc:1048] T 1e8431b597ee4a4fa55e58e9a985b8a3 P e5663fe80d8840bead1616a3742921ef [LEADER]: Connected to new peer: Peer: permanent_uuid: "b4ad26bff2844829a55ab7edc09b91ce" member_type: VOTER last_known_addr { host: "127.10.212.2" port: 43011 }, Status: LMP_MISMATCH, Last received: 0.0, Next index: 2, Last known committed idx: 1, Time since last communication: 0.000s
I20260713 09:05:06.063372 12885 consensus_queue.cc:1048] T 1e8431b597ee4a4fa55e58e9a985b8a3 P e5663fe80d8840bead1616a3742921ef [LEADER]: Connected to new peer: Peer: permanent_uuid: "7def111be2a348f3964d3fe1ddbda7b8" member_type: VOTER last_known_addr { host: "127.10.212.1" port: 36393 } attrs { replace: true }, Status: LMP_MISMATCH, Last received: 0.0, Next index: 2, Last known committed idx: 1, Time since last communication: 0.000s
I20260713 09:05:06.071439 12885 raft_consensus.cc:2955] T 1e8431b597ee4a4fa55e58e9a985b8a3 P e5663fe80d8840bead1616a3742921ef [term 1 LEADER]: Committing config change with OpId 1.2: config changed from index -1 to 2, NON_VOTER 63c72eb137a74b4da9934faf03a3489f (127.10.212.4) added. New config: { opid_index: 2 OBSOLETE_local: false peers { permanent_uuid: "7def111be2a348f3964d3fe1ddbda7b8" member_type: VOTER last_known_addr { host: "127.10.212.1" port: 36393 } attrs { replace: true } } peers { permanent_uuid: "b4ad26bff2844829a55ab7edc09b91ce" member_type: VOTER last_known_addr { host: "127.10.212.2" port: 43011 } } peers { permanent_uuid: "e5663fe80d8840bead1616a3742921ef" member_type: VOTER last_known_addr { host: "127.10.212.3" port: 45855 } } peers { permanent_uuid: "63c72eb137a74b4da9934faf03a3489f" member_type: NON_VOTER last_known_addr { host: "127.10.212.4" port: 45843 } attrs { promote: true } } }
I20260713 09:05:06.072559 12276 raft_consensus.cc:2955] T 1e8431b597ee4a4fa55e58e9a985b8a3 P b4ad26bff2844829a55ab7edc09b91ce [term 1 FOLLOWER]: Committing config change with OpId 1.2: config changed from index -1 to 2, NON_VOTER 63c72eb137a74b4da9934faf03a3489f (127.10.212.4) added. New config: { opid_index: 2 OBSOLETE_local: false peers { permanent_uuid: "7def111be2a348f3964d3fe1ddbda7b8" member_type: VOTER last_known_addr { host: "127.10.212.1" port: 36393 } attrs { replace: true } } peers { permanent_uuid: "b4ad26bff2844829a55ab7edc09b91ce" member_type: VOTER last_known_addr { host: "127.10.212.2" port: 43011 } } peers { permanent_uuid: "e5663fe80d8840bead1616a3742921ef" member_type: VOTER last_known_addr { host: "127.10.212.3" port: 45855 } } peers { permanent_uuid: "63c72eb137a74b4da9934faf03a3489f" member_type: NON_VOTER last_known_addr { host: "127.10.212.4" port: 45843 } attrs { promote: true } } }
I20260713 09:05:06.073036 12201 raft_consensus.cc:2955] T 1e8431b597ee4a4fa55e58e9a985b8a3 P 7def111be2a348f3964d3fe1ddbda7b8 [term 1 FOLLOWER]: Committing config change with OpId 1.2: config changed from index -1 to 2, NON_VOTER 63c72eb137a74b4da9934faf03a3489f (127.10.212.4) added. New config: { opid_index: 2 OBSOLETE_local: false peers { permanent_uuid: "7def111be2a348f3964d3fe1ddbda7b8" member_type: VOTER last_known_addr { host: "127.10.212.1" port: 36393 } attrs { replace: true } } peers { permanent_uuid: "b4ad26bff2844829a55ab7edc09b91ce" member_type: VOTER last_known_addr { host: "127.10.212.2" port: 43011 } } peers { permanent_uuid: "e5663fe80d8840bead1616a3742921ef" member_type: VOTER last_known_addr { host: "127.10.212.3" port: 45855 } } peers { permanent_uuid: "63c72eb137a74b4da9934faf03a3489f" member_type: NON_VOTER last_known_addr { host: "127.10.212.4" port: 45843 } attrs { promote: true } } }
