I20260713 09:04:32.034613 16947 raft_consensus.cc:740] T 6d2aba6a71fc4c51a66673dbdbc4f482 P 132a49731f2c4d049fc6e4546d716606 [term 0 FOLLOWER]: Becoming Follower/Learner. State: Replica: 132a49731f2c4d049fc6e4546d716606, State: Initialized, Role: FOLLOWER
I20260713 09:04:32.035584 16947 consensus_queue.cc:260] T 6d2aba6a71fc4c51a66673dbdbc4f482 P 132a49731f2c4d049fc6e4546d716606 [NON_LEADER]: Queue going to NON_LEADER mode. State: All replicated index: 0, Majority replicated index: 0, Committed index: 0, Last appended: 0.0, Last appended by leader: 0, Current term: 0, Majority size: -1, State: 0, Mode: NON_LEADER, active raft config: opid_index: -1 OBSOLETE_local: false peers { permanent_uuid: "834fe4fd4df2408e8204658a60d8aca5" member_type: VOTER last_known_addr { host: "127.16.58.129" port: 42793 } } peers { permanent_uuid: "132a49731f2c4d049fc6e4546d716606" member_type: VOTER last_known_addr { host: "127.16.58.130" port: 46679 } } peers { permanent_uuid: "6c91e707f0e44df09a49103483132558" member_type: VOTER last_known_addr { host: "127.16.58.131" port: 36685 } }
I20260713 09:04:32.040477 16945 tablet_bootstrap.cc:654] T d32aad02c0204a5b961926a186a1c9bc P 834fe4fd4df2408e8204658a60d8aca5: Neither blocks nor log segments found. Creating new log.
I20260713 09:04:32.047966 16927 heartbeater.cc:499] Master 127.16.58.190:38035 was elected leader, sending a full tablet report...
I20260713 09:04:32.048364 16946 ts_tablet_manager.cc:1434] T 388e30ebfb534738a3af3a6cba233c8b P 6c91e707f0e44df09a49103483132558: Time spent starting tablet: real 0.036s	user 0.017s	sys 0.019s
I20260713 09:04:32.049461 16946 tablet_bootstrap.cc:492] T c015c8c3998b4a1984f9f1f857848c3a P 6c91e707f0e44df09a49103483132558: Bootstrap starting.
I20260713 09:04:32.056952 16946 tablet_bootstrap.cc:654] T c015c8c3998b4a1984f9f1f857848c3a P 6c91e707f0e44df09a49103483132558: Neither blocks nor log segments found. Creating new log.
I20260713 09:04:32.067890 16945 tablet_bootstrap.cc:492] T d32aad02c0204a5b961926a186a1c9bc P 834fe4fd4df2408e8204658a60d8aca5: No bootstrap required, opened a new log
I20260713 09:04:32.068634 16945 ts_tablet_manager.cc:1403] T d32aad02c0204a5b961926a186a1c9bc P 834fe4fd4df2408e8204658a60d8aca5: Time spent bootstrapping tablet: real 0.041s	user 0.012s	sys 0.009s
I20260713 09:04:32.072767 16945 raft_consensus.cc:359] T d32aad02c0204a5b961926a186a1c9bc P 834fe4fd4df2408e8204658a60d8aca5 [term 0 FOLLOWER]: Replica starting. Triggering 0 pending ops. Active config: opid_index: -1 OBSOLETE_local: false peers { permanent_uuid: "834fe4fd4df2408e8204658a60d8aca5" member_type: VOTER last_known_addr { host: "127.16.58.129" port: 42793 } } peers { permanent_uuid: "132a49731f2c4d049fc6e4546d716606" member_type: VOTER last_known_addr { host: "127.16.58.130" port: 46679 } } peers { permanent_uuid: "6c91e707f0e44df09a49103483132558" member_type: VOTER last_known_addr { host: "127.16.58.131" port: 36685 } }
I20260713 09:04:32.073827 16945 raft_consensus.cc:385] T d32aad02c0204a5b961926a186a1c9bc P 834fe4fd4df2408e8204658a60d8aca5 [term 0 FOLLOWER]: Consensus starting up: Expiring failure detector timer to make a prompt election more likely
I20260713 09:04:32.074221 16945 raft_consensus.cc:740] T d32aad02c0204a5b961926a186a1c9bc P 834fe4fd4df2408e8204658a60d8aca5 [term 0 FOLLOWER]: Becoming Follower/Learner. State: Replica: 834fe4fd4df2408e8204658a60d8aca5, State: Initialized, Role: FOLLOWER
I20260713 09:04:32.075346 16945 consensus_queue.cc:260] T d32aad02c0204a5b961926a186a1c9bc P 834fe4fd4df2408e8204658a60d8aca5 [NON_LEADER]: Queue going to NON_LEADER mode. State: All replicated index: 0, Majority replicated index: 0, Committed index: 0, Last appended: 0.0, Last appended by leader: 0, Current term: 0, Majority size: -1, State: 0, Mode: NON_LEADER, active raft config: opid_index: -1 OBSOLETE_local: false peers { permanent_uuid: "834fe4fd4df2408e8204658a60d8aca5" member_type: VOTER last_known_addr { host: "127.16.58.129" port: 42793 } } peers { permanent_uuid: "132a49731f2c4d049fc6e4546d716606" member_type: VOTER last_known_addr { host: "127.16.58.130" port: 46679 } } peers { permanent_uuid: "6c91e707f0e44df09a49103483132558" member_type: VOTER last_known_addr { host: "127.16.58.131" port: 36685 } }
I20260713 09:04:32.075879 16853 heartbeater.cc:499] Master 127.16.58.190:38035 was elected leader, sending a full tablet report...
I20260713 09:04:32.077709 16945 ts_tablet_manager.cc:1434] T d32aad02c0204a5b961926a186a1c9bc P 834fe4fd4df2408e8204658a60d8aca5: Time spent starting tablet: real 0.009s	user 0.007s	sys 0.001s
I20260713 09:04:32.078847 16945 tablet_bootstrap.cc:492] T 0a661b60af144ac78876791e56b5e317 P 834fe4fd4df2408e8204658a60d8aca5: Bootstrap starting.
I20260713 09:04:32.081080 16947 ts_tablet_manager.cc:1434] T 6d2aba6a71fc4c51a66673dbdbc4f482 P 132a49731f2c4d049fc6e4546d716606: Time spent starting tablet: real 0.052s	user 0.028s	sys 0.016s
I20260713 09:04:32.083511 16947 tablet_bootstrap.cc:492] T 388e30ebfb534738a3af3a6cba233c8b P 132a49731f2c4d049fc6e4546d716606: Bootstrap starting.
I20260713 09:04:32.092592 16947 tablet_bootstrap.cc:654] T 388e30ebfb534738a3af3a6cba233c8b P 132a49731f2c4d049fc6e4546d716606: Neither blocks nor log segments found. Creating new log.
I20260713 09:04:32.099124 16946 tablet_bootstrap.cc:492] T c015c8c3998b4a1984f9f1f857848c3a P 6c91e707f0e44df09a49103483132558: No bootstrap required, opened a new log
I20260713 09:04:32.099609 16946 ts_tablet_manager.cc:1403] T c015c8c3998b4a1984f9f1f857848c3a P 6c91e707f0e44df09a49103483132558: Time spent bootstrapping tablet: real 0.050s	user 0.032s	sys 0.015s
I20260713 09:04:32.102612 16946 raft_consensus.cc:359] T c015c8c3998b4a1984f9f1f857848c3a P 6c91e707f0e44df09a49103483132558 [term 0 FOLLOWER]: Replica starting. Triggering 0 pending ops. Active config: opid_index: -1 OBSOLETE_local: false peers { permanent_uuid: "834fe4fd4df2408e8204658a60d8aca5" member_type: VOTER last_known_addr { host: "127.16.58.129" port: 42793 } } peers { permanent_uuid: "6c91e707f0e44df09a49103483132558" member_type: VOTER last_known_addr { host: "127.16.58.131" port: 36685 } } peers { permanent_uuid: "132a49731f2c4d049fc6e4546d716606" member_type: VOTER last_known_addr { host: "127.16.58.130" port: 46679 } }
I20260713 09:04:32.103394 16946 raft_consensus.cc:385] T c015c8c3998b4a1984f9f1f857848c3a P 6c91e707f0e44df09a49103483132558 [term 0 FOLLOWER]: Consensus starting up: Expiring failure detector timer to make a prompt election more likely
I20260713 09:04:32.103690 16946 raft_consensus.cc:740] T c015c8c3998b4a1984f9f1f857848c3a P 6c91e707f0e44df09a49103483132558 [term 0 FOLLOWER]: Becoming Follower/Learner. State: Replica: 6c91e707f0e44df09a49103483132558, State: Initialized, Role: FOLLOWER
I20260713 09:04:32.103859 16945 tablet_bootstrap.cc:654] T 0a661b60af144ac78876791e56b5e317 P 834fe4fd4df2408e8204658a60d8aca5: Neither blocks nor log segments found. Creating new log.
I20260713 09:04:32.107225 16946 consensus_queue.cc:260] T c015c8c3998b4a1984f9f1f857848c3a P 6c91e707f0e44df09a49103483132558 [NON_LEADER]: Queue going to NON_LEADER mode. State: All replicated index: 0, Majority replicated index: 0, Committed index: 0, Last appended: 0.0, Last appended by leader: 0, Current term: 0, Majority size: -1, State: 0, Mode: NON_LEADER, active raft config: opid_index: -1 OBSOLETE_local: false peers { permanent_uuid: "834fe4fd4df2408e8204658a60d8aca5" member_type: VOTER last_known_addr { host: "127.16.58.129" port: 42793 } } peers { permanent_uuid: "6c91e707f0e44df09a49103483132558" member_type: VOTER last_known_addr { host: "127.16.58.131" port: 36685 } } peers { permanent_uuid: "132a49731f2c4d049fc6e4546d716606" member_type: VOTER last_known_addr { host: "127.16.58.130" port: 46679 } }
I20260713 09:04:32.110977 16946 ts_tablet_manager.cc:1434] T c015c8c3998b4a1984f9f1f857848c3a P 6c91e707f0e44df09a49103483132558: Time spent starting tablet: real 0.011s	user 0.008s	sys 0.000s
I20260713 09:04:32.112002 16946 tablet_bootstrap.cc:492] T 6d2aba6a71fc4c51a66673dbdbc4f482 P 6c91e707f0e44df09a49103483132558: Bootstrap starting.
I20260713 09:04:32.117475 16945 tablet_bootstrap.cc:492] T 0a661b60af144ac78876791e56b5e317 P 834fe4fd4df2408e8204658a60d8aca5: No bootstrap required, opened a new log
I20260713 09:04:32.117985 16945 ts_tablet_manager.cc:1403] T 0a661b60af144ac78876791e56b5e317 P 834fe4fd4df2408e8204658a60d8aca5: Time spent bootstrapping tablet: real 0.039s	user 0.004s	sys 0.014s
I20260713 09:04:32.121466 16947 tablet_bootstrap.cc:492] T 388e30ebfb534738a3af3a6cba233c8b P 132a49731f2c4d049fc6e4546d716606: No bootstrap required, opened a new log
I20260713 09:04:32.121105 16945 raft_consensus.cc:359] T 0a661b60af144ac78876791e56b5e317 P 834fe4fd4df2408e8204658a60d8aca5 [term 0 FOLLOWER]: Replica starting. Triggering 0 pending ops. Active config: opid_index: -1 OBSOLETE_local: false peers { permanent_uuid: "834fe4fd4df2408e8204658a60d8aca5" member_type: VOTER last_known_addr { host: "127.16.58.129" port: 42793 } } peers { permanent_uuid: "132a49731f2c4d049fc6e4546d716606" member_type: VOTER last_known_addr { host: "127.16.58.130" port: 46679 } } peers { permanent_uuid: "6c91e707f0e44df09a49103483132558" member_type: VOTER last_known_addr { host: "127.16.58.131" port: 36685 } }
I20260713 09:04:32.122098 16945 raft_consensus.cc:385] T 0a661b60af144ac78876791e56b5e317 P 834fe4fd4df2408e8204658a60d8aca5 [term 0 FOLLOWER]: Consensus starting up: Expiring failure detector timer to make a prompt election more likely
I20260713 09:04:32.122156 16947 ts_tablet_manager.cc:1403] T 388e30ebfb534738a3af3a6cba233c8b P 132a49731f2c4d049fc6e4546d716606: Time spent bootstrapping tablet: real 0.039s	user 0.009s	sys 0.008s
W20260713 09:04:32.122967 16928 tablet.cc:2406] T 388e30ebfb534738a3af3a6cba233c8b P 6c91e707f0e44df09a49103483132558: Can't schedule compaction. Clean time has not been advanced past its initial value.
I20260713 09:04:32.124986 16946 tablet_bootstrap.cc:654] T 6d2aba6a71fc4c51a66673dbdbc4f482 P 6c91e707f0e44df09a49103483132558: Neither blocks nor log segments found. Creating new log.
I20260713 09:04:32.125269 16947 raft_consensus.cc:359] T 388e30ebfb534738a3af3a6cba233c8b P 132a49731f2c4d049fc6e4546d716606 [term 0 FOLLOWER]: Replica starting. Triggering 0 pending ops. Active config: opid_index: -1 OBSOLETE_local: false peers { permanent_uuid: "834fe4fd4df2408e8204658a60d8aca5" member_type: VOTER last_known_addr { host: "127.16.58.129" port: 42793 } } peers { permanent_uuid: "132a49731f2c4d049fc6e4546d716606" member_type: VOTER last_known_addr { host: "127.16.58.130" port: 46679 } } peers { permanent_uuid: "6c91e707f0e44df09a49103483132558" member_type: VOTER last_known_addr { host: "127.16.58.131" port: 36685 } }
I20260713 09:04:32.126026 16947 raft_consensus.cc:385] T 388e30ebfb534738a3af3a6cba233c8b P 132a49731f2c4d049fc6e4546d716606 [term 0 FOLLOWER]: Consensus starting up: Expiring failure detector timer to make a prompt election more likely
I20260713 09:04:32.126361 16947 raft_consensus.cc:740] T 388e30ebfb534738a3af3a6cba233c8b P 132a49731f2c4d049fc6e4546d716606 [term 0 FOLLOWER]: Becoming Follower/Learner. State: Replica: 132a49731f2c4d049fc6e4546d716606, State: Initialized, Role: FOLLOWER
I20260713 09:04:32.127187 16947 consensus_queue.cc:260] T 388e30ebfb534738a3af3a6cba233c8b P 132a49731f2c4d049fc6e4546d716606 [NON_LEADER]: Queue going to NON_LEADER mode. State: All replicated index: 0, Majority replicated index: 0, Committed index: 0, Last appended: 0.0, Last appended by leader: 0, Current term: 0, Majority size: -1, State: 0, Mode: NON_LEADER, active raft config: opid_index: -1 OBSOLETE_local: false peers { permanent_uuid: "834fe4fd4df2408e8204658a60d8aca5" member_type: VOTER last_known_addr { host: "127.16.58.129" port: 42793 } } peers { permanent_uuid: "132a49731f2c4d049fc6e4546d716606" member_type: VOTER last_known_addr { host: "127.16.58.130" port: 46679 } } peers { permanent_uuid: "6c91e707f0e44df09a49103483132558" member_type: VOTER last_known_addr { host: "127.16.58.131" port: 36685 } }
I20260713 09:04:32.129519 16947 ts_tablet_manager.cc:1434] T 388e30ebfb534738a3af3a6cba233c8b P 132a49731f2c4d049fc6e4546d716606: Time spent starting tablet: real 0.007s	user 0.004s	sys 0.000s
I20260713 09:04:32.130204 16945 raft_consensus.cc:740] T 0a661b60af144ac78876791e56b5e317 P 834fe4fd4df2408e8204658a60d8aca5 [term 0 FOLLOWER]: Becoming Follower/Learner. State: Replica: 834fe4fd4df2408e8204658a60d8aca5, State: Initialized, Role: FOLLOWER
I20260713 09:04:32.130435 16947 tablet_bootstrap.cc:492] T 92fe57f420c646b79017d1ba7e4db713 P 132a49731f2c4d049fc6e4546d716606: Bootstrap starting.
I20260713 09:04:32.131040 16945 consensus_queue.cc:260] T 0a661b60af144ac78876791e56b5e317 P 834fe4fd4df2408e8204658a60d8aca5 [NON_LEADER]: Queue going to NON_LEADER mode. State: All replicated index: 0, Majority replicated index: 0, Committed index: 0, Last appended: 0.0, Last appended by leader: 0, Current term: 0, Majority size: -1, State: 0, Mode: NON_LEADER, active raft config: opid_index: -1 OBSOLETE_local: false peers { permanent_uuid: "834fe4fd4df2408e8204658a60d8aca5" member_type: VOTER last_known_addr { host: "127.16.58.129" port: 42793 } } peers { permanent_uuid: "132a49731f2c4d049fc6e4546d716606" member_type: VOTER last_known_addr { host: "127.16.58.130" port: 46679 } } peers { permanent_uuid: "6c91e707f0e44df09a49103483132558" member_type: VOTER last_known_addr { host: "127.16.58.131" port: 36685 } }
I20260713 09:04:32.133275 16945 ts_tablet_manager.cc:1434] T 0a661b60af144ac78876791e56b5e317 P 834fe4fd4df2408e8204658a60d8aca5: Time spent starting tablet: real 0.015s	user 0.003s	sys 0.003s
I20260713 09:04:32.134438 16945 tablet_bootstrap.cc:492] T 92fe57f420c646b79017d1ba7e4db713 P 834fe4fd4df2408e8204658a60d8aca5: Bootstrap starting.
I20260713 09:04:32.137916 16947 tablet_bootstrap.cc:654] T 92fe57f420c646b79017d1ba7e4db713 P 132a49731f2c4d049fc6e4546d716606: Neither blocks nor log segments found. Creating new log.
I20260713 09:04:32.144164 16945 tablet_bootstrap.cc:654] T 92fe57f420c646b79017d1ba7e4db713 P 834fe4fd4df2408e8204658a60d8aca5: Neither blocks nor log segments found. Creating new log.
I20260713 09:04:32.151855 16946 tablet_bootstrap.cc:492] T 6d2aba6a71fc4c51a66673dbdbc4f482 P 6c91e707f0e44df09a49103483132558: No bootstrap required, opened a new log
I20260713 09:04:32.152343 16946 ts_tablet_manager.cc:1403] T 6d2aba6a71fc4c51a66673dbdbc4f482 P 6c91e707f0e44df09a49103483132558: Time spent bootstrapping tablet: real 0.041s	user 0.011s	sys 0.002s
I20260713 09:04:32.155187 16950 raft_consensus.cc:493] T 0a661b60af144ac78876791e56b5e317 P 834fe4fd4df2408e8204658a60d8aca5 [term 0 FOLLOWER]: Starting pre-election (no leader contacted us within the election timeout)
I20260713 09:04:32.155457 16946 raft_consensus.cc:359] T 6d2aba6a71fc4c51a66673dbdbc4f482 P 6c91e707f0e44df09a49103483132558 [term 0 FOLLOWER]: Replica starting. Triggering 0 pending ops. Active config: opid_index: -1 OBSOLETE_local: false peers { permanent_uuid: "834fe4fd4df2408e8204658a60d8aca5" member_type: VOTER last_known_addr { host: "127.16.58.129" port: 42793 } } peers { permanent_uuid: "132a49731f2c4d049fc6e4546d716606" member_type: VOTER last_known_addr { host: "127.16.58.130" port: 46679 } } peers { permanent_uuid: "6c91e707f0e44df09a49103483132558" member_type: VOTER last_known_addr { host: "127.16.58.131" port: 36685 } }
I20260713 09:04:32.156400 16946 raft_consensus.cc:385] T 6d2aba6a71fc4c51a66673dbdbc4f482 P 6c91e707f0e44df09a49103483132558 [term 0 FOLLOWER]: Consensus starting up: Expiring failure detector timer to make a prompt election more likely
I20260713 09:04:32.155953 16950 raft_consensus.cc:515] T 0a661b60af144ac78876791e56b5e317 P 834fe4fd4df2408e8204658a60d8aca5 [term 0 FOLLOWER]: Starting pre-election with config: opid_index: -1 OBSOLETE_local: false peers { permanent_uuid: "834fe4fd4df2408e8204658a60d8aca5" member_type: VOTER last_known_addr { host: "127.16.58.129" port: 42793 } } peers { permanent_uuid: "132a49731f2c4d049fc6e4546d716606" member_type: VOTER last_known_addr { host: "127.16.58.130" port: 46679 } } peers { permanent_uuid: "6c91e707f0e44df09a49103483132558" member_type: VOTER last_known_addr { host: "127.16.58.131" port: 36685 } }
I20260713 09:04:32.156795 16946 raft_consensus.cc:740] T 6d2aba6a71fc4c51a66673dbdbc4f482 P 6c91e707f0e44df09a49103483132558 [term 0 FOLLOWER]: Becoming Follower/Learner. State: Replica: 6c91e707f0e44df09a49103483132558, State: Initialized, Role: FOLLOWER
I20260713 09:04:32.157722 16946 consensus_queue.cc:260] T 6d2aba6a71fc4c51a66673dbdbc4f482 P 6c91e707f0e44df09a49103483132558 [NON_LEADER]: Queue going to NON_LEADER mode. State: All replicated index: 0, Majority replicated index: 0, Committed index: 0, Last appended: 0.0, Last appended by leader: 0, Current term: 0, Majority size: -1, State: 0, Mode: NON_LEADER, active raft config: opid_index: -1 OBSOLETE_local: false peers { permanent_uuid: "834fe4fd4df2408e8204658a60d8aca5" member_type: VOTER last_known_addr { host: "127.16.58.129" port: 42793 } } peers { permanent_uuid: "132a49731f2c4d049fc6e4546d716606" member_type: VOTER last_known_addr { host: "127.16.58.130" port: 46679 } } peers { permanent_uuid: "6c91e707f0e44df09a49103483132558" member_type: VOTER last_known_addr { host: "127.16.58.131" port: 36685 } }
I20260713 09:04:32.160133 16950 leader_election.cc:290] T 0a661b60af144ac78876791e56b5e317 P 834fe4fd4df2408e8204658a60d8aca5 [CANDIDATE]: Term 1 pre-election: Requested pre-vote from peers 132a49731f2c4d049fc6e4546d716606 (127.16.58.130:46679), 6c91e707f0e44df09a49103483132558 (127.16.58.131:36685)
I20260713 09:04:32.166546 16946 ts_tablet_manager.cc:1434] T 6d2aba6a71fc4c51a66673dbdbc4f482 P 6c91e707f0e44df09a49103483132558: Time spent starting tablet: real 0.014s	user 0.004s	sys 0.003s
I20260713 09:04:32.168452 16945 tablet_bootstrap.cc:492] T 92fe57f420c646b79017d1ba7e4db713 P 834fe4fd4df2408e8204658a60d8aca5: No bootstrap required, opened a new log
I20260713 09:04:32.168962 16945 ts_tablet_manager.cc:1403] T 92fe57f420c646b79017d1ba7e4db713 P 834fe4fd4df2408e8204658a60d8aca5: Time spent bootstrapping tablet: real 0.035s	user 0.023s	sys 0.000s
I20260713 09:04:32.172010 16945 raft_consensus.cc:359] T 92fe57f420c646b79017d1ba7e4db713 P 834fe4fd4df2408e8204658a60d8aca5 [term 0 FOLLOWER]: Replica starting. Triggering 0 pending ops. Active config: opid_index: -1 OBSOLETE_local: false peers { permanent_uuid: "834fe4fd4df2408e8204658a60d8aca5" member_type: VOTER last_known_addr { host: "127.16.58.129" port: 42793 } } peers { permanent_uuid: "132a49731f2c4d049fc6e4546d716606" member_type: VOTER last_known_addr { host: "127.16.58.130" port: 46679 } } peers { permanent_uuid: "6c91e707f0e44df09a49103483132558" member_type: VOTER last_known_addr { host: "127.16.58.131" port: 36685 } }
I20260713 09:04:32.172766 16945 raft_consensus.cc:385] T 92fe57f420c646b79017d1ba7e4db713 P 834fe4fd4df2408e8204658a60d8aca5 [term 0 FOLLOWER]: Consensus starting up: Expiring failure detector timer to make a prompt election more likely
I20260713 09:04:32.173072 16945 raft_consensus.cc:740] T 92fe57f420c646b79017d1ba7e4db713 P 834fe4fd4df2408e8204658a60d8aca5 [term 0 FOLLOWER]: Becoming Follower/Learner. State: Replica: 834fe4fd4df2408e8204658a60d8aca5, State: Initialized, Role: FOLLOWER
I20260713 09:04:32.173774 16945 consensus_queue.cc:260] T 92fe57f420c646b79017d1ba7e4db713 P 834fe4fd4df2408e8204658a60d8aca5 [NON_LEADER]: Queue going to NON_LEADER mode. State: All replicated index: 0, Majority replicated index: 0, Committed index: 0, Last appended: 0.0, Last appended by leader: 0, Current term: 0, Majority size: -1, State: 0, Mode: NON_LEADER, active raft config: opid_index: -1 OBSOLETE_local: false peers { permanent_uuid: "834fe4fd4df2408e8204658a60d8aca5" member_type: VOTER last_known_addr { host: "127.16.58.129" port: 42793 } } peers { permanent_uuid: "132a49731f2c4d049fc6e4546d716606" member_type: VOTER last_known_addr { host: "127.16.58.130" port: 46679 } } peers { permanent_uuid: "6c91e707f0e44df09a49103483132558" member_type: VOTER last_known_addr { host: "127.16.58.131" port: 36685 } }
I20260713 09:04:32.174259 16946 tablet_bootstrap.cc:492] T 0a661b60af144ac78876791e56b5e317 P 6c91e707f0e44df09a49103483132558: Bootstrap starting.
I20260713 09:04:32.176064 16945 ts_tablet_manager.cc:1434] T 92fe57f420c646b79017d1ba7e4db713 P 834fe4fd4df2408e8204658a60d8aca5: Time spent starting tablet: real 0.007s	user 0.007s	sys 0.000s
I20260713 09:04:32.177492 16945 tablet_bootstrap.cc:492] T c015c8c3998b4a1984f9f1f857848c3a P 834fe4fd4df2408e8204658a60d8aca5: Bootstrap starting.
I20260713 09:04:32.183635 16946 tablet_bootstrap.cc:654] T 0a661b60af144ac78876791e56b5e317 P 6c91e707f0e44df09a49103483132558: Neither blocks nor log segments found. Creating new log.
I20260713 09:04:32.186653 16945 tablet_bootstrap.cc:654] T c015c8c3998b4a1984f9f1f857848c3a P 834fe4fd4df2408e8204658a60d8aca5: Neither blocks nor log segments found. Creating new log.
I20260713 09:04:32.210170 16947 tablet_bootstrap.cc:492] T 92fe57f420c646b79017d1ba7e4db713 P 132a49731f2c4d049fc6e4546d716606: No bootstrap required, opened a new log
I20260713 09:04:32.210788 16947 ts_tablet_manager.cc:1403] T 92fe57f420c646b79017d1ba7e4db713 P 132a49731f2c4d049fc6e4546d716606: Time spent bootstrapping tablet: real 0.081s	user 0.048s	sys 0.027s
I20260713 09:04:32.213033 16945 tablet_bootstrap.cc:492] T c015c8c3998b4a1984f9f1f857848c3a P 834fe4fd4df2408e8204658a60d8aca5: No bootstrap required, opened a new log
I20260713 09:04:32.213552 16945 ts_tablet_manager.cc:1403] T c015c8c3998b4a1984f9f1f857848c3a P 834fe4fd4df2408e8204658a60d8aca5: Time spent bootstrapping tablet: real 0.036s	user 0.005s	sys 0.011s
I20260713 09:04:32.214847 16947 raft_consensus.cc:359] T 92fe57f420c646b79017d1ba7e4db713 P 132a49731f2c4d049fc6e4546d716606 [term 0 FOLLOWER]: Replica starting. Triggering 0 pending ops. Active config: opid_index: -1 OBSOLETE_local: false peers { permanent_uuid: "834fe4fd4df2408e8204658a60d8aca5" member_type: VOTER last_known_addr { host: "127.16.58.129" port: 42793 } } peers { permanent_uuid: "132a49731f2c4d049fc6e4546d716606" member_type: VOTER last_known_addr { host: "127.16.58.130" port: 46679 } } peers { permanent_uuid: "6c91e707f0e44df09a49103483132558" member_type: VOTER last_known_addr { host: "127.16.58.131" port: 36685 } }
I20260713 09:04:32.215673 16947 raft_consensus.cc:385] T 92fe57f420c646b79017d1ba7e4db713 P 132a49731f2c4d049fc6e4546d716606 [term 0 FOLLOWER]: Consensus starting up: Expiring failure detector timer to make a prompt election more likely
I20260713 09:04:32.216041 16947 raft_consensus.cc:740] T 92fe57f420c646b79017d1ba7e4db713 P 132a49731f2c4d049fc6e4546d716606 [term 0 FOLLOWER]: Becoming Follower/Learner. State: Replica: 132a49731f2c4d049fc6e4546d716606, State: Initialized, Role: FOLLOWER
I20260713 09:04:32.216900 16945 raft_consensus.cc:359] T c015c8c3998b4a1984f9f1f857848c3a P 834fe4fd4df2408e8204658a60d8aca5 [term 0 FOLLOWER]: Replica starting. Triggering 0 pending ops. Active config: opid_index: -1 OBSOLETE_local: false peers { permanent_uuid: "834fe4fd4df2408e8204658a60d8aca5" member_type: VOTER last_known_addr { host: "127.16.58.129" port: 42793 } } peers { permanent_uuid: "6c91e707f0e44df09a49103483132558" member_type: VOTER last_known_addr { host: "127.16.58.131" port: 36685 } } peers { permanent_uuid: "132a49731f2c4d049fc6e4546d716606" member_type: VOTER last_known_addr { host: "127.16.58.130" port: 46679 } }
I20260713 09:04:32.217181 16947 consensus_queue.cc:260] T 92fe57f420c646b79017d1ba7e4db713 P 132a49731f2c4d049fc6e4546d716606 [NON_LEADER]: Queue going to NON_LEADER mode. State: All replicated index: 0, Majority replicated index: 0, Committed index: 0, Last appended: 0.0, Last appended by leader: 0, Current term: 0, Majority size: -1, State: 0, Mode: NON_LEADER, active raft config: opid_index: -1 OBSOLETE_local: false peers { permanent_uuid: "834fe4fd4df2408e8204658a60d8aca5" member_type: VOTER last_known_addr { host: "127.16.58.129" port: 42793 } } peers { permanent_uuid: "132a49731f2c4d049fc6e4546d716606" member_type: VOTER last_known_addr { host: "127.16.58.130" port: 46679 } } peers { permanent_uuid: "6c91e707f0e44df09a49103483132558" member_type: VOTER last_known_addr { host: "127.16.58.131" port: 36685 } }
I20260713 09:04:32.217739 16945 raft_consensus.cc:385] T c015c8c3998b4a1984f9f1f857848c3a P 834fe4fd4df2408e8204658a60d8aca5 [term 0 FOLLOWER]: Consensus starting up: Expiring failure detector timer to make a prompt election more likely
I20260713 09:04:32.220058 16947 ts_tablet_manager.cc:1434] T 92fe57f420c646b79017d1ba7e4db713 P 132a49731f2c4d049fc6e4546d716606: Time spent starting tablet: real 0.009s	user 0.006s	sys 0.001s
I20260713 09:04:32.218274 16945 raft_consensus.cc:740] T c015c8c3998b4a1984f9f1f857848c3a P 834fe4fd4df2408e8204658a60d8aca5 [term 0 FOLLOWER]: Becoming Follower/Learner. State: Replica: 834fe4fd4df2408e8204658a60d8aca5, State: Initialized, Role: FOLLOWER
I20260713 09:04:32.221333 16947 tablet_bootstrap.cc:492] T d32aad02c0204a5b961926a186a1c9bc P 132a49731f2c4d049fc6e4546d716606: Bootstrap starting.
I20260713 09:04:32.230154 16947 tablet_bootstrap.cc:654] T d32aad02c0204a5b961926a186a1c9bc P 132a49731f2c4d049fc6e4546d716606: Neither blocks nor log segments found. Creating new log.
I20260713 09:04:32.221599 16945 consensus_queue.cc:260] T c015c8c3998b4a1984f9f1f857848c3a P 834fe4fd4df2408e8204658a60d8aca5 [NON_LEADER]: Queue going to NON_LEADER mode. State: All replicated index: 0, Majority replicated index: 0, Committed index: 0, Last appended: 0.0, Last appended by leader: 0, Current term: 0, Majority size: -1, State: 0, Mode: NON_LEADER, active raft config: opid_index: -1 OBSOLETE_local: false peers { permanent_uuid: "834fe4fd4df2408e8204658a60d8aca5" member_type: VOTER last_known_addr { host: "127.16.58.129" port: 42793 } } peers { permanent_uuid: "6c91e707f0e44df09a49103483132558" member_type: VOTER last_known_addr { host: "127.16.58.131" port: 36685 } } peers { permanent_uuid: "132a49731f2c4d049fc6e4546d716606" member_type: VOTER last_known_addr { host: "127.16.58.130" port: 46679 } }
I20260713 09:04:32.232504 16945 ts_tablet_manager.cc:1434] T c015c8c3998b4a1984f9f1f857848c3a P 834fe4fd4df2408e8204658a60d8aca5: Time spent starting tablet: real 0.019s	user 0.004s	sys 0.004s
I20260713 09:04:32.233294 16950 raft_consensus.cc:493] T 92fe57f420c646b79017d1ba7e4db713 P 834fe4fd4df2408e8204658a60d8aca5 [term 0 FOLLOWER]: Starting pre-election (no leader contacted us within the election timeout)
I20260713 09:04:32.233765 16950 raft_consensus.cc:515] T 92fe57f420c646b79017d1ba7e4db713 P 834fe4fd4df2408e8204658a60d8aca5 [term 0 FOLLOWER]: Starting pre-election with config: opid_index: -1 OBSOLETE_local: false peers { permanent_uuid: "834fe4fd4df2408e8204658a60d8aca5" member_type: VOTER last_known_addr { host: "127.16.58.129" port: 42793 } } peers { permanent_uuid: "132a49731f2c4d049fc6e4546d716606" member_type: VOTER last_known_addr { host: "127.16.58.130" port: 46679 } } peers { permanent_uuid: "6c91e707f0e44df09a49103483132558" member_type: VOTER last_known_addr { host: "127.16.58.131" port: 36685 } }
I20260713 09:04:32.235873 16950 leader_election.cc:290] T 92fe57f420c646b79017d1ba7e4db713 P 834fe4fd4df2408e8204658a60d8aca5 [CANDIDATE]: Term 1 pre-election: Requested pre-vote from peers 132a49731f2c4d049fc6e4546d716606 (127.16.58.130:46679), 6c91e707f0e44df09a49103483132558 (127.16.58.131:36685)
I20260713 09:04:32.237177 16945 tablet_bootstrap.cc:492] T bd5a1127ff6a4ca68d29764d29fcb640 P 834fe4fd4df2408e8204658a60d8aca5: Bootstrap starting.
I20260713 09:04:32.245407 16945 tablet_bootstrap.cc:654] T bd5a1127ff6a4ca68d29764d29fcb640 P 834fe4fd4df2408e8204658a60d8aca5: Neither blocks nor log segments found. Creating new log.
I20260713 09:04:32.249007 16953 raft_consensus.cc:493] T 6d2aba6a71fc4c51a66673dbdbc4f482 P 132a49731f2c4d049fc6e4546d716606 [term 0 FOLLOWER]: Starting pre-election (no leader contacted us within the election timeout)
I20260713 09:04:32.259697 16951 raft_consensus.cc:493] T 388e30ebfb534738a3af3a6cba233c8b P 6c91e707f0e44df09a49103483132558 [term 0 FOLLOWER]: Starting pre-election (no leader contacted us within the election timeout)
I20260713 09:04:32.280757 16951 raft_consensus.cc:515] T 388e30ebfb534738a3af3a6cba233c8b P 6c91e707f0e44df09a49103483132558 [term 0 FOLLOWER]: Starting pre-election with config: opid_index: -1 OBSOLETE_local: false peers { permanent_uuid: "834fe4fd4df2408e8204658a60d8aca5" member_type: VOTER last_known_addr { host: "127.16.58.129" port: 42793 } } peers { permanent_uuid: "132a49731f2c4d049fc6e4546d716606" member_type: VOTER last_known_addr { host: "127.16.58.130" port: 46679 } } peers { permanent_uuid: "6c91e707f0e44df09a49103483132558" member_type: VOTER last_known_addr { host: "127.16.58.131" port: 36685 } }
I20260713 09:04:32.279680 16953 raft_consensus.cc:515] T 6d2aba6a71fc4c51a66673dbdbc4f482 P 132a49731f2c4d049fc6e4546d716606 [term 0 FOLLOWER]: Starting pre-election with config: opid_index: -1 OBSOLETE_local: false peers { permanent_uuid: "834fe4fd4df2408e8204658a60d8aca5" member_type: VOTER last_known_addr { host: "127.16.58.129" port: 42793 } } peers { permanent_uuid: "132a49731f2c4d049fc6e4546d716606" member_type: VOTER last_known_addr { host: "127.16.58.130" port: 46679 } } peers { permanent_uuid: "6c91e707f0e44df09a49103483132558" member_type: VOTER last_known_addr { host: "127.16.58.131" port: 36685 } }
I20260713 09:04:32.313265 16951 leader_election.cc:290] T 388e30ebfb534738a3af3a6cba233c8b P 6c91e707f0e44df09a49103483132558 [CANDIDATE]: Term 1 pre-election: Requested pre-vote from peers 834fe4fd4df2408e8204658a60d8aca5 (127.16.58.129:42793), 132a49731f2c4d049fc6e4546d716606 (127.16.58.130:46679)
I20260713 09:04:32.318150 16953 leader_election.cc:290] T 6d2aba6a71fc4c51a66673dbdbc4f482 P 132a49731f2c4d049fc6e4546d716606 [CANDIDATE]: Term 1 pre-election: Requested pre-vote from peers 834fe4fd4df2408e8204658a60d8aca5 (127.16.58.129:42793), 6c91e707f0e44df09a49103483132558 (127.16.58.131:36685)
I20260713 09:04:32.330029 16953 raft_consensus.cc:493] T 92fe57f420c646b79017d1ba7e4db713 P 132a49731f2c4d049fc6e4546d716606 [term 0 FOLLOWER]: Starting pre-election (no leader contacted us within the election timeout)
I20260713 09:04:32.330957 16953 raft_consensus.cc:515] T 92fe57f420c646b79017d1ba7e4db713 P 132a49731f2c4d049fc6e4546d716606 [term 0 FOLLOWER]: Starting pre-election with config: opid_index: -1 OBSOLETE_local: false peers { permanent_uuid: "834fe4fd4df2408e8204658a60d8aca5" member_type: VOTER last_known_addr { host: "127.16.58.129" port: 42793 } } peers { permanent_uuid: "132a49731f2c4d049fc6e4546d716606" member_type: VOTER last_known_addr { host: "127.16.58.130" port: 46679 } } peers { permanent_uuid: "6c91e707f0e44df09a49103483132558" member_type: VOTER last_known_addr { host: "127.16.58.131" port: 36685 } }
I20260713 09:04:32.335366 16953 leader_election.cc:290] T 92fe57f420c646b79017d1ba7e4db713 P 132a49731f2c4d049fc6e4546d716606 [CANDIDATE]: Term 1 pre-election: Requested pre-vote from peers 834fe4fd4df2408e8204658a60d8aca5 (127.16.58.129:42793), 6c91e707f0e44df09a49103483132558 (127.16.58.131:36685)
I20260713 09:04:32.347401 16947 tablet_bootstrap.cc:492] T d32aad02c0204a5b961926a186a1c9bc P 132a49731f2c4d049fc6e4546d716606: No bootstrap required, opened a new log
I20260713 09:04:32.352270 16947 ts_tablet_manager.cc:1403] T d32aad02c0204a5b961926a186a1c9bc P 132a49731f2c4d049fc6e4546d716606: Time spent bootstrapping tablet: real 0.131s	user 0.007s	sys 0.020s
I20260713 09:04:32.355966 16946 tablet_bootstrap.cc:492] T 0a661b60af144ac78876791e56b5e317 P 6c91e707f0e44df09a49103483132558: No bootstrap required, opened a new log
I20260713 09:04:32.356598 16946 ts_tablet_manager.cc:1403] T 0a661b60af144ac78876791e56b5e317 P 6c91e707f0e44df09a49103483132558: Time spent bootstrapping tablet: real 0.183s	user 0.043s	sys 0.037s
I20260713 09:04:32.369588 16947 raft_consensus.cc:359] T d32aad02c0204a5b961926a186a1c9bc P 132a49731f2c4d049fc6e4546d716606 [term 0 FOLLOWER]: Replica starting. Triggering 0 pending ops. Active config: opid_index: -1 OBSOLETE_local: false peers { permanent_uuid: "834fe4fd4df2408e8204658a60d8aca5" member_type: VOTER last_known_addr { host: "127.16.58.129" port: 42793 } } peers { permanent_uuid: "132a49731f2c4d049fc6e4546d716606" member_type: VOTER last_known_addr { host: "127.16.58.130" port: 46679 } } peers { permanent_uuid: "6c91e707f0e44df09a49103483132558" member_type: VOTER last_known_addr { host: "127.16.58.131" port: 36685 } }
I20260713 09:04:32.370735 16946 raft_consensus.cc:359] T 0a661b60af144ac78876791e56b5e317 P 6c91e707f0e44df09a49103483132558 [term 0 FOLLOWER]: Replica starting. Triggering 0 pending ops. Active config: opid_index: -1 OBSOLETE_local: false peers { permanent_uuid: "834fe4fd4df2408e8204658a60d8aca5" member_type: VOTER last_known_addr { host: "127.16.58.129" port: 42793 } } peers { permanent_uuid: "132a49731f2c4d049fc6e4546d716606" member_type: VOTER last_known_addr { host: "127.16.58.130" port: 46679 } } peers { permanent_uuid: "6c91e707f0e44df09a49103483132558" member_type: VOTER last_known_addr { host: "127.16.58.131" port: 36685 } }
I20260713 09:04:32.372574 16946 raft_consensus.cc:385] T 0a661b60af144ac78876791e56b5e317 P 6c91e707f0e44df09a49103483132558 [term 0 FOLLOWER]: Consensus starting up: Expiring failure detector timer to make a prompt election more likely
I20260713 09:04:32.376382 16946 raft_consensus.cc:740] T 0a661b60af144ac78876791e56b5e317 P 6c91e707f0e44df09a49103483132558 [term 0 FOLLOWER]: Becoming Follower/Learner. State: Replica: 6c91e707f0e44df09a49103483132558, State: Initialized, Role: FOLLOWER
I20260713 09:04:32.377460 16946 consensus_queue.cc:260] T 0a661b60af144ac78876791e56b5e317 P 6c91e707f0e44df09a49103483132558 [NON_LEADER]: Queue going to NON_LEADER mode. State: All replicated index: 0, Majority replicated index: 0, Committed index: 0, Last appended: 0.0, Last appended by leader: 0, Current term: 0, Majority size: -1, State: 0, Mode: NON_LEADER, active raft config: opid_index: -1 OBSOLETE_local: false peers { permanent_uuid: "834fe4fd4df2408e8204658a60d8aca5" member_type: VOTER last_known_addr { host: "127.16.58.129" port: 42793 } } peers { permanent_uuid: "132a49731f2c4d049fc6e4546d716606" member_type: VOTER last_known_addr { host: "127.16.58.130" port: 46679 } } peers { permanent_uuid: "6c91e707f0e44df09a49103483132558" member_type: VOTER last_known_addr { host: "127.16.58.131" port: 36685 } }
I20260713 09:04:32.372157 16947 raft_consensus.cc:385] T d32aad02c0204a5b961926a186a1c9bc P 132a49731f2c4d049fc6e4546d716606 [term 0 FOLLOWER]: Consensus starting up: Expiring failure detector timer to make a prompt election more likely
I20260713 09:04:32.380882 16946 ts_tablet_manager.cc:1434] T 0a661b60af144ac78876791e56b5e317 P 6c91e707f0e44df09a49103483132558: Time spent starting tablet: real 0.024s	user 0.009s	sys 0.000s
I20260713 09:04:32.381412 16947 raft_consensus.cc:740] T d32aad02c0204a5b961926a186a1c9bc P 132a49731f2c4d049fc6e4546d716606 [term 0 FOLLOWER]: Becoming Follower/Learner. State: Replica: 132a49731f2c4d049fc6e4546d716606, State: Initialized, Role: FOLLOWER
I20260713 09:04:32.385133 16946 tablet_bootstrap.cc:492] T 2f74113ba03047d7b9b215dabd39b95e P 6c91e707f0e44df09a49103483132558: Bootstrap starting.
I20260713 09:04:32.389156 16945 tablet_bootstrap.cc:492] T bd5a1127ff6a4ca68d29764d29fcb640 P 834fe4fd4df2408e8204658a60d8aca5: No bootstrap required, opened a new log
I20260713 09:04:32.389842 16945 ts_tablet_manager.cc:1403] T bd5a1127ff6a4ca68d29764d29fcb640 P 834fe4fd4df2408e8204658a60d8aca5: Time spent bootstrapping tablet: real 0.153s	user 0.028s	sys 0.001s
I20260713 09:04:32.391957 16947 consensus_queue.cc:260] T d32aad02c0204a5b961926a186a1c9bc P 132a49731f2c4d049fc6e4546d716606 [NON_LEADER]: Queue going to NON_LEADER mode. State: All replicated index: 0, Majority replicated index: 0, Committed index: 0, Last appended: 0.0, Last appended by leader: 0, Current term: 0, Majority size: -1, State: 0, Mode: NON_LEADER, active raft config: opid_index: -1 OBSOLETE_local: false peers { permanent_uuid: "834fe4fd4df2408e8204658a60d8aca5" member_type: VOTER last_known_addr { host: "127.16.58.129" port: 42793 } } peers { permanent_uuid: "132a49731f2c4d049fc6e4546d716606" member_type: VOTER last_known_addr { host: "127.16.58.130" port: 46679 } } peers { permanent_uuid: "6c91e707f0e44df09a49103483132558" member_type: VOTER last_known_addr { host: "127.16.58.131" port: 36685 } }
I20260713 09:04:32.394829 16947 ts_tablet_manager.cc:1434] T d32aad02c0204a5b961926a186a1c9bc P 132a49731f2c4d049fc6e4546d716606: Time spent starting tablet: real 0.042s	user 0.004s	sys 0.006s
I20260713 09:04:32.395202 16946 tablet_bootstrap.cc:654] T 2f74113ba03047d7b9b215dabd39b95e P 6c91e707f0e44df09a49103483132558: Neither blocks nor log segments found. Creating new log.
I20260713 09:04:32.395952 16947 tablet_bootstrap.cc:492] T c015c8c3998b4a1984f9f1f857848c3a P 132a49731f2c4d049fc6e4546d716606: Bootstrap starting.
I20260713 09:04:32.394373 16945 raft_consensus.cc:359] T bd5a1127ff6a4ca68d29764d29fcb640 P 834fe4fd4df2408e8204658a60d8aca5 [term 0 FOLLOWER]: Replica starting. Triggering 0 pending ops. Active config: opid_index: -1 OBSOLETE_local: false peers { permanent_uuid: "834fe4fd4df2408e8204658a60d8aca5" member_type: VOTER last_known_addr { host: "127.16.58.129" port: 42793 } } peers { permanent_uuid: "132a49731f2c4d049fc6e4546d716606" member_type: VOTER last_known_addr { host: "127.16.58.130" port: 46679 } } peers { permanent_uuid: "6c91e707f0e44df09a49103483132558" member_type: VOTER last_known_addr { host: "127.16.58.131" port: 36685 } }
I20260713 09:04:32.402778 16946 tablet_bootstrap.cc:492] T 2f74113ba03047d7b9b215dabd39b95e P 6c91e707f0e44df09a49103483132558: No bootstrap required, opened a new log
I20260713 09:04:32.402850 16945 raft_consensus.cc:385] T bd5a1127ff6a4ca68d29764d29fcb640 P 834fe4fd4df2408e8204658a60d8aca5 [term 0 FOLLOWER]: Consensus starting up: Expiring failure detector timer to make a prompt election more likely
I20260713 09:04:32.403292 16945 raft_consensus.cc:740] T bd5a1127ff6a4ca68d29764d29fcb640 P 834fe4fd4df2408e8204658a60d8aca5 [term 0 FOLLOWER]: Becoming Follower/Learner. State: Replica: 834fe4fd4df2408e8204658a60d8aca5, State: Initialized, Role: FOLLOWER
I20260713 09:04:32.404093 16945 consensus_queue.cc:260] T bd5a1127ff6a4ca68d29764d29fcb640 P 834fe4fd4df2408e8204658a60d8aca5 [NON_LEADER]: Queue going to NON_LEADER mode. State: All replicated index: 0, Majority replicated index: 0, Committed index: 0, Last appended: 0.0, Last appended by leader: 0, Current term: 0, Majority size: -1, State: 0, Mode: NON_LEADER, active raft config: opid_index: -1 OBSOLETE_local: false peers { permanent_uuid: "834fe4fd4df2408e8204658a60d8aca5" member_type: VOTER last_known_addr { host: "127.16.58.129" port: 42793 } } peers { permanent_uuid: "132a49731f2c4d049fc6e4546d716606" member_type: VOTER last_known_addr { host: "127.16.58.130" port: 46679 } } peers { permanent_uuid: "6c91e707f0e44df09a49103483132558" member_type: VOTER last_known_addr { host: "127.16.58.131" port: 36685 } }
I20260713 09:04:32.405826 16945 ts_tablet_manager.cc:1434] T bd5a1127ff6a4ca68d29764d29fcb640 P 834fe4fd4df2408e8204658a60d8aca5: Time spent starting tablet: real 0.016s	user 0.002s	sys 0.003s
I20260713 09:04:32.407310 16945 tablet_bootstrap.cc:492] T 2f74113ba03047d7b9b215dabd39b95e P 834fe4fd4df2408e8204658a60d8aca5: Bootstrap starting.
I20260713 09:04:32.403509 16946 ts_tablet_manager.cc:1403] T 2f74113ba03047d7b9b215dabd39b95e P 6c91e707f0e44df09a49103483132558: Time spent bootstrapping tablet: real 0.019s	user 0.011s	sys 0.003s
I20260713 09:04:32.402438 16947 tablet_bootstrap.cc:654] T c015c8c3998b4a1984f9f1f857848c3a P 132a49731f2c4d049fc6e4546d716606: Neither blocks nor log segments found. Creating new log.
I20260713 09:04:32.412576 16946 raft_consensus.cc:359] T 2f74113ba03047d7b9b215dabd39b95e P 6c91e707f0e44df09a49103483132558 [term 0 FOLLOWER]: Replica starting. Triggering 0 pending ops. Active config: opid_index: -1 OBSOLETE_local: false peers { permanent_uuid: "834fe4fd4df2408e8204658a60d8aca5" member_type: VOTER last_known_addr { host: "127.16.58.129" port: 42793 } } peers { permanent_uuid: "132a49731f2c4d049fc6e4546d716606" member_type: VOTER last_known_addr { host: "127.16.58.130" port: 46679 } } peers { permanent_uuid: "6c91e707f0e44df09a49103483132558" member_type: VOTER last_known_addr { host: "127.16.58.131" port: 36685 } }
I20260713 09:04:32.413336 16946 raft_consensus.cc:385] T 2f74113ba03047d7b9b215dabd39b95e P 6c91e707f0e44df09a49103483132558 [term 0 FOLLOWER]: Consensus starting up: Expiring failure detector timer to make a prompt election more likely
I20260713 09:04:32.413640 16946 raft_consensus.cc:740] T 2f74113ba03047d7b9b215dabd39b95e P 6c91e707f0e44df09a49103483132558 [term 0 FOLLOWER]: Becoming Follower/Learner. State: Replica: 6c91e707f0e44df09a49103483132558, State: Initialized, Role: FOLLOWER
I20260713 09:04:32.413703 16945 tablet_bootstrap.cc:654] T 2f74113ba03047d7b9b215dabd39b95e P 834fe4fd4df2408e8204658a60d8aca5: Neither blocks nor log segments found. Creating new log.
I20260713 09:04:32.414479 16946 consensus_queue.cc:260] T 2f74113ba03047d7b9b215dabd39b95e P 6c91e707f0e44df09a49103483132558 [NON_LEADER]: Queue going to NON_LEADER mode. State: All replicated index: 0, Majority replicated index: 0, Committed index: 0, Last appended: 0.0, Last appended by leader: 0, Current term: 0, Majority size: -1, State: 0, Mode: NON_LEADER, active raft config: opid_index: -1 OBSOLETE_local: false peers { permanent_uuid: "834fe4fd4df2408e8204658a60d8aca5" member_type: VOTER last_known_addr { host: "127.16.58.129" port: 42793 } } peers { permanent_uuid: "132a49731f2c4d049fc6e4546d716606" member_type: VOTER last_known_addr { host: "127.16.58.130" port: 46679 } } peers { permanent_uuid: "6c91e707f0e44df09a49103483132558" member_type: VOTER last_known_addr { host: "127.16.58.131" port: 36685 } }
I20260713 09:04:32.417367 16946 ts_tablet_manager.cc:1434] T 2f74113ba03047d7b9b215dabd39b95e P 6c91e707f0e44df09a49103483132558: Time spent starting tablet: real 0.008s	user 0.007s	sys 0.000s
I20260713 09:04:32.418416 16946 tablet_bootstrap.cc:492] T 1f14f458ce414bb2bbc318b6df026c16 P 6c91e707f0e44df09a49103483132558: Bootstrap starting.
I20260713 09:04:32.433452 16946 tablet_bootstrap.cc:654] T 1f14f458ce414bb2bbc318b6df026c16 P 6c91e707f0e44df09a49103483132558: Neither blocks nor log segments found. Creating new log.
I20260713 09:04:32.437824 16947 tablet_bootstrap.cc:492] T c015c8c3998b4a1984f9f1f857848c3a P 132a49731f2c4d049fc6e4546d716606: No bootstrap required, opened a new log
I20260713 09:04:32.438344 16947 ts_tablet_manager.cc:1403] T c015c8c3998b4a1984f9f1f857848c3a P 132a49731f2c4d049fc6e4546d716606: Time spent bootstrapping tablet: real 0.043s	user 0.020s	sys 0.011s
I20260713 09:04:32.439327 16950 raft_consensus.cc:493] T 388e30ebfb534738a3af3a6cba233c8b P 834fe4fd4df2408e8204658a60d8aca5 [term 0 FOLLOWER]: Starting pre-election (no leader contacted us within the election timeout)
I20260713 09:04:32.439806 16950 raft_consensus.cc:515] T 388e30ebfb534738a3af3a6cba233c8b P 834fe4fd4df2408e8204658a60d8aca5 [term 0 FOLLOWER]: Starting pre-election with config: opid_index: -1 OBSOLETE_local: false peers { permanent_uuid: "834fe4fd4df2408e8204658a60d8aca5" member_type: VOTER last_known_addr { host: "127.16.58.129" port: 42793 } } peers { permanent_uuid: "132a49731f2c4d049fc6e4546d716606" member_type: VOTER last_known_addr { host: "127.16.58.130" port: 46679 } } peers { permanent_uuid: "6c91e707f0e44df09a49103483132558" member_type: VOTER last_known_addr { host: "127.16.58.131" port: 36685 } }
I20260713 09:04:32.441977 16950 leader_election.cc:290] T 388e30ebfb534738a3af3a6cba233c8b P 834fe4fd4df2408e8204658a60d8aca5 [CANDIDATE]: Term 1 pre-election: Requested pre-vote from peers 132a49731f2c4d049fc6e4546d716606 (127.16.58.130:46679), 6c91e707f0e44df09a49103483132558 (127.16.58.131:36685)
I20260713 09:04:32.445614 16951 raft_consensus.cc:493] T c015c8c3998b4a1984f9f1f857848c3a P 6c91e707f0e44df09a49103483132558 [term 0 FOLLOWER]: Starting pre-election (no leader contacted us within the election timeout)
I20260713 09:04:32.446105 16951 raft_consensus.cc:515] T c015c8c3998b4a1984f9f1f857848c3a P 6c91e707f0e44df09a49103483132558 [term 0 FOLLOWER]: Starting pre-election with config: opid_index: -1 OBSOLETE_local: false peers { permanent_uuid: "834fe4fd4df2408e8204658a60d8aca5" member_type: VOTER last_known_addr { host: "127.16.58.129" port: 42793 } } peers { permanent_uuid: "6c91e707f0e44df09a49103483132558" member_type: VOTER last_known_addr { host: "127.16.58.131" port: 36685 } } peers { permanent_uuid: "132a49731f2c4d049fc6e4546d716606" member_type: VOTER last_known_addr { host: "127.16.58.130" port: 46679 } }
I20260713 09:04:32.448187 16951 leader_election.cc:290] T c015c8c3998b4a1984f9f1f857848c3a P 6c91e707f0e44df09a49103483132558 [CANDIDATE]: Term 1 pre-election: Requested pre-vote from peers 834fe4fd4df2408e8204658a60d8aca5 (127.16.58.129:42793), 132a49731f2c4d049fc6e4546d716606 (127.16.58.130:46679)
I20260713 09:04:32.449602 16901 tablet_service.cc:1917] Received RequestConsensusVote() RPC: tablet_id: "92fe57f420c646b79017d1ba7e4db713" candidate_uuid: "834fe4fd4df2408e8204658a60d8aca5" candidate_term: 1 candidate_status { last_received { term: 0 index: 0 } } ignore_live_leader: false dest_uuid: "6c91e707f0e44df09a49103483132558" is_pre_election: true
I20260713 09:04:32.452771 16902 tablet_service.cc:1917] Received RequestConsensusVote() RPC: tablet_id: "0a661b60af144ac78876791e56b5e317" candidate_uuid: "834fe4fd4df2408e8204658a60d8aca5" candidate_term: 1 candidate_status { last_received { term: 0 index: 0 } } ignore_live_leader: false dest_uuid: "6c91e707f0e44df09a49103483132558" is_pre_election: true
I20260713 09:04:32.453526 16902 raft_consensus.cc:2468] T 0a661b60af144ac78876791e56b5e317 P 6c91e707f0e44df09a49103483132558 [term 0 FOLLOWER]: Leader pre-election vote request: Granting yes vote for candidate 834fe4fd4df2408e8204658a60d8aca5 in term 0.
W20260713 09:04:32.454739 16716 leader_election.cc:343] T 92fe57f420c646b79017d1ba7e4db713 P 834fe4fd4df2408e8204658a60d8aca5 [CANDIDATE]: Term 1 pre-election: Tablet error from VoteRequest() call to peer 6c91e707f0e44df09a49103483132558 (127.16.58.131:36685): Illegal state: must be running to vote when last-logged opid is not known
I20260713 09:04:32.455709 16901 tablet_service.cc:1917] Received RequestConsensusVote() RPC: tablet_id: "388e30ebfb534738a3af3a6cba233c8b" candidate_uuid: "834fe4fd4df2408e8204658a60d8aca5" candidate_term: 1 candidate_status { last_received { term: 0 index: 0 } } ignore_live_leader: false dest_uuid: "6c91e707f0e44df09a49103483132558" is_pre_election: true
I20260713 09:04:32.456311 16901 raft_consensus.cc:2468] T 388e30ebfb534738a3af3a6cba233c8b P 6c91e707f0e44df09a49103483132558 [term 0 FOLLOWER]: Leader pre-election vote request: Granting yes vote for candidate 834fe4fd4df2408e8204658a60d8aca5 in term 0.
I20260713 09:04:32.442497 16950 raft_consensus.cc:493] T c015c8c3998b4a1984f9f1f857848c3a P 834fe4fd4df2408e8204658a60d8aca5 [term 0 FOLLOWER]: Starting pre-election (no leader contacted us within the election timeout)
I20260713 09:04:32.459194 16950 raft_consensus.cc:515] T c015c8c3998b4a1984f9f1f857848c3a P 834fe4fd4df2408e8204658a60d8aca5 [term 0 FOLLOWER]: Starting pre-election with config: opid_index: -1 OBSOLETE_local: false peers { permanent_uuid: "834fe4fd4df2408e8204658a60d8aca5" member_type: VOTER last_known_addr { host: "127.16.58.129" port: 42793 } } peers { permanent_uuid: "6c91e707f0e44df09a49103483132558" member_type: VOTER last_known_addr { host: "127.16.58.131" port: 36685 } } peers { permanent_uuid: "132a49731f2c4d049fc6e4546d716606" member_type: VOTER last_known_addr { host: "127.16.58.130" port: 46679 } }
I20260713 09:04:32.467012 16950 leader_election.cc:290] T c015c8c3998b4a1984f9f1f857848c3a P 834fe4fd4df2408e8204658a60d8aca5 [CANDIDATE]: Term 1 pre-election: Requested pre-vote from peers 6c91e707f0e44df09a49103483132558 (127.16.58.131:36685), 132a49731f2c4d049fc6e4546d716606 (127.16.58.130:46679)
I20260713 09:04:32.449493 16945 tablet_bootstrap.cc:492] T 2f74113ba03047d7b9b215dabd39b95e P 834fe4fd4df2408e8204658a60d8aca5: No bootstrap required, opened a new log
I20260713 09:04:32.464452 16716 leader_election.cc:304] T 0a661b60af144ac78876791e56b5e317 P 834fe4fd4df2408e8204658a60d8aca5 [CANDIDATE]: Term 1 pre-election: Election decided. Result: candidate won. Election summary: received 2 responses out of 3 voters: 2 yes votes; 0 no votes. yes voters: 6c91e707f0e44df09a49103483132558, 834fe4fd4df2408e8204658a60d8aca5; no voters: 
I20260713 09:04:32.468781 16945 ts_tablet_manager.cc:1403] T 2f74113ba03047d7b9b215dabd39b95e P 834fe4fd4df2408e8204658a60d8aca5: Time spent bootstrapping tablet: real 0.062s	user 0.024s	sys 0.006s
I20260713 09:04:32.469720 16716 leader_election.cc:304] T 388e30ebfb534738a3af3a6cba233c8b P 834fe4fd4df2408e8204658a60d8aca5 [CANDIDATE]: Term 1 pre-election: Election decided. Result: candidate won. Election summary: received 2 responses out of 3 voters: 2 yes votes; 0 no votes. yes voters: 6c91e707f0e44df09a49103483132558, 834fe4fd4df2408e8204658a60d8aca5; no voters: 
I20260713 09:04:32.460378 16951 raft_consensus.cc:493] T 6d2aba6a71fc4c51a66673dbdbc4f482 P 6c91e707f0e44df09a49103483132558 [term 0 FOLLOWER]: Starting pre-election (no leader contacted us within the election timeout)
