I20260713 08:59:23.363469  1326 raft_consensus.cc:1081] T ff36251ea02140139f125ef7986bd7d6 P fad8816daad648b9be8dd38925854acd [term 1 LEADER]: Signalling peer e69472801bc84d53bb9e5ae1879818bc to start an election
I20260713 08:59:23.365047  1055 tablet_service.cc:2044] Received Run Leader Election RPC: tablet_id: "ff36251ea02140139f125ef7986bd7d6"
dest_uuid: "e69472801bc84d53bb9e5ae1879818bc"
 from {username='slave'} at 127.0.0.1:47992
I20260713 08:59:23.365590  1055 raft_consensus.cc:493] T ff36251ea02140139f125ef7986bd7d6 P e69472801bc84d53bb9e5ae1879818bc [term 1 FOLLOWER]: Starting forced leader election (received explicit request)
I20260713 08:59:23.365944  1055 raft_consensus.cc:3060] T ff36251ea02140139f125ef7986bd7d6 P e69472801bc84d53bb9e5ae1879818bc [term 1 FOLLOWER]: Advancing to term 2
I20260713 08:59:23.370434  1130 raft_consensus.cc:1275] T 5d66a8207d0d4a6192b804b56ed8c572 P caed90a2490042389dd51e0be80af420 [term 2 FOLLOWER]: Refusing update from remote peer e69472801bc84d53bb9e5ae1879818bc: Log matching property violated. Preceding OpId in replica: term: 1 index: 1. Preceding OpId from leader: term: 2 index: 2. (index mismatch)
I20260713 08:59:23.371954  1311 consensus_queue.cc:1048] T 5d66a8207d0d4a6192b804b56ed8c572 P e69472801bc84d53bb9e5ae1879818bc [LEADER]: Connected to new peer: Peer: permanent_uuid: "caed90a2490042389dd51e0be80af420" member_type: VOTER last_known_addr { host: "127.0.107.194" port: 34031 }, Status: LMP_MISMATCH, Last received: 0.0, Next index: 2, Last known committed idx: 1, Time since last communication: 0.000s
I20260713 08:59:23.372741  1055 raft_consensus.cc:515] T ff36251ea02140139f125ef7986bd7d6 P e69472801bc84d53bb9e5ae1879818bc [term 2 FOLLOWER]: Starting forced leader election with config: opid_index: -1 OBSOLETE_local: false peers { permanent_uuid: "e69472801bc84d53bb9e5ae1879818bc" member_type: VOTER last_known_addr { host: "127.0.107.193" port: 46621 } } peers { permanent_uuid: "caed90a2490042389dd51e0be80af420" member_type: VOTER last_known_addr { host: "127.0.107.194" port: 34031 } } peers { permanent_uuid: "fad8816daad648b9be8dd38925854acd" member_type: VOTER last_known_addr { host: "127.0.107.195" port: 44575 } }
I20260713 08:59:23.374699  1055 leader_election.cc:290] T ff36251ea02140139f125ef7986bd7d6 P e69472801bc84d53bb9e5ae1879818bc [CANDIDATE]: Term 2 election: Requested vote from peers caed90a2490042389dd51e0be80af420 (127.0.107.194:34031), fad8816daad648b9be8dd38925854acd (127.0.107.195:44575)
I20260713 08:59:23.376452  1129 tablet_service.cc:1917] Received RequestConsensusVote() RPC: tablet_id: "ff36251ea02140139f125ef7986bd7d6" candidate_uuid: "e69472801bc84d53bb9e5ae1879818bc" candidate_term: 2 candidate_status { last_received { term: 1 index: 1 } } ignore_live_leader: true dest_uuid: "caed90a2490042389dd51e0be80af420"
I20260713 08:59:23.376621  1203 tablet_service.cc:1917] Received RequestConsensusVote() RPC: tablet_id: "ff36251ea02140139f125ef7986bd7d6" candidate_uuid: "e69472801bc84d53bb9e5ae1879818bc" candidate_term: 2 candidate_status { last_received { term: 1 index: 1 } } ignore_live_leader: true dest_uuid: "fad8816daad648b9be8dd38925854acd"
I20260713 08:59:23.376978  1129 raft_consensus.cc:3060] T ff36251ea02140139f125ef7986bd7d6 P caed90a2490042389dd51e0be80af420 [term 1 FOLLOWER]: Advancing to term 2
I20260713 08:59:23.377355  1203 raft_consensus.cc:3055] T ff36251ea02140139f125ef7986bd7d6 P fad8816daad648b9be8dd38925854acd [term 1 LEADER]: Stepping down as leader of term 1
I20260713 08:59:23.377821  1203 raft_consensus.cc:740] T ff36251ea02140139f125ef7986bd7d6 P fad8816daad648b9be8dd38925854acd [term 1 LEADER]: Becoming Follower/Learner. State: Replica: fad8816daad648b9be8dd38925854acd, State: Running, Role: LEADER
I20260713 08:59:23.378738  1203 consensus_queue.cc:260] T ff36251ea02140139f125ef7986bd7d6 P fad8816daad648b9be8dd38925854acd [NON_LEADER]: Queue going to NON_LEADER mode. State: All replicated index: 0, Majority replicated index: 1, Committed index: 1, Last appended: 1.1, Last appended by leader: 1, Current term: 1, Majority size: -1, State: 0, Mode: NON_LEADER, active raft config: opid_index: -1 OBSOLETE_local: false peers { permanent_uuid: "e69472801bc84d53bb9e5ae1879818bc" member_type: VOTER last_known_addr { host: "127.0.107.193" port: 46621 } } peers { permanent_uuid: "caed90a2490042389dd51e0be80af420" member_type: VOTER last_known_addr { host: "127.0.107.194" port: 34031 } } peers { permanent_uuid: "fad8816daad648b9be8dd38925854acd" member_type: VOTER last_known_addr { host: "127.0.107.195" port: 44575 } }
I20260713 08:59:23.379995  1203 raft_consensus.cc:3060] T ff36251ea02140139f125ef7986bd7d6 P fad8816daad648b9be8dd38925854acd [term 1 FOLLOWER]: Advancing to term 2
I20260713 08:59:23.382288  1129 raft_consensus.cc:2468] T ff36251ea02140139f125ef7986bd7d6 P caed90a2490042389dd51e0be80af420 [term 2 FOLLOWER]: Leader election vote request: Granting yes vote for candidate e69472801bc84d53bb9e5ae1879818bc in term 2.
I20260713 08:59:23.383297  1018 leader_election.cc:304] T ff36251ea02140139f125ef7986bd7d6 P e69472801bc84d53bb9e5ae1879818bc [CANDIDATE]: Term 2 election: Election decided. Result: candidate won. Election summary: received 2 responses out of 3 voters: 2 yes votes; 0 no votes. yes voters: caed90a2490042389dd51e0be80af420, e69472801bc84d53bb9e5ae1879818bc; no voters: 
I20260713 08:59:23.384028  1338 raft_consensus.cc:2804] T ff36251ea02140139f125ef7986bd7d6 P e69472801bc84d53bb9e5ae1879818bc [term 2 FOLLOWER]: Leader election won for term 2
I20260713 08:59:23.384652  1338 raft_consensus.cc:697] T ff36251ea02140139f125ef7986bd7d6 P e69472801bc84d53bb9e5ae1879818bc [term 2 LEADER]: Becoming Leader. State: Replica: e69472801bc84d53bb9e5ae1879818bc, State: Running, Role: LEADER
I20260713 08:59:23.385344  1338 consensus_queue.cc:237] T ff36251ea02140139f125ef7986bd7d6 P e69472801bc84d53bb9e5ae1879818bc [LEADER]: Queue going to LEADER mode. State: All replicated index: 0, Majority replicated index: 1, Committed index: 1, Last appended: 1.1, Last appended by leader: 1, Current term: 2, Majority size: 2, State: 0, Mode: LEADER, active raft config: opid_index: -1 OBSOLETE_local: false peers { permanent_uuid: "e69472801bc84d53bb9e5ae1879818bc" member_type: VOTER last_known_addr { host: "127.0.107.193" port: 46621 } } peers { permanent_uuid: "caed90a2490042389dd51e0be80af420" member_type: VOTER last_known_addr { host: "127.0.107.194" port: 34031 } } peers { permanent_uuid: "fad8816daad648b9be8dd38925854acd" member_type: VOTER last_known_addr { host: "127.0.107.195" port: 44575 } }
I20260713 08:59:23.390193  1203 raft_consensus.cc:2468] T ff36251ea02140139f125ef7986bd7d6 P fad8816daad648b9be8dd38925854acd [term 2 FOLLOWER]: Leader election vote request: Granting yes vote for candidate e69472801bc84d53bb9e5ae1879818bc in term 2.
I20260713 08:59:23.392623   952 catalog_manager.cc:5697] T ff36251ea02140139f125ef7986bd7d6 P e69472801bc84d53bb9e5ae1879818bc reported cstate change: term changed from 1 to 2, leader changed from fad8816daad648b9be8dd38925854acd (127.0.107.195) to e69472801bc84d53bb9e5ae1879818bc (127.0.107.193). New cstate: current_term: 2 leader_uuid: "e69472801bc84d53bb9e5ae1879818bc" committed_config { opid_index: -1 OBSOLETE_local: false peers { permanent_uuid: "e69472801bc84d53bb9e5ae1879818bc" member_type: VOTER last_known_addr { host: "127.0.107.193" port: 46621 } health_report { overall_health: HEALTHY } } peers { permanent_uuid: "caed90a2490042389dd51e0be80af420" member_type: VOTER last_known_addr { host: "127.0.107.194" port: 34031 } health_report { overall_health: UNKNOWN } } peers { permanent_uuid: "fad8816daad648b9be8dd38925854acd" member_type: VOTER last_known_addr { host: "127.0.107.195" port: 44575 } health_report { overall_health: UNKNOWN } } }
I20260713 08:59:23.506587  1055 raft_consensus.cc:1275] T ae47f71cc858449bb40130b5762cb2bd P e69472801bc84d53bb9e5ae1879818bc [term 2 FOLLOWER]: Refusing update from remote peer fad8816daad648b9be8dd38925854acd: Log matching property violated. Preceding OpId in replica: term: 1 index: 1. Preceding OpId from leader: term: 2 index: 2. (index mismatch)
I20260713 08:59:23.507843  1326 consensus_queue.cc:1048] T ae47f71cc858449bb40130b5762cb2bd P fad8816daad648b9be8dd38925854acd [LEADER]: Connected to new peer: Peer: permanent_uuid: "e69472801bc84d53bb9e5ae1879818bc" member_type: VOTER last_known_addr { host: "127.0.107.193" port: 46621 }, Status: LMP_MISMATCH, Last received: 0.0, Next index: 2, Last known committed idx: 1, Time since last communication: 0.000s
I20260713 08:59:23.515141  1129 raft_consensus.cc:1275] T ae47f71cc858449bb40130b5762cb2bd P caed90a2490042389dd51e0be80af420 [term 2 FOLLOWER]: Refusing update from remote peer fad8816daad648b9be8dd38925854acd: Log matching property violated. Preceding OpId in replica: term: 1 index: 1. Preceding OpId from leader: term: 2 index: 2. (index mismatch)
I20260713 08:59:23.516588  1255 consensus_queue.cc:1048] T ae47f71cc858449bb40130b5762cb2bd P fad8816daad648b9be8dd38925854acd [LEADER]: Connected to new peer: Peer: permanent_uuid: "caed90a2490042389dd51e0be80af420" member_type: VOTER last_known_addr { host: "127.0.107.194" port: 34031 }, Status: LMP_MISMATCH, Last received: 0.0, Next index: 2, Last known committed idx: 1, Time since last communication: 0.000s
I20260713 08:59:23.654896  1055 raft_consensus.cc:1275] T 8cf418d353f84be5942d370d8fc0a389 P e69472801bc84d53bb9e5ae1879818bc [term 2 FOLLOWER]: Refusing update from remote peer caed90a2490042389dd51e0be80af420: Log matching property violated. Preceding OpId in replica: term: 1 index: 1. Preceding OpId from leader: term: 2 index: 2. (index mismatch)
I20260713 08:59:23.655319  1129 raft_consensus.cc:1275] T 8adcf8f124d24e5e8c53d62158bece52 P caed90a2490042389dd51e0be80af420 [term 2 FOLLOWER]: Refusing update from remote peer e69472801bc84d53bb9e5ae1879818bc: Log matching property violated. Preceding OpId in replica: term: 1 index: 1. Preceding OpId from leader: term: 2 index: 2. (index mismatch)
I20260713 08:59:23.656073  1250 consensus_queue.cc:1048] T 8cf418d353f84be5942d370d8fc0a389 P caed90a2490042389dd51e0be80af420 [LEADER]: Connected to new peer: Peer: permanent_uuid: "e69472801bc84d53bb9e5ae1879818bc" member_type: VOTER last_known_addr { host: "127.0.107.193" port: 46621 }, Status: LMP_MISMATCH, Last received: 0.0, Next index: 2, Last known committed idx: 1, Time since last communication: 0.000s
I20260713 08:59:23.656468  1338 consensus_queue.cc:1048] T 8adcf8f124d24e5e8c53d62158bece52 P e69472801bc84d53bb9e5ae1879818bc [LEADER]: Connected to new peer: Peer: permanent_uuid: "caed90a2490042389dd51e0be80af420" member_type: VOTER last_known_addr { host: "127.0.107.194" port: 34031 }, Status: LMP_MISMATCH, Last received: 0.0, Next index: 2, Last known committed idx: 1, Time since last communication: 0.000s
I20260713 08:59:23.665346  1203 raft_consensus.cc:1275] T 8cf418d353f84be5942d370d8fc0a389 P fad8816daad648b9be8dd38925854acd [term 2 FOLLOWER]: Refusing update from remote peer caed90a2490042389dd51e0be80af420: Log matching property violated. Preceding OpId in replica: term: 1 index: 1. Preceding OpId from leader: term: 2 index: 2. (index mismatch)
I20260713 08:59:23.666733  1203 raft_consensus.cc:1275] T 8adcf8f124d24e5e8c53d62158bece52 P fad8816daad648b9be8dd38925854acd [term 2 FOLLOWER]: Refusing update from remote peer e69472801bc84d53bb9e5ae1879818bc: Log matching property violated. Preceding OpId in replica: term: 1 index: 1. Preceding OpId from leader: term: 2 index: 2. (index mismatch)
I20260713 08:59:23.666764  1267 consensus_queue.cc:1048] T 8cf418d353f84be5942d370d8fc0a389 P caed90a2490042389dd51e0be80af420 [LEADER]: Connected to new peer: Peer: permanent_uuid: "fad8816daad648b9be8dd38925854acd" member_type: VOTER last_known_addr { host: "127.0.107.195" port: 44575 }, Status: LMP_MISMATCH, Last received: 0.0, Next index: 2, Last known committed idx: 1, Time since last communication: 0.000s
I20260713 08:59:23.668136  1338 consensus_queue.cc:1048] T 8adcf8f124d24e5e8c53d62158bece52 P e69472801bc84d53bb9e5ae1879818bc [LEADER]: Connected to new peer: Peer: permanent_uuid: "fad8816daad648b9be8dd38925854acd" member_type: VOTER last_known_addr { host: "127.0.107.195" port: 44575 }, Status: LMP_MISMATCH, Last received: 0.0, Next index: 2, Last known committed idx: 1, Time since last communication: 0.000s
I20260713 08:59:23.683425  1202 raft_consensus.cc:1275] T 52aa02817af34595a3e9c99cd5a43801 P fad8816daad648b9be8dd38925854acd [term 2 FOLLOWER]: Refusing update from remote peer caed90a2490042389dd51e0be80af420: Log matching property violated. Preceding OpId in replica: term: 1 index: 1. Preceding OpId from leader: term: 2 index: 2. (index mismatch)
I20260713 08:59:23.685040  1318 consensus_queue.cc:1048] T 52aa02817af34595a3e9c99cd5a43801 P caed90a2490042389dd51e0be80af420 [LEADER]: Connected to new peer: Peer: permanent_uuid: "fad8816daad648b9be8dd38925854acd" member_type: VOTER last_known_addr { host: "127.0.107.195" port: 44575 }, Status: LMP_MISMATCH, Last received: 0.0, Next index: 2, Last known committed idx: 1, Time since last communication: 0.000s
I20260713 08:59:23.693794  1053 raft_consensus.cc:1275] T 52aa02817af34595a3e9c99cd5a43801 P e69472801bc84d53bb9e5ae1879818bc [term 2 FOLLOWER]: Refusing update from remote peer caed90a2490042389dd51e0be80af420: Log matching property violated. Preceding OpId in replica: term: 1 index: 1. Preceding OpId from leader: term: 2 index: 2. (index mismatch)
I20260713 08:59:23.694954  1250 consensus_queue.cc:1048] T 52aa02817af34595a3e9c99cd5a43801 P caed90a2490042389dd51e0be80af420 [LEADER]: Connected to new peer: Peer: permanent_uuid: "e69472801bc84d53bb9e5ae1879818bc" member_type: VOTER last_known_addr { host: "127.0.107.193" port: 46621 }, Status: LMP_MISMATCH, Last received: 0.0, Next index: 2, Last known committed idx: 1, Time since last communication: 0.000s
I20260713 08:59:23.771551  1203 raft_consensus.cc:1275] T a4a7849d075843d791b29bf59e71ee15 P fad8816daad648b9be8dd38925854acd [term 2 FOLLOWER]: Refusing update from remote peer e69472801bc84d53bb9e5ae1879818bc: Log matching property violated. Preceding OpId in replica: term: 1 index: 1. Preceding OpId from leader: term: 2 index: 2. (index mismatch)
I20260713 08:59:23.772080  1129 raft_consensus.cc:1275] T dc6684ea15944a36a6d68fdc741ed1dd P caed90a2490042389dd51e0be80af420 [term 2 FOLLOWER]: Refusing update from remote peer e69472801bc84d53bb9e5ae1879818bc: Log matching property violated. Preceding OpId in replica: term: 1 index: 1. Preceding OpId from leader: term: 2 index: 2. (index mismatch)
I20260713 08:59:23.772912  1273 consensus_queue.cc:1048] T a4a7849d075843d791b29bf59e71ee15 P e69472801bc84d53bb9e5ae1879818bc [LEADER]: Connected to new peer: Peer: permanent_uuid: "fad8816daad648b9be8dd38925854acd" member_type: VOTER last_known_addr { host: "127.0.107.195" port: 44575 }, Status: LMP_MISMATCH, Last received: 0.0, Next index: 2, Last known committed idx: 1, Time since last communication: 0.000s
I20260713 08:59:23.773303  1338 consensus_queue.cc:1048] T dc6684ea15944a36a6d68fdc741ed1dd P e69472801bc84d53bb9e5ae1879818bc [LEADER]: Connected to new peer: Peer: permanent_uuid: "caed90a2490042389dd51e0be80af420" member_type: VOTER last_known_addr { host: "127.0.107.194" port: 34031 }, Status: LMP_MISMATCH, Last received: 0.0, Next index: 2, Last known committed idx: 1, Time since last communication: 0.000s
I20260713 08:59:23.783334  1130 raft_consensus.cc:1275] T a4a7849d075843d791b29bf59e71ee15 P caed90a2490042389dd51e0be80af420 [term 2 FOLLOWER]: Refusing update from remote peer e69472801bc84d53bb9e5ae1879818bc: Log matching property violated. Preceding OpId in replica: term: 1 index: 1. Preceding OpId from leader: term: 2 index: 2. (index mismatch)
I20260713 08:59:23.787837  1311 consensus_queue.cc:1048] T a4a7849d075843d791b29bf59e71ee15 P e69472801bc84d53bb9e5ae1879818bc [LEADER]: Connected to new peer: Peer: permanent_uuid: "caed90a2490042389dd51e0be80af420" member_type: VOTER last_known_addr { host: "127.0.107.194" port: 34031 }, Status: LMP_MISMATCH, Last received: 0.0, Next index: 2, Last known committed idx: 1, Time since last communication: 0.000s
I20260713 08:59:23.791236  1202 raft_consensus.cc:1275] T dc6684ea15944a36a6d68fdc741ed1dd P fad8816daad648b9be8dd38925854acd [term 2 FOLLOWER]: Refusing update from remote peer e69472801bc84d53bb9e5ae1879818bc: Log matching property violated. Preceding OpId in replica: term: 1 index: 1. Preceding OpId from leader: term: 2 index: 2. (index mismatch)
I20260713 08:59:23.792500  1338 consensus_queue.cc:1048] T dc6684ea15944a36a6d68fdc741ed1dd P e69472801bc84d53bb9e5ae1879818bc [LEADER]: Connected to new peer: Peer: permanent_uuid: "fad8816daad648b9be8dd38925854acd" member_type: VOTER last_known_addr { host: "127.0.107.195" port: 44575 }, Status: LMP_MISMATCH, Last received: 0.0, Next index: 2, Last known committed idx: 1, Time since last communication: 0.000s
I20260713 08:59:23.850209  1203 raft_consensus.cc:1275] T ff36251ea02140139f125ef7986bd7d6 P fad8816daad648b9be8dd38925854acd [term 2 FOLLOWER]: Refusing update from remote peer e69472801bc84d53bb9e5ae1879818bc: Log matching property violated. Preceding OpId in replica: term: 1 index: 1. Preceding OpId from leader: term: 2 index: 2. (index mismatch)
I20260713 08:59:23.851295  1338 consensus_queue.cc:1048] T ff36251ea02140139f125ef7986bd7d6 P e69472801bc84d53bb9e5ae1879818bc [LEADER]: Connected to new peer: Peer: permanent_uuid: "fad8816daad648b9be8dd38925854acd" member_type: VOTER last_known_addr { host: "127.0.107.195" port: 44575 }, Status: LMP_MISMATCH, Last received: 0.0, Next index: 2, Last known committed idx: 1, Time since last communication: 0.000s
I20260713 08:59:23.858232  1129 raft_consensus.cc:1275] T ff36251ea02140139f125ef7986bd7d6 P caed90a2490042389dd51e0be80af420 [term 2 FOLLOWER]: Refusing update from remote peer e69472801bc84d53bb9e5ae1879818bc: Log matching property violated. Preceding OpId in replica: term: 1 index: 1. Preceding OpId from leader: term: 2 index: 2. (index mismatch)
I20260713 08:59:23.860011  1311 consensus_queue.cc:1048] T ff36251ea02140139f125ef7986bd7d6 P e69472801bc84d53bb9e5ae1879818bc [LEADER]: Connected to new peer: Peer: permanent_uuid: "caed90a2490042389dd51e0be80af420" member_type: VOTER last_known_addr { host: "127.0.107.194" port: 34031 }, Status: LMP_MISMATCH, Last received: 0.0, Next index: 2, Last known committed idx: 1, Time since last communication: 0.000s
I20260713 08:59:26.004093   431 auto_leader_rebalancer-test.cc:352] The leader distribution is 
I20260713 08:59:26.004745   431 auto_leader_rebalancer.cc:141] leader rebalance for table test-workload
I20260713 08:59:26.021250  1055 tablet_service.cc:2072] Received LeaderStepDown RPC: tablet_id: "dc6684ea15944a36a6d68fdc741ed1dd"
dest_uuid: "e69472801bc84d53bb9e5ae1879818bc"
mode: GRACEFUL
new_leader_uuid: "fad8816daad648b9be8dd38925854acd"
 from {username='slave'} at 127.0.0.1:48002
I20260713 08:59:26.021708  1055 raft_consensus.cc:606] T dc6684ea15944a36a6d68fdc741ed1dd P e69472801bc84d53bb9e5ae1879818bc [term 2 LEADER]: Received request to transfer leadership to TS fad8816daad648b9be8dd38925854acd
I20260713 08:59:26.023687  1055 tablet_service.cc:2072] Received LeaderStepDown RPC: tablet_id: "ff36251ea02140139f125ef7986bd7d6"
dest_uuid: "e69472801bc84d53bb9e5ae1879818bc"
mode: GRACEFUL
new_leader_uuid: "fad8816daad648b9be8dd38925854acd"
 from {username='slave'} at 127.0.0.1:48002
I20260713 08:59:26.024076  1055 raft_consensus.cc:606] T ff36251ea02140139f125ef7986bd7d6 P e69472801bc84d53bb9e5ae1879818bc [term 2 LEADER]: Received request to transfer leadership to TS fad8816daad648b9be8dd38925854acd
I20260713 08:59:26.024832   431 auto_leader_rebalancer.cc:479] table: test-workload, leader rebalance finish, leader transfer count: 2
I20260713 08:59:26.025174   431 auto_leader_rebalancer.cc:554] All tables' leader rebalancing finished this round
I20260713 08:59:26.049252  1354 raft_consensus.cc:993] T ff36251ea02140139f125ef7986bd7d6 P e69472801bc84d53bb9e5ae1879818bc: : Instructing follower fad8816daad648b9be8dd38925854acd to start an election
I20260713 08:59:26.050007  1357 raft_consensus.cc:1081] T ff36251ea02140139f125ef7986bd7d6 P e69472801bc84d53bb9e5ae1879818bc [term 2 LEADER]: Signalling peer fad8816daad648b9be8dd38925854acd to start an election
I20260713 08:59:26.051409  1203 tablet_service.cc:2044] Received Run Leader Election RPC: tablet_id: "ff36251ea02140139f125ef7986bd7d6"
dest_uuid: "fad8816daad648b9be8dd38925854acd"
 from {username='slave'} at 127.0.0.1:35570
I20260713 08:59:26.051937  1203 raft_consensus.cc:493] T ff36251ea02140139f125ef7986bd7d6 P fad8816daad648b9be8dd38925854acd [term 2 FOLLOWER]: Starting forced leader election (received explicit request)
I20260713 08:59:26.052311  1203 raft_consensus.cc:3060] T ff36251ea02140139f125ef7986bd7d6 P fad8816daad648b9be8dd38925854acd [term 2 FOLLOWER]: Advancing to term 3
I20260713 08:59:26.060093  1203 raft_consensus.cc:515] T ff36251ea02140139f125ef7986bd7d6 P fad8816daad648b9be8dd38925854acd [term 3 FOLLOWER]: Starting forced leader election with config: opid_index: -1 OBSOLETE_local: false peers { permanent_uuid: "e69472801bc84d53bb9e5ae1879818bc" member_type: VOTER last_known_addr { host: "127.0.107.193" port: 46621 } } peers { permanent_uuid: "caed90a2490042389dd51e0be80af420" member_type: VOTER last_known_addr { host: "127.0.107.194" port: 34031 } } peers { permanent_uuid: "fad8816daad648b9be8dd38925854acd" member_type: VOTER last_known_addr { host: "127.0.107.195" port: 44575 } }
I20260713 08:59:26.061720  1203 leader_election.cc:290] T ff36251ea02140139f125ef7986bd7d6 P fad8816daad648b9be8dd38925854acd [CANDIDATE]: Term 3 election: Requested vote from peers e69472801bc84d53bb9e5ae1879818bc (127.0.107.193:46621), caed90a2490042389dd51e0be80af420 (127.0.107.194:34031)
I20260713 08:59:26.062377  1055 tablet_service.cc:1917] Received RequestConsensusVote() RPC: tablet_id: "ff36251ea02140139f125ef7986bd7d6" candidate_uuid: "fad8816daad648b9be8dd38925854acd" candidate_term: 3 candidate_status { last_received { term: 2 index: 2 } } ignore_live_leader: true dest_uuid: "e69472801bc84d53bb9e5ae1879818bc"
I20260713 08:59:26.062919  1055 raft_consensus.cc:3055] T ff36251ea02140139f125ef7986bd7d6 P e69472801bc84d53bb9e5ae1879818bc [term 2 LEADER]: Stepping down as leader of term 2
I20260713 08:59:26.062981  1129 tablet_service.cc:1917] Received RequestConsensusVote() RPC: tablet_id: "ff36251ea02140139f125ef7986bd7d6" candidate_uuid: "fad8816daad648b9be8dd38925854acd" candidate_term: 3 candidate_status { last_received { term: 2 index: 2 } } ignore_live_leader: true dest_uuid: "caed90a2490042389dd51e0be80af420"
I20260713 08:59:26.063194  1055 raft_consensus.cc:740] T ff36251ea02140139f125ef7986bd7d6 P e69472801bc84d53bb9e5ae1879818bc [term 2 LEADER]: Becoming Follower/Learner. State: Replica: e69472801bc84d53bb9e5ae1879818bc, State: Running, Role: LEADER
I20260713 08:59:26.063515  1129 raft_consensus.cc:3060] T ff36251ea02140139f125ef7986bd7d6 P caed90a2490042389dd51e0be80af420 [term 2 FOLLOWER]: Advancing to term 3
I20260713 08:59:26.063858  1055 consensus_queue.cc:260] T ff36251ea02140139f125ef7986bd7d6 P e69472801bc84d53bb9e5ae1879818bc [NON_LEADER]: Queue going to NON_LEADER mode. State: All replicated index: 0, Majority replicated index: 2, Committed index: 2, Last appended: 2.2, Last appended by leader: 2, Current term: 2, Majority size: -1, State: 0, Mode: NON_LEADER, active raft config: opid_index: -1 OBSOLETE_local: false peers { permanent_uuid: "e69472801bc84d53bb9e5ae1879818bc" member_type: VOTER last_known_addr { host: "127.0.107.193" port: 46621 } } peers { permanent_uuid: "caed90a2490042389dd51e0be80af420" member_type: VOTER last_known_addr { host: "127.0.107.194" port: 34031 } } peers { permanent_uuid: "fad8816daad648b9be8dd38925854acd" member_type: VOTER last_known_addr { host: "127.0.107.195" port: 44575 } }
I20260713 08:59:26.064658  1055 raft_consensus.cc:3060] T ff36251ea02140139f125ef7986bd7d6 P e69472801bc84d53bb9e5ae1879818bc [term 2 FOLLOWER]: Advancing to term 3
I20260713 08:59:26.071369  1129 raft_consensus.cc:2468] T ff36251ea02140139f125ef7986bd7d6 P caed90a2490042389dd51e0be80af420 [term 3 FOLLOWER]: Leader election vote request: Granting yes vote for candidate fad8816daad648b9be8dd38925854acd in term 3.
I20260713 08:59:26.071421  1055 raft_consensus.cc:2468] T ff36251ea02140139f125ef7986bd7d6 P e69472801bc84d53bb9e5ae1879818bc [term 3 FOLLOWER]: Leader election vote request: Granting yes vote for candidate fad8816daad648b9be8dd38925854acd in term 3.
I20260713 08:59:26.072432  1167 leader_election.cc:304] T ff36251ea02140139f125ef7986bd7d6 P fad8816daad648b9be8dd38925854acd [CANDIDATE]: Term 3 election: Election decided. Result: candidate won. Election summary: received 2 responses out of 3 voters: 2 yes votes; 0 no votes. yes voters: caed90a2490042389dd51e0be80af420, fad8816daad648b9be8dd38925854acd; no voters: 
I20260713 08:59:26.073107  1350 raft_consensus.cc:2804] T ff36251ea02140139f125ef7986bd7d6 P fad8816daad648b9be8dd38925854acd [term 3 FOLLOWER]: Leader election won for term 3
I20260713 08:59:26.074002  1350 raft_consensus.cc:697] T ff36251ea02140139f125ef7986bd7d6 P fad8816daad648b9be8dd38925854acd [term 3 LEADER]: Becoming Leader. State: Replica: fad8816daad648b9be8dd38925854acd, State: Running, Role: LEADER
I20260713 08:59:26.074622  1350 consensus_queue.cc:237] T ff36251ea02140139f125ef7986bd7d6 P fad8816daad648b9be8dd38925854acd [LEADER]: Queue going to LEADER mode. State: All replicated index: 0, Majority replicated index: 2, Committed index: 2, Last appended: 2.2, Last appended by leader: 2, Current term: 3, Majority size: 2, State: 0, Mode: LEADER, active raft config: opid_index: -1 OBSOLETE_local: false peers { permanent_uuid: "e69472801bc84d53bb9e5ae1879818bc" member_type: VOTER last_known_addr { host: "127.0.107.193" port: 46621 } } peers { permanent_uuid: "caed90a2490042389dd51e0be80af420" member_type: VOTER last_known_addr { host: "127.0.107.194" port: 34031 } } peers { permanent_uuid: "fad8816daad648b9be8dd38925854acd" member_type: VOTER last_known_addr { host: "127.0.107.195" port: 44575 } }
I20260713 08:59:26.080423   952 catalog_manager.cc:5697] T ff36251ea02140139f125ef7986bd7d6 P fad8816daad648b9be8dd38925854acd reported cstate change: term changed from 2 to 3, leader changed from e69472801bc84d53bb9e5ae1879818bc (127.0.107.193) to fad8816daad648b9be8dd38925854acd (127.0.107.195). New cstate: current_term: 3 leader_uuid: "fad8816daad648b9be8dd38925854acd" committed_config { opid_index: -1 OBSOLETE_local: false peers { permanent_uuid: "e69472801bc84d53bb9e5ae1879818bc" member_type: VOTER last_known_addr { host: "127.0.107.193" port: 46621 } health_report { overall_health: UNKNOWN } } peers { permanent_uuid: "caed90a2490042389dd51e0be80af420" member_type: VOTER last_known_addr { host: "127.0.107.194" port: 34031 } health_report { overall_health: UNKNOWN } } peers { permanent_uuid: "fad8816daad648b9be8dd38925854acd" member_type: VOTER last_known_addr { host: "127.0.107.195" port: 44575 } health_report { overall_health: HEALTHY } } }
I20260713 08:59:26.259166  1358 raft_consensus.cc:993] T dc6684ea15944a36a6d68fdc741ed1dd P e69472801bc84d53bb9e5ae1879818bc: : Instructing follower fad8816daad648b9be8dd38925854acd to start an election
I20260713 08:59:26.259634  1357 raft_consensus.cc:1081] T dc6684ea15944a36a6d68fdc741ed1dd P e69472801bc84d53bb9e5ae1879818bc [term 2 LEADER]: Signalling peer fad8816daad648b9be8dd38925854acd to start an election
I20260713 08:59:26.261281  1203 tablet_service.cc:2044] Received Run Leader Election RPC: tablet_id: "dc6684ea15944a36a6d68fdc741ed1dd"
dest_uuid: "fad8816daad648b9be8dd38925854acd"
 from {username='slave'} at 127.0.0.1:35570
I20260713 08:59:26.261735  1203 raft_consensus.cc:493] T dc6684ea15944a36a6d68fdc741ed1dd P fad8816daad648b9be8dd38925854acd [term 2 FOLLOWER]: Starting forced leader election (received explicit request)
I20260713 08:59:26.261996  1203 raft_consensus.cc:3060] T dc6684ea15944a36a6d68fdc741ed1dd P fad8816daad648b9be8dd38925854acd [term 2 FOLLOWER]: Advancing to term 3
I20260713 08:59:26.267318  1203 raft_consensus.cc:515] T dc6684ea15944a36a6d68fdc741ed1dd P fad8816daad648b9be8dd38925854acd [term 3 FOLLOWER]: Starting forced leader election with config: opid_index: -1 OBSOLETE_local: false peers { permanent_uuid: "e69472801bc84d53bb9e5ae1879818bc" member_type: VOTER last_known_addr { host: "127.0.107.193" port: 46621 } } peers { permanent_uuid: "caed90a2490042389dd51e0be80af420" member_type: VOTER last_known_addr { host: "127.0.107.194" port: 34031 } } peers { permanent_uuid: "fad8816daad648b9be8dd38925854acd" member_type: VOTER last_known_addr { host: "127.0.107.195" port: 44575 } }
I20260713 08:59:26.268811  1203 leader_election.cc:290] T dc6684ea15944a36a6d68fdc741ed1dd P fad8816daad648b9be8dd38925854acd [CANDIDATE]: Term 3 election: Requested vote from peers e69472801bc84d53bb9e5ae1879818bc (127.0.107.193:46621), caed90a2490042389dd51e0be80af420 (127.0.107.194:34031)
I20260713 08:59:26.269539  1055 tablet_service.cc:1917] Received RequestConsensusVote() RPC: tablet_id: "dc6684ea15944a36a6d68fdc741ed1dd" candidate_uuid: "fad8816daad648b9be8dd38925854acd" candidate_term: 3 candidate_status { last_received { term: 2 index: 2 } } ignore_live_leader: true dest_uuid: "e69472801bc84d53bb9e5ae1879818bc"
I20260713 08:59:26.270051  1055 raft_consensus.cc:3055] T dc6684ea15944a36a6d68fdc741ed1dd P e69472801bc84d53bb9e5ae1879818bc [term 2 LEADER]: Stepping down as leader of term 2
I20260713 08:59:26.269902  1129 tablet_service.cc:1917] Received RequestConsensusVote() RPC: tablet_id: "dc6684ea15944a36a6d68fdc741ed1dd" candidate_uuid: "fad8816daad648b9be8dd38925854acd" candidate_term: 3 candidate_status { last_received { term: 2 index: 2 } } ignore_live_leader: true dest_uuid: "caed90a2490042389dd51e0be80af420"
I20260713 08:59:26.270340  1055 raft_consensus.cc:740] T dc6684ea15944a36a6d68fdc741ed1dd P e69472801bc84d53bb9e5ae1879818bc [term 2 LEADER]: Becoming Follower/Learner. State: Replica: e69472801bc84d53bb9e5ae1879818bc, State: Running, Role: LEADER
I20260713 08:59:26.270525  1129 raft_consensus.cc:3060] T dc6684ea15944a36a6d68fdc741ed1dd P caed90a2490042389dd51e0be80af420 [term 2 FOLLOWER]: Advancing to term 3
I20260713 08:59:26.270990  1055 consensus_queue.cc:260] T dc6684ea15944a36a6d68fdc741ed1dd P e69472801bc84d53bb9e5ae1879818bc [NON_LEADER]: Queue going to NON_LEADER mode. State: All replicated index: 0, Majority replicated index: 2, Committed index: 2, Last appended: 2.2, Last appended by leader: 2, Current term: 2, Majority size: -1, State: 0, Mode: NON_LEADER, active raft config: opid_index: -1 OBSOLETE_local: false peers { permanent_uuid: "e69472801bc84d53bb9e5ae1879818bc" member_type: VOTER last_known_addr { host: "127.0.107.193" port: 46621 } } peers { permanent_uuid: "caed90a2490042389dd51e0be80af420" member_type: VOTER last_known_addr { host: "127.0.107.194" port: 34031 } } peers { permanent_uuid: "fad8816daad648b9be8dd38925854acd" member_type: VOTER last_known_addr { host: "127.0.107.195" port: 44575 } }
I20260713 08:59:26.271904  1055 raft_consensus.cc:3060] T dc6684ea15944a36a6d68fdc741ed1dd P e69472801bc84d53bb9e5ae1879818bc [term 2 FOLLOWER]: Advancing to term 3
I20260713 08:59:26.318571  1055 raft_consensus.cc:2468] T dc6684ea15944a36a6d68fdc741ed1dd P e69472801bc84d53bb9e5ae1879818bc [term 3 FOLLOWER]: Leader election vote request: Granting yes vote for candidate fad8816daad648b9be8dd38925854acd in term 3.
I20260713 08:59:26.318616  1129 raft_consensus.cc:2468] T dc6684ea15944a36a6d68fdc741ed1dd P caed90a2490042389dd51e0be80af420 [term 3 FOLLOWER]: Leader election vote request: Granting yes vote for candidate fad8816daad648b9be8dd38925854acd in term 3.
I20260713 08:59:26.319708  1168 leader_election.cc:304] T dc6684ea15944a36a6d68fdc741ed1dd P fad8816daad648b9be8dd38925854acd [CANDIDATE]: Term 3 election: Election decided. Result: candidate won. Election summary: received 2 responses out of 3 voters: 2 yes votes; 0 no votes. yes voters: e69472801bc84d53bb9e5ae1879818bc, fad8816daad648b9be8dd38925854acd; no voters: 
I20260713 08:59:26.320576  1350 raft_consensus.cc:2804] T dc6684ea15944a36a6d68fdc741ed1dd P fad8816daad648b9be8dd38925854acd [term 3 FOLLOWER]: Leader election won for term 3
I20260713 08:59:26.321228  1350 raft_consensus.cc:697] T dc6684ea15944a36a6d68fdc741ed1dd P fad8816daad648b9be8dd38925854acd [term 3 LEADER]: Becoming Leader. State: Replica: fad8816daad648b9be8dd38925854acd, State: Running, Role: LEADER
I20260713 08:59:26.322108  1350 consensus_queue.cc:237] T dc6684ea15944a36a6d68fdc741ed1dd P fad8816daad648b9be8dd38925854acd [LEADER]: Queue going to LEADER mode. State: All replicated index: 0, Majority replicated index: 2, Committed index: 2, Last appended: 2.2, Last appended by leader: 2, Current term: 3, Majority size: 2, State: 0, Mode: LEADER, active raft config: opid_index: -1 OBSOLETE_local: false peers { permanent_uuid: "e69472801bc84d53bb9e5ae1879818bc" member_type: VOTER last_known_addr { host: "127.0.107.193" port: 46621 } } peers { permanent_uuid: "caed90a2490042389dd51e0be80af420" member_type: VOTER last_known_addr { host: "127.0.107.194" port: 34031 } } peers { permanent_uuid: "fad8816daad648b9be8dd38925854acd" member_type: VOTER last_known_addr { host: "127.0.107.195" port: 44575 } }
I20260713 08:59:26.328576   952 catalog_manager.cc:5697] T dc6684ea15944a36a6d68fdc741ed1dd P fad8816daad648b9be8dd38925854acd reported cstate change: term changed from 2 to 3, leader changed from e69472801bc84d53bb9e5ae1879818bc (127.0.107.193) to fad8816daad648b9be8dd38925854acd (127.0.107.195). New cstate: current_term: 3 leader_uuid: "fad8816daad648b9be8dd38925854acd" committed_config { opid_index: -1 OBSOLETE_local: false peers { permanent_uuid: "e69472801bc84d53bb9e5ae1879818bc" member_type: VOTER last_known_addr { host: "127.0.107.193" port: 46621 } health_report { overall_health: UNKNOWN } } peers { permanent_uuid: "caed90a2490042389dd51e0be80af420" member_type: VOTER last_known_addr { host: "127.0.107.194" port: 34031 } health_report { overall_health: UNKNOWN } } peers { permanent_uuid: "fad8816daad648b9be8dd38925854acd" member_type: VOTER last_known_addr { host: "127.0.107.195" port: 44575 } health_report { overall_health: HEALTHY } } }
I20260713 08:59:26.575152  1129 raft_consensus.cc:1275] T ff36251ea02140139f125ef7986bd7d6 P caed90a2490042389dd51e0be80af420 [term 3 FOLLOWER]: Refusing update from remote peer fad8816daad648b9be8dd38925854acd: Log matching property violated. Preceding OpId in replica: term: 2 index: 2. Preceding OpId from leader: term: 3 index: 3. (index mismatch)
I20260713 08:59:26.576378  1350 consensus_queue.cc:1048] T ff36251ea02140139f125ef7986bd7d6 P fad8816daad648b9be8dd38925854acd [LEADER]: Connected to new peer: Peer: permanent_uuid: "caed90a2490042389dd51e0be80af420" member_type: VOTER last_known_addr { host: "127.0.107.194" port: 34031 }, Status: LMP_MISMATCH, Last received: 0.0, Next index: 3, Last known committed idx: 2, Time since last communication: 0.000s
I20260713 08:59:26.585239  1055 raft_consensus.cc:1275] T ff36251ea02140139f125ef7986bd7d6 P e69472801bc84d53bb9e5ae1879818bc [term 3 FOLLOWER]: Refusing update from remote peer fad8816daad648b9be8dd38925854acd: Log matching property violated. Preceding OpId in replica: term: 2 index: 2. Preceding OpId from leader: term: 3 index: 3. (index mismatch)
I20260713 08:59:26.586421  1350 consensus_queue.cc:1048] T ff36251ea02140139f125ef7986bd7d6 P fad8816daad648b9be8dd38925854acd [LEADER]: Connected to new peer: Peer: permanent_uuid: "e69472801bc84d53bb9e5ae1879818bc" member_type: VOTER last_known_addr { host: "127.0.107.193" port: 46621 }, Status: LMP_MISMATCH, Last received: 0.0, Next index: 3, Last known committed idx: 2, Time since last communication: 0.000s
I20260713 08:59:26.791680  1055 raft_consensus.cc:1275] T dc6684ea15944a36a6d68fdc741ed1dd P e69472801bc84d53bb9e5ae1879818bc [term 3 FOLLOWER]: Refusing update from remote peer fad8816daad648b9be8dd38925854acd: Log matching property violated. Preceding OpId in replica: term: 2 index: 2. Preceding OpId from leader: term: 3 index: 3. (index mismatch)
I20260713 08:59:26.792711  1350 consensus_queue.cc:1048] T dc6684ea15944a36a6d68fdc741ed1dd P fad8816daad648b9be8dd38925854acd [LEADER]: Connected to new peer: Peer: permanent_uuid: "e69472801bc84d53bb9e5ae1879818bc" member_type: VOTER last_known_addr { host: "127.0.107.193" port: 46621 }, Status: LMP_MISMATCH, Last received: 0.0, Next index: 3, Last known committed idx: 2, Time since last communication: 0.000s
I20260713 08:59:26.800364  1129 raft_consensus.cc:1275] T dc6684ea15944a36a6d68fdc741ed1dd P caed90a2490042389dd51e0be80af420 [term 3 FOLLOWER]: Refusing update from remote peer fad8816daad648b9be8dd38925854acd: Log matching property violated. Preceding OpId in replica: term: 2 index: 2. Preceding OpId from leader: term: 3 index: 3. (index mismatch)
I20260713 08:59:26.801888  1359 consensus_queue.cc:1048] T dc6684ea15944a36a6d68fdc741ed1dd P fad8816daad648b9be8dd38925854acd [LEADER]: Connected to new peer: Peer: permanent_uuid: "caed90a2490042389dd51e0be80af420" member_type: VOTER last_known_addr { host: "127.0.107.194" port: 34031 }, Status: LMP_MISMATCH, Last received: 0.0, Next index: 3, Last known committed idx: 2, Time since last communication: 0.000s
I20260713 08:59:27.025846   431 auto_leader_rebalancer.cc:141] leader rebalance for table test-workload
I20260713 08:59:27.038301  1202 tablet_service.cc:2072] Received LeaderStepDown RPC: tablet_id: "ff36251ea02140139f125ef7986bd7d6"
dest_uuid: "fad8816daad648b9be8dd38925854acd"
mode: GRACEFUL
new_leader_uuid: "e69472801bc84d53bb9e5ae1879818bc"
 from {username='slave'} at 127.0.0.1:35582
I20260713 08:59:27.038792  1202 raft_consensus.cc:606] T ff36251ea02140139f125ef7986bd7d6 P fad8816daad648b9be8dd38925854acd [term 3 LEADER]: Received request to transfer leadership to TS e69472801bc84d53bb9e5ae1879818bc
I20260713 08:59:27.043229  1202 tablet_service.cc:2072] Received LeaderStepDown RPC: tablet_id: "dc6684ea15944a36a6d68fdc741ed1dd"
dest_uuid: "fad8816daad648b9be8dd38925854acd"
mode: GRACEFUL
new_leader_uuid: "e69472801bc84d53bb9e5ae1879818bc"
 from {username='slave'} at 127.0.0.1:35582
I20260713 08:59:27.043612  1202 raft_consensus.cc:606] T dc6684ea15944a36a6d68fdc741ed1dd P fad8816daad648b9be8dd38925854acd [term 3 LEADER]: Received request to transfer leadership to TS e69472801bc84d53bb9e5ae1879818bc
I20260713 08:59:27.052727  1129 tablet_service.cc:2072] Received LeaderStepDown RPC: tablet_id: "8cf418d353f84be5942d370d8fc0a389"
dest_uuid: "caed90a2490042389dd51e0be80af420"
mode: GRACEFUL
new_leader_uuid: "e69472801bc84d53bb9e5ae1879818bc"
 from {username='slave'} at 127.0.0.1:59252
I20260713 08:59:27.053114  1129 raft_consensus.cc:606] T 8cf418d353f84be5942d370d8fc0a389 P caed90a2490042389dd51e0be80af420 [term 2 LEADER]: Received request to transfer leadership to TS e69472801bc84d53bb9e5ae1879818bc
I20260713 08:59:27.057081  1129 tablet_service.cc:2072] Received LeaderStepDown RPC: tablet_id: "52aa02817af34595a3e9c99cd5a43801"
dest_uuid: "caed90a2490042389dd51e0be80af420"
mode: GRACEFUL
new_leader_uuid: "e69472801bc84d53bb9e5ae1879818bc"
 from {username='slave'} at 127.0.0.1:59252
I20260713 08:59:27.057425  1129 raft_consensus.cc:606] T 52aa02817af34595a3e9c99cd5a43801 P caed90a2490042389dd51e0be80af420 [term 2 LEADER]: Received request to transfer leadership to TS e69472801bc84d53bb9e5ae1879818bc
I20260713 08:59:27.061492  1129 tablet_service.cc:2072] Received LeaderStepDown RPC: tablet_id: "098522143ac441c4a312f51660650d0d"
dest_uuid: "caed90a2490042389dd51e0be80af420"
mode: GRACEFUL
new_leader_uuid: "e69472801bc84d53bb9e5ae1879818bc"
 from {username='slave'} at 127.0.0.1:59252
I20260713 08:59:27.061838  1129 raft_consensus.cc:606] T 098522143ac441c4a312f51660650d0d P caed90a2490042389dd51e0be80af420 [term 1 LEADER]: Received request to transfer leadership to TS e69472801bc84d53bb9e5ae1879818bc
I20260713 08:59:27.230568  1369 raft_consensus.cc:993] T dc6684ea15944a36a6d68fdc741ed1dd P fad8816daad648b9be8dd38925854acd: : Instructing follower e69472801bc84d53bb9e5ae1879818bc to start an election
I20260713 08:59:27.231658  1359 raft_consensus.cc:1081] T dc6684ea15944a36a6d68fdc741ed1dd P fad8816daad648b9be8dd38925854acd [term 3 LEADER]: Signalling peer e69472801bc84d53bb9e5ae1879818bc to start an election
I20260713 08:59:27.233245  1055 tablet_service.cc:2044] Received Run Leader Election RPC: tablet_id: "dc6684ea15944a36a6d68fdc741ed1dd"
dest_uuid: "e69472801bc84d53bb9e5ae1879818bc"
 from {username='slave'} at 127.0.0.1:47992
I20260713 08:59:27.233682  1055 raft_consensus.cc:493] T dc6684ea15944a36a6d68fdc741ed1dd P e69472801bc84d53bb9e5ae1879818bc [term 3 FOLLOWER]: Starting forced leader election (received explicit request)
I20260713 08:59:27.233963  1055 raft_consensus.cc:3060] T dc6684ea15944a36a6d68fdc741ed1dd P e69472801bc84d53bb9e5ae1879818bc [term 3 FOLLOWER]: Advancing to term 4
I20260713 08:59:27.238116  1055 raft_consensus.cc:515] T dc6684ea15944a36a6d68fdc741ed1dd P e69472801bc84d53bb9e5ae1879818bc [term 4 FOLLOWER]: Starting forced leader election with config: opid_index: -1 OBSOLETE_local: false peers { permanent_uuid: "e69472801bc84d53bb9e5ae1879818bc" member_type: VOTER last_known_addr { host: "127.0.107.193" port: 46621 } } peers { permanent_uuid: "caed90a2490042389dd51e0be80af420" member_type: VOTER last_known_addr { host: "127.0.107.194" port: 34031 } } peers { permanent_uuid: "fad8816daad648b9be8dd38925854acd" member_type: VOTER last_known_addr { host: "127.0.107.195" port: 44575 } }
I20260713 08:59:27.239399  1055 leader_election.cc:290] T dc6684ea15944a36a6d68fdc741ed1dd P e69472801bc84d53bb9e5ae1879818bc [CANDIDATE]: Term 4 election: Requested vote from peers caed90a2490042389dd51e0be80af420 (127.0.107.194:34031), fad8816daad648b9be8dd38925854acd (127.0.107.195:44575)
I20260713 08:59:27.240147  1129 tablet_service.cc:1917] Received RequestConsensusVote() RPC: tablet_id: "dc6684ea15944a36a6d68fdc741ed1dd" candidate_uuid: "e69472801bc84d53bb9e5ae1879818bc" candidate_term: 4 candidate_status { last_received { term: 3 index: 3 } } ignore_live_leader: true dest_uuid: "caed90a2490042389dd51e0be80af420"
I20260713 08:59:27.240566  1202 tablet_service.cc:1917] Received RequestConsensusVote() RPC: tablet_id: "dc6684ea15944a36a6d68fdc741ed1dd" candidate_uuid: "e69472801bc84d53bb9e5ae1879818bc" candidate_term: 4 candidate_status { last_received { term: 3 index: 3 } } ignore_live_leader: true dest_uuid: "fad8816daad648b9be8dd38925854acd"
I20260713 08:59:27.240677  1129 raft_consensus.cc:3060] T dc6684ea15944a36a6d68fdc741ed1dd P caed90a2490042389dd51e0be80af420 [term 3 FOLLOWER]: Advancing to term 4
I20260713 08:59:27.241046  1202 raft_consensus.cc:3055] T dc6684ea15944a36a6d68fdc741ed1dd P fad8816daad648b9be8dd38925854acd [term 3 LEADER]: Stepping down as leader of term 3
I20260713 08:59:27.241290  1202 raft_consensus.cc:740] T dc6684ea15944a36a6d68fdc741ed1dd P fad8816daad648b9be8dd38925854acd [term 3 LEADER]: Becoming Follower/Learner. State: Replica: fad8816daad648b9be8dd38925854acd, State: Running, Role: LEADER
I20260713 08:59:27.242010  1202 consensus_queue.cc:260] T dc6684ea15944a36a6d68fdc741ed1dd P fad8816daad648b9be8dd38925854acd [NON_LEADER]: Queue going to NON_LEADER mode. State: All replicated index: 0, Majority replicated index: 3, Committed index: 3, Last appended: 3.3, Last appended by leader: 3, Current term: 3, Majority size: -1, State: 0, Mode: NON_LEADER, active raft config: opid_index: -1 OBSOLETE_local: false peers { permanent_uuid: "e69472801bc84d53bb9e5ae1879818bc" member_type: VOTER last_known_addr { host: "127.0.107.193" port: 46621 } } peers { permanent_uuid: "caed90a2490042389dd51e0be80af420" member_type: VOTER last_known_addr { host: "127.0.107.194" port: 34031 } } peers { permanent_uuid: "fad8816daad648b9be8dd38925854acd" member_type: VOTER last_known_addr { host: "127.0.107.195" port: 44575 } }
I20260713 08:59:27.243027  1202 raft_consensus.cc:3060] T dc6684ea15944a36a6d68fdc741ed1dd P fad8816daad648b9be8dd38925854acd [term 3 FOLLOWER]: Advancing to term 4
I20260713 08:59:27.245790  1129 raft_consensus.cc:2468] T dc6684ea15944a36a6d68fdc741ed1dd P caed90a2490042389dd51e0be80af420 [term 4 FOLLOWER]: Leader election vote request: Granting yes vote for candidate e69472801bc84d53bb9e5ae1879818bc in term 4.
I20260713 08:59:27.246688  1018 leader_election.cc:304] T dc6684ea15944a36a6d68fdc741ed1dd P e69472801bc84d53bb9e5ae1879818bc [CANDIDATE]: Term 4 election: Election decided. Result: candidate won. Election summary: received 2 responses out of 3 voters: 2 yes votes; 0 no votes. yes voters: caed90a2490042389dd51e0be80af420, e69472801bc84d53bb9e5ae1879818bc; no voters: 
I20260713 08:59:27.247432  1357 raft_consensus.cc:2804] T dc6684ea15944a36a6d68fdc741ed1dd P e69472801bc84d53bb9e5ae1879818bc [term 4 FOLLOWER]: Leader election won for term 4
I20260713 08:59:27.248732  1357 raft_consensus.cc:697] T dc6684ea15944a36a6d68fdc741ed1dd P e69472801bc84d53bb9e5ae1879818bc [term 4 LEADER]: Becoming Leader. State: Replica: e69472801bc84d53bb9e5ae1879818bc, State: Running, Role: LEADER
I20260713 08:59:27.249441  1202 raft_consensus.cc:2468] T dc6684ea15944a36a6d68fdc741ed1dd P fad8816daad648b9be8dd38925854acd [term 4 FOLLOWER]: Leader election vote request: Granting yes vote for candidate e69472801bc84d53bb9e5ae1879818bc in term 4.
I20260713 08:59:27.249512  1357 consensus_queue.cc:237] T dc6684ea15944a36a6d68fdc741ed1dd P e69472801bc84d53bb9e5ae1879818bc [LEADER]: Queue going to LEADER mode. State: All replicated index: 0, Majority replicated index: 3, Committed index: 3, Last appended: 3.3, Last appended by leader: 3, Current term: 4, Majority size: 2, State: 0, Mode: LEADER, active raft config: opid_index: -1 OBSOLETE_local: false peers { permanent_uuid: "e69472801bc84d53bb9e5ae1879818bc" member_type: VOTER last_known_addr { host: "127.0.107.193" port: 46621 } } peers { permanent_uuid: "caed90a2490042389dd51e0be80af420" member_type: VOTER last_known_addr { host: "127.0.107.194" port: 34031 } } peers { permanent_uuid: "fad8816daad648b9be8dd38925854acd" member_type: VOTER last_known_addr { host: "127.0.107.195" port: 44575 } }
I20260713 08:59:27.255366   950 catalog_manager.cc:5697] T dc6684ea15944a36a6d68fdc741ed1dd P e69472801bc84d53bb9e5ae1879818bc reported cstate change: term changed from 3 to 4, leader changed from fad8816daad648b9be8dd38925854acd (127.0.107.195) to e69472801bc84d53bb9e5ae1879818bc (127.0.107.193). New cstate: current_term: 4 leader_uuid: "e69472801bc84d53bb9e5ae1879818bc" committed_config { opid_index: -1 OBSOLETE_local: false peers { permanent_uuid: "e69472801bc84d53bb9e5ae1879818bc" member_type: VOTER last_known_addr { host: "127.0.107.193" port: 46621 } health_report { overall_health: HEALTHY } } peers { permanent_uuid: "caed90a2490042389dd51e0be80af420" member_type: VOTER last_known_addr { host: "127.0.107.194" port: 34031 } health_report { overall_health: UNKNOWN } } peers { permanent_uuid: "fad8816daad648b9be8dd38925854acd" member_type: VOTER last_known_addr { host: "127.0.107.195" port: 44575 } health_report { overall_health: UNKNOWN } } }
I20260713 08:59:27.283110  1250 raft_consensus.cc:993] T 8cf418d353f84be5942d370d8fc0a389 P caed90a2490042389dd51e0be80af420: : Instructing follower e69472801bc84d53bb9e5ae1879818bc to start an election
I20260713 08:59:27.283538  1378 raft_consensus.cc:1081] T 8cf418d353f84be5942d370d8fc0a389 P caed90a2490042389dd51e0be80af420 [term 2 LEADER]: Signalling peer e69472801bc84d53bb9e5ae1879818bc to start an election
I20260713 08:59:27.284876  1055 tablet_service.cc:2044] Received Run Leader Election RPC: tablet_id: "8cf418d353f84be5942d370d8fc0a389"
dest_uuid: "e69472801bc84d53bb9e5ae1879818bc"
 from {username='slave'} at 127.0.0.1:47982
I20260713 08:59:27.285322  1055 raft_consensus.cc:493] T 8cf418d353f84be5942d370d8fc0a389 P e69472801bc84d53bb9e5ae1879818bc [term 2 FOLLOWER]: Starting forced leader election (received explicit request)
I20260713 08:59:27.285614  1055 raft_consensus.cc:3060] T 8cf418d353f84be5942d370d8fc0a389 P e69472801bc84d53bb9e5ae1879818bc [term 2 FOLLOWER]: Advancing to term 3
I20260713 08:59:27.289439  1055 raft_consensus.cc:515] T 8cf418d353f84be5942d370d8fc0a389 P e69472801bc84d53bb9e5ae1879818bc [term 3 FOLLOWER]: Starting forced leader election with config: opid_index: -1 OBSOLETE_local: false peers { permanent_uuid: "e69472801bc84d53bb9e5ae1879818bc" member_type: VOTER last_known_addr { host: "127.0.107.193" port: 46621 } } peers { permanent_uuid: "caed90a2490042389dd51e0be80af420" member_type: VOTER last_known_addr { host: "127.0.107.194" port: 34031 } } peers { permanent_uuid: "fad8816daad648b9be8dd38925854acd" member_type: VOTER last_known_addr { host: "127.0.107.195" port: 44575 } }
I20260713 08:59:27.290807  1055 leader_election.cc:290] T 8cf418d353f84be5942d370d8fc0a389 P e69472801bc84d53bb9e5ae1879818bc [CANDIDATE]: Term 3 election: Requested vote from peers caed90a2490042389dd51e0be80af420 (127.0.107.194:34031), fad8816daad648b9be8dd38925854acd (127.0.107.195:44575)
I20260713 08:59:27.291411  1129 tablet_service.cc:1917] Received RequestConsensusVote() RPC: tablet_id: "8cf418d353f84be5942d370d8fc0a389" candidate_uuid: "e69472801bc84d53bb9e5ae1879818bc" candidate_term: 3 candidate_status { last_received { term: 2 index: 2 } } ignore_live_leader: true dest_uuid: "caed90a2490042389dd51e0be80af420"
I20260713 08:59:27.291937  1129 raft_consensus.cc:3055] T 8cf418d353f84be5942d370d8fc0a389 P caed90a2490042389dd51e0be80af420 [term 2 LEADER]: Stepping down as leader of term 2
