I20260713 09:04:53.301955 12176 catalog_manager.cc:5697] T 866b7891a38a45b89e791245375a883b P 81e77e053ee74bf4bd329442d198b372 reported cstate change: term changed from 0 to 1, leader changed from <none> to 81e77e053ee74bf4bd329442d198b372 (127.10.217.194). New cstate: current_term: 1 leader_uuid: "81e77e053ee74bf4bd329442d198b372" committed_config { opid_index: -1 OBSOLETE_local: false peers { permanent_uuid: "01e28843afe140088a228937aa96a732" member_type: VOTER last_known_addr { host: "127.10.217.193" port: 44161 } health_report { overall_health: UNKNOWN } } peers { permanent_uuid: "81e77e053ee74bf4bd329442d198b372" member_type: VOTER last_known_addr { host: "127.10.217.194" port: 42109 } health_report { overall_health: HEALTHY } } peers { permanent_uuid: "903439b95fd84ce29116e385c5de46d0" member_type: VOTER last_known_addr { host: "127.10.217.195" port: 35917 } health_report { overall_health: UNKNOWN } } }
I20260713 09:04:53.303045 12471 raft_consensus.cc:359] T 5a860db2216e489aa3ed5ef3b2534c7e P 81e77e053ee74bf4bd329442d198b372 [term 0 FOLLOWER]: Replica starting. Triggering 0 pending ops. Active config: opid_index: -1 OBSOLETE_local: false peers { permanent_uuid: "01e28843afe140088a228937aa96a732" member_type: VOTER last_known_addr { host: "127.10.217.193" port: 44161 } } peers { permanent_uuid: "81e77e053ee74bf4bd329442d198b372" member_type: VOTER last_known_addr { host: "127.10.217.194" port: 42109 } } peers { permanent_uuid: "903439b95fd84ce29116e385c5de46d0" member_type: VOTER last_known_addr { host: "127.10.217.195" port: 35917 } }
I20260713 09:04:53.303671 12471 raft_consensus.cc:385] T 5a860db2216e489aa3ed5ef3b2534c7e P 81e77e053ee74bf4bd329442d198b372 [term 0 FOLLOWER]: Consensus starting up: Expiring failure detector timer to make a prompt election more likely
I20260713 09:04:53.303941 12471 raft_consensus.cc:740] T 5a860db2216e489aa3ed5ef3b2534c7e P 81e77e053ee74bf4bd329442d198b372 [term 0 FOLLOWER]: Becoming Follower/Learner. State: Replica: 81e77e053ee74bf4bd329442d198b372, State: Initialized, Role: FOLLOWER
I20260713 09:04:53.304833 12471 consensus_queue.cc:260] T 5a860db2216e489aa3ed5ef3b2534c7e P 81e77e053ee74bf4bd329442d198b372 [NON_LEADER]: Queue going to NON_LEADER mode. State: All replicated index: 0, Majority replicated index: 0, Committed index: 0, Last appended: 0.0, Last appended by leader: 0, Current term: 0, Majority size: -1, State: 0, Mode: NON_LEADER, active raft config: opid_index: -1 OBSOLETE_local: false peers { permanent_uuid: "01e28843afe140088a228937aa96a732" member_type: VOTER last_known_addr { host: "127.10.217.193" port: 44161 } } peers { permanent_uuid: "81e77e053ee74bf4bd329442d198b372" member_type: VOTER last_known_addr { host: "127.10.217.194" port: 42109 } } peers { permanent_uuid: "903439b95fd84ce29116e385c5de46d0" member_type: VOTER last_known_addr { host: "127.10.217.195" port: 35917 } }
I20260713 09:04:53.305961 12467 tablet_bootstrap.cc:654] T e3a830b729a64dd8a30159e198fe3511 P 01e28843afe140088a228937aa96a732: Neither blocks nor log segments found. Creating new log.
I20260713 09:04:53.306473 12468 tablet_bootstrap.cc:654] T e3a830b729a64dd8a30159e198fe3511 P 903439b95fd84ce29116e385c5de46d0: Neither blocks nor log segments found. Creating new log.
I20260713 09:04:53.309055 12505 consensus_queue.cc:1048] T 7c9afe92f1c44da2981d97cf8abc21bc P 903439b95fd84ce29116e385c5de46d0 [LEADER]: Connected to new peer: Peer: permanent_uuid: "01e28843afe140088a228937aa96a732" member_type: VOTER last_known_addr { host: "127.10.217.193" port: 44161 }, Status: LMP_MISMATCH, Last received: 0.0, Next index: 1, Last known committed idx: 0, Time since last communication: 0.000s
I20260713 09:04:53.309715 12471 ts_tablet_manager.cc:1434] T 5a860db2216e489aa3ed5ef3b2534c7e P 81e77e053ee74bf4bd329442d198b372: Time spent starting tablet: real 0.009s	user 0.005s	sys 0.001s
I20260713 09:04:53.310390 12505 raft_consensus.cc:493] T 12fae857dbaa4cdb9ca1765349f688b6 P 903439b95fd84ce29116e385c5de46d0 [term 0 FOLLOWER]: Starting pre-election (no leader contacted us within the election timeout)
I20260713 09:04:53.310838 12505 raft_consensus.cc:515] T 12fae857dbaa4cdb9ca1765349f688b6 P 903439b95fd84ce29116e385c5de46d0 [term 0 FOLLOWER]: Starting pre-election with config: opid_index: -1 OBSOLETE_local: false peers { permanent_uuid: "01e28843afe140088a228937aa96a732" member_type: VOTER last_known_addr { host: "127.10.217.193" port: 44161 } } peers { permanent_uuid: "81e77e053ee74bf4bd329442d198b372" member_type: VOTER last_known_addr { host: "127.10.217.194" port: 42109 } } peers { permanent_uuid: "903439b95fd84ce29116e385c5de46d0" member_type: VOTER last_known_addr { host: "127.10.217.195" port: 35917 } }
I20260713 09:04:53.312889 12505 leader_election.cc:290] T 12fae857dbaa4cdb9ca1765349f688b6 P 903439b95fd84ce29116e385c5de46d0 [CANDIDATE]: Term 1 pre-election: Requested pre-vote from peers 01e28843afe140088a228937aa96a732 (127.10.217.193:44161), 81e77e053ee74bf4bd329442d198b372 (127.10.217.194:42109)
I20260713 09:04:53.316776 12276 tablet_service.cc:1917] Received RequestConsensusVote() RPC: tablet_id: "12fae857dbaa4cdb9ca1765349f688b6" candidate_uuid: "903439b95fd84ce29116e385c5de46d0" candidate_term: 1 candidate_status { last_received { term: 0 index: 0 } } ignore_live_leader: false dest_uuid: "01e28843afe140088a228937aa96a732" is_pre_election: true
I20260713 09:04:53.317749 12276 raft_consensus.cc:2468] T 12fae857dbaa4cdb9ca1765349f688b6 P 01e28843afe140088a228937aa96a732 [term 0 FOLLOWER]: Leader pre-election vote request: Granting yes vote for candidate 903439b95fd84ce29116e385c5de46d0 in term 0.
I20260713 09:04:53.318544 12353 tablet_service.cc:1917] Received RequestConsensusVote() RPC: tablet_id: "12fae857dbaa4cdb9ca1765349f688b6" candidate_uuid: "903439b95fd84ce29116e385c5de46d0" candidate_term: 1 candidate_status { last_received { term: 0 index: 0 } } ignore_live_leader: false dest_uuid: "81e77e053ee74bf4bd329442d198b372" is_pre_election: true
I20260713 09:04:53.319337 12353 raft_consensus.cc:2468] T 12fae857dbaa4cdb9ca1765349f688b6 P 81e77e053ee74bf4bd329442d198b372 [term 0 FOLLOWER]: Leader pre-election vote request: Granting yes vote for candidate 903439b95fd84ce29116e385c5de46d0 in term 0.
I20260713 09:04:53.321079 12392 leader_election.cc:304] T 12fae857dbaa4cdb9ca1765349f688b6 P 903439b95fd84ce29116e385c5de46d0 [CANDIDATE]: Term 1 pre-election: Election decided. Result: candidate won. Election summary: received 2 responses out of 3 voters: 2 yes votes; 0 no votes. yes voters: 81e77e053ee74bf4bd329442d198b372, 903439b95fd84ce29116e385c5de46d0; no voters: 
I20260713 09:04:53.310518 12471 tablet_bootstrap.cc:492] T fb97e3bc2e4742c1877526e213b888cd P 81e77e053ee74bf4bd329442d198b372: Bootstrap starting.
I20260713 09:04:53.322119 12505 raft_consensus.cc:2804] T 12fae857dbaa4cdb9ca1765349f688b6 P 903439b95fd84ce29116e385c5de46d0 [term 0 FOLLOWER]: Leader pre-election won for term 1
I20260713 09:04:53.322546 12505 raft_consensus.cc:493] T 12fae857dbaa4cdb9ca1765349f688b6 P 903439b95fd84ce29116e385c5de46d0 [term 0 FOLLOWER]: Starting leader election (no leader contacted us within the election timeout)
I20260713 09:04:53.322940 12505 raft_consensus.cc:3060] T 12fae857dbaa4cdb9ca1765349f688b6 P 903439b95fd84ce29116e385c5de46d0 [term 0 FOLLOWER]: Advancing to term 1
I20260713 09:04:53.330552 12471 tablet_bootstrap.cc:654] T fb97e3bc2e4742c1877526e213b888cd P 81e77e053ee74bf4bd329442d198b372: Neither blocks nor log segments found. Creating new log.
I20260713 09:04:53.337381 12505 raft_consensus.cc:515] T 12fae857dbaa4cdb9ca1765349f688b6 P 903439b95fd84ce29116e385c5de46d0 [term 1 FOLLOWER]: Starting leader election with config: opid_index: -1 OBSOLETE_local: false peers { permanent_uuid: "01e28843afe140088a228937aa96a732" member_type: VOTER last_known_addr { host: "127.10.217.193" port: 44161 } } peers { permanent_uuid: "81e77e053ee74bf4bd329442d198b372" member_type: VOTER last_known_addr { host: "127.10.217.194" port: 42109 } } peers { permanent_uuid: "903439b95fd84ce29116e385c5de46d0" member_type: VOTER last_known_addr { host: "127.10.217.195" port: 35917 } }
I20260713 09:04:53.339751 12505 leader_election.cc:290] T 12fae857dbaa4cdb9ca1765349f688b6 P 903439b95fd84ce29116e385c5de46d0 [CANDIDATE]: Term 1 election: Requested vote from peers 01e28843afe140088a228937aa96a732 (127.10.217.193:44161), 81e77e053ee74bf4bd329442d198b372 (127.10.217.194:42109)
I20260713 09:04:53.342334 12353 tablet_service.cc:1917] Received RequestConsensusVote() RPC: tablet_id: "12fae857dbaa4cdb9ca1765349f688b6" candidate_uuid: "903439b95fd84ce29116e385c5de46d0" candidate_term: 1 candidate_status { last_received { term: 0 index: 0 } } ignore_live_leader: false dest_uuid: "81e77e053ee74bf4bd329442d198b372"
I20260713 09:04:53.342758 12467 tablet_bootstrap.cc:492] T e3a830b729a64dd8a30159e198fe3511 P 01e28843afe140088a228937aa96a732: No bootstrap required, opened a new log
I20260713 09:04:53.342801 12353 raft_consensus.cc:3060] T 12fae857dbaa4cdb9ca1765349f688b6 P 81e77e053ee74bf4bd329442d198b372 [term 0 FOLLOWER]: Advancing to term 1
I20260713 09:04:53.343214 12467 ts_tablet_manager.cc:1403] T e3a830b729a64dd8a30159e198fe3511 P 01e28843afe140088a228937aa96a732: Time spent bootstrapping tablet: real 0.043s	user 0.015s	sys 0.027s
I20260713 09:04:53.344776 12278 tablet_service.cc:1917] Received RequestConsensusVote() RPC: tablet_id: "12fae857dbaa4cdb9ca1765349f688b6" candidate_uuid: "903439b95fd84ce29116e385c5de46d0" candidate_term: 1 candidate_status { last_received { term: 0 index: 0 } } ignore_live_leader: false dest_uuid: "01e28843afe140088a228937aa96a732"
I20260713 09:04:53.345301 12278 raft_consensus.cc:3060] T 12fae857dbaa4cdb9ca1765349f688b6 P 01e28843afe140088a228937aa96a732 [term 0 FOLLOWER]: Advancing to term 1
I20260713 09:04:53.345628 12467 raft_consensus.cc:359] T e3a830b729a64dd8a30159e198fe3511 P 01e28843afe140088a228937aa96a732 [term 0 FOLLOWER]: Replica starting. Triggering 0 pending ops. Active config: opid_index: -1 OBSOLETE_local: false peers { permanent_uuid: "01e28843afe140088a228937aa96a732" member_type: VOTER last_known_addr { host: "127.10.217.193" port: 44161 } } peers { permanent_uuid: "81e77e053ee74bf4bd329442d198b372" member_type: VOTER last_known_addr { host: "127.10.217.194" port: 42109 } } peers { permanent_uuid: "903439b95fd84ce29116e385c5de46d0" member_type: VOTER last_known_addr { host: "127.10.217.195" port: 35917 } }
I20260713 09:04:53.346208 12467 raft_consensus.cc:385] T e3a830b729a64dd8a30159e198fe3511 P 01e28843afe140088a228937aa96a732 [term 0 FOLLOWER]: Consensus starting up: Expiring failure detector timer to make a prompt election more likely
I20260713 09:04:53.346451 12467 raft_consensus.cc:740] T e3a830b729a64dd8a30159e198fe3511 P 01e28843afe140088a228937aa96a732 [term 0 FOLLOWER]: Becoming Follower/Learner. State: Replica: 01e28843afe140088a228937aa96a732, State: Initialized, Role: FOLLOWER
I20260713 09:04:53.347061 12467 consensus_queue.cc:260] T e3a830b729a64dd8a30159e198fe3511 P 01e28843afe140088a228937aa96a732 [NON_LEADER]: Queue going to NON_LEADER mode. State: All replicated index: 0, Majority replicated index: 0, Committed index: 0, Last appended: 0.0, Last appended by leader: 0, Current term: 0, Majority size: -1, State: 0, Mode: NON_LEADER, active raft config: opid_index: -1 OBSOLETE_local: false peers { permanent_uuid: "01e28843afe140088a228937aa96a732" member_type: VOTER last_known_addr { host: "127.10.217.193" port: 44161 } } peers { permanent_uuid: "81e77e053ee74bf4bd329442d198b372" member_type: VOTER last_known_addr { host: "127.10.217.194" port: 42109 } } peers { permanent_uuid: "903439b95fd84ce29116e385c5de46d0" member_type: VOTER last_known_addr { host: "127.10.217.195" port: 35917 } }
I20260713 09:04:53.350165 12353 raft_consensus.cc:2468] T 12fae857dbaa4cdb9ca1765349f688b6 P 81e77e053ee74bf4bd329442d198b372 [term 1 FOLLOWER]: Leader election vote request: Granting yes vote for candidate 903439b95fd84ce29116e385c5de46d0 in term 1.
I20260713 09:04:53.350412 12278 raft_consensus.cc:2468] T 12fae857dbaa4cdb9ca1765349f688b6 P 01e28843afe140088a228937aa96a732 [term 1 FOLLOWER]: Leader election vote request: Granting yes vote for candidate 903439b95fd84ce29116e385c5de46d0 in term 1.
I20260713 09:04:53.351539 12467 ts_tablet_manager.cc:1434] T e3a830b729a64dd8a30159e198fe3511 P 01e28843afe140088a228937aa96a732: Time spent starting tablet: real 0.008s	user 0.005s	sys 0.000s
I20260713 09:04:53.351790 12392 leader_election.cc:304] T 12fae857dbaa4cdb9ca1765349f688b6 P 903439b95fd84ce29116e385c5de46d0 [CANDIDATE]: Term 1 election: Election decided. Result: candidate won. Election summary: received 2 responses out of 3 voters: 2 yes votes; 0 no votes. yes voters: 81e77e053ee74bf4bd329442d198b372, 903439b95fd84ce29116e385c5de46d0; no voters: 
I20260713 09:04:53.352370 12467 tablet_bootstrap.cc:492] T 448b1587f1454ecc8d01d915d8e91690 P 01e28843afe140088a228937aa96a732: Bootstrap starting.
I20260713 09:04:53.352491 12553 consensus_queue.cc:1048] T 7c9afe92f1c44da2981d97cf8abc21bc P 903439b95fd84ce29116e385c5de46d0 [LEADER]: Connected to new peer: Peer: permanent_uuid: "81e77e053ee74bf4bd329442d198b372" member_type: VOTER last_known_addr { host: "127.10.217.194" port: 42109 }, Status: LMP_MISMATCH, Last received: 0.0, Next index: 1, Last known committed idx: 0, Time since last communication: 0.000s
I20260713 09:04:53.353678 12553 raft_consensus.cc:2804] T 12fae857dbaa4cdb9ca1765349f688b6 P 903439b95fd84ce29116e385c5de46d0 [term 1 FOLLOWER]: Leader election won for term 1
I20260713 09:04:53.354086 12553 raft_consensus.cc:697] T 12fae857dbaa4cdb9ca1765349f688b6 P 903439b95fd84ce29116e385c5de46d0 [term 1 LEADER]: Becoming Leader. State: Replica: 903439b95fd84ce29116e385c5de46d0, State: Running, Role: LEADER
I20260713 09:04:53.354007 12533 consensus_queue.cc:1048] T 1d88dcb32ad84d50b2510e6a3fd86df8 P 01e28843afe140088a228937aa96a732 [LEADER]: Connected to new peer: Peer: permanent_uuid: "903439b95fd84ce29116e385c5de46d0" member_type: VOTER last_known_addr { host: "127.10.217.195" port: 35917 }, Status: LMP_MISMATCH, Last received: 0.0, Next index: 1, Last known committed idx: 0, Time since last communication: 0.000s
I20260713 09:04:53.355147 12553 consensus_queue.cc:237] T 12fae857dbaa4cdb9ca1765349f688b6 P 903439b95fd84ce29116e385c5de46d0 [LEADER]: Queue going to LEADER mode. State: All replicated index: 0, Majority replicated index: 0, Committed index: 0, Last appended: 0.0, Last appended by leader: 0, Current term: 1, Majority size: 2, State: 0, Mode: LEADER, active raft config: opid_index: -1 OBSOLETE_local: false peers { permanent_uuid: "01e28843afe140088a228937aa96a732" member_type: VOTER last_known_addr { host: "127.10.217.193" port: 44161 } } peers { permanent_uuid: "81e77e053ee74bf4bd329442d198b372" member_type: VOTER last_known_addr { host: "127.10.217.194" port: 42109 } } peers { permanent_uuid: "903439b95fd84ce29116e385c5de46d0" member_type: VOTER last_known_addr { host: "127.10.217.195" port: 35917 } }
I20260713 09:04:53.358646 12467 tablet_bootstrap.cc:654] T 448b1587f1454ecc8d01d915d8e91690 P 01e28843afe140088a228937aa96a732: Neither blocks nor log segments found. Creating new log.
I20260713 09:04:53.358882 12468 tablet_bootstrap.cc:492] T e3a830b729a64dd8a30159e198fe3511 P 903439b95fd84ce29116e385c5de46d0: No bootstrap required, opened a new log
I20260713 09:04:53.359318 12468 ts_tablet_manager.cc:1403] T e3a830b729a64dd8a30159e198fe3511 P 903439b95fd84ce29116e385c5de46d0: Time spent bootstrapping tablet: real 0.078s	user 0.010s	sys 0.006s
I20260713 09:04:53.361986 12468 raft_consensus.cc:359] T e3a830b729a64dd8a30159e198fe3511 P 903439b95fd84ce29116e385c5de46d0 [term 0 FOLLOWER]: Replica starting. Triggering 0 pending ops. Active config: opid_index: -1 OBSOLETE_local: false peers { permanent_uuid: "01e28843afe140088a228937aa96a732" member_type: VOTER last_known_addr { host: "127.10.217.193" port: 44161 } } peers { permanent_uuid: "81e77e053ee74bf4bd329442d198b372" member_type: VOTER last_known_addr { host: "127.10.217.194" port: 42109 } } peers { permanent_uuid: "903439b95fd84ce29116e385c5de46d0" member_type: VOTER last_known_addr { host: "127.10.217.195" port: 35917 } }
I20260713 09:04:53.362798 12468 raft_consensus.cc:385] T e3a830b729a64dd8a30159e198fe3511 P 903439b95fd84ce29116e385c5de46d0 [term 0 FOLLOWER]: Consensus starting up: Expiring failure detector timer to make a prompt election more likely
I20260713 09:04:53.363121 12468 raft_consensus.cc:740] T e3a830b729a64dd8a30159e198fe3511 P 903439b95fd84ce29116e385c5de46d0 [term 0 FOLLOWER]: Becoming Follower/Learner. State: Replica: 903439b95fd84ce29116e385c5de46d0, State: Initialized, Role: FOLLOWER
I20260713 09:04:53.364073 12468 consensus_queue.cc:260] T e3a830b729a64dd8a30159e198fe3511 P 903439b95fd84ce29116e385c5de46d0 [NON_LEADER]: Queue going to NON_LEADER mode. State: All replicated index: 0, Majority replicated index: 0, Committed index: 0, Last appended: 0.0, Last appended by leader: 0, Current term: 0, Majority size: -1, State: 0, Mode: NON_LEADER, active raft config: opid_index: -1 OBSOLETE_local: false peers { permanent_uuid: "01e28843afe140088a228937aa96a732" member_type: VOTER last_known_addr { host: "127.10.217.193" port: 44161 } } peers { permanent_uuid: "81e77e053ee74bf4bd329442d198b372" member_type: VOTER last_known_addr { host: "127.10.217.194" port: 42109 } } peers { permanent_uuid: "903439b95fd84ce29116e385c5de46d0" member_type: VOTER last_known_addr { host: "127.10.217.195" port: 35917 } }
I20260713 09:04:53.366598 12468 ts_tablet_manager.cc:1434] T e3a830b729a64dd8a30159e198fe3511 P 903439b95fd84ce29116e385c5de46d0: Time spent starting tablet: real 0.007s	user 0.005s	sys 0.000s
I20260713 09:04:53.367627 12468 tablet_bootstrap.cc:492] T 7a69b88b31964196b54c2ac940305b58 P 903439b95fd84ce29116e385c5de46d0: Bootstrap starting.
I20260713 09:04:53.374451 12468 tablet_bootstrap.cc:654] T 7a69b88b31964196b54c2ac940305b58 P 903439b95fd84ce29116e385c5de46d0: Neither blocks nor log segments found. Creating new log.
I20260713 09:04:53.382247 12499 raft_consensus.cc:493] T fb97e3bc2e4742c1877526e213b888cd P 01e28843afe140088a228937aa96a732 [term 0 FOLLOWER]: Starting pre-election (no leader contacted us within the election timeout)
I20260713 09:04:53.382699 12499 raft_consensus.cc:515] T fb97e3bc2e4742c1877526e213b888cd P 01e28843afe140088a228937aa96a732 [term 0 FOLLOWER]: Starting pre-election with config: opid_index: -1 OBSOLETE_local: false peers { permanent_uuid: "01e28843afe140088a228937aa96a732" member_type: VOTER last_known_addr { host: "127.10.217.193" port: 44161 } } peers { permanent_uuid: "81e77e053ee74bf4bd329442d198b372" member_type: VOTER last_known_addr { host: "127.10.217.194" port: 42109 } } peers { permanent_uuid: "903439b95fd84ce29116e385c5de46d0" member_type: VOTER last_known_addr { host: "127.10.217.195" port: 35917 } }
I20260713 09:04:53.384922 12499 leader_election.cc:290] T fb97e3bc2e4742c1877526e213b888cd P 01e28843afe140088a228937aa96a732 [CANDIDATE]: Term 1 pre-election: Requested pre-vote from peers 81e77e053ee74bf4bd329442d198b372 (127.10.217.194:42109), 903439b95fd84ce29116e385c5de46d0 (127.10.217.195:35917)
I20260713 09:04:53.386636 12499 raft_consensus.cc:493] T 7a69b88b31964196b54c2ac940305b58 P 01e28843afe140088a228937aa96a732 [term 0 FOLLOWER]: Starting pre-election (no leader contacted us within the election timeout)
I20260713 09:04:53.387066 12499 raft_consensus.cc:515] T 7a69b88b31964196b54c2ac940305b58 P 01e28843afe140088a228937aa96a732 [term 0 FOLLOWER]: Starting pre-election with config: opid_index: -1 OBSOLETE_local: false peers { permanent_uuid: "01e28843afe140088a228937aa96a732" member_type: VOTER last_known_addr { host: "127.10.217.193" port: 44161 } } peers { permanent_uuid: "81e77e053ee74bf4bd329442d198b372" member_type: VOTER last_known_addr { host: "127.10.217.194" port: 42109 } } peers { permanent_uuid: "903439b95fd84ce29116e385c5de46d0" member_type: VOTER last_known_addr { host: "127.10.217.195" port: 35917 } }
I20260713 09:04:53.388695 12350 tablet_service.cc:1917] Received RequestConsensusVote() RPC: tablet_id: "fb97e3bc2e4742c1877526e213b888cd" candidate_uuid: "01e28843afe140088a228937aa96a732" candidate_term: 1 candidate_status { last_received { term: 0 index: 0 } } ignore_live_leader: false dest_uuid: "81e77e053ee74bf4bd329442d198b372" is_pre_election: true
I20260713 09:04:53.388804 12427 tablet_service.cc:1917] Received RequestConsensusVote() RPC: tablet_id: "fb97e3bc2e4742c1877526e213b888cd" candidate_uuid: "01e28843afe140088a228937aa96a732" candidate_term: 1 candidate_status { last_received { term: 0 index: 0 } } ignore_live_leader: false dest_uuid: "903439b95fd84ce29116e385c5de46d0" is_pre_election: true
I20260713 09:04:53.390226 12424 tablet_service.cc:1917] Received RequestConsensusVote() RPC: tablet_id: "7a69b88b31964196b54c2ac940305b58" candidate_uuid: "01e28843afe140088a228937aa96a732" candidate_term: 1 candidate_status { last_received { term: 0 index: 0 } } ignore_live_leader: false dest_uuid: "903439b95fd84ce29116e385c5de46d0" is_pre_election: true
I20260713 09:04:53.391422 12350 tablet_service.cc:1917] Received RequestConsensusVote() RPC: tablet_id: "7a69b88b31964196b54c2ac940305b58" candidate_uuid: "01e28843afe140088a228937aa96a732" candidate_term: 1 candidate_status { last_received { term: 0 index: 0 } } ignore_live_leader: false dest_uuid: "81e77e053ee74bf4bd329442d198b372" is_pre_election: true
I20260713 09:04:53.391983 12350 raft_consensus.cc:2468] T 7a69b88b31964196b54c2ac940305b58 P 81e77e053ee74bf4bd329442d198b372 [term 0 FOLLOWER]: Leader pre-election vote request: Granting yes vote for candidate 01e28843afe140088a228937aa96a732 in term 0.
W20260713 09:04:53.390400 12243 leader_election.cc:343] T fb97e3bc2e4742c1877526e213b888cd P 01e28843afe140088a228937aa96a732 [CANDIDATE]: Term 1 pre-election: Tablet error from VoteRequest() call to peer 81e77e053ee74bf4bd329442d198b372 (127.10.217.194:42109): Illegal state: must be running to vote when last-logged opid is not known
W20260713 09:04:53.393020 12241 leader_election.cc:343] T fb97e3bc2e4742c1877526e213b888cd P 01e28843afe140088a228937aa96a732 [CANDIDATE]: Term 1 pre-election: Tablet error from VoteRequest() call to peer 903439b95fd84ce29116e385c5de46d0 (127.10.217.195:35917): Illegal state: must be running to vote when last-logged opid is not known
I20260713 09:04:53.395141 12241 leader_election.cc:304] T fb97e3bc2e4742c1877526e213b888cd P 01e28843afe140088a228937aa96a732 [CANDIDATE]: Term 1 pre-election: Election decided. Result: candidate lost. Election summary: received 3 responses out of 3 voters: 1 yes votes; 2 no votes. yes voters: 01e28843afe140088a228937aa96a732; no voters: 81e77e053ee74bf4bd329442d198b372, 903439b95fd84ce29116e385c5de46d0
W20260713 09:04:53.395897 12241 leader_election.cc:343] T 7a69b88b31964196b54c2ac940305b58 P 01e28843afe140088a228937aa96a732 [CANDIDATE]: Term 1 pre-election: Tablet error from VoteRequest() call to peer 903439b95fd84ce29116e385c5de46d0 (127.10.217.195:35917): Illegal state: must be running to vote when last-logged opid is not known
I20260713 09:04:53.396435 12533 raft_consensus.cc:2749] T fb97e3bc2e4742c1877526e213b888cd P 01e28843afe140088a228937aa96a732 [term 0 FOLLOWER]: Leader pre-election lost for term 1. Reason: could not achieve majority
I20260713 09:04:53.400831 12468 tablet_bootstrap.cc:492] T 7a69b88b31964196b54c2ac940305b58 P 903439b95fd84ce29116e385c5de46d0: No bootstrap required, opened a new log
I20260713 09:04:53.400833 12467 tablet_bootstrap.cc:492] T 448b1587f1454ecc8d01d915d8e91690 P 01e28843afe140088a228937aa96a732: No bootstrap required, opened a new log
I20260713 09:04:53.401917 12467 ts_tablet_manager.cc:1403] T 448b1587f1454ecc8d01d915d8e91690 P 01e28843afe140088a228937aa96a732: Time spent bootstrapping tablet: real 0.050s	user 0.016s	sys 0.027s
I20260713 09:04:53.402551 12175 catalog_manager.cc:5697] T 12fae857dbaa4cdb9ca1765349f688b6 P 903439b95fd84ce29116e385c5de46d0 reported cstate change: term changed from 0 to 1, leader changed from <none> to 903439b95fd84ce29116e385c5de46d0 (127.10.217.195). New cstate: current_term: 1 leader_uuid: "903439b95fd84ce29116e385c5de46d0" committed_config { opid_index: -1 OBSOLETE_local: false peers { permanent_uuid: "01e28843afe140088a228937aa96a732" member_type: VOTER last_known_addr { host: "127.10.217.193" port: 44161 } health_report { overall_health: UNKNOWN } } peers { permanent_uuid: "81e77e053ee74bf4bd329442d198b372" member_type: VOTER last_known_addr { host: "127.10.217.194" port: 42109 } health_report { overall_health: UNKNOWN } } peers { permanent_uuid: "903439b95fd84ce29116e385c5de46d0" member_type: VOTER last_known_addr { host: "127.10.217.195" port: 35917 } health_report { overall_health: HEALTHY } } }
I20260713 09:04:53.404275 12467 raft_consensus.cc:359] T 448b1587f1454ecc8d01d915d8e91690 P 01e28843afe140088a228937aa96a732 [term 0 FOLLOWER]: Replica starting. Triggering 0 pending ops. Active config: opid_index: -1 OBSOLETE_local: false peers { permanent_uuid: "01e28843afe140088a228937aa96a732" member_type: VOTER last_known_addr { host: "127.10.217.193" port: 44161 } } peers { permanent_uuid: "81e77e053ee74bf4bd329442d198b372" member_type: VOTER last_known_addr { host: "127.10.217.194" port: 42109 } } peers { permanent_uuid: "903439b95fd84ce29116e385c5de46d0" member_type: VOTER last_known_addr { host: "127.10.217.195" port: 35917 } }
I20260713 09:04:53.405979 12243 leader_election.cc:304] T 7a69b88b31964196b54c2ac940305b58 P 01e28843afe140088a228937aa96a732 [CANDIDATE]: Term 1 pre-election: Election decided. Result: candidate won. Election summary: received 3 responses out of 3 voters: 2 yes votes; 1 no votes. yes voters: 01e28843afe140088a228937aa96a732, 81e77e053ee74bf4bd329442d198b372; no voters: 903439b95fd84ce29116e385c5de46d0
I20260713 09:04:53.401396 12468 ts_tablet_manager.cc:1403] T 7a69b88b31964196b54c2ac940305b58 P 903439b95fd84ce29116e385c5de46d0: Time spent bootstrapping tablet: real 0.034s	user 0.012s	sys 0.018s
I20260713 09:04:53.411119 12478 raft_consensus.cc:2804] T 7a69b88b31964196b54c2ac940305b58 P 01e28843afe140088a228937aa96a732 [term 0 FOLLOWER]: Leader pre-election won for term 1
I20260713 09:04:53.411478 12478 raft_consensus.cc:493] T 7a69b88b31964196b54c2ac940305b58 P 01e28843afe140088a228937aa96a732 [term 0 FOLLOWER]: Starting leader election (no leader contacted us within the election timeout)
I20260713 09:04:53.411731 12499 leader_election.cc:290] T 7a69b88b31964196b54c2ac940305b58 P 01e28843afe140088a228937aa96a732 [CANDIDATE]: Term 1 pre-election: Requested pre-vote from peers 81e77e053ee74bf4bd329442d198b372 (127.10.217.194:42109), 903439b95fd84ce29116e385c5de46d0 (127.10.217.195:35917)
I20260713 09:04:53.411796 12478 raft_consensus.cc:3060] T 7a69b88b31964196b54c2ac940305b58 P 01e28843afe140088a228937aa96a732 [term 0 FOLLOWER]: Advancing to term 1
I20260713 09:04:53.412497 12499 consensus_queue.cc:1048] T 1d88dcb32ad84d50b2510e6a3fd86df8 P 01e28843afe140088a228937aa96a732 [LEADER]: Connected to new peer: Peer: permanent_uuid: "81e77e053ee74bf4bd329442d198b372" member_type: VOTER last_known_addr { host: "127.10.217.194" port: 42109 }, Status: LMP_MISMATCH, Last received: 0.0, Next index: 1, Last known committed idx: 0, Time since last communication: 0.000s
I20260713 09:04:53.413082 12468 raft_consensus.cc:359] T 7a69b88b31964196b54c2ac940305b58 P 903439b95fd84ce29116e385c5de46d0 [term 0 FOLLOWER]: Replica starting. Triggering 0 pending ops. Active config: opid_index: -1 OBSOLETE_local: false peers { permanent_uuid: "01e28843afe140088a228937aa96a732" member_type: VOTER last_known_addr { host: "127.10.217.193" port: 44161 } } peers { permanent_uuid: "81e77e053ee74bf4bd329442d198b372" member_type: VOTER last_known_addr { host: "127.10.217.194" port: 42109 } } peers { permanent_uuid: "903439b95fd84ce29116e385c5de46d0" member_type: VOTER last_known_addr { host: "127.10.217.195" port: 35917 } }
I20260713 09:04:53.413677 12468 raft_consensus.cc:385] T 7a69b88b31964196b54c2ac940305b58 P 903439b95fd84ce29116e385c5de46d0 [term 0 FOLLOWER]: Consensus starting up: Expiring failure detector timer to make a prompt election more likely
I20260713 09:04:53.413919 12468 raft_consensus.cc:740] T 7a69b88b31964196b54c2ac940305b58 P 903439b95fd84ce29116e385c5de46d0 [term 0 FOLLOWER]: Becoming Follower/Learner. State: Replica: 903439b95fd84ce29116e385c5de46d0, State: Initialized, Role: FOLLOWER
I20260713 09:04:53.414639 12468 consensus_queue.cc:260] T 7a69b88b31964196b54c2ac940305b58 P 903439b95fd84ce29116e385c5de46d0 [NON_LEADER]: Queue going to NON_LEADER mode. State: All replicated index: 0, Majority replicated index: 0, Committed index: 0, Last appended: 0.0, Last appended by leader: 0, Current term: 0, Majority size: -1, State: 0, Mode: NON_LEADER, active raft config: opid_index: -1 OBSOLETE_local: false peers { permanent_uuid: "01e28843afe140088a228937aa96a732" member_type: VOTER last_known_addr { host: "127.10.217.193" port: 44161 } } peers { permanent_uuid: "81e77e053ee74bf4bd329442d198b372" member_type: VOTER last_known_addr { host: "127.10.217.194" port: 42109 } } peers { permanent_uuid: "903439b95fd84ce29116e385c5de46d0" member_type: VOTER last_known_addr { host: "127.10.217.195" port: 35917 } }
I20260713 09:04:53.404873 12467 raft_consensus.cc:385] T 448b1587f1454ecc8d01d915d8e91690 P 01e28843afe140088a228937aa96a732 [term 0 FOLLOWER]: Consensus starting up: Expiring failure detector timer to make a prompt election more likely
I20260713 09:04:53.415512 12467 raft_consensus.cc:740] T 448b1587f1454ecc8d01d915d8e91690 P 01e28843afe140088a228937aa96a732 [term 0 FOLLOWER]: Becoming Follower/Learner. State: Replica: 01e28843afe140088a228937aa96a732, State: Initialized, Role: FOLLOWER
I20260713 09:04:53.416170 12471 tablet_bootstrap.cc:492] T fb97e3bc2e4742c1877526e213b888cd P 81e77e053ee74bf4bd329442d198b372: No bootstrap required, opened a new log
I20260713 09:04:53.416116 12467 consensus_queue.cc:260] T 448b1587f1454ecc8d01d915d8e91690 P 01e28843afe140088a228937aa96a732 [NON_LEADER]: Queue going to NON_LEADER mode. State: All replicated index: 0, Majority replicated index: 0, Committed index: 0, Last appended: 0.0, Last appended by leader: 0, Current term: 0, Majority size: -1, State: 0, Mode: NON_LEADER, active raft config: opid_index: -1 OBSOLETE_local: false peers { permanent_uuid: "01e28843afe140088a228937aa96a732" member_type: VOTER last_known_addr { host: "127.10.217.193" port: 44161 } } peers { permanent_uuid: "81e77e053ee74bf4bd329442d198b372" member_type: VOTER last_known_addr { host: "127.10.217.194" port: 42109 } } peers { permanent_uuid: "903439b95fd84ce29116e385c5de46d0" member_type: VOTER last_known_addr { host: "127.10.217.195" port: 35917 } }
I20260713 09:04:53.416558 12471 ts_tablet_manager.cc:1403] T fb97e3bc2e4742c1877526e213b888cd P 81e77e053ee74bf4bd329442d198b372: Time spent bootstrapping tablet: real 0.106s	user 0.005s	sys 0.012s
I20260713 09:04:53.417910 12467 ts_tablet_manager.cc:1434] T 448b1587f1454ecc8d01d915d8e91690 P 01e28843afe140088a228937aa96a732: Time spent starting tablet: real 0.016s	user 0.003s	sys 0.000s
I20260713 09:04:53.418804 12467 tablet_bootstrap.cc:492] T 2281f209aac7481b8431628a0009bbb8 P 01e28843afe140088a228937aa96a732: Bootstrap starting.
I20260713 09:04:53.418892 12471 raft_consensus.cc:359] T fb97e3bc2e4742c1877526e213b888cd P 81e77e053ee74bf4bd329442d198b372 [term 0 FOLLOWER]: Replica starting. Triggering 0 pending ops. Active config: opid_index: -1 OBSOLETE_local: false peers { permanent_uuid: "01e28843afe140088a228937aa96a732" member_type: VOTER last_known_addr { host: "127.10.217.193" port: 44161 } } peers { permanent_uuid: "81e77e053ee74bf4bd329442d198b372" member_type: VOTER last_known_addr { host: "127.10.217.194" port: 42109 } } peers { permanent_uuid: "903439b95fd84ce29116e385c5de46d0" member_type: VOTER last_known_addr { host: "127.10.217.195" port: 35917 } }
I20260713 09:04:53.419487 12471 raft_consensus.cc:385] T fb97e3bc2e4742c1877526e213b888cd P 81e77e053ee74bf4bd329442d198b372 [term 0 FOLLOWER]: Consensus starting up: Expiring failure detector timer to make a prompt election more likely
I20260713 09:04:53.419730 12471 raft_consensus.cc:740] T fb97e3bc2e4742c1877526e213b888cd P 81e77e053ee74bf4bd329442d198b372 [term 0 FOLLOWER]: Becoming Follower/Learner. State: Replica: 81e77e053ee74bf4bd329442d198b372, State: Initialized, Role: FOLLOWER
I20260713 09:04:53.420384 12471 consensus_queue.cc:260] T fb97e3bc2e4742c1877526e213b888cd P 81e77e053ee74bf4bd329442d198b372 [NON_LEADER]: Queue going to NON_LEADER mode. State: All replicated index: 0, Majority replicated index: 0, Committed index: 0, Last appended: 0.0, Last appended by leader: 0, Current term: 0, Majority size: -1, State: 0, Mode: NON_LEADER, active raft config: opid_index: -1 OBSOLETE_local: false peers { permanent_uuid: "01e28843afe140088a228937aa96a732" member_type: VOTER last_known_addr { host: "127.10.217.193" port: 44161 } } peers { permanent_uuid: "81e77e053ee74bf4bd329442d198b372" member_type: VOTER last_known_addr { host: "127.10.217.194" port: 42109 } } peers { permanent_uuid: "903439b95fd84ce29116e385c5de46d0" member_type: VOTER last_known_addr { host: "127.10.217.195" port: 35917 } }
I20260713 09:04:53.422470 12471 ts_tablet_manager.cc:1434] T fb97e3bc2e4742c1877526e213b888cd P 81e77e053ee74bf4bd329442d198b372: Time spent starting tablet: real 0.006s	user 0.002s	sys 0.002s
I20260713 09:04:53.423305 12471 tablet_bootstrap.cc:492] T 1ff44f80da8b44e9982ecca6104f9efc P 81e77e053ee74bf4bd329442d198b372: Bootstrap starting.
I20260713 09:04:53.422600 12478 raft_consensus.cc:515] T 7a69b88b31964196b54c2ac940305b58 P 01e28843afe140088a228937aa96a732 [term 1 FOLLOWER]: Starting leader election with config: opid_index: -1 OBSOLETE_local: false peers { permanent_uuid: "01e28843afe140088a228937aa96a732" member_type: VOTER last_known_addr { host: "127.10.217.193" port: 44161 } } peers { permanent_uuid: "81e77e053ee74bf4bd329442d198b372" member_type: VOTER last_known_addr { host: "127.10.217.194" port: 42109 } } peers { permanent_uuid: "903439b95fd84ce29116e385c5de46d0" member_type: VOTER last_known_addr { host: "127.10.217.195" port: 35917 } }
I20260713 09:04:53.426508 12468 ts_tablet_manager.cc:1434] T 7a69b88b31964196b54c2ac940305b58 P 903439b95fd84ce29116e385c5de46d0: Time spent starting tablet: real 0.016s	user 0.004s	sys 0.000s
I20260713 09:04:53.427392 12468 tablet_bootstrap.cc:492] T fb97e3bc2e4742c1877526e213b888cd P 903439b95fd84ce29116e385c5de46d0: Bootstrap starting.
I20260713 09:04:53.428421 12471 tablet_bootstrap.cc:654] T 1ff44f80da8b44e9982ecca6104f9efc P 81e77e053ee74bf4bd329442d198b372: Neither blocks nor log segments found. Creating new log.
I20260713 09:04:53.428493 12350 tablet_service.cc:1917] Received RequestConsensusVote() RPC: tablet_id: "7a69b88b31964196b54c2ac940305b58" candidate_uuid: "01e28843afe140088a228937aa96a732" candidate_term: 1 candidate_status { last_received { term: 0 index: 0 } } ignore_live_leader: false dest_uuid: "81e77e053ee74bf4bd329442d198b372"
I20260713 09:04:53.429061 12350 raft_consensus.cc:3060] T 7a69b88b31964196b54c2ac940305b58 P 81e77e053ee74bf4bd329442d198b372 [term 0 FOLLOWER]: Advancing to term 1
I20260713 09:04:53.433032 12468 tablet_bootstrap.cc:654] T fb97e3bc2e4742c1877526e213b888cd P 903439b95fd84ce29116e385c5de46d0: Neither blocks nor log segments found. Creating new log.
I20260713 09:04:53.439806 12467 tablet_bootstrap.cc:654] T 2281f209aac7481b8431628a0009bbb8 P 01e28843afe140088a228937aa96a732: Neither blocks nor log segments found. Creating new log.
I20260713 09:04:53.445053 12468 tablet_bootstrap.cc:492] T fb97e3bc2e4742c1877526e213b888cd P 903439b95fd84ce29116e385c5de46d0: No bootstrap required, opened a new log
I20260713 09:04:53.445580 12468 ts_tablet_manager.cc:1403] T fb97e3bc2e4742c1877526e213b888cd P 903439b95fd84ce29116e385c5de46d0: Time spent bootstrapping tablet: real 0.018s	user 0.013s	sys 0.003s
I20260713 09:04:53.446884 12478 leader_election.cc:290] T 7a69b88b31964196b54c2ac940305b58 P 01e28843afe140088a228937aa96a732 [CANDIDATE]: Term 1 election: Requested vote from peers 81e77e053ee74bf4bd329442d198b372 (127.10.217.194:42109), 903439b95fd84ce29116e385c5de46d0 (127.10.217.195:35917)
I20260713 09:04:53.447944 12426 tablet_service.cc:1917] Received RequestConsensusVote() RPC: tablet_id: "7a69b88b31964196b54c2ac940305b58" candidate_uuid: "01e28843afe140088a228937aa96a732" candidate_term: 1 candidate_status { last_received { term: 0 index: 0 } } ignore_live_leader: false dest_uuid: "903439b95fd84ce29116e385c5de46d0"
I20260713 09:04:53.448670 12426 raft_consensus.cc:3060] T 7a69b88b31964196b54c2ac940305b58 P 903439b95fd84ce29116e385c5de46d0 [term 0 FOLLOWER]: Advancing to term 1
I20260713 09:04:53.449576 12467 tablet_bootstrap.cc:492] T 2281f209aac7481b8431628a0009bbb8 P 01e28843afe140088a228937aa96a732: No bootstrap required, opened a new log
I20260713 09:04:53.450073 12467 ts_tablet_manager.cc:1403] T 2281f209aac7481b8431628a0009bbb8 P 01e28843afe140088a228937aa96a732: Time spent bootstrapping tablet: real 0.031s	user 0.008s	sys 0.004s
I20260713 09:04:53.450525 12350 raft_consensus.cc:2468] T 7a69b88b31964196b54c2ac940305b58 P 81e77e053ee74bf4bd329442d198b372 [term 1 FOLLOWER]: Leader election vote request: Granting yes vote for candidate 01e28843afe140088a228937aa96a732 in term 1.
I20260713 09:04:53.452391 12243 leader_election.cc:304] T 7a69b88b31964196b54c2ac940305b58 P 01e28843afe140088a228937aa96a732 [CANDIDATE]: Term 1 election: Election decided. Result: candidate won. Election summary: received 2 responses out of 3 voters: 2 yes votes; 0 no votes. yes voters: 01e28843afe140088a228937aa96a732, 81e77e053ee74bf4bd329442d198b372; no voters: 
I20260713 09:04:53.453229 12478 raft_consensus.cc:2804] T 7a69b88b31964196b54c2ac940305b58 P 01e28843afe140088a228937aa96a732 [term 1 FOLLOWER]: Leader election won for term 1
I20260713 09:04:53.453644 12478 raft_consensus.cc:697] T 7a69b88b31964196b54c2ac940305b58 P 01e28843afe140088a228937aa96a732 [term 1 LEADER]: Becoming Leader. State: Replica: 01e28843afe140088a228937aa96a732, State: Running, Role: LEADER
I20260713 09:04:53.454337 12478 consensus_queue.cc:237] T 7a69b88b31964196b54c2ac940305b58 P 01e28843afe140088a228937aa96a732 [LEADER]: Queue going to LEADER mode. State: All replicated index: 0, Majority replicated index: 0, Committed index: 0, Last appended: 0.0, Last appended by leader: 0, Current term: 1, Majority size: 2, State: 0, Mode: LEADER, active raft config: opid_index: -1 OBSOLETE_local: false peers { permanent_uuid: "01e28843afe140088a228937aa96a732" member_type: VOTER last_known_addr { host: "127.10.217.193" port: 44161 } } peers { permanent_uuid: "81e77e053ee74bf4bd329442d198b372" member_type: VOTER last_known_addr { host: "127.10.217.194" port: 42109 } } peers { permanent_uuid: "903439b95fd84ce29116e385c5de46d0" member_type: VOTER last_known_addr { host: "127.10.217.195" port: 35917 } }
I20260713 09:04:53.456565 12468 raft_consensus.cc:359] T fb97e3bc2e4742c1877526e213b888cd P 903439b95fd84ce29116e385c5de46d0 [term 0 FOLLOWER]: Replica starting. Triggering 0 pending ops. Active config: opid_index: -1 OBSOLETE_local: false peers { permanent_uuid: "01e28843afe140088a228937aa96a732" member_type: VOTER last_known_addr { host: "127.10.217.193" port: 44161 } } peers { permanent_uuid: "81e77e053ee74bf4bd329442d198b372" member_type: VOTER last_known_addr { host: "127.10.217.194" port: 42109 } } peers { permanent_uuid: "903439b95fd84ce29116e385c5de46d0" member_type: VOTER last_known_addr { host: "127.10.217.195" port: 35917 } }
I20260713 09:04:53.457561 12468 raft_consensus.cc:385] T fb97e3bc2e4742c1877526e213b888cd P 903439b95fd84ce29116e385c5de46d0 [term 0 FOLLOWER]: Consensus starting up: Expiring failure detector timer to make a prompt election more likely
I20260713 09:04:53.457703 12426 raft_consensus.cc:2468] T 7a69b88b31964196b54c2ac940305b58 P 903439b95fd84ce29116e385c5de46d0 [term 1 FOLLOWER]: Leader election vote request: Granting yes vote for candidate 01e28843afe140088a228937aa96a732 in term 1.
I20260713 09:04:53.455694 12467 raft_consensus.cc:359] T 2281f209aac7481b8431628a0009bbb8 P 01e28843afe140088a228937aa96a732 [term 0 FOLLOWER]: Replica starting. Triggering 0 pending ops. Active config: opid_index: -1 OBSOLETE_local: false peers { permanent_uuid: "01e28843afe140088a228937aa96a732" member_type: VOTER last_known_addr { host: "127.10.217.193" port: 44161 } } peers { permanent_uuid: "81e77e053ee74bf4bd329442d198b372" member_type: VOTER last_known_addr { host: "127.10.217.194" port: 42109 } } peers { permanent_uuid: "903439b95fd84ce29116e385c5de46d0" member_type: VOTER last_known_addr { host: "127.10.217.195" port: 35917 } }
I20260713 09:04:53.458422 12467 raft_consensus.cc:385] T 2281f209aac7481b8431628a0009bbb8 P 01e28843afe140088a228937aa96a732 [term 0 FOLLOWER]: Consensus starting up: Expiring failure detector timer to make a prompt election more likely
I20260713 09:04:53.458812 12467 raft_consensus.cc:740] T 2281f209aac7481b8431628a0009bbb8 P 01e28843afe140088a228937aa96a732 [term 0 FOLLOWER]: Becoming Follower/Learner. State: Replica: 01e28843afe140088a228937aa96a732, State: Initialized, Role: FOLLOWER
I20260713 09:04:53.457973 12468 raft_consensus.cc:740] T fb97e3bc2e4742c1877526e213b888cd P 903439b95fd84ce29116e385c5de46d0 [term 0 FOLLOWER]: Becoming Follower/Learner. State: Replica: 903439b95fd84ce29116e385c5de46d0, State: Initialized, Role: FOLLOWER
I20260713 09:04:53.459955 12468 consensus_queue.cc:260] T fb97e3bc2e4742c1877526e213b888cd P 903439b95fd84ce29116e385c5de46d0 [NON_LEADER]: Queue going to NON_LEADER mode. State: All replicated index: 0, Majority replicated index: 0, Committed index: 0, Last appended: 0.0, Last appended by leader: 0, Current term: 0, Majority size: -1, State: 0, Mode: NON_LEADER, active raft config: opid_index: -1 OBSOLETE_local: false peers { permanent_uuid: "01e28843afe140088a228937aa96a732" member_type: VOTER last_known_addr { host: "127.10.217.193" port: 44161 } } peers { permanent_uuid: "81e77e053ee74bf4bd329442d198b372" member_type: VOTER last_known_addr { host: "127.10.217.194" port: 42109 } } peers { permanent_uuid: "903439b95fd84ce29116e385c5de46d0" member_type: VOTER last_known_addr { host: "127.10.217.195" port: 35917 } }
I20260713 09:04:53.461809 12468 ts_tablet_manager.cc:1434] T fb97e3bc2e4742c1877526e213b888cd P 903439b95fd84ce29116e385c5de46d0: Time spent starting tablet: real 0.016s	user 0.005s	sys 0.001s
I20260713 09:04:53.462265 12467 consensus_queue.cc:260] T 2281f209aac7481b8431628a0009bbb8 P 01e28843afe140088a228937aa96a732 [NON_LEADER]: Queue going to NON_LEADER mode. State: All replicated index: 0, Majority replicated index: 0, Committed index: 0, Last appended: 0.0, Last appended by leader: 0, Current term: 0, Majority size: -1, State: 0, Mode: NON_LEADER, active raft config: opid_index: -1 OBSOLETE_local: false peers { permanent_uuid: "01e28843afe140088a228937aa96a732" member_type: VOTER last_known_addr { host: "127.10.217.193" port: 44161 } } peers { permanent_uuid: "81e77e053ee74bf4bd329442d198b372" member_type: VOTER last_known_addr { host: "127.10.217.194" port: 42109 } } peers { permanent_uuid: "903439b95fd84ce29116e385c5de46d0" member_type: VOTER last_known_addr { host: "127.10.217.195" port: 35917 } }
I20260713 09:04:53.464380 12467 ts_tablet_manager.cc:1434] T 2281f209aac7481b8431628a0009bbb8 P 01e28843afe140088a228937aa96a732: Time spent starting tablet: real 0.014s	user 0.007s	sys 0.000s
I20260713 09:04:53.465224 12467 tablet_bootstrap.cc:492] T 1ff44f80da8b44e9982ecca6104f9efc P 01e28843afe140088a228937aa96a732: Bootstrap starting.
I20260713 09:04:53.466300 12468 tablet_bootstrap.cc:492] T 2281f209aac7481b8431628a0009bbb8 P 903439b95fd84ce29116e385c5de46d0: Bootstrap starting.
I20260713 09:04:53.470482 12467 tablet_bootstrap.cc:654] T 1ff44f80da8b44e9982ecca6104f9efc P 01e28843afe140088a228937aa96a732: Neither blocks nor log segments found. Creating new log.
I20260713 09:04:53.473305 12530 raft_consensus.cc:493] T fb97e3bc2e4742c1877526e213b888cd P 81e77e053ee74bf4bd329442d198b372 [term 0 FOLLOWER]: Starting pre-election (no leader contacted us within the election timeout)
I20260713 09:04:53.473861 12530 raft_consensus.cc:515] T fb97e3bc2e4742c1877526e213b888cd P 81e77e053ee74bf4bd329442d198b372 [term 0 FOLLOWER]: Starting pre-election with config: opid_index: -1 OBSOLETE_local: false peers { permanent_uuid: "01e28843afe140088a228937aa96a732" member_type: VOTER last_known_addr { host: "127.10.217.193" port: 44161 } } peers { permanent_uuid: "81e77e053ee74bf4bd329442d198b372" member_type: VOTER last_known_addr { host: "127.10.217.194" port: 42109 } } peers { permanent_uuid: "903439b95fd84ce29116e385c5de46d0" member_type: VOTER last_known_addr { host: "127.10.217.195" port: 35917 } }
I20260713 09:04:53.475097 12468 tablet_bootstrap.cc:654] T 2281f209aac7481b8431628a0009bbb8 P 903439b95fd84ce29116e385c5de46d0: Neither blocks nor log segments found. Creating new log.
I20260713 09:04:53.479496 12426 tablet_service.cc:1917] Received RequestConsensusVote() RPC: tablet_id: "fb97e3bc2e4742c1877526e213b888cd" candidate_uuid: "81e77e053ee74bf4bd329442d198b372" candidate_term: 1 candidate_status { last_received { term: 0 index: 0 } } ignore_live_leader: false dest_uuid: "903439b95fd84ce29116e385c5de46d0" is_pre_election: true
I20260713 09:04:53.480199 12426 raft_consensus.cc:2468] T fb97e3bc2e4742c1877526e213b888cd P 903439b95fd84ce29116e385c5de46d0 [term 0 FOLLOWER]: Leader pre-election vote request: Granting yes vote for candidate 81e77e053ee74bf4bd329442d198b372 in term 0.
I20260713 09:04:53.482596 12277 tablet_service.cc:1917] Received RequestConsensusVote() RPC: tablet_id: "fb97e3bc2e4742c1877526e213b888cd" candidate_uuid: "81e77e053ee74bf4bd329442d198b372" candidate_term: 1 candidate_status { last_received { term: 0 index: 0 } } ignore_live_leader: false dest_uuid: "01e28843afe140088a228937aa96a732" is_pre_election: true
I20260713 09:04:53.483359 12277 raft_consensus.cc:2468] T fb97e3bc2e4742c1877526e213b888cd P 01e28843afe140088a228937aa96a732 [term 0 FOLLOWER]: Leader pre-election vote request: Granting yes vote for candidate 81e77e053ee74bf4bd329442d198b372 in term 0.
I20260713 09:04:53.485136 12316 leader_election.cc:304] T fb97e3bc2e4742c1877526e213b888cd P 81e77e053ee74bf4bd329442d198b372 [CANDIDATE]: Term 1 pre-election: Election decided. Result: candidate won. Election summary: received 2 responses out of 3 voters: 2 yes votes; 0 no votes. yes voters: 81e77e053ee74bf4bd329442d198b372, 903439b95fd84ce29116e385c5de46d0; no voters: 
I20260713 09:04:53.486222 12507 raft_consensus.cc:2804] T fb97e3bc2e4742c1877526e213b888cd P 81e77e053ee74bf4bd329442d198b372 [term 0 FOLLOWER]: Leader pre-election won for term 1
I20260713 09:04:53.486727 12507 raft_consensus.cc:493] T fb97e3bc2e4742c1877526e213b888cd P 81e77e053ee74bf4bd329442d198b372 [term 0 FOLLOWER]: Starting leader election (no leader contacted us within the election timeout)
I20260713 09:04:53.478688 12530 leader_election.cc:290] T fb97e3bc2e4742c1877526e213b888cd P 81e77e053ee74bf4bd329442d198b372 [CANDIDATE]: Term 1 pre-election: Requested pre-vote from peers 01e28843afe140088a228937aa96a732 (127.10.217.193:44161), 903439b95fd84ce29116e385c5de46d0 (127.10.217.195:35917)
I20260713 09:04:53.487141 12507 raft_consensus.cc:3060] T fb97e3bc2e4742c1877526e213b888cd P 81e77e053ee74bf4bd329442d198b372 [term 0 FOLLOWER]: Advancing to term 1
I20260713 09:04:53.491039 12467 tablet_bootstrap.cc:492] T 1ff44f80da8b44e9982ecca6104f9efc P 01e28843afe140088a228937aa96a732: No bootstrap required, opened a new log
I20260713 09:04:53.491447 12467 ts_tablet_manager.cc:1403] T 1ff44f80da8b44e9982ecca6104f9efc P 01e28843afe140088a228937aa96a732: Time spent bootstrapping tablet: real 0.026s	user 0.009s	sys 0.016s
I20260713 09:04:53.493798 12467 raft_consensus.cc:359] T 1ff44f80da8b44e9982ecca6104f9efc P 01e28843afe140088a228937aa96a732 [term 0 FOLLOWER]: Replica starting. Triggering 0 pending ops. Active config: opid_index: -1 OBSOLETE_local: false peers { permanent_uuid: "01e28843afe140088a228937aa96a732" member_type: VOTER last_known_addr { host: "127.10.217.193" port: 44161 } } peers { permanent_uuid: "81e77e053ee74bf4bd329442d198b372" member_type: VOTER last_known_addr { host: "127.10.217.194" port: 42109 } } peers { permanent_uuid: "903439b95fd84ce29116e385c5de46d0" member_type: VOTER last_known_addr { host: "127.10.217.195" port: 35917 } }
I20260713 09:04:53.494395 12467 raft_consensus.cc:385] T 1ff44f80da8b44e9982ecca6104f9efc P 01e28843afe140088a228937aa96a732 [term 0 FOLLOWER]: Consensus starting up: Expiring failure detector timer to make a prompt election more likely
I20260713 09:04:53.494704 12467 raft_consensus.cc:740] T 1ff44f80da8b44e9982ecca6104f9efc P 01e28843afe140088a228937aa96a732 [term 0 FOLLOWER]: Becoming Follower/Learner. State: Replica: 01e28843afe140088a228937aa96a732, State: Initialized, Role: FOLLOWER
I20260713 09:04:53.494545 12507 raft_consensus.cc:515] T fb97e3bc2e4742c1877526e213b888cd P 81e77e053ee74bf4bd329442d198b372 [term 1 FOLLOWER]: Starting leader election with config: opid_index: -1 OBSOLETE_local: false peers { permanent_uuid: "01e28843afe140088a228937aa96a732" member_type: VOTER last_known_addr { host: "127.10.217.193" port: 44161 } } peers { permanent_uuid: "81e77e053ee74bf4bd329442d198b372" member_type: VOTER last_known_addr { host: "127.10.217.194" port: 42109 } } peers { permanent_uuid: "903439b95fd84ce29116e385c5de46d0" member_type: VOTER last_known_addr { host: "127.10.217.195" port: 35917 } }
I20260713 09:04:53.495040 12468 tablet_bootstrap.cc:492] T 2281f209aac7481b8431628a0009bbb8 P 903439b95fd84ce29116e385c5de46d0: No bootstrap required, opened a new log
