I20260713 09:04:49.173791 17849 raft_consensus.cc:359] T 619161bee40140a59a19fbab60ff424e P 3ee3cdf96024443d8706a27ed09d1475 [term 0 FOLLOWER]: Replica starting. Triggering 0 pending ops. Active config: opid_index: -1 OBSOLETE_local: false peers { permanent_uuid: "3ee3cdf96024443d8706a27ed09d1475" member_type: VOTER last_known_addr { host: "127.16.44.129" port: 40267 } } peers { permanent_uuid: "b6845d46b08a4ec0a80a8047385bf11e" member_type: VOTER last_known_addr { host: "127.16.44.130" port: 33055 } } peers { permanent_uuid: "d87306ce45b145acb9103f47ea4f7954" member_type: VOTER last_known_addr { host: "127.16.44.131" port: 39363 } }
I20260713 09:04:49.174368 17850 tablet_bootstrap.cc:492] T 085479e8232646bf8cd79f1b5bf1f8a6 P d87306ce45b145acb9103f47ea4f7954: No bootstrap required, opened a new log
I20260713 09:04:49.174312 17851 raft_consensus.cc:740] T cea7674542474beca3e4aaccc910d17c P b6845d46b08a4ec0a80a8047385bf11e [term 0 FOLLOWER]: Becoming Follower/Learner. State: Replica: b6845d46b08a4ec0a80a8047385bf11e, State: Initialized, Role: FOLLOWER
I20260713 09:04:49.174563 17849 raft_consensus.cc:385] T 619161bee40140a59a19fbab60ff424e P 3ee3cdf96024443d8706a27ed09d1475 [term 0 FOLLOWER]: Consensus starting up: Expiring failure detector timer to make a prompt election more likely
I20260713 09:04:49.174938 17850 ts_tablet_manager.cc:1403] T 085479e8232646bf8cd79f1b5bf1f8a6 P d87306ce45b145acb9103f47ea4f7954: Time spent bootstrapping tablet: real 0.024s	user 0.008s	sys 0.004s
I20260713 09:04:49.174947 17849 raft_consensus.cc:740] T 619161bee40140a59a19fbab60ff424e P 3ee3cdf96024443d8706a27ed09d1475 [term 0 FOLLOWER]: Becoming Follower/Learner. State: Replica: 3ee3cdf96024443d8706a27ed09d1475, State: Initialized, Role: FOLLOWER
I20260713 09:04:49.175176 17851 consensus_queue.cc:260] T cea7674542474beca3e4aaccc910d17c P b6845d46b08a4ec0a80a8047385bf11e [NON_LEADER]: Queue going to NON_LEADER mode. State: All replicated index: 0, Majority replicated index: 0, Committed index: 0, Last appended: 0.0, Last appended by leader: 0, Current term: 0, Majority size: -1, State: 0, Mode: NON_LEADER, active raft config: opid_index: -1 OBSOLETE_local: false peers { permanent_uuid: "3ee3cdf96024443d8706a27ed09d1475" member_type: VOTER last_known_addr { host: "127.16.44.129" port: 40267 } } peers { permanent_uuid: "b6845d46b08a4ec0a80a8047385bf11e" member_type: VOTER last_known_addr { host: "127.16.44.130" port: 33055 } } peers { permanent_uuid: "d87306ce45b145acb9103f47ea4f7954" member_type: VOTER last_known_addr { host: "127.16.44.131" port: 39363 } }
I20260713 09:04:49.175845 17849 consensus_queue.cc:260] T 619161bee40140a59a19fbab60ff424e P 3ee3cdf96024443d8706a27ed09d1475 [NON_LEADER]: Queue going to NON_LEADER mode. State: All replicated index: 0, Majority replicated index: 0, Committed index: 0, Last appended: 0.0, Last appended by leader: 0, Current term: 0, Majority size: -1, State: 0, Mode: NON_LEADER, active raft config: opid_index: -1 OBSOLETE_local: false peers { permanent_uuid: "3ee3cdf96024443d8706a27ed09d1475" member_type: VOTER last_known_addr { host: "127.16.44.129" port: 40267 } } peers { permanent_uuid: "b6845d46b08a4ec0a80a8047385bf11e" member_type: VOTER last_known_addr { host: "127.16.44.130" port: 33055 } } peers { permanent_uuid: "d87306ce45b145acb9103f47ea4f7954" member_type: VOTER last_known_addr { host: "127.16.44.131" port: 39363 } }
I20260713 09:04:49.177448 17851 ts_tablet_manager.cc:1434] T cea7674542474beca3e4aaccc910d17c P b6845d46b08a4ec0a80a8047385bf11e: Time spent starting tablet: real 0.012s	user 0.006s	sys 0.000s
I20260713 09:04:49.178395 17851 tablet_bootstrap.cc:492] T 7598e9dfa0ea43dd9102d42fcc66ca6a P b6845d46b08a4ec0a80a8047385bf11e: Bootstrap starting.
I20260713 09:04:49.178047 17850 raft_consensus.cc:359] T 085479e8232646bf8cd79f1b5bf1f8a6 P d87306ce45b145acb9103f47ea4f7954 [term 0 FOLLOWER]: Replica starting. Triggering 0 pending ops. Active config: opid_index: -1 OBSOLETE_local: false peers { permanent_uuid: "3ee3cdf96024443d8706a27ed09d1475" member_type: VOTER last_known_addr { host: "127.16.44.129" port: 40267 } } peers { permanent_uuid: "b6845d46b08a4ec0a80a8047385bf11e" member_type: VOTER last_known_addr { host: "127.16.44.130" port: 33055 } } peers { permanent_uuid: "d87306ce45b145acb9103f47ea4f7954" member_type: VOTER last_known_addr { host: "127.16.44.131" port: 39363 } }
I20260713 09:04:49.178709 17850 raft_consensus.cc:385] T 085479e8232646bf8cd79f1b5bf1f8a6 P d87306ce45b145acb9103f47ea4f7954 [term 0 FOLLOWER]: Consensus starting up: Expiring failure detector timer to make a prompt election more likely
I20260713 09:04:49.178979 17850 raft_consensus.cc:740] T 085479e8232646bf8cd79f1b5bf1f8a6 P d87306ce45b145acb9103f47ea4f7954 [term 0 FOLLOWER]: Becoming Follower/Learner. State: Replica: d87306ce45b145acb9103f47ea4f7954, State: Initialized, Role: FOLLOWER
I20260713 09:04:49.179679 17850 consensus_queue.cc:260] T 085479e8232646bf8cd79f1b5bf1f8a6 P d87306ce45b145acb9103f47ea4f7954 [NON_LEADER]: Queue going to NON_LEADER mode. State: All replicated index: 0, Majority replicated index: 0, Committed index: 0, Last appended: 0.0, Last appended by leader: 0, Current term: 0, Majority size: -1, State: 0, Mode: NON_LEADER, active raft config: opid_index: -1 OBSOLETE_local: false peers { permanent_uuid: "3ee3cdf96024443d8706a27ed09d1475" member_type: VOTER last_known_addr { host: "127.16.44.129" port: 40267 } } peers { permanent_uuid: "b6845d46b08a4ec0a80a8047385bf11e" member_type: VOTER last_known_addr { host: "127.16.44.130" port: 33055 } } peers { permanent_uuid: "d87306ce45b145acb9103f47ea4f7954" member_type: VOTER last_known_addr { host: "127.16.44.131" port: 39363 } }
I20260713 09:04:49.180848 17849 ts_tablet_manager.cc:1434] T 619161bee40140a59a19fbab60ff424e P 3ee3cdf96024443d8706a27ed09d1475: Time spent starting tablet: real 0.010s	user 0.005s	sys 0.004s
I20260713 09:04:49.181758 17849 tablet_bootstrap.cc:492] T cea7674542474beca3e4aaccc910d17c P 3ee3cdf96024443d8706a27ed09d1475: Bootstrap starting.
I20260713 09:04:49.182071 17850 ts_tablet_manager.cc:1434] T 085479e8232646bf8cd79f1b5bf1f8a6 P d87306ce45b145acb9103f47ea4f7954: Time spent starting tablet: real 0.007s	user 0.006s	sys 0.000s
I20260713 09:04:49.183043 17850 tablet_bootstrap.cc:492] T 7598e9dfa0ea43dd9102d42fcc66ca6a P d87306ce45b145acb9103f47ea4f7954: Bootstrap starting.
I20260713 09:04:49.187532 17851 tablet_bootstrap.cc:654] T 7598e9dfa0ea43dd9102d42fcc66ca6a P b6845d46b08a4ec0a80a8047385bf11e: Neither blocks nor log segments found. Creating new log.
I20260713 09:04:49.189334 17850 tablet_bootstrap.cc:654] T 7598e9dfa0ea43dd9102d42fcc66ca6a P d87306ce45b145acb9103f47ea4f7954: Neither blocks nor log segments found. Creating new log.
I20260713 09:04:49.191901 17849 tablet_bootstrap.cc:654] T cea7674542474beca3e4aaccc910d17c P 3ee3cdf96024443d8706a27ed09d1475: Neither blocks nor log segments found. Creating new log.
I20260713 09:04:49.199818 17851 tablet_bootstrap.cc:492] T 7598e9dfa0ea43dd9102d42fcc66ca6a P b6845d46b08a4ec0a80a8047385bf11e: No bootstrap required, opened a new log
I20260713 09:04:49.200371 17851 ts_tablet_manager.cc:1403] T 7598e9dfa0ea43dd9102d42fcc66ca6a P b6845d46b08a4ec0a80a8047385bf11e: Time spent bootstrapping tablet: real 0.022s	user 0.010s	sys 0.008s
I20260713 09:04:49.201428 17850 tablet_bootstrap.cc:492] T 7598e9dfa0ea43dd9102d42fcc66ca6a P d87306ce45b145acb9103f47ea4f7954: No bootstrap required, opened a new log
I20260713 09:04:49.201886 17850 ts_tablet_manager.cc:1403] T 7598e9dfa0ea43dd9102d42fcc66ca6a P d87306ce45b145acb9103f47ea4f7954: Time spent bootstrapping tablet: real 0.019s	user 0.008s	sys 0.008s
I20260713 09:04:49.203231 17851 raft_consensus.cc:359] T 7598e9dfa0ea43dd9102d42fcc66ca6a P b6845d46b08a4ec0a80a8047385bf11e [term 0 FOLLOWER]: Replica starting. Triggering 0 pending ops. Active config: opid_index: -1 OBSOLETE_local: false peers { permanent_uuid: "3ee3cdf96024443d8706a27ed09d1475" member_type: VOTER last_known_addr { host: "127.16.44.129" port: 40267 } } peers { permanent_uuid: "b6845d46b08a4ec0a80a8047385bf11e" member_type: VOTER last_known_addr { host: "127.16.44.130" port: 33055 } } peers { permanent_uuid: "d87306ce45b145acb9103f47ea4f7954" member_type: VOTER last_known_addr { host: "127.16.44.131" port: 39363 } }
I20260713 09:04:49.203994 17851 raft_consensus.cc:385] T 7598e9dfa0ea43dd9102d42fcc66ca6a P b6845d46b08a4ec0a80a8047385bf11e [term 0 FOLLOWER]: Consensus starting up: Expiring failure detector timer to make a prompt election more likely
I20260713 09:04:49.204305 17851 raft_consensus.cc:740] T 7598e9dfa0ea43dd9102d42fcc66ca6a P b6845d46b08a4ec0a80a8047385bf11e [term 0 FOLLOWER]: Becoming Follower/Learner. State: Replica: b6845d46b08a4ec0a80a8047385bf11e, State: Initialized, Role: FOLLOWER
I20260713 09:04:49.204721 17850 raft_consensus.cc:359] T 7598e9dfa0ea43dd9102d42fcc66ca6a P d87306ce45b145acb9103f47ea4f7954 [term 0 FOLLOWER]: Replica starting. Triggering 0 pending ops. Active config: opid_index: -1 OBSOLETE_local: false peers { permanent_uuid: "3ee3cdf96024443d8706a27ed09d1475" member_type: VOTER last_known_addr { host: "127.16.44.129" port: 40267 } } peers { permanent_uuid: "b6845d46b08a4ec0a80a8047385bf11e" member_type: VOTER last_known_addr { host: "127.16.44.130" port: 33055 } } peers { permanent_uuid: "d87306ce45b145acb9103f47ea4f7954" member_type: VOTER last_known_addr { host: "127.16.44.131" port: 39363 } }
I20260713 09:04:49.205457 17850 raft_consensus.cc:385] T 7598e9dfa0ea43dd9102d42fcc66ca6a P d87306ce45b145acb9103f47ea4f7954 [term 0 FOLLOWER]: Consensus starting up: Expiring failure detector timer to make a prompt election more likely
I20260713 09:04:49.205220 17851 consensus_queue.cc:260] T 7598e9dfa0ea43dd9102d42fcc66ca6a P b6845d46b08a4ec0a80a8047385bf11e [NON_LEADER]: Queue going to NON_LEADER mode. State: All replicated index: 0, Majority replicated index: 0, Committed index: 0, Last appended: 0.0, Last appended by leader: 0, Current term: 0, Majority size: -1, State: 0, Mode: NON_LEADER, active raft config: opid_index: -1 OBSOLETE_local: false peers { permanent_uuid: "3ee3cdf96024443d8706a27ed09d1475" member_type: VOTER last_known_addr { host: "127.16.44.129" port: 40267 } } peers { permanent_uuid: "b6845d46b08a4ec0a80a8047385bf11e" member_type: VOTER last_known_addr { host: "127.16.44.130" port: 33055 } } peers { permanent_uuid: "d87306ce45b145acb9103f47ea4f7954" member_type: VOTER last_known_addr { host: "127.16.44.131" port: 39363 } }
I20260713 09:04:49.205761 17850 raft_consensus.cc:740] T 7598e9dfa0ea43dd9102d42fcc66ca6a P d87306ce45b145acb9103f47ea4f7954 [term 0 FOLLOWER]: Becoming Follower/Learner. State: Replica: d87306ce45b145acb9103f47ea4f7954, State: Initialized, Role: FOLLOWER
I20260713 09:04:49.206496 17850 consensus_queue.cc:260] T 7598e9dfa0ea43dd9102d42fcc66ca6a P d87306ce45b145acb9103f47ea4f7954 [NON_LEADER]: Queue going to NON_LEADER mode. State: All replicated index: 0, Majority replicated index: 0, Committed index: 0, Last appended: 0.0, Last appended by leader: 0, Current term: 0, Majority size: -1, State: 0, Mode: NON_LEADER, active raft config: opid_index: -1 OBSOLETE_local: false peers { permanent_uuid: "3ee3cdf96024443d8706a27ed09d1475" member_type: VOTER last_known_addr { host: "127.16.44.129" port: 40267 } } peers { permanent_uuid: "b6845d46b08a4ec0a80a8047385bf11e" member_type: VOTER last_known_addr { host: "127.16.44.130" port: 33055 } } peers { permanent_uuid: "d87306ce45b145acb9103f47ea4f7954" member_type: VOTER last_known_addr { host: "127.16.44.131" port: 39363 } }
I20260713 09:04:49.210021 17849 tablet_bootstrap.cc:492] T cea7674542474beca3e4aaccc910d17c P 3ee3cdf96024443d8706a27ed09d1475: No bootstrap required, opened a new log
I20260713 09:04:49.210496 17849 ts_tablet_manager.cc:1403] T cea7674542474beca3e4aaccc910d17c P 3ee3cdf96024443d8706a27ed09d1475: Time spent bootstrapping tablet: real 0.029s	user 0.015s	sys 0.008s
I20260713 09:04:49.211180 17851 ts_tablet_manager.cc:1434] T 7598e9dfa0ea43dd9102d42fcc66ca6a P b6845d46b08a4ec0a80a8047385bf11e: Time spent starting tablet: real 0.010s	user 0.004s	sys 0.002s
I20260713 09:04:49.212193 17851 tablet_bootstrap.cc:492] T 884af9e09b664acc99330fdb87904f6f P b6845d46b08a4ec0a80a8047385bf11e: Bootstrap starting.
I20260713 09:04:49.213286 17849 raft_consensus.cc:359] T cea7674542474beca3e4aaccc910d17c P 3ee3cdf96024443d8706a27ed09d1475 [term 0 FOLLOWER]: Replica starting. Triggering 0 pending ops. Active config: opid_index: -1 OBSOLETE_local: false peers { permanent_uuid: "3ee3cdf96024443d8706a27ed09d1475" member_type: VOTER last_known_addr { host: "127.16.44.129" port: 40267 } } peers { permanent_uuid: "b6845d46b08a4ec0a80a8047385bf11e" member_type: VOTER last_known_addr { host: "127.16.44.130" port: 33055 } } peers { permanent_uuid: "d87306ce45b145acb9103f47ea4f7954" member_type: VOTER last_known_addr { host: "127.16.44.131" port: 39363 } }
I20260713 09:04:49.213987 17849 raft_consensus.cc:385] T cea7674542474beca3e4aaccc910d17c P 3ee3cdf96024443d8706a27ed09d1475 [term 0 FOLLOWER]: Consensus starting up: Expiring failure detector timer to make a prompt election more likely
I20260713 09:04:49.214291 17849 raft_consensus.cc:740] T cea7674542474beca3e4aaccc910d17c P 3ee3cdf96024443d8706a27ed09d1475 [term 0 FOLLOWER]: Becoming Follower/Learner. State: Replica: 3ee3cdf96024443d8706a27ed09d1475, State: Initialized, Role: FOLLOWER
I20260713 09:04:49.215006 17849 consensus_queue.cc:260] T cea7674542474beca3e4aaccc910d17c P 3ee3cdf96024443d8706a27ed09d1475 [NON_LEADER]: Queue going to NON_LEADER mode. State: All replicated index: 0, Majority replicated index: 0, Committed index: 0, Last appended: 0.0, Last appended by leader: 0, Current term: 0, Majority size: -1, State: 0, Mode: NON_LEADER, active raft config: opid_index: -1 OBSOLETE_local: false peers { permanent_uuid: "3ee3cdf96024443d8706a27ed09d1475" member_type: VOTER last_known_addr { host: "127.16.44.129" port: 40267 } } peers { permanent_uuid: "b6845d46b08a4ec0a80a8047385bf11e" member_type: VOTER last_known_addr { host: "127.16.44.130" port: 33055 } } peers { permanent_uuid: "d87306ce45b145acb9103f47ea4f7954" member_type: VOTER last_known_addr { host: "127.16.44.131" port: 39363 } }
I20260713 09:04:49.217265 17849 ts_tablet_manager.cc:1434] T cea7674542474beca3e4aaccc910d17c P 3ee3cdf96024443d8706a27ed09d1475: Time spent starting tablet: real 0.006s	user 0.008s	sys 0.000s
I20260713 09:04:49.218199 17849 tablet_bootstrap.cc:492] T 21ca3a7c763f47c0bbbe4e0c303a450e P 3ee3cdf96024443d8706a27ed09d1475: Bootstrap starting.
I20260713 09:04:49.218863 17851 tablet_bootstrap.cc:654] T 884af9e09b664acc99330fdb87904f6f P b6845d46b08a4ec0a80a8047385bf11e: Neither blocks nor log segments found. Creating new log.
I20260713 09:04:49.221813 17850 ts_tablet_manager.cc:1434] T 7598e9dfa0ea43dd9102d42fcc66ca6a P d87306ce45b145acb9103f47ea4f7954: Time spent starting tablet: real 0.020s	user 0.007s	sys 0.000s
I20260713 09:04:49.223083 17850 tablet_bootstrap.cc:492] T c8a4dd877f484c3aa4afeb5f95e0e1b6 P d87306ce45b145acb9103f47ea4f7954: Bootstrap starting.
I20260713 09:04:49.225396 17851 tablet_bootstrap.cc:492] T 884af9e09b664acc99330fdb87904f6f P b6845d46b08a4ec0a80a8047385bf11e: No bootstrap required, opened a new log
I20260713 09:04:49.227267 17857 raft_consensus.cc:493] T 619161bee40140a59a19fbab60ff424e P d87306ce45b145acb9103f47ea4f7954 [term 0 FOLLOWER]: Starting pre-election (no leader contacted us within the election timeout)
I20260713 09:04:49.227936 17851 ts_tablet_manager.cc:1403] T 884af9e09b664acc99330fdb87904f6f P b6845d46b08a4ec0a80a8047385bf11e: Time spent bootstrapping tablet: real 0.016s	user 0.006s	sys 0.008s
I20260713 09:04:49.227943 17857 raft_consensus.cc:515] T 619161bee40140a59a19fbab60ff424e P d87306ce45b145acb9103f47ea4f7954 [term 0 FOLLOWER]: Starting pre-election with config: opid_index: -1 OBSOLETE_local: false peers { permanent_uuid: "3ee3cdf96024443d8706a27ed09d1475" member_type: VOTER last_known_addr { host: "127.16.44.129" port: 40267 } } peers { permanent_uuid: "b6845d46b08a4ec0a80a8047385bf11e" member_type: VOTER last_known_addr { host: "127.16.44.130" port: 33055 } } peers { permanent_uuid: "d87306ce45b145acb9103f47ea4f7954" member_type: VOTER last_known_addr { host: "127.16.44.131" port: 39363 } }
I20260713 09:04:49.229257 17850 tablet_bootstrap.cc:654] T c8a4dd877f484c3aa4afeb5f95e0e1b6 P d87306ce45b145acb9103f47ea4f7954: Neither blocks nor log segments found. Creating new log.
I20260713 09:04:49.230197 17857 leader_election.cc:290] T 619161bee40140a59a19fbab60ff424e P d87306ce45b145acb9103f47ea4f7954 [CANDIDATE]: Term 1 pre-election: Requested pre-vote from peers 3ee3cdf96024443d8706a27ed09d1475 (127.16.44.129:40267), b6845d46b08a4ec0a80a8047385bf11e (127.16.44.130:33055)
I20260713 09:04:49.231191 17851 raft_consensus.cc:359] T 884af9e09b664acc99330fdb87904f6f P b6845d46b08a4ec0a80a8047385bf11e [term 0 FOLLOWER]: Replica starting. Triggering 0 pending ops. Active config: opid_index: -1 OBSOLETE_local: false peers { permanent_uuid: "3ee3cdf96024443d8706a27ed09d1475" member_type: VOTER last_known_addr { host: "127.16.44.129" port: 40267 } } peers { permanent_uuid: "b6845d46b08a4ec0a80a8047385bf11e" member_type: VOTER last_known_addr { host: "127.16.44.130" port: 33055 } } peers { permanent_uuid: "d87306ce45b145acb9103f47ea4f7954" member_type: VOTER last_known_addr { host: "127.16.44.131" port: 39363 } }
I20260713 09:04:49.231666 17660 tablet_service.cc:1917] Received RequestConsensusVote() RPC: tablet_id: "619161bee40140a59a19fbab60ff424e" candidate_uuid: "d87306ce45b145acb9103f47ea4f7954" candidate_term: 1 candidate_status { last_received { term: 0 index: 0 } } ignore_live_leader: false dest_uuid: "3ee3cdf96024443d8706a27ed09d1475" is_pre_election: true
I20260713 09:04:49.231961 17851 raft_consensus.cc:385] T 884af9e09b664acc99330fdb87904f6f P b6845d46b08a4ec0a80a8047385bf11e [term 0 FOLLOWER]: Consensus starting up: Expiring failure detector timer to make a prompt election more likely
I20260713 09:04:49.231659 17735 tablet_service.cc:1917] Received RequestConsensusVote() RPC: tablet_id: "619161bee40140a59a19fbab60ff424e" candidate_uuid: "d87306ce45b145acb9103f47ea4f7954" candidate_term: 1 candidate_status { last_received { term: 0 index: 0 } } ignore_live_leader: false dest_uuid: "b6845d46b08a4ec0a80a8047385bf11e" is_pre_election: true
I20260713 09:04:49.232352 17851 raft_consensus.cc:740] T 884af9e09b664acc99330fdb87904f6f P b6845d46b08a4ec0a80a8047385bf11e [term 0 FOLLOWER]: Becoming Follower/Learner. State: Replica: b6845d46b08a4ec0a80a8047385bf11e, State: Initialized, Role: FOLLOWER
I20260713 09:04:49.232458 17660 raft_consensus.cc:2468] T 619161bee40140a59a19fbab60ff424e P 3ee3cdf96024443d8706a27ed09d1475 [term 0 FOLLOWER]: Leader pre-election vote request: Granting yes vote for candidate d87306ce45b145acb9103f47ea4f7954 in term 0.
I20260713 09:04:49.232597 17735 raft_consensus.cc:2468] T 619161bee40140a59a19fbab60ff424e P b6845d46b08a4ec0a80a8047385bf11e [term 0 FOLLOWER]: Leader pre-election vote request: Granting yes vote for candidate d87306ce45b145acb9103f47ea4f7954 in term 0.
I20260713 09:04:49.233304 17851 consensus_queue.cc:260] T 884af9e09b664acc99330fdb87904f6f P b6845d46b08a4ec0a80a8047385bf11e [NON_LEADER]: Queue going to NON_LEADER mode. State: All replicated index: 0, Majority replicated index: 0, Committed index: 0, Last appended: 0.0, Last appended by leader: 0, Current term: 0, Majority size: -1, State: 0, Mode: NON_LEADER, active raft config: opid_index: -1 OBSOLETE_local: false peers { permanent_uuid: "3ee3cdf96024443d8706a27ed09d1475" member_type: VOTER last_known_addr { host: "127.16.44.129" port: 40267 } } peers { permanent_uuid: "b6845d46b08a4ec0a80a8047385bf11e" member_type: VOTER last_known_addr { host: "127.16.44.130" port: 33055 } } peers { permanent_uuid: "d87306ce45b145acb9103f47ea4f7954" member_type: VOTER last_known_addr { host: "127.16.44.131" port: 39363 } }
I20260713 09:04:49.233798 17775 leader_election.cc:304] T 619161bee40140a59a19fbab60ff424e P d87306ce45b145acb9103f47ea4f7954 [CANDIDATE]: Term 1 pre-election: Election decided. Result: candidate won. Election summary: received 2 responses out of 3 voters: 2 yes votes; 0 no votes. yes voters: 3ee3cdf96024443d8706a27ed09d1475, d87306ce45b145acb9103f47ea4f7954; no voters: 
I20260713 09:04:49.235981 17851 ts_tablet_manager.cc:1434] T 884af9e09b664acc99330fdb87904f6f P b6845d46b08a4ec0a80a8047385bf11e: Time spent starting tablet: real 0.008s	user 0.006s	sys 0.000s
I20260713 09:04:49.236972 17849 tablet_bootstrap.cc:654] T 21ca3a7c763f47c0bbbe4e0c303a450e P 3ee3cdf96024443d8706a27ed09d1475: Neither blocks nor log segments found. Creating new log.
I20260713 09:04:49.237087 17857 raft_consensus.cc:2804] T 619161bee40140a59a19fbab60ff424e P d87306ce45b145acb9103f47ea4f7954 [term 0 FOLLOWER]: Leader pre-election won for term 1
I20260713 09:04:49.237558 17857 raft_consensus.cc:493] T 619161bee40140a59a19fbab60ff424e P d87306ce45b145acb9103f47ea4f7954 [term 0 FOLLOWER]: Starting leader election (no leader contacted us within the election timeout)
I20260713 09:04:49.237910 17857 raft_consensus.cc:3060] T 619161bee40140a59a19fbab60ff424e P d87306ce45b145acb9103f47ea4f7954 [term 0 FOLLOWER]: Advancing to term 1
I20260713 09:04:49.241602 17851 tablet_bootstrap.cc:492] T 5f60e92b6e6c4333a6662ee9d66c6bc2 P b6845d46b08a4ec0a80a8047385bf11e: Bootstrap starting.
I20260713 09:04:49.244748 17860 raft_consensus.cc:493] T c8a4dd877f484c3aa4afeb5f95e0e1b6 P b6845d46b08a4ec0a80a8047385bf11e [term 0 FOLLOWER]: Starting pre-election (no leader contacted us within the election timeout)
I20260713 09:04:49.245214 17860 raft_consensus.cc:515] T c8a4dd877f484c3aa4afeb5f95e0e1b6 P b6845d46b08a4ec0a80a8047385bf11e [term 0 FOLLOWER]: Starting pre-election with config: opid_index: -1 OBSOLETE_local: false peers { permanent_uuid: "3ee3cdf96024443d8706a27ed09d1475" member_type: VOTER last_known_addr { host: "127.16.44.129" port: 40267 } } peers { permanent_uuid: "b6845d46b08a4ec0a80a8047385bf11e" member_type: VOTER last_known_addr { host: "127.16.44.130" port: 33055 } } peers { permanent_uuid: "d87306ce45b145acb9103f47ea4f7954" member_type: VOTER last_known_addr { host: "127.16.44.131" port: 39363 } }
I20260713 09:04:49.248947 17860 leader_election.cc:290] T c8a4dd877f484c3aa4afeb5f95e0e1b6 P b6845d46b08a4ec0a80a8047385bf11e [CANDIDATE]: Term 1 pre-election: Requested pre-vote from peers 3ee3cdf96024443d8706a27ed09d1475 (127.16.44.129:40267), d87306ce45b145acb9103f47ea4f7954 (127.16.44.131:39363)
I20260713 09:04:49.258512 17857 raft_consensus.cc:515] T 619161bee40140a59a19fbab60ff424e P d87306ce45b145acb9103f47ea4f7954 [term 1 FOLLOWER]: Starting leader election with config: opid_index: -1 OBSOLETE_local: false peers { permanent_uuid: "3ee3cdf96024443d8706a27ed09d1475" member_type: VOTER last_known_addr { host: "127.16.44.129" port: 40267 } } peers { permanent_uuid: "b6845d46b08a4ec0a80a8047385bf11e" member_type: VOTER last_known_addr { host: "127.16.44.130" port: 33055 } } peers { permanent_uuid: "d87306ce45b145acb9103f47ea4f7954" member_type: VOTER last_known_addr { host: "127.16.44.131" port: 39363 } }
I20260713 09:04:49.260623 17851 tablet_bootstrap.cc:654] T 5f60e92b6e6c4333a6662ee9d66c6bc2 P b6845d46b08a4ec0a80a8047385bf11e: Neither blocks nor log segments found. Creating new log.
I20260713 09:04:49.268389 17850 tablet_bootstrap.cc:492] T c8a4dd877f484c3aa4afeb5f95e0e1b6 P d87306ce45b145acb9103f47ea4f7954: No bootstrap required, opened a new log
I20260713 09:04:49.269052 17850 ts_tablet_manager.cc:1403] T c8a4dd877f484c3aa4afeb5f95e0e1b6 P d87306ce45b145acb9103f47ea4f7954: Time spent bootstrapping tablet: real 0.046s	user 0.013s	sys 0.017s
I20260713 09:04:49.269411 17660 tablet_service.cc:1917] Received RequestConsensusVote() RPC: tablet_id: "619161bee40140a59a19fbab60ff424e" candidate_uuid: "d87306ce45b145acb9103f47ea4f7954" candidate_term: 1 candidate_status { last_received { term: 0 index: 0 } } ignore_live_leader: false dest_uuid: "3ee3cdf96024443d8706a27ed09d1475"
I20260713 09:04:49.270076 17660 raft_consensus.cc:3060] T 619161bee40140a59a19fbab60ff424e P 3ee3cdf96024443d8706a27ed09d1475 [term 0 FOLLOWER]: Advancing to term 1
I20260713 09:04:49.270665 17849 tablet_bootstrap.cc:492] T 21ca3a7c763f47c0bbbe4e0c303a450e P 3ee3cdf96024443d8706a27ed09d1475: No bootstrap required, opened a new log
I20260713 09:04:49.271178 17849 ts_tablet_manager.cc:1403] T 21ca3a7c763f47c0bbbe4e0c303a450e P 3ee3cdf96024443d8706a27ed09d1475: Time spent bootstrapping tablet: real 0.053s	user 0.012s	sys 0.016s
I20260713 09:04:49.272493 17850 raft_consensus.cc:359] T c8a4dd877f484c3aa4afeb5f95e0e1b6 P d87306ce45b145acb9103f47ea4f7954 [term 0 FOLLOWER]: Replica starting. Triggering 0 pending ops. Active config: opid_index: -1 OBSOLETE_local: false peers { permanent_uuid: "3ee3cdf96024443d8706a27ed09d1475" member_type: VOTER last_known_addr { host: "127.16.44.129" port: 40267 } } peers { permanent_uuid: "b6845d46b08a4ec0a80a8047385bf11e" member_type: VOTER last_known_addr { host: "127.16.44.130" port: 33055 } } peers { permanent_uuid: "d87306ce45b145acb9103f47ea4f7954" member_type: VOTER last_known_addr { host: "127.16.44.131" port: 39363 } }
I20260713 09:04:49.273692 17857 leader_election.cc:290] T 619161bee40140a59a19fbab60ff424e P d87306ce45b145acb9103f47ea4f7954 [CANDIDATE]: Term 1 election: Requested vote from peers 3ee3cdf96024443d8706a27ed09d1475 (127.16.44.129:40267), b6845d46b08a4ec0a80a8047385bf11e (127.16.44.130:33055)
I20260713 09:04:49.273854 17735 tablet_service.cc:1917] Received RequestConsensusVote() RPC: tablet_id: "619161bee40140a59a19fbab60ff424e" candidate_uuid: "d87306ce45b145acb9103f47ea4f7954" candidate_term: 1 candidate_status { last_received { term: 0 index: 0 } } ignore_live_leader: false dest_uuid: "b6845d46b08a4ec0a80a8047385bf11e"
I20260713 09:04:49.274533 17735 raft_consensus.cc:3060] T 619161bee40140a59a19fbab60ff424e P b6845d46b08a4ec0a80a8047385bf11e [term 0 FOLLOWER]: Advancing to term 1
I20260713 09:04:49.274459 17849 raft_consensus.cc:359] T 21ca3a7c763f47c0bbbe4e0c303a450e P 3ee3cdf96024443d8706a27ed09d1475 [term 0 FOLLOWER]: Replica starting. Triggering 0 pending ops. Active config: opid_index: -1 OBSOLETE_local: false peers { permanent_uuid: "3ee3cdf96024443d8706a27ed09d1475" member_type: VOTER last_known_addr { host: "127.16.44.129" port: 40267 } } peers { permanent_uuid: "b6845d46b08a4ec0a80a8047385bf11e" member_type: VOTER last_known_addr { host: "127.16.44.130" port: 33055 } } peers { permanent_uuid: "d87306ce45b145acb9103f47ea4f7954" member_type: VOTER last_known_addr { host: "127.16.44.131" port: 39363 } }
I20260713 09:04:49.273306 17850 raft_consensus.cc:385] T c8a4dd877f484c3aa4afeb5f95e0e1b6 P d87306ce45b145acb9103f47ea4f7954 [term 0 FOLLOWER]: Consensus starting up: Expiring failure detector timer to make a prompt election more likely
I20260713 09:04:49.279294 17850 raft_consensus.cc:740] T c8a4dd877f484c3aa4afeb5f95e0e1b6 P d87306ce45b145acb9103f47ea4f7954 [term 0 FOLLOWER]: Becoming Follower/Learner. State: Replica: d87306ce45b145acb9103f47ea4f7954, State: Initialized, Role: FOLLOWER
I20260713 09:04:49.279157 17849 raft_consensus.cc:385] T 21ca3a7c763f47c0bbbe4e0c303a450e P 3ee3cdf96024443d8706a27ed09d1475 [term 0 FOLLOWER]: Consensus starting up: Expiring failure detector timer to make a prompt election more likely
I20260713 09:04:49.279305 17660 raft_consensus.cc:2468] T 619161bee40140a59a19fbab60ff424e P 3ee3cdf96024443d8706a27ed09d1475 [term 1 FOLLOWER]: Leader election vote request: Granting yes vote for candidate d87306ce45b145acb9103f47ea4f7954 in term 1.
I20260713 09:04:49.280288 17849 raft_consensus.cc:740] T 21ca3a7c763f47c0bbbe4e0c303a450e P 3ee3cdf96024443d8706a27ed09d1475 [term 0 FOLLOWER]: Becoming Follower/Learner. State: Replica: 3ee3cdf96024443d8706a27ed09d1475, State: Initialized, Role: FOLLOWER
I20260713 09:04:49.281267 17775 leader_election.cc:304] T 619161bee40140a59a19fbab60ff424e P d87306ce45b145acb9103f47ea4f7954 [CANDIDATE]: Term 1 election: Election decided. Result: candidate won. Election summary: received 2 responses out of 3 voters: 2 yes votes; 0 no votes. yes voters: 3ee3cdf96024443d8706a27ed09d1475, d87306ce45b145acb9103f47ea4f7954; no voters: 
I20260713 09:04:49.281096 17849 consensus_queue.cc:260] T 21ca3a7c763f47c0bbbe4e0c303a450e P 3ee3cdf96024443d8706a27ed09d1475 [NON_LEADER]: Queue going to NON_LEADER mode. State: All replicated index: 0, Majority replicated index: 0, Committed index: 0, Last appended: 0.0, Last appended by leader: 0, Current term: 0, Majority size: -1, State: 0, Mode: NON_LEADER, active raft config: opid_index: -1 OBSOLETE_local: false peers { permanent_uuid: "3ee3cdf96024443d8706a27ed09d1475" member_type: VOTER last_known_addr { host: "127.16.44.129" port: 40267 } } peers { permanent_uuid: "b6845d46b08a4ec0a80a8047385bf11e" member_type: VOTER last_known_addr { host: "127.16.44.130" port: 33055 } } peers { permanent_uuid: "d87306ce45b145acb9103f47ea4f7954" member_type: VOTER last_known_addr { host: "127.16.44.131" port: 39363 } }
I20260713 09:04:49.282191 17857 raft_consensus.cc:2804] T 619161bee40140a59a19fbab60ff424e P d87306ce45b145acb9103f47ea4f7954 [term 1 FOLLOWER]: Leader election won for term 1
I20260713 09:04:49.283058 17735 raft_consensus.cc:2468] T 619161bee40140a59a19fbab60ff424e P b6845d46b08a4ec0a80a8047385bf11e [term 1 FOLLOWER]: Leader election vote request: Granting yes vote for candidate d87306ce45b145acb9103f47ea4f7954 in term 1.
I20260713 09:04:49.283207 17850 consensus_queue.cc:260] T c8a4dd877f484c3aa4afeb5f95e0e1b6 P d87306ce45b145acb9103f47ea4f7954 [NON_LEADER]: Queue going to NON_LEADER mode. State: All replicated index: 0, Majority replicated index: 0, Committed index: 0, Last appended: 0.0, Last appended by leader: 0, Current term: 0, Majority size: -1, State: 0, Mode: NON_LEADER, active raft config: opid_index: -1 OBSOLETE_local: false peers { permanent_uuid: "3ee3cdf96024443d8706a27ed09d1475" member_type: VOTER last_known_addr { host: "127.16.44.129" port: 40267 } } peers { permanent_uuid: "b6845d46b08a4ec0a80a8047385bf11e" member_type: VOTER last_known_addr { host: "127.16.44.130" port: 33055 } } peers { permanent_uuid: "d87306ce45b145acb9103f47ea4f7954" member_type: VOTER last_known_addr { host: "127.16.44.131" port: 39363 } }
I20260713 09:04:49.286516 17849 ts_tablet_manager.cc:1434] T 21ca3a7c763f47c0bbbe4e0c303a450e P 3ee3cdf96024443d8706a27ed09d1475: Time spent starting tablet: real 0.015s	user 0.009s	sys 0.000s
I20260713 09:04:49.288399 17849 tablet_bootstrap.cc:492] T 884af9e09b664acc99330fdb87904f6f P 3ee3cdf96024443d8706a27ed09d1475: Bootstrap starting.
I20260713 09:04:49.289988 17857 raft_consensus.cc:697] T 619161bee40140a59a19fbab60ff424e P d87306ce45b145acb9103f47ea4f7954 [term 1 LEADER]: Becoming Leader. State: Replica: d87306ce45b145acb9103f47ea4f7954, State: Running, Role: LEADER
I20260713 09:04:49.290966 17857 consensus_queue.cc:237] T 619161bee40140a59a19fbab60ff424e P d87306ce45b145acb9103f47ea4f7954 [LEADER]: Queue going to LEADER mode. State: All replicated index: 0, Majority replicated index: 0, Committed index: 0, Last appended: 0.0, Last appended by leader: 0, Current term: 1, Majority size: 2, State: 0, Mode: LEADER, active raft config: opid_index: -1 OBSOLETE_local: false peers { permanent_uuid: "3ee3cdf96024443d8706a27ed09d1475" member_type: VOTER last_known_addr { host: "127.16.44.129" port: 40267 } } peers { permanent_uuid: "b6845d46b08a4ec0a80a8047385bf11e" member_type: VOTER last_known_addr { host: "127.16.44.130" port: 33055 } } peers { permanent_uuid: "d87306ce45b145acb9103f47ea4f7954" member_type: VOTER last_known_addr { host: "127.16.44.131" port: 39363 } }
I20260713 09:04:49.294772 17860 raft_consensus.cc:493] T 7598e9dfa0ea43dd9102d42fcc66ca6a P b6845d46b08a4ec0a80a8047385bf11e [term 0 FOLLOWER]: Starting pre-election (no leader contacted us within the election timeout)
I20260713 09:04:49.295166 17851 tablet_bootstrap.cc:492] T 5f60e92b6e6c4333a6662ee9d66c6bc2 P b6845d46b08a4ec0a80a8047385bf11e: No bootstrap required, opened a new log
I20260713 09:04:49.295221 17860 raft_consensus.cc:515] T 7598e9dfa0ea43dd9102d42fcc66ca6a P b6845d46b08a4ec0a80a8047385bf11e [term 0 FOLLOWER]: Starting pre-election with config: opid_index: -1 OBSOLETE_local: false peers { permanent_uuid: "3ee3cdf96024443d8706a27ed09d1475" member_type: VOTER last_known_addr { host: "127.16.44.129" port: 40267 } } peers { permanent_uuid: "b6845d46b08a4ec0a80a8047385bf11e" member_type: VOTER last_known_addr { host: "127.16.44.130" port: 33055 } } peers { permanent_uuid: "d87306ce45b145acb9103f47ea4f7954" member_type: VOTER last_known_addr { host: "127.16.44.131" port: 39363 } }
I20260713 09:04:49.295804 17851 ts_tablet_manager.cc:1403] T 5f60e92b6e6c4333a6662ee9d66c6bc2 P b6845d46b08a4ec0a80a8047385bf11e: Time spent bootstrapping tablet: real 0.054s	user 0.015s	sys 0.001s
I20260713 09:04:49.297444 17860 leader_election.cc:290] T 7598e9dfa0ea43dd9102d42fcc66ca6a P b6845d46b08a4ec0a80a8047385bf11e [CANDIDATE]: Term 1 pre-election: Requested pre-vote from peers 3ee3cdf96024443d8706a27ed09d1475 (127.16.44.129:40267), d87306ce45b145acb9103f47ea4f7954 (127.16.44.131:39363)
I20260713 09:04:49.298892 17851 raft_consensus.cc:359] T 5f60e92b6e6c4333a6662ee9d66c6bc2 P b6845d46b08a4ec0a80a8047385bf11e [term 0 FOLLOWER]: Replica starting. Triggering 0 pending ops. Active config: opid_index: -1 OBSOLETE_local: false peers { permanent_uuid: "b6845d46b08a4ec0a80a8047385bf11e" member_type: VOTER last_known_addr { host: "127.16.44.130" port: 33055 } } peers { permanent_uuid: "3ee3cdf96024443d8706a27ed09d1475" member_type: VOTER last_known_addr { host: "127.16.44.129" port: 40267 } } peers { permanent_uuid: "d87306ce45b145acb9103f47ea4f7954" member_type: VOTER last_known_addr { host: "127.16.44.131" port: 39363 } }
I20260713 09:04:49.299254 17882 raft_consensus.cc:493] T a7402b6193264e699335261865d8e374 P d87306ce45b145acb9103f47ea4f7954 [term 0 FOLLOWER]: Starting pre-election (no leader contacted us within the election timeout)
I20260713 09:04:49.300197 17660 tablet_service.cc:1917] Received RequestConsensusVote() RPC: tablet_id: "c8a4dd877f484c3aa4afeb5f95e0e1b6" candidate_uuid: "b6845d46b08a4ec0a80a8047385bf11e" candidate_term: 1 candidate_status { last_received { term: 0 index: 0 } } ignore_live_leader: false dest_uuid: "3ee3cdf96024443d8706a27ed09d1475" is_pre_election: true
I20260713 09:04:49.301077 17659 tablet_service.cc:1917] Received RequestConsensusVote() RPC: tablet_id: "7598e9dfa0ea43dd9102d42fcc66ca6a" candidate_uuid: "b6845d46b08a4ec0a80a8047385bf11e" candidate_term: 1 candidate_status { last_received { term: 0 index: 0 } } ignore_live_leader: false dest_uuid: "3ee3cdf96024443d8706a27ed09d1475" is_pre_election: true
I20260713 09:04:49.302129 17659 raft_consensus.cc:2468] T 7598e9dfa0ea43dd9102d42fcc66ca6a P 3ee3cdf96024443d8706a27ed09d1475 [term 0 FOLLOWER]: Leader pre-election vote request: Granting yes vote for candidate b6845d46b08a4ec0a80a8047385bf11e in term 0.
W20260713 09:04:49.302199 17701 leader_election.cc:343] T c8a4dd877f484c3aa4afeb5f95e0e1b6 P b6845d46b08a4ec0a80a8047385bf11e [CANDIDATE]: Term 1 pre-election: Tablet error from VoteRequest() call to peer 3ee3cdf96024443d8706a27ed09d1475 (127.16.44.129:40267): Illegal state: must be running to vote when last-logged opid is not known
I20260713 09:04:49.305493 17849 tablet_bootstrap.cc:654] T 884af9e09b664acc99330fdb87904f6f P 3ee3cdf96024443d8706a27ed09d1475: Neither blocks nor log segments found. Creating new log.
I20260713 09:04:49.299683 17851 raft_consensus.cc:385] T 5f60e92b6e6c4333a6662ee9d66c6bc2 P b6845d46b08a4ec0a80a8047385bf11e [term 0 FOLLOWER]: Consensus starting up: Expiring failure detector timer to make a prompt election more likely
I20260713 09:04:49.308259 17850 ts_tablet_manager.cc:1434] T c8a4dd877f484c3aa4afeb5f95e0e1b6 P d87306ce45b145acb9103f47ea4f7954: Time spent starting tablet: real 0.039s	user 0.014s	sys 0.000s
I20260713 09:04:49.308923 17851 raft_consensus.cc:740] T 5f60e92b6e6c4333a6662ee9d66c6bc2 P b6845d46b08a4ec0a80a8047385bf11e [term 0 FOLLOWER]: Becoming Follower/Learner. State: Replica: b6845d46b08a4ec0a80a8047385bf11e, State: Initialized, Role: FOLLOWER
I20260713 09:04:49.310009 17701 leader_election.cc:304] T 7598e9dfa0ea43dd9102d42fcc66ca6a P b6845d46b08a4ec0a80a8047385bf11e [CANDIDATE]: Term 1 pre-election: Election decided. Result: candidate won. Election summary: received 2 responses out of 3 voters: 2 yes votes; 0 no votes. yes voters: 3ee3cdf96024443d8706a27ed09d1475, b6845d46b08a4ec0a80a8047385bf11e; no voters: 
I20260713 09:04:49.310758 17850 tablet_bootstrap.cc:492] T 267d66e5ce9a44e3b16c18b0a2bf57b1 P d87306ce45b145acb9103f47ea4f7954: Bootstrap starting.
I20260713 09:04:49.310001 17851 consensus_queue.cc:260] T 5f60e92b6e6c4333a6662ee9d66c6bc2 P b6845d46b08a4ec0a80a8047385bf11e [NON_LEADER]: Queue going to NON_LEADER mode. State: All replicated index: 0, Majority replicated index: 0, Committed index: 0, Last appended: 0.0, Last appended by leader: 0, Current term: 0, Majority size: -1, State: 0, Mode: NON_LEADER, active raft config: opid_index: -1 OBSOLETE_local: false peers { permanent_uuid: "b6845d46b08a4ec0a80a8047385bf11e" member_type: VOTER last_known_addr { host: "127.16.44.130" port: 33055 } } peers { permanent_uuid: "3ee3cdf96024443d8706a27ed09d1475" member_type: VOTER last_known_addr { host: "127.16.44.129" port: 40267 } } peers { permanent_uuid: "d87306ce45b145acb9103f47ea4f7954" member_type: VOTER last_known_addr { host: "127.16.44.131" port: 39363 } }
I20260713 09:04:49.311244 17860 raft_consensus.cc:2804] T 7598e9dfa0ea43dd9102d42fcc66ca6a P b6845d46b08a4ec0a80a8047385bf11e [term 0 FOLLOWER]: Leader pre-election won for term 1
I20260713 09:04:49.311935 17860 raft_consensus.cc:493] T 7598e9dfa0ea43dd9102d42fcc66ca6a P b6845d46b08a4ec0a80a8047385bf11e [term 0 FOLLOWER]: Starting leader election (no leader contacted us within the election timeout)
I20260713 09:04:49.312878 17860 raft_consensus.cc:3060] T 7598e9dfa0ea43dd9102d42fcc66ca6a P b6845d46b08a4ec0a80a8047385bf11e [term 0 FOLLOWER]: Advancing to term 1
I20260713 09:04:49.320668 17850 tablet_bootstrap.cc:654] T 267d66e5ce9a44e3b16c18b0a2bf57b1 P d87306ce45b145acb9103f47ea4f7954: Neither blocks nor log segments found. Creating new log.
I20260713 09:04:49.320349 17558 catalog_manager.cc:5697] T 619161bee40140a59a19fbab60ff424e P d87306ce45b145acb9103f47ea4f7954 reported cstate change: term changed from 0 to 1, leader changed from <none> to d87306ce45b145acb9103f47ea4f7954 (127.16.44.131). New cstate: current_term: 1 leader_uuid: "d87306ce45b145acb9103f47ea4f7954" committed_config { opid_index: -1 OBSOLETE_local: false peers { permanent_uuid: "3ee3cdf96024443d8706a27ed09d1475" member_type: VOTER last_known_addr { host: "127.16.44.129" port: 40267 } health_report { overall_health: UNKNOWN } } peers { permanent_uuid: "b6845d46b08a4ec0a80a8047385bf11e" member_type: VOTER last_known_addr { host: "127.16.44.130" port: 33055 } health_report { overall_health: UNKNOWN } } peers { permanent_uuid: "d87306ce45b145acb9103f47ea4f7954" member_type: VOTER last_known_addr { host: "127.16.44.131" port: 39363 } health_report { overall_health: HEALTHY } } }
I20260713 09:04:49.299947 17882 raft_consensus.cc:515] T a7402b6193264e699335261865d8e374 P d87306ce45b145acb9103f47ea4f7954 [term 0 FOLLOWER]: Starting pre-election with config: opid_index: -1 OBSOLETE_local: false peers { permanent_uuid: "3ee3cdf96024443d8706a27ed09d1475" member_type: VOTER last_known_addr { host: "127.16.44.129" port: 40267 } } peers { permanent_uuid: "b6845d46b08a4ec0a80a8047385bf11e" member_type: VOTER last_known_addr { host: "127.16.44.130" port: 33055 } } peers { permanent_uuid: "d87306ce45b145acb9103f47ea4f7954" member_type: VOTER last_known_addr { host: "127.16.44.131" port: 39363 } }
I20260713 09:04:49.328859 17659 tablet_service.cc:1917] Received RequestConsensusVote() RPC: tablet_id: "a7402b6193264e699335261865d8e374" candidate_uuid: "d87306ce45b145acb9103f47ea4f7954" candidate_term: 1 candidate_status { last_received { term: 0 index: 0 } } ignore_live_leader: false dest_uuid: "3ee3cdf96024443d8706a27ed09d1475" is_pre_election: true
W20260713 09:04:49.331115 17775 leader_election.cc:343] T a7402b6193264e699335261865d8e374 P d87306ce45b145acb9103f47ea4f7954 [CANDIDATE]: Term 1 pre-election: Tablet error from VoteRequest() call to peer 3ee3cdf96024443d8706a27ed09d1475 (127.16.44.129:40267): Illegal state: must be running to vote when last-logged opid is not known
I20260713 09:04:49.338296 17882 leader_election.cc:290] T a7402b6193264e699335261865d8e374 P d87306ce45b145acb9103f47ea4f7954 [CANDIDATE]: Term 1 pre-election: Requested pre-vote from peers 3ee3cdf96024443d8706a27ed09d1475 (127.16.44.129:40267), b6845d46b08a4ec0a80a8047385bf11e (127.16.44.130:33055)
I20260713 09:04:49.339582 17735 tablet_service.cc:1917] Received RequestConsensusVote() RPC: tablet_id: "a7402b6193264e699335261865d8e374" candidate_uuid: "d87306ce45b145acb9103f47ea4f7954" candidate_term: 1 candidate_status { last_received { term: 0 index: 0 } } ignore_live_leader: false dest_uuid: "b6845d46b08a4ec0a80a8047385bf11e" is_pre_election: true
I20260713 09:04:49.341614 17860 raft_consensus.cc:515] T 7598e9dfa0ea43dd9102d42fcc66ca6a P b6845d46b08a4ec0a80a8047385bf11e [term 1 FOLLOWER]: Starting leader election with config: opid_index: -1 OBSOLETE_local: false peers { permanent_uuid: "3ee3cdf96024443d8706a27ed09d1475" member_type: VOTER last_known_addr { host: "127.16.44.129" port: 40267 } } peers { permanent_uuid: "b6845d46b08a4ec0a80a8047385bf11e" member_type: VOTER last_known_addr { host: "127.16.44.130" port: 33055 } } peers { permanent_uuid: "d87306ce45b145acb9103f47ea4f7954" member_type: VOTER last_known_addr { host: "127.16.44.131" port: 39363 } }
W20260713 09:04:49.345674 17773 leader_election.cc:343] T a7402b6193264e699335261865d8e374 P d87306ce45b145acb9103f47ea4f7954 [CANDIDATE]: Term 1 pre-election: Tablet error from VoteRequest() call to peer b6845d46b08a4ec0a80a8047385bf11e (127.16.44.130:33055): Illegal state: must be running to vote when last-logged opid is not known
I20260713 09:04:49.345721 17659 tablet_service.cc:1917] Received RequestConsensusVote() RPC: tablet_id: "7598e9dfa0ea43dd9102d42fcc66ca6a" candidate_uuid: "b6845d46b08a4ec0a80a8047385bf11e" candidate_term: 1 candidate_status { last_received { term: 0 index: 0 } } ignore_live_leader: false dest_uuid: "3ee3cdf96024443d8706a27ed09d1475"
I20260713 09:04:49.346578 17659 raft_consensus.cc:3060] T 7598e9dfa0ea43dd9102d42fcc66ca6a P 3ee3cdf96024443d8706a27ed09d1475 [term 0 FOLLOWER]: Advancing to term 1
I20260713 09:04:49.348193 17860 leader_election.cc:290] T 7598e9dfa0ea43dd9102d42fcc66ca6a P b6845d46b08a4ec0a80a8047385bf11e [CANDIDATE]: Term 1 election: Requested vote from peers 3ee3cdf96024443d8706a27ed09d1475 (127.16.44.129:40267), d87306ce45b145acb9103f47ea4f7954 (127.16.44.131:39363)
I20260713 09:04:49.349228 17773 leader_election.cc:304] T a7402b6193264e699335261865d8e374 P d87306ce45b145acb9103f47ea4f7954 [CANDIDATE]: Term 1 pre-election: Election decided. Result: candidate lost. Election summary: received 3 responses out of 3 voters: 1 yes votes; 2 no votes. yes voters: d87306ce45b145acb9103f47ea4f7954; no voters: 3ee3cdf96024443d8706a27ed09d1475, b6845d46b08a4ec0a80a8047385bf11e
I20260713 09:04:49.352402 17809 tablet_service.cc:1917] Received RequestConsensusVote() RPC: tablet_id: "c8a4dd877f484c3aa4afeb5f95e0e1b6" candidate_uuid: "b6845d46b08a4ec0a80a8047385bf11e" candidate_term: 1 candidate_status { last_received { term: 0 index: 0 } } ignore_live_leader: false dest_uuid: "d87306ce45b145acb9103f47ea4f7954" is_pre_election: true
I20260713 09:04:49.353148 17809 raft_consensus.cc:2468] T c8a4dd877f484c3aa4afeb5f95e0e1b6 P d87306ce45b145acb9103f47ea4f7954 [term 0 FOLLOWER]: Leader pre-election vote request: Granting yes vote for candidate b6845d46b08a4ec0a80a8047385bf11e in term 0.
I20260713 09:04:49.353916 17851 ts_tablet_manager.cc:1434] T 5f60e92b6e6c4333a6662ee9d66c6bc2 P b6845d46b08a4ec0a80a8047385bf11e: Time spent starting tablet: real 0.058s	user 0.011s	sys 0.018s
I20260713 09:04:49.355973 17701 leader_election.cc:304] T c8a4dd877f484c3aa4afeb5f95e0e1b6 P b6845d46b08a4ec0a80a8047385bf11e [CANDIDATE]: Term 1 pre-election: Election decided. Result: candidate won. Election summary: received 3 responses out of 3 voters: 2 yes votes; 1 no votes. yes voters: b6845d46b08a4ec0a80a8047385bf11e, d87306ce45b145acb9103f47ea4f7954; no voters: 3ee3cdf96024443d8706a27ed09d1475
I20260713 09:04:49.357211 17860 raft_consensus.cc:2804] T c8a4dd877f484c3aa4afeb5f95e0e1b6 P b6845d46b08a4ec0a80a8047385bf11e [term 0 FOLLOWER]: Leader pre-election won for term 1
I20260713 09:04:49.357586 17860 raft_consensus.cc:493] T c8a4dd877f484c3aa4afeb5f95e0e1b6 P b6845d46b08a4ec0a80a8047385bf11e [term 0 FOLLOWER]: Starting leader election (no leader contacted us within the election timeout)
I20260713 09:04:49.357851 17882 raft_consensus.cc:2749] T a7402b6193264e699335261865d8e374 P d87306ce45b145acb9103f47ea4f7954 [term 0 FOLLOWER]: Leader pre-election lost for term 1. Reason: could not achieve majority
I20260713 09:04:49.354653 17807 tablet_service.cc:1917] Received RequestConsensusVote() RPC: tablet_id: "7598e9dfa0ea43dd9102d42fcc66ca6a" candidate_uuid: "b6845d46b08a4ec0a80a8047385bf11e" candidate_term: 1 candidate_status { last_received { term: 0 index: 0 } } ignore_live_leader: false dest_uuid: "d87306ce45b145acb9103f47ea4f7954"
I20260713 09:04:49.358263 17851 tablet_bootstrap.cc:492] T 21ca3a7c763f47c0bbbe4e0c303a450e P b6845d46b08a4ec0a80a8047385bf11e: Bootstrap starting.
I20260713 09:04:49.358494 17807 raft_consensus.cc:3060] T 7598e9dfa0ea43dd9102d42fcc66ca6a P d87306ce45b145acb9103f47ea4f7954 [term 0 FOLLOWER]: Advancing to term 1
I20260713 09:04:49.359572 17659 raft_consensus.cc:2468] T 7598e9dfa0ea43dd9102d42fcc66ca6a P 3ee3cdf96024443d8706a27ed09d1475 [term 1 FOLLOWER]: Leader election vote request: Granting yes vote for candidate b6845d46b08a4ec0a80a8047385bf11e in term 1.
I20260713 09:04:49.360713 17701 leader_election.cc:304] T 7598e9dfa0ea43dd9102d42fcc66ca6a P b6845d46b08a4ec0a80a8047385bf11e [CANDIDATE]: Term 1 election: Election decided. Result: candidate won. Election summary: received 2 responses out of 3 voters: 2 yes votes; 0 no votes. yes voters: 3ee3cdf96024443d8706a27ed09d1475, b6845d46b08a4ec0a80a8047385bf11e; no voters: 
I20260713 09:04:49.352718 17808 tablet_service.cc:1917] Received RequestConsensusVote() RPC: tablet_id: "7598e9dfa0ea43dd9102d42fcc66ca6a" candidate_uuid: "b6845d46b08a4ec0a80a8047385bf11e" candidate_term: 1 candidate_status { last_received { term: 0 index: 0 } } ignore_live_leader: false dest_uuid: "d87306ce45b145acb9103f47ea4f7954" is_pre_election: true
I20260713 09:04:49.361603 17886 raft_consensus.cc:2804] T 7598e9dfa0ea43dd9102d42fcc66ca6a P b6845d46b08a4ec0a80a8047385bf11e [term 1 FOLLOWER]: Leader election won for term 1
I20260713 09:04:49.362969 17849 tablet_bootstrap.cc:492] T 884af9e09b664acc99330fdb87904f6f P 3ee3cdf96024443d8706a27ed09d1475: No bootstrap required, opened a new log
I20260713 09:04:49.363461 17849 ts_tablet_manager.cc:1403] T 884af9e09b664acc99330fdb87904f6f P 3ee3cdf96024443d8706a27ed09d1475: Time spent bootstrapping tablet: real 0.075s	user 0.012s	sys 0.011s
I20260713 09:04:49.364439 17855 raft_consensus.cc:493] T 21ca3a7c763f47c0bbbe4e0c303a450e P 3ee3cdf96024443d8706a27ed09d1475 [term 0 FOLLOWER]: Starting pre-election (no leader contacted us within the election timeout)
I20260713 09:04:49.364924 17855 raft_consensus.cc:515] T 21ca3a7c763f47c0bbbe4e0c303a450e P 3ee3cdf96024443d8706a27ed09d1475 [term 0 FOLLOWER]: Starting pre-election with config: opid_index: -1 OBSOLETE_local: false peers { permanent_uuid: "3ee3cdf96024443d8706a27ed09d1475" member_type: VOTER last_known_addr { host: "127.16.44.129" port: 40267 } } peers { permanent_uuid: "b6845d46b08a4ec0a80a8047385bf11e" member_type: VOTER last_known_addr { host: "127.16.44.130" port: 33055 } } peers { permanent_uuid: "d87306ce45b145acb9103f47ea4f7954" member_type: VOTER last_known_addr { host: "127.16.44.131" port: 39363 } }
I20260713 09:04:49.365321 17851 tablet_bootstrap.cc:654] T 21ca3a7c763f47c0bbbe4e0c303a450e P b6845d46b08a4ec0a80a8047385bf11e: Neither blocks nor log segments found. Creating new log.
I20260713 09:04:49.366393 17849 raft_consensus.cc:359] T 884af9e09b664acc99330fdb87904f6f P 3ee3cdf96024443d8706a27ed09d1475 [term 0 FOLLOWER]: Replica starting. Triggering 0 pending ops. Active config: opid_index: -1 OBSOLETE_local: false peers { permanent_uuid: "3ee3cdf96024443d8706a27ed09d1475" member_type: VOTER last_known_addr { host: "127.16.44.129" port: 40267 } } peers { permanent_uuid: "b6845d46b08a4ec0a80a8047385bf11e" member_type: VOTER last_known_addr { host: "127.16.44.130" port: 33055 } } peers { permanent_uuid: "d87306ce45b145acb9103f47ea4f7954" member_type: VOTER last_known_addr { host: "127.16.44.131" port: 39363 } }
I20260713 09:04:49.367064 17855 leader_election.cc:290] T 21ca3a7c763f47c0bbbe4e0c303a450e P 3ee3cdf96024443d8706a27ed09d1475 [CANDIDATE]: Term 1 pre-election: Requested pre-vote from peers b6845d46b08a4ec0a80a8047385bf11e (127.16.44.130:33055), d87306ce45b145acb9103f47ea4f7954 (127.16.44.131:39363)
I20260713 09:04:49.367122 17849 raft_consensus.cc:385] T 884af9e09b664acc99330fdb87904f6f P 3ee3cdf96024443d8706a27ed09d1475 [term 0 FOLLOWER]: Consensus starting up: Expiring failure detector timer to make a prompt election more likely
