I20260713 08:59:19.386929   564 raft_consensus.cc:2468] T ecf19685c54140609fb62477bedc3558 P 7ddc77a4cf01414097c78a55544fda77 [term 3 FOLLOWER]: Leader election vote request: Granting yes vote for candidate 512dca4c15e54a2998f13e28b0989a96 in term 3.
I20260713 08:59:19.388103   765 raft_consensus.cc:697] T ecf19685c54140609fb62477bedc3558 P 512dca4c15e54a2998f13e28b0989a96 [term 3 LEADER]: Becoming Leader. State: Replica: 512dca4c15e54a2998f13e28b0989a96, State: Running, Role: LEADER
I20260713 08:59:19.389053   765 consensus_queue.cc:237] T ecf19685c54140609fb62477bedc3558 P 512dca4c15e54a2998f13e28b0989a96 [LEADER]: Queue going to LEADER mode. State: All replicated index: 0, Majority replicated index: 2, Committed index: 2, Last appended: 2.2, Last appended by leader: 2, Current term: 3, Majority size: 2, State: 0, Mode: LEADER, active raft config: opid_index: -1 OBSOLETE_local: false peers { permanent_uuid: "79a2d7c9a96c40aa86c6a4ed40da7029" member_type: VOTER last_known_addr { host: "127.0.107.194" port: 40671 } } peers { permanent_uuid: "7ddc77a4cf01414097c78a55544fda77" member_type: VOTER last_known_addr { host: "127.0.107.193" port: 42595 } } peers { permanent_uuid: "512dca4c15e54a2998f13e28b0989a96" member_type: VOTER last_known_addr { host: "127.0.107.195" port: 35949 } }
I20260713 08:59:19.397317   461 catalog_manager.cc:5697] T ecf19685c54140609fb62477bedc3558 P 512dca4c15e54a2998f13e28b0989a96 reported cstate change: term changed from 2 to 3, leader changed from 7ddc77a4cf01414097c78a55544fda77 (127.0.107.193) to 512dca4c15e54a2998f13e28b0989a96 (127.0.107.195). New cstate: current_term: 3 leader_uuid: "512dca4c15e54a2998f13e28b0989a96" committed_config { opid_index: -1 OBSOLETE_local: false peers { permanent_uuid: "79a2d7c9a96c40aa86c6a4ed40da7029" member_type: VOTER last_known_addr { host: "127.0.107.194" port: 40671 } health_report { overall_health: UNKNOWN } } peers { permanent_uuid: "7ddc77a4cf01414097c78a55544fda77" member_type: VOTER last_known_addr { host: "127.0.107.193" port: 42595 } health_report { overall_health: UNKNOWN } } peers { permanent_uuid: "512dca4c15e54a2998f13e28b0989a96" member_type: VOTER last_known_addr { host: "127.0.107.195" port: 35949 } health_report { overall_health: HEALTHY } } }
I20260713 08:59:19.493049   818 raft_consensus.cc:993] T af8360aee6bc46ecb4ad6a571c7d6299 P 79a2d7c9a96c40aa86c6a4ed40da7029: : Instructing follower 512dca4c15e54a2998f13e28b0989a96 to start an election
I20260713 08:59:19.493651   818 raft_consensus.cc:1081] T af8360aee6bc46ecb4ad6a571c7d6299 P 79a2d7c9a96c40aa86c6a4ed40da7029 [term 2 LEADER]: Signalling peer 512dca4c15e54a2998f13e28b0989a96 to start an election
I20260713 08:59:19.495409   714 tablet_service.cc:2044] Received Run Leader Election RPC: tablet_id: "af8360aee6bc46ecb4ad6a571c7d6299"
dest_uuid: "512dca4c15e54a2998f13e28b0989a96"
 from {username='slave'} at 127.0.0.1:48032
I20260713 08:59:19.495999   714 raft_consensus.cc:493] T af8360aee6bc46ecb4ad6a571c7d6299 P 512dca4c15e54a2998f13e28b0989a96 [term 2 FOLLOWER]: Starting forced leader election (received explicit request)
I20260713 08:59:19.496382   714 raft_consensus.cc:3060] T af8360aee6bc46ecb4ad6a571c7d6299 P 512dca4c15e54a2998f13e28b0989a96 [term 2 FOLLOWER]: Advancing to term 3
I20260713 08:59:19.501103   714 raft_consensus.cc:515] T af8360aee6bc46ecb4ad6a571c7d6299 P 512dca4c15e54a2998f13e28b0989a96 [term 3 FOLLOWER]: Starting forced leader election with config: opid_index: -1 OBSOLETE_local: false peers { permanent_uuid: "7ddc77a4cf01414097c78a55544fda77" member_type: VOTER last_known_addr { host: "127.0.107.193" port: 42595 } } peers { permanent_uuid: "79a2d7c9a96c40aa86c6a4ed40da7029" member_type: VOTER last_known_addr { host: "127.0.107.194" port: 40671 } } peers { permanent_uuid: "512dca4c15e54a2998f13e28b0989a96" member_type: VOTER last_known_addr { host: "127.0.107.195" port: 35949 } }
I20260713 08:59:19.502899   714 leader_election.cc:290] T af8360aee6bc46ecb4ad6a571c7d6299 P 512dca4c15e54a2998f13e28b0989a96 [CANDIDATE]: Term 3 election: Requested vote from peers 7ddc77a4cf01414097c78a55544fda77 (127.0.107.193:42595), 79a2d7c9a96c40aa86c6a4ed40da7029 (127.0.107.194:40671)
I20260713 08:59:19.503568   564 tablet_service.cc:1917] Received RequestConsensusVote() RPC: tablet_id: "af8360aee6bc46ecb4ad6a571c7d6299" candidate_uuid: "512dca4c15e54a2998f13e28b0989a96" candidate_term: 3 candidate_status { last_received { term: 2 index: 2 } } ignore_live_leader: true dest_uuid: "7ddc77a4cf01414097c78a55544fda77"
I20260713 08:59:19.504160   564 raft_consensus.cc:3060] T af8360aee6bc46ecb4ad6a571c7d6299 P 7ddc77a4cf01414097c78a55544fda77 [term 2 FOLLOWER]: Advancing to term 3
I20260713 08:59:19.504104   639 tablet_service.cc:1917] Received RequestConsensusVote() RPC: tablet_id: "af8360aee6bc46ecb4ad6a571c7d6299" candidate_uuid: "512dca4c15e54a2998f13e28b0989a96" candidate_term: 3 candidate_status { last_received { term: 2 index: 2 } } ignore_live_leader: true dest_uuid: "79a2d7c9a96c40aa86c6a4ed40da7029"
I20260713 08:59:19.504709   639 raft_consensus.cc:3055] T af8360aee6bc46ecb4ad6a571c7d6299 P 79a2d7c9a96c40aa86c6a4ed40da7029 [term 2 LEADER]: Stepping down as leader of term 2
I20260713 08:59:19.504926   639 raft_consensus.cc:740] T af8360aee6bc46ecb4ad6a571c7d6299 P 79a2d7c9a96c40aa86c6a4ed40da7029 [term 2 LEADER]: Becoming Follower/Learner. State: Replica: 79a2d7c9a96c40aa86c6a4ed40da7029, State: Running, Role: LEADER
I20260713 08:59:19.505599   639 consensus_queue.cc:260] T af8360aee6bc46ecb4ad6a571c7d6299 P 79a2d7c9a96c40aa86c6a4ed40da7029 [NON_LEADER]: Queue going to NON_LEADER mode. State: All replicated index: 0, Majority replicated index: 2, Committed index: 2, Last appended: 2.2, Last appended by leader: 2, Current term: 2, Majority size: -1, State: 0, Mode: NON_LEADER, active raft config: opid_index: -1 OBSOLETE_local: false peers { permanent_uuid: "7ddc77a4cf01414097c78a55544fda77" member_type: VOTER last_known_addr { host: "127.0.107.193" port: 42595 } } peers { permanent_uuid: "79a2d7c9a96c40aa86c6a4ed40da7029" member_type: VOTER last_known_addr { host: "127.0.107.194" port: 40671 } } peers { permanent_uuid: "512dca4c15e54a2998f13e28b0989a96" member_type: VOTER last_known_addr { host: "127.0.107.195" port: 35949 } }
I20260713 08:59:19.506438   639 raft_consensus.cc:3060] T af8360aee6bc46ecb4ad6a571c7d6299 P 79a2d7c9a96c40aa86c6a4ed40da7029 [term 2 FOLLOWER]: Advancing to term 3
I20260713 08:59:19.508828   564 raft_consensus.cc:2468] T af8360aee6bc46ecb4ad6a571c7d6299 P 7ddc77a4cf01414097c78a55544fda77 [term 3 FOLLOWER]: Leader election vote request: Granting yes vote for candidate 512dca4c15e54a2998f13e28b0989a96 in term 3.
I20260713 08:59:19.509882   678 leader_election.cc:304] T af8360aee6bc46ecb4ad6a571c7d6299 P 512dca4c15e54a2998f13e28b0989a96 [CANDIDATE]: Term 3 election: Election decided. Result: candidate won. Election summary: received 2 responses out of 3 voters: 2 yes votes; 0 no votes. yes voters: 512dca4c15e54a2998f13e28b0989a96, 7ddc77a4cf01414097c78a55544fda77; no voters: 
I20260713 08:59:19.510648   765 raft_consensus.cc:2804] T af8360aee6bc46ecb4ad6a571c7d6299 P 512dca4c15e54a2998f13e28b0989a96 [term 3 FOLLOWER]: Leader election won for term 3
I20260713 08:59:19.511081   765 raft_consensus.cc:697] T af8360aee6bc46ecb4ad6a571c7d6299 P 512dca4c15e54a2998f13e28b0989a96 [term 3 LEADER]: Becoming Leader. State: Replica: 512dca4c15e54a2998f13e28b0989a96, State: Running, Role: LEADER
I20260713 08:59:19.511570   639 raft_consensus.cc:2468] T af8360aee6bc46ecb4ad6a571c7d6299 P 79a2d7c9a96c40aa86c6a4ed40da7029 [term 3 FOLLOWER]: Leader election vote request: Granting yes vote for candidate 512dca4c15e54a2998f13e28b0989a96 in term 3.
I20260713 08:59:19.511760   765 consensus_queue.cc:237] T af8360aee6bc46ecb4ad6a571c7d6299 P 512dca4c15e54a2998f13e28b0989a96 [LEADER]: Queue going to LEADER mode. State: All replicated index: 0, Majority replicated index: 2, Committed index: 2, Last appended: 2.2, Last appended by leader: 2, Current term: 3, Majority size: 2, State: 0, Mode: LEADER, active raft config: opid_index: -1 OBSOLETE_local: false peers { permanent_uuid: "7ddc77a4cf01414097c78a55544fda77" member_type: VOTER last_known_addr { host: "127.0.107.193" port: 42595 } } peers { permanent_uuid: "79a2d7c9a96c40aa86c6a4ed40da7029" member_type: VOTER last_known_addr { host: "127.0.107.194" port: 40671 } } peers { permanent_uuid: "512dca4c15e54a2998f13e28b0989a96" member_type: VOTER last_known_addr { host: "127.0.107.195" port: 35949 } }
I20260713 08:59:19.518484   461 catalog_manager.cc:5697] T af8360aee6bc46ecb4ad6a571c7d6299 P 512dca4c15e54a2998f13e28b0989a96 reported cstate change: term changed from 2 to 3, leader changed from 79a2d7c9a96c40aa86c6a4ed40da7029 (127.0.107.194) to 512dca4c15e54a2998f13e28b0989a96 (127.0.107.195). New cstate: current_term: 3 leader_uuid: "512dca4c15e54a2998f13e28b0989a96" committed_config { opid_index: -1 OBSOLETE_local: false peers { permanent_uuid: "7ddc77a4cf01414097c78a55544fda77" member_type: VOTER last_known_addr { host: "127.0.107.193" port: 42595 } health_report { overall_health: UNKNOWN } } peers { permanent_uuid: "79a2d7c9a96c40aa86c6a4ed40da7029" member_type: VOTER last_known_addr { host: "127.0.107.194" port: 40671 } health_report { overall_health: UNKNOWN } } peers { permanent_uuid: "512dca4c15e54a2998f13e28b0989a96" member_type: VOTER last_known_addr { host: "127.0.107.195" port: 35949 } health_report { overall_health: HEALTHY } } }
I20260713 08:59:19.797469   639 raft_consensus.cc:1275] T ecf19685c54140609fb62477bedc3558 P 79a2d7c9a96c40aa86c6a4ed40da7029 [term 3 FOLLOWER]: Refusing update from remote peer 512dca4c15e54a2998f13e28b0989a96: Log matching property violated. Preceding OpId in replica: term: 2 index: 2. Preceding OpId from leader: term: 3 index: 3. (index mismatch)
I20260713 08:59:19.798635   765 consensus_queue.cc:1048] T ecf19685c54140609fb62477bedc3558 P 512dca4c15e54a2998f13e28b0989a96 [LEADER]: Connected to new peer: Peer: permanent_uuid: "79a2d7c9a96c40aa86c6a4ed40da7029" member_type: VOTER last_known_addr { host: "127.0.107.194" port: 40671 }, Status: LMP_MISMATCH, Last received: 0.0, Next index: 3, Last known committed idx: 2, Time since last communication: 0.000s
I20260713 08:59:19.807853   564 raft_consensus.cc:1275] T ecf19685c54140609fb62477bedc3558 P 7ddc77a4cf01414097c78a55544fda77 [term 3 FOLLOWER]: Refusing update from remote peer 512dca4c15e54a2998f13e28b0989a96: Log matching property violated. Preceding OpId in replica: term: 2 index: 2. Preceding OpId from leader: term: 3 index: 3. (index mismatch)
I20260713 08:59:19.809780   860 consensus_queue.cc:1048] T ecf19685c54140609fb62477bedc3558 P 512dca4c15e54a2998f13e28b0989a96 [LEADER]: Connected to new peer: Peer: permanent_uuid: "7ddc77a4cf01414097c78a55544fda77" member_type: VOTER last_known_addr { host: "127.0.107.193" port: 42595 }, Status: LMP_MISMATCH, Last received: 0.0, Next index: 3, Last known committed idx: 2, Time since last communication: 0.000s
I20260713 08:59:19.945720   564 raft_consensus.cc:1275] T af8360aee6bc46ecb4ad6a571c7d6299 P 7ddc77a4cf01414097c78a55544fda77 [term 3 FOLLOWER]: Refusing update from remote peer 512dca4c15e54a2998f13e28b0989a96: Log matching property violated. Preceding OpId in replica: term: 2 index: 2. Preceding OpId from leader: term: 3 index: 3. (index mismatch)
I20260713 08:59:19.946908   860 consensus_queue.cc:1048] T af8360aee6bc46ecb4ad6a571c7d6299 P 512dca4c15e54a2998f13e28b0989a96 [LEADER]: Connected to new peer: Peer: permanent_uuid: "7ddc77a4cf01414097c78a55544fda77" member_type: VOTER last_known_addr { host: "127.0.107.193" port: 42595 }, Status: LMP_MISMATCH, Last received: 0.0, Next index: 3, Last known committed idx: 2, Time since last communication: 0.000s
I20260713 08:59:19.955312   639 raft_consensus.cc:1275] T af8360aee6bc46ecb4ad6a571c7d6299 P 79a2d7c9a96c40aa86c6a4ed40da7029 [term 3 FOLLOWER]: Refusing update from remote peer 512dca4c15e54a2998f13e28b0989a96: Log matching property violated. Preceding OpId in replica: term: 2 index: 2. Preceding OpId from leader: term: 3 index: 3. (index mismatch)
I20260713 08:59:19.956771   860 consensus_queue.cc:1048] T af8360aee6bc46ecb4ad6a571c7d6299 P 512dca4c15e54a2998f13e28b0989a96 [LEADER]: Connected to new peer: Peer: permanent_uuid: "79a2d7c9a96c40aa86c6a4ed40da7029" member_type: VOTER last_known_addr { host: "127.0.107.194" port: 40671 }, Status: LMP_MISMATCH, Last received: 0.0, Next index: 3, Last known committed idx: 2, Time since last communication: 0.000s
I20260713 08:59:20.120409   431 auto_leader_rebalancer.cc:141] leader rebalance for table test-workload
I20260713 08:59:20.129853   714 tablet_service.cc:2072] Received LeaderStepDown RPC: tablet_id: "ecf19685c54140609fb62477bedc3558"
dest_uuid: "512dca4c15e54a2998f13e28b0989a96"
mode: GRACEFUL
new_leader_uuid: "79a2d7c9a96c40aa86c6a4ed40da7029"
 from {username='slave'} at 127.0.0.1:48064
I20260713 08:59:20.130333   714 raft_consensus.cc:606] T ecf19685c54140609fb62477bedc3558 P 512dca4c15e54a2998f13e28b0989a96 [term 3 LEADER]: Received request to transfer leadership to TS 79a2d7c9a96c40aa86c6a4ed40da7029
I20260713 08:59:20.135303   564 tablet_service.cc:2072] Received LeaderStepDown RPC: tablet_id: "39ed335ddd9740fd92110d491ed8c2bf"
dest_uuid: "7ddc77a4cf01414097c78a55544fda77"
mode: GRACEFUL
new_leader_uuid: "79a2d7c9a96c40aa86c6a4ed40da7029"
 from {username='slave'} at 127.0.0.1:53004
I20260713 08:59:20.135802   564 raft_consensus.cc:606] T 39ed335ddd9740fd92110d491ed8c2bf P 7ddc77a4cf01414097c78a55544fda77 [term 2 LEADER]: Received request to transfer leadership to TS 79a2d7c9a96c40aa86c6a4ed40da7029
I20260713 08:59:20.140357   564 tablet_service.cc:2072] Received LeaderStepDown RPC: tablet_id: "c858223bc4e749599449efe68fec6343"
dest_uuid: "7ddc77a4cf01414097c78a55544fda77"
mode: GRACEFUL
new_leader_uuid: "79a2d7c9a96c40aa86c6a4ed40da7029"
 from {username='slave'} at 127.0.0.1:53004
I20260713 08:59:20.140794   564 raft_consensus.cc:606] T c858223bc4e749599449efe68fec6343 P 7ddc77a4cf01414097c78a55544fda77 [term 2 LEADER]: Received request to transfer leadership to TS 79a2d7c9a96c40aa86c6a4ed40da7029
I20260713 08:59:20.145112   564 tablet_service.cc:2072] Received LeaderStepDown RPC: tablet_id: "c7ade2434a47407fa1a6cdbf070da718"
dest_uuid: "7ddc77a4cf01414097c78a55544fda77"
mode: GRACEFUL
new_leader_uuid: "79a2d7c9a96c40aa86c6a4ed40da7029"
 from {username='slave'} at 127.0.0.1:53004
I20260713 08:59:20.145550   564 raft_consensus.cc:606] T c7ade2434a47407fa1a6cdbf070da718 P 7ddc77a4cf01414097c78a55544fda77 [term 2 LEADER]: Received request to transfer leadership to TS 79a2d7c9a96c40aa86c6a4ed40da7029
I20260713 08:59:20.154739   714 tablet_service.cc:2072] Received LeaderStepDown RPC: tablet_id: "af8360aee6bc46ecb4ad6a571c7d6299"
dest_uuid: "512dca4c15e54a2998f13e28b0989a96"
mode: GRACEFUL
new_leader_uuid: "79a2d7c9a96c40aa86c6a4ed40da7029"
 from {username='slave'} at 127.0.0.1:48064
I20260713 08:59:20.155323   714 raft_consensus.cc:606] T af8360aee6bc46ecb4ad6a571c7d6299 P 512dca4c15e54a2998f13e28b0989a96 [term 3 LEADER]: Received request to transfer leadership to TS 79a2d7c9a96c40aa86c6a4ed40da7029
I20260713 08:59:20.233017   765 raft_consensus.cc:993] T ecf19685c54140609fb62477bedc3558 P 512dca4c15e54a2998f13e28b0989a96: : Instructing follower 79a2d7c9a96c40aa86c6a4ed40da7029 to start an election
I20260713 08:59:20.233502   765 raft_consensus.cc:1081] T ecf19685c54140609fb62477bedc3558 P 512dca4c15e54a2998f13e28b0989a96 [term 3 LEADER]: Signalling peer 79a2d7c9a96c40aa86c6a4ed40da7029 to start an election
I20260713 08:59:20.235589   640 tablet_service.cc:2044] Received Run Leader Election RPC: tablet_id: "ecf19685c54140609fb62477bedc3558"
dest_uuid: "79a2d7c9a96c40aa86c6a4ed40da7029"
 from {username='slave'} at 127.0.0.1:54380
I20260713 08:59:20.236094   640 raft_consensus.cc:493] T ecf19685c54140609fb62477bedc3558 P 79a2d7c9a96c40aa86c6a4ed40da7029 [term 3 FOLLOWER]: Starting forced leader election (received explicit request)
I20260713 08:59:20.236378   640 raft_consensus.cc:3060] T ecf19685c54140609fb62477bedc3558 P 79a2d7c9a96c40aa86c6a4ed40da7029 [term 3 FOLLOWER]: Advancing to term 4
I20260713 08:59:20.240967   640 raft_consensus.cc:515] T ecf19685c54140609fb62477bedc3558 P 79a2d7c9a96c40aa86c6a4ed40da7029 [term 4 FOLLOWER]: Starting forced leader election with config: opid_index: -1 OBSOLETE_local: false peers { permanent_uuid: "79a2d7c9a96c40aa86c6a4ed40da7029" member_type: VOTER last_known_addr { host: "127.0.107.194" port: 40671 } } peers { permanent_uuid: "7ddc77a4cf01414097c78a55544fda77" member_type: VOTER last_known_addr { host: "127.0.107.193" port: 42595 } } peers { permanent_uuid: "512dca4c15e54a2998f13e28b0989a96" member_type: VOTER last_known_addr { host: "127.0.107.195" port: 35949 } }
I20260713 08:59:20.242692   640 leader_election.cc:290] T ecf19685c54140609fb62477bedc3558 P 79a2d7c9a96c40aa86c6a4ed40da7029 [CANDIDATE]: Term 4 election: Requested vote from peers 7ddc77a4cf01414097c78a55544fda77 (127.0.107.193:42595), 512dca4c15e54a2998f13e28b0989a96 (127.0.107.195:35949)
I20260713 08:59:20.243343   564 tablet_service.cc:1917] Received RequestConsensusVote() RPC: tablet_id: "ecf19685c54140609fb62477bedc3558" candidate_uuid: "79a2d7c9a96c40aa86c6a4ed40da7029" candidate_term: 4 candidate_status { last_received { term: 3 index: 3 } } ignore_live_leader: true dest_uuid: "7ddc77a4cf01414097c78a55544fda77"
I20260713 08:59:20.243752   714 tablet_service.cc:1917] Received RequestConsensusVote() RPC: tablet_id: "ecf19685c54140609fb62477bedc3558" candidate_uuid: "79a2d7c9a96c40aa86c6a4ed40da7029" candidate_term: 4 candidate_status { last_received { term: 3 index: 3 } } ignore_live_leader: true dest_uuid: "512dca4c15e54a2998f13e28b0989a96"
I20260713 08:59:20.243950   564 raft_consensus.cc:3060] T ecf19685c54140609fb62477bedc3558 P 7ddc77a4cf01414097c78a55544fda77 [term 3 FOLLOWER]: Advancing to term 4
I20260713 08:59:20.244299   714 raft_consensus.cc:3055] T ecf19685c54140609fb62477bedc3558 P 512dca4c15e54a2998f13e28b0989a96 [term 3 LEADER]: Stepping down as leader of term 3
I20260713 08:59:20.244601   714 raft_consensus.cc:740] T ecf19685c54140609fb62477bedc3558 P 512dca4c15e54a2998f13e28b0989a96 [term 3 LEADER]: Becoming Follower/Learner. State: Replica: 512dca4c15e54a2998f13e28b0989a96, State: Running, Role: LEADER
I20260713 08:59:20.245277   714 consensus_queue.cc:260] T ecf19685c54140609fb62477bedc3558 P 512dca4c15e54a2998f13e28b0989a96 [NON_LEADER]: Queue going to NON_LEADER mode. State: All replicated index: 0, Majority replicated index: 3, Committed index: 3, Last appended: 3.3, Last appended by leader: 3, Current term: 3, Majority size: -1, State: 0, Mode: NON_LEADER, active raft config: opid_index: -1 OBSOLETE_local: false peers { permanent_uuid: "79a2d7c9a96c40aa86c6a4ed40da7029" member_type: VOTER last_known_addr { host: "127.0.107.194" port: 40671 } } peers { permanent_uuid: "7ddc77a4cf01414097c78a55544fda77" member_type: VOTER last_known_addr { host: "127.0.107.193" port: 42595 } } peers { permanent_uuid: "512dca4c15e54a2998f13e28b0989a96" member_type: VOTER last_known_addr { host: "127.0.107.195" port: 35949 } }
I20260713 08:59:20.246160   714 raft_consensus.cc:3060] T ecf19685c54140609fb62477bedc3558 P 512dca4c15e54a2998f13e28b0989a96 [term 3 FOLLOWER]: Advancing to term 4
I20260713 08:59:20.248008   564 raft_consensus.cc:2468] T ecf19685c54140609fb62477bedc3558 P 7ddc77a4cf01414097c78a55544fda77 [term 4 FOLLOWER]: Leader election vote request: Granting yes vote for candidate 79a2d7c9a96c40aa86c6a4ed40da7029 in term 4.
I20260713 08:59:20.249396   604 leader_election.cc:304] T ecf19685c54140609fb62477bedc3558 P 79a2d7c9a96c40aa86c6a4ed40da7029 [CANDIDATE]: Term 4 election: Election decided. Result: candidate won. Election summary: received 2 responses out of 3 voters: 2 yes votes; 0 no votes. yes voters: 79a2d7c9a96c40aa86c6a4ed40da7029, 7ddc77a4cf01414097c78a55544fda77; no voters: 
I20260713 08:59:20.250202   818 raft_consensus.cc:2804] T ecf19685c54140609fb62477bedc3558 P 79a2d7c9a96c40aa86c6a4ed40da7029 [term 4 FOLLOWER]: Leader election won for term 4
I20260713 08:59:20.250624   818 raft_consensus.cc:697] T ecf19685c54140609fb62477bedc3558 P 79a2d7c9a96c40aa86c6a4ed40da7029 [term 4 LEADER]: Becoming Leader. State: Replica: 79a2d7c9a96c40aa86c6a4ed40da7029, State: Running, Role: LEADER
I20260713 08:59:20.251372   818 consensus_queue.cc:237] T ecf19685c54140609fb62477bedc3558 P 79a2d7c9a96c40aa86c6a4ed40da7029 [LEADER]: Queue going to LEADER mode. State: All replicated index: 0, Majority replicated index: 3, Committed index: 3, Last appended: 3.3, Last appended by leader: 3, Current term: 4, Majority size: 2, State: 0, Mode: LEADER, active raft config: opid_index: -1 OBSOLETE_local: false peers { permanent_uuid: "79a2d7c9a96c40aa86c6a4ed40da7029" member_type: VOTER last_known_addr { host: "127.0.107.194" port: 40671 } } peers { permanent_uuid: "7ddc77a4cf01414097c78a55544fda77" member_type: VOTER last_known_addr { host: "127.0.107.193" port: 42595 } } peers { permanent_uuid: "512dca4c15e54a2998f13e28b0989a96" member_type: VOTER last_known_addr { host: "127.0.107.195" port: 35949 } }
I20260713 08:59:20.251650   714 raft_consensus.cc:2468] T ecf19685c54140609fb62477bedc3558 P 512dca4c15e54a2998f13e28b0989a96 [term 4 FOLLOWER]: Leader election vote request: Granting yes vote for candidate 79a2d7c9a96c40aa86c6a4ed40da7029 in term 4.
I20260713 08:59:20.256829   461 catalog_manager.cc:5697] T ecf19685c54140609fb62477bedc3558 P 79a2d7c9a96c40aa86c6a4ed40da7029 reported cstate change: term changed from 3 to 4, leader changed from 512dca4c15e54a2998f13e28b0989a96 (127.0.107.195) to 79a2d7c9a96c40aa86c6a4ed40da7029 (127.0.107.194). New cstate: current_term: 4 leader_uuid: "79a2d7c9a96c40aa86c6a4ed40da7029" committed_config { opid_index: -1 OBSOLETE_local: false peers { permanent_uuid: "79a2d7c9a96c40aa86c6a4ed40da7029" member_type: VOTER last_known_addr { host: "127.0.107.194" port: 40671 } health_report { overall_health: HEALTHY } } peers { permanent_uuid: "7ddc77a4cf01414097c78a55544fda77" member_type: VOTER last_known_addr { host: "127.0.107.193" port: 42595 } health_report { overall_health: UNKNOWN } } peers { permanent_uuid: "512dca4c15e54a2998f13e28b0989a96" member_type: VOTER last_known_addr { host: "127.0.107.195" port: 35949 } health_report { overall_health: UNKNOWN } } }
I20260713 08:59:20.370657   859 raft_consensus.cc:993] T c858223bc4e749599449efe68fec6343 P 7ddc77a4cf01414097c78a55544fda77: : Instructing follower 79a2d7c9a96c40aa86c6a4ed40da7029 to start an election
I20260713 08:59:20.371091   880 raft_consensus.cc:1081] T c858223bc4e749599449efe68fec6343 P 7ddc77a4cf01414097c78a55544fda77 [term 2 LEADER]: Signalling peer 79a2d7c9a96c40aa86c6a4ed40da7029 to start an election
I20260713 08:59:20.372617   640 tablet_service.cc:2044] Received Run Leader Election RPC: tablet_id: "c858223bc4e749599449efe68fec6343"
dest_uuid: "79a2d7c9a96c40aa86c6a4ed40da7029"
 from {username='slave'} at 127.0.0.1:54382
I20260713 08:59:20.373098   640 raft_consensus.cc:493] T c858223bc4e749599449efe68fec6343 P 79a2d7c9a96c40aa86c6a4ed40da7029 [term 2 FOLLOWER]: Starting forced leader election (received explicit request)
I20260713 08:59:20.373400   640 raft_consensus.cc:3060] T c858223bc4e749599449efe68fec6343 P 79a2d7c9a96c40aa86c6a4ed40da7029 [term 2 FOLLOWER]: Advancing to term 3
I20260713 08:59:20.378212   640 raft_consensus.cc:515] T c858223bc4e749599449efe68fec6343 P 79a2d7c9a96c40aa86c6a4ed40da7029 [term 3 FOLLOWER]: Starting forced leader election with config: opid_index: -1 OBSOLETE_local: false peers { permanent_uuid: "7ddc77a4cf01414097c78a55544fda77" member_type: VOTER last_known_addr { host: "127.0.107.193" port: 42595 } } peers { permanent_uuid: "79a2d7c9a96c40aa86c6a4ed40da7029" member_type: VOTER last_known_addr { host: "127.0.107.194" port: 40671 } } peers { permanent_uuid: "512dca4c15e54a2998f13e28b0989a96" member_type: VOTER last_known_addr { host: "127.0.107.195" port: 35949 } }
I20260713 08:59:20.380028   640 leader_election.cc:290] T c858223bc4e749599449efe68fec6343 P 79a2d7c9a96c40aa86c6a4ed40da7029 [CANDIDATE]: Term 3 election: Requested vote from peers 7ddc77a4cf01414097c78a55544fda77 (127.0.107.193:42595), 512dca4c15e54a2998f13e28b0989a96 (127.0.107.195:35949)
I20260713 08:59:20.380890   564 tablet_service.cc:1917] Received RequestConsensusVote() RPC: tablet_id: "c858223bc4e749599449efe68fec6343" candidate_uuid: "79a2d7c9a96c40aa86c6a4ed40da7029" candidate_term: 3 candidate_status { last_received { term: 2 index: 2 } } ignore_live_leader: true dest_uuid: "7ddc77a4cf01414097c78a55544fda77"
I20260713 08:59:20.381135   714 tablet_service.cc:1917] Received RequestConsensusVote() RPC: tablet_id: "c858223bc4e749599449efe68fec6343" candidate_uuid: "79a2d7c9a96c40aa86c6a4ed40da7029" candidate_term: 3 candidate_status { last_received { term: 2 index: 2 } } ignore_live_leader: true dest_uuid: "512dca4c15e54a2998f13e28b0989a96"
I20260713 08:59:20.381397   564 raft_consensus.cc:3055] T c858223bc4e749599449efe68fec6343 P 7ddc77a4cf01414097c78a55544fda77 [term 2 LEADER]: Stepping down as leader of term 2
I20260713 08:59:20.381642   714 raft_consensus.cc:3060] T c858223bc4e749599449efe68fec6343 P 512dca4c15e54a2998f13e28b0989a96 [term 2 FOLLOWER]: Advancing to term 3
I20260713 08:59:20.381920   564 raft_consensus.cc:740] T c858223bc4e749599449efe68fec6343 P 7ddc77a4cf01414097c78a55544fda77 [term 2 LEADER]: Becoming Follower/Learner. State: Replica: 7ddc77a4cf01414097c78a55544fda77, State: Running, Role: LEADER
I20260713 08:59:20.382656   564 consensus_queue.cc:260] T c858223bc4e749599449efe68fec6343 P 7ddc77a4cf01414097c78a55544fda77 [NON_LEADER]: Queue going to NON_LEADER mode. State: All replicated index: 0, Majority replicated index: 2, Committed index: 2, Last appended: 2.2, Last appended by leader: 2, Current term: 2, Majority size: -1, State: 0, Mode: NON_LEADER, active raft config: opid_index: -1 OBSOLETE_local: false peers { permanent_uuid: "7ddc77a4cf01414097c78a55544fda77" member_type: VOTER last_known_addr { host: "127.0.107.193" port: 42595 } } peers { permanent_uuid: "79a2d7c9a96c40aa86c6a4ed40da7029" member_type: VOTER last_known_addr { host: "127.0.107.194" port: 40671 } } peers { permanent_uuid: "512dca4c15e54a2998f13e28b0989a96" member_type: VOTER last_known_addr { host: "127.0.107.195" port: 35949 } }
I20260713 08:59:20.383491   564 raft_consensus.cc:3060] T c858223bc4e749599449efe68fec6343 P 7ddc77a4cf01414097c78a55544fda77 [term 2 FOLLOWER]: Advancing to term 3
I20260713 08:59:20.388816   714 raft_consensus.cc:2468] T c858223bc4e749599449efe68fec6343 P 512dca4c15e54a2998f13e28b0989a96 [term 3 FOLLOWER]: Leader election vote request: Granting yes vote for candidate 79a2d7c9a96c40aa86c6a4ed40da7029 in term 3.
I20260713 08:59:20.389715   564 raft_consensus.cc:2468] T c858223bc4e749599449efe68fec6343 P 7ddc77a4cf01414097c78a55544fda77 [term 3 FOLLOWER]: Leader election vote request: Granting yes vote for candidate 79a2d7c9a96c40aa86c6a4ed40da7029 in term 3.
I20260713 08:59:20.389895   605 leader_election.cc:304] T c858223bc4e749599449efe68fec6343 P 79a2d7c9a96c40aa86c6a4ed40da7029 [CANDIDATE]: Term 3 election: Election decided. Result: candidate won. Election summary: received 2 responses out of 3 voters: 2 yes votes; 0 no votes. yes voters: 512dca4c15e54a2998f13e28b0989a96, 79a2d7c9a96c40aa86c6a4ed40da7029; no voters: 
I20260713 08:59:20.390758   818 raft_consensus.cc:2804] T c858223bc4e749599449efe68fec6343 P 79a2d7c9a96c40aa86c6a4ed40da7029 [term 3 FOLLOWER]: Leader election won for term 3
I20260713 08:59:20.391181   818 raft_consensus.cc:697] T c858223bc4e749599449efe68fec6343 P 79a2d7c9a96c40aa86c6a4ed40da7029 [term 3 LEADER]: Becoming Leader. State: Replica: 79a2d7c9a96c40aa86c6a4ed40da7029, State: Running, Role: LEADER
I20260713 08:59:20.391791   818 consensus_queue.cc:237] T c858223bc4e749599449efe68fec6343 P 79a2d7c9a96c40aa86c6a4ed40da7029 [LEADER]: Queue going to LEADER mode. State: All replicated index: 0, Majority replicated index: 2, Committed index: 2, Last appended: 2.2, Last appended by leader: 2, Current term: 3, Majority size: 2, State: 0, Mode: LEADER, active raft config: opid_index: -1 OBSOLETE_local: false peers { permanent_uuid: "7ddc77a4cf01414097c78a55544fda77" member_type: VOTER last_known_addr { host: "127.0.107.193" port: 42595 } } peers { permanent_uuid: "79a2d7c9a96c40aa86c6a4ed40da7029" member_type: VOTER last_known_addr { host: "127.0.107.194" port: 40671 } } peers { permanent_uuid: "512dca4c15e54a2998f13e28b0989a96" member_type: VOTER last_known_addr { host: "127.0.107.195" port: 35949 } }
I20260713 08:59:20.398975   461 catalog_manager.cc:5697] T c858223bc4e749599449efe68fec6343 P 79a2d7c9a96c40aa86c6a4ed40da7029 reported cstate change: term changed from 2 to 3, leader changed from 7ddc77a4cf01414097c78a55544fda77 (127.0.107.193) to 79a2d7c9a96c40aa86c6a4ed40da7029 (127.0.107.194). New cstate: current_term: 3 leader_uuid: "79a2d7c9a96c40aa86c6a4ed40da7029" committed_config { opid_index: -1 OBSOLETE_local: false peers { permanent_uuid: "7ddc77a4cf01414097c78a55544fda77" member_type: VOTER last_known_addr { host: "127.0.107.193" port: 42595 } health_report { overall_health: UNKNOWN } } peers { permanent_uuid: "79a2d7c9a96c40aa86c6a4ed40da7029" member_type: VOTER last_known_addr { host: "127.0.107.194" port: 40671 } health_report { overall_health: HEALTHY } } peers { permanent_uuid: "512dca4c15e54a2998f13e28b0989a96" member_type: VOTER last_known_addr { host: "127.0.107.195" port: 35949 } health_report { overall_health: UNKNOWN } } }
I20260713 08:59:20.455595   859 raft_consensus.cc:993] T 39ed335ddd9740fd92110d491ed8c2bf P 7ddc77a4cf01414097c78a55544fda77: : Instructing follower 79a2d7c9a96c40aa86c6a4ed40da7029 to start an election
I20260713 08:59:20.456044   880 raft_consensus.cc:1081] T 39ed335ddd9740fd92110d491ed8c2bf P 7ddc77a4cf01414097c78a55544fda77 [term 2 LEADER]: Signalling peer 79a2d7c9a96c40aa86c6a4ed40da7029 to start an election
I20260713 08:59:20.457742   640 tablet_service.cc:2044] Received Run Leader Election RPC: tablet_id: "39ed335ddd9740fd92110d491ed8c2bf"
dest_uuid: "79a2d7c9a96c40aa86c6a4ed40da7029"
 from {username='slave'} at 127.0.0.1:54382
I20260713 08:59:20.458328   640 raft_consensus.cc:493] T 39ed335ddd9740fd92110d491ed8c2bf P 79a2d7c9a96c40aa86c6a4ed40da7029 [term 2 FOLLOWER]: Starting forced leader election (received explicit request)
I20260713 08:59:20.458739   640 raft_consensus.cc:3060] T 39ed335ddd9740fd92110d491ed8c2bf P 79a2d7c9a96c40aa86c6a4ed40da7029 [term 2 FOLLOWER]: Advancing to term 3
I20260713 08:59:20.463815   640 raft_consensus.cc:515] T 39ed335ddd9740fd92110d491ed8c2bf P 79a2d7c9a96c40aa86c6a4ed40da7029 [term 3 FOLLOWER]: Starting forced leader election with config: opid_index: -1 OBSOLETE_local: false peers { permanent_uuid: "7ddc77a4cf01414097c78a55544fda77" member_type: VOTER last_known_addr { host: "127.0.107.193" port: 42595 } } peers { permanent_uuid: "79a2d7c9a96c40aa86c6a4ed40da7029" member_type: VOTER last_known_addr { host: "127.0.107.194" port: 40671 } } peers { permanent_uuid: "512dca4c15e54a2998f13e28b0989a96" member_type: VOTER last_known_addr { host: "127.0.107.195" port: 35949 } }
I20260713 08:59:20.465538   640 leader_election.cc:290] T 39ed335ddd9740fd92110d491ed8c2bf P 79a2d7c9a96c40aa86c6a4ed40da7029 [CANDIDATE]: Term 3 election: Requested vote from peers 7ddc77a4cf01414097c78a55544fda77 (127.0.107.193:42595), 512dca4c15e54a2998f13e28b0989a96 (127.0.107.195:35949)
I20260713 08:59:20.466392   564 tablet_service.cc:1917] Received RequestConsensusVote() RPC: tablet_id: "39ed335ddd9740fd92110d491ed8c2bf" candidate_uuid: "79a2d7c9a96c40aa86c6a4ed40da7029" candidate_term: 3 candidate_status { last_received { term: 2 index: 2 } } ignore_live_leader: true dest_uuid: "7ddc77a4cf01414097c78a55544fda77"
I20260713 08:59:20.466656   714 tablet_service.cc:1917] Received RequestConsensusVote() RPC: tablet_id: "39ed335ddd9740fd92110d491ed8c2bf" candidate_uuid: "79a2d7c9a96c40aa86c6a4ed40da7029" candidate_term: 3 candidate_status { last_received { term: 2 index: 2 } } ignore_live_leader: true dest_uuid: "512dca4c15e54a2998f13e28b0989a96"
I20260713 08:59:20.466982   564 raft_consensus.cc:3055] T 39ed335ddd9740fd92110d491ed8c2bf P 7ddc77a4cf01414097c78a55544fda77 [term 2 LEADER]: Stepping down as leader of term 2
I20260713 08:59:20.467156   714 raft_consensus.cc:3060] T 39ed335ddd9740fd92110d491ed8c2bf P 512dca4c15e54a2998f13e28b0989a96 [term 2 FOLLOWER]: Advancing to term 3
I20260713 08:59:20.467453   564 raft_consensus.cc:740] T 39ed335ddd9740fd92110d491ed8c2bf P 7ddc77a4cf01414097c78a55544fda77 [term 2 LEADER]: Becoming Follower/Learner. State: Replica: 7ddc77a4cf01414097c78a55544fda77, State: Running, Role: LEADER
I20260713 08:59:20.468276   564 consensus_queue.cc:260] T 39ed335ddd9740fd92110d491ed8c2bf P 7ddc77a4cf01414097c78a55544fda77 [NON_LEADER]: Queue going to NON_LEADER mode. State: All replicated index: 0, Majority replicated index: 2, Committed index: 2, Last appended: 2.2, Last appended by leader: 2, Current term: 2, Majority size: -1, State: 0, Mode: NON_LEADER, active raft config: opid_index: -1 OBSOLETE_local: false peers { permanent_uuid: "7ddc77a4cf01414097c78a55544fda77" member_type: VOTER last_known_addr { host: "127.0.107.193" port: 42595 } } peers { permanent_uuid: "79a2d7c9a96c40aa86c6a4ed40da7029" member_type: VOTER last_known_addr { host: "127.0.107.194" port: 40671 } } peers { permanent_uuid: "512dca4c15e54a2998f13e28b0989a96" member_type: VOTER last_known_addr { host: "127.0.107.195" port: 35949 } }
I20260713 08:59:20.469396   564 raft_consensus.cc:3060] T 39ed335ddd9740fd92110d491ed8c2bf P 7ddc77a4cf01414097c78a55544fda77 [term 2 FOLLOWER]: Advancing to term 3
I20260713 08:59:20.473738   714 raft_consensus.cc:2468] T 39ed335ddd9740fd92110d491ed8c2bf P 512dca4c15e54a2998f13e28b0989a96 [term 3 FOLLOWER]: Leader election vote request: Granting yes vote for candidate 79a2d7c9a96c40aa86c6a4ed40da7029 in term 3.
I20260713 08:59:20.474855   605 leader_election.cc:304] T 39ed335ddd9740fd92110d491ed8c2bf P 79a2d7c9a96c40aa86c6a4ed40da7029 [CANDIDATE]: Term 3 election: Election decided. Result: candidate won. Election summary: received 2 responses out of 3 voters: 2 yes votes; 0 no votes. yes voters: 512dca4c15e54a2998f13e28b0989a96, 79a2d7c9a96c40aa86c6a4ed40da7029; no voters: 
I20260713 08:59:20.475244   564 raft_consensus.cc:2468] T 39ed335ddd9740fd92110d491ed8c2bf P 7ddc77a4cf01414097c78a55544fda77 [term 3 FOLLOWER]: Leader election vote request: Granting yes vote for candidate 79a2d7c9a96c40aa86c6a4ed40da7029 in term 3.
I20260713 08:59:20.475908   818 raft_consensus.cc:2804] T 39ed335ddd9740fd92110d491ed8c2bf P 79a2d7c9a96c40aa86c6a4ed40da7029 [term 3 FOLLOWER]: Leader election won for term 3
I20260713 08:59:20.476483   818 raft_consensus.cc:697] T 39ed335ddd9740fd92110d491ed8c2bf P 79a2d7c9a96c40aa86c6a4ed40da7029 [term 3 LEADER]: Becoming Leader. State: Replica: 79a2d7c9a96c40aa86c6a4ed40da7029, State: Running, Role: LEADER
I20260713 08:59:20.477327   818 consensus_queue.cc:237] T 39ed335ddd9740fd92110d491ed8c2bf P 79a2d7c9a96c40aa86c6a4ed40da7029 [LEADER]: Queue going to LEADER mode. State: All replicated index: 0, Majority replicated index: 2, Committed index: 2, Last appended: 2.2, Last appended by leader: 2, Current term: 3, Majority size: 2, State: 0, Mode: LEADER, active raft config: opid_index: -1 OBSOLETE_local: false peers { permanent_uuid: "7ddc77a4cf01414097c78a55544fda77" member_type: VOTER last_known_addr { host: "127.0.107.193" port: 42595 } } peers { permanent_uuid: "79a2d7c9a96c40aa86c6a4ed40da7029" member_type: VOTER last_known_addr { host: "127.0.107.194" port: 40671 } } peers { permanent_uuid: "512dca4c15e54a2998f13e28b0989a96" member_type: VOTER last_known_addr { host: "127.0.107.195" port: 35949 } }
I20260713 08:59:20.483729   461 catalog_manager.cc:5697] T 39ed335ddd9740fd92110d491ed8c2bf P 79a2d7c9a96c40aa86c6a4ed40da7029 reported cstate change: term changed from 2 to 3, leader changed from 7ddc77a4cf01414097c78a55544fda77 (127.0.107.193) to 79a2d7c9a96c40aa86c6a4ed40da7029 (127.0.107.194). New cstate: current_term: 3 leader_uuid: "79a2d7c9a96c40aa86c6a4ed40da7029" committed_config { opid_index: -1 OBSOLETE_local: false peers { permanent_uuid: "7ddc77a4cf01414097c78a55544fda77" member_type: VOTER last_known_addr { host: "127.0.107.193" port: 42595 } health_report { overall_health: UNKNOWN } } peers { permanent_uuid: "79a2d7c9a96c40aa86c6a4ed40da7029" member_type: VOTER last_known_addr { host: "127.0.107.194" port: 40671 } health_report { overall_health: HEALTHY } } peers { permanent_uuid: "512dca4c15e54a2998f13e28b0989a96" member_type: VOTER last_known_addr { host: "127.0.107.195" port: 35949 } health_report { overall_health: UNKNOWN } } }
I20260713 08:59:20.518527   765 raft_consensus.cc:993] T af8360aee6bc46ecb4ad6a571c7d6299 P 512dca4c15e54a2998f13e28b0989a96: : Instructing follower 79a2d7c9a96c40aa86c6a4ed40da7029 to start an election
I20260713 08:59:20.519084   765 raft_consensus.cc:1081] T af8360aee6bc46ecb4ad6a571c7d6299 P 512dca4c15e54a2998f13e28b0989a96 [term 3 LEADER]: Signalling peer 79a2d7c9a96c40aa86c6a4ed40da7029 to start an election
I20260713 08:59:20.520452   640 tablet_service.cc:2044] Received Run Leader Election RPC: tablet_id: "af8360aee6bc46ecb4ad6a571c7d6299"
dest_uuid: "79a2d7c9a96c40aa86c6a4ed40da7029"
 from {username='slave'} at 127.0.0.1:54380
I20260713 08:59:20.520947   640 raft_consensus.cc:493] T af8360aee6bc46ecb4ad6a571c7d6299 P 79a2d7c9a96c40aa86c6a4ed40da7029 [term 3 FOLLOWER]: Starting forced leader election (received explicit request)
I20260713 08:59:20.521245   640 raft_consensus.cc:3060] T af8360aee6bc46ecb4ad6a571c7d6299 P 79a2d7c9a96c40aa86c6a4ed40da7029 [term 3 FOLLOWER]: Advancing to term 4
I20260713 08:59:20.525797   640 raft_consensus.cc:515] T af8360aee6bc46ecb4ad6a571c7d6299 P 79a2d7c9a96c40aa86c6a4ed40da7029 [term 4 FOLLOWER]: Starting forced leader election with config: opid_index: -1 OBSOLETE_local: false peers { permanent_uuid: "7ddc77a4cf01414097c78a55544fda77" member_type: VOTER last_known_addr { host: "127.0.107.193" port: 42595 } } peers { permanent_uuid: "79a2d7c9a96c40aa86c6a4ed40da7029" member_type: VOTER last_known_addr { host: "127.0.107.194" port: 40671 } } peers { permanent_uuid: "512dca4c15e54a2998f13e28b0989a96" member_type: VOTER last_known_addr { host: "127.0.107.195" port: 35949 } }
I20260713 08:59:20.527452   640 leader_election.cc:290] T af8360aee6bc46ecb4ad6a571c7d6299 P 79a2d7c9a96c40aa86c6a4ed40da7029 [CANDIDATE]: Term 4 election: Requested vote from peers 7ddc77a4cf01414097c78a55544fda77 (127.0.107.193:42595), 512dca4c15e54a2998f13e28b0989a96 (127.0.107.195:35949)
I20260713 08:59:20.528251   564 tablet_service.cc:1917] Received RequestConsensusVote() RPC: tablet_id: "af8360aee6bc46ecb4ad6a571c7d6299" candidate_uuid: "79a2d7c9a96c40aa86c6a4ed40da7029" candidate_term: 4 candidate_status { last_received { term: 3 index: 3 } } ignore_live_leader: true dest_uuid: "7ddc77a4cf01414097c78a55544fda77"
I20260713 08:59:20.528801   564 raft_consensus.cc:3060] T af8360aee6bc46ecb4ad6a571c7d6299 P 7ddc77a4cf01414097c78a55544fda77 [term 3 FOLLOWER]: Advancing to term 4
I20260713 08:59:20.528657   714 tablet_service.cc:1917] Received RequestConsensusVote() RPC: tablet_id: "af8360aee6bc46ecb4ad6a571c7d6299" candidate_uuid: "79a2d7c9a96c40aa86c6a4ed40da7029" candidate_term: 4 candidate_status { last_received { term: 3 index: 3 } } ignore_live_leader: true dest_uuid: "512dca4c15e54a2998f13e28b0989a96"
I20260713 08:59:20.529197   714 raft_consensus.cc:3055] T af8360aee6bc46ecb4ad6a571c7d6299 P 512dca4c15e54a2998f13e28b0989a96 [term 3 LEADER]: Stepping down as leader of term 3
I20260713 08:59:20.529479   714 raft_consensus.cc:740] T af8360aee6bc46ecb4ad6a571c7d6299 P 512dca4c15e54a2998f13e28b0989a96 [term 3 LEADER]: Becoming Follower/Learner. State: Replica: 512dca4c15e54a2998f13e28b0989a96, State: Running, Role: LEADER
I20260713 08:59:20.530493   714 consensus_queue.cc:260] T af8360aee6bc46ecb4ad6a571c7d6299 P 512dca4c15e54a2998f13e28b0989a96 [NON_LEADER]: Queue going to NON_LEADER mode. State: All replicated index: 0, Majority replicated index: 3, Committed index: 3, Last appended: 3.3, Last appended by leader: 3, Current term: 3, Majority size: -1, State: 0, Mode: NON_LEADER, active raft config: opid_index: -1 OBSOLETE_local: false peers { permanent_uuid: "7ddc77a4cf01414097c78a55544fda77" member_type: VOTER last_known_addr { host: "127.0.107.193" port: 42595 } } peers { permanent_uuid: "79a2d7c9a96c40aa86c6a4ed40da7029" member_type: VOTER last_known_addr { host: "127.0.107.194" port: 40671 } } peers { permanent_uuid: "512dca4c15e54a2998f13e28b0989a96" member_type: VOTER last_known_addr { host: "127.0.107.195" port: 35949 } }
I20260713 08:59:20.531288   714 raft_consensus.cc:3060] T af8360aee6bc46ecb4ad6a571c7d6299 P 512dca4c15e54a2998f13e28b0989a96 [term 3 FOLLOWER]: Advancing to term 4
I20260713 08:59:20.532883   564 raft_consensus.cc:2468] T af8360aee6bc46ecb4ad6a571c7d6299 P 7ddc77a4cf01414097c78a55544fda77 [term 4 FOLLOWER]: Leader election vote request: Granting yes vote for candidate 79a2d7c9a96c40aa86c6a4ed40da7029 in term 4.
I20260713 08:59:20.533834   604 leader_election.cc:304] T af8360aee6bc46ecb4ad6a571c7d6299 P 79a2d7c9a96c40aa86c6a4ed40da7029 [CANDIDATE]: Term 4 election: Election decided. Result: candidate won. Election summary: received 2 responses out of 3 voters: 2 yes votes; 0 no votes. yes voters: 79a2d7c9a96c40aa86c6a4ed40da7029, 7ddc77a4cf01414097c78a55544fda77; no voters: 
I20260713 08:59:20.534508   818 raft_consensus.cc:2804] T af8360aee6bc46ecb4ad6a571c7d6299 P 79a2d7c9a96c40aa86c6a4ed40da7029 [term 4 FOLLOWER]: Leader election won for term 4
I20260713 08:59:20.534953   818 raft_consensus.cc:697] T af8360aee6bc46ecb4ad6a571c7d6299 P 79a2d7c9a96c40aa86c6a4ed40da7029 [term 4 LEADER]: Becoming Leader. State: Replica: 79a2d7c9a96c40aa86c6a4ed40da7029, State: Running, Role: LEADER
I20260713 08:59:20.535816   714 raft_consensus.cc:2468] T af8360aee6bc46ecb4ad6a571c7d6299 P 512dca4c15e54a2998f13e28b0989a96 [term 4 FOLLOWER]: Leader election vote request: Granting yes vote for candidate 79a2d7c9a96c40aa86c6a4ed40da7029 in term 4.
I20260713 08:59:20.535739   818 consensus_queue.cc:237] T af8360aee6bc46ecb4ad6a571c7d6299 P 79a2d7c9a96c40aa86c6a4ed40da7029 [LEADER]: Queue going to LEADER mode. State: All replicated index: 0, Majority replicated index: 3, Committed index: 3, Last appended: 3.3, Last appended by leader: 3, Current term: 4, Majority size: 2, State: 0, Mode: LEADER, active raft config: opid_index: -1 OBSOLETE_local: false peers { permanent_uuid: "7ddc77a4cf01414097c78a55544fda77" member_type: VOTER last_known_addr { host: "127.0.107.193" port: 42595 } } peers { permanent_uuid: "79a2d7c9a96c40aa86c6a4ed40da7029" member_type: VOTER last_known_addr { host: "127.0.107.194" port: 40671 } } peers { permanent_uuid: "512dca4c15e54a2998f13e28b0989a96" member_type: VOTER last_known_addr { host: "127.0.107.195" port: 35949 } }
I20260713 08:59:20.541597   461 catalog_manager.cc:5697] T af8360aee6bc46ecb4ad6a571c7d6299 P 79a2d7c9a96c40aa86c6a4ed40da7029 reported cstate change: term changed from 3 to 4, leader changed from 512dca4c15e54a2998f13e28b0989a96 (127.0.107.195) to 79a2d7c9a96c40aa86c6a4ed40da7029 (127.0.107.194). New cstate: current_term: 4 leader_uuid: "79a2d7c9a96c40aa86c6a4ed40da7029" committed_config { opid_index: -1 OBSOLETE_local: false peers { permanent_uuid: "7ddc77a4cf01414097c78a55544fda77" member_type: VOTER last_known_addr { host: "127.0.107.193" port: 42595 } health_report { overall_health: UNKNOWN } } peers { permanent_uuid: "79a2d7c9a96c40aa86c6a4ed40da7029" member_type: VOTER last_known_addr { host: "127.0.107.194" port: 40671 } health_report { overall_health: HEALTHY } } peers { permanent_uuid: "512dca4c15e54a2998f13e28b0989a96" member_type: VOTER last_known_addr { host: "127.0.107.195" port: 35949 } health_report { overall_health: UNKNOWN } } }
I20260713 08:59:20.588737   859 raft_consensus.cc:993] T c7ade2434a47407fa1a6cdbf070da718 P 7ddc77a4cf01414097c78a55544fda77: : Instructing follower 79a2d7c9a96c40aa86c6a4ed40da7029 to start an election
I20260713 08:59:20.589260   859 raft_consensus.cc:1081] T c7ade2434a47407fa1a6cdbf070da718 P 7ddc77a4cf01414097c78a55544fda77 [term 2 LEADER]: Signalling peer 79a2d7c9a96c40aa86c6a4ed40da7029 to start an election
I20260713 08:59:20.591089   640 tablet_service.cc:2044] Received Run Leader Election RPC: tablet_id: "c7ade2434a47407fa1a6cdbf070da718"
dest_uuid: "79a2d7c9a96c40aa86c6a4ed40da7029"
 from {username='slave'} at 127.0.0.1:54382
I20260713 08:59:20.591564   640 raft_consensus.cc:493] T c7ade2434a47407fa1a6cdbf070da718 P 79a2d7c9a96c40aa86c6a4ed40da7029 [term 2 FOLLOWER]: Starting forced leader election (received explicit request)
I20260713 08:59:20.591850   640 raft_consensus.cc:3060] T c7ade2434a47407fa1a6cdbf070da718 P 79a2d7c9a96c40aa86c6a4ed40da7029 [term 2 FOLLOWER]: Advancing to term 3
I20260713 08:59:20.595892   640 raft_consensus.cc:515] T c7ade2434a47407fa1a6cdbf070da718 P 79a2d7c9a96c40aa86c6a4ed40da7029 [term 3 FOLLOWER]: Starting forced leader election with config: opid_index: -1 OBSOLETE_local: false peers { permanent_uuid: "7ddc77a4cf01414097c78a55544fda77" member_type: VOTER last_known_addr { host: "127.0.107.193" port: 42595 } } peers { permanent_uuid: "79a2d7c9a96c40aa86c6a4ed40da7029" member_type: VOTER last_known_addr { host: "127.0.107.194" port: 40671 } } peers { permanent_uuid: "512dca4c15e54a2998f13e28b0989a96" member_type: VOTER last_known_addr { host: "127.0.107.195" port: 35949 } }
I20260713 08:59:20.597369   640 leader_election.cc:290] T c7ade2434a47407fa1a6cdbf070da718 P 79a2d7c9a96c40aa86c6a4ed40da7029 [CANDIDATE]: Term 3 election: Requested vote from peers 7ddc77a4cf01414097c78a55544fda77 (127.0.107.193:42595), 512dca4c15e54a2998f13e28b0989a96 (127.0.107.195:35949)
I20260713 08:59:20.598318   564 tablet_service.cc:1917] Received RequestConsensusVote() RPC: tablet_id: "c7ade2434a47407fa1a6cdbf070da718" candidate_uuid: "79a2d7c9a96c40aa86c6a4ed40da7029" candidate_term: 3 candidate_status { last_received { term: 2 index: 2 } } ignore_live_leader: true dest_uuid: "7ddc77a4cf01414097c78a55544fda77"
I20260713 08:59:20.598354   714 tablet_service.cc:1917] Received RequestConsensusVote() RPC: tablet_id: "c7ade2434a47407fa1a6cdbf070da718" candidate_uuid: "79a2d7c9a96c40aa86c6a4ed40da7029" candidate_term: 3 candidate_status { last_received { term: 2 index: 2 } } ignore_live_leader: true dest_uuid: "512dca4c15e54a2998f13e28b0989a96"
I20260713 08:59:20.598989   564 raft_consensus.cc:3055] T c7ade2434a47407fa1a6cdbf070da718 P 7ddc77a4cf01414097c78a55544fda77 [term 2 LEADER]: Stepping down as leader of term 2
I20260713 08:59:20.598999   714 raft_consensus.cc:3060] T c7ade2434a47407fa1a6cdbf070da718 P 512dca4c15e54a2998f13e28b0989a96 [term 2 FOLLOWER]: Advancing to term 3
I20260713 08:59:20.599429   564 raft_consensus.cc:740] T c7ade2434a47407fa1a6cdbf070da718 P 7ddc77a4cf01414097c78a55544fda77 [term 2 LEADER]: Becoming Follower/Learner. State: Replica: 7ddc77a4cf01414097c78a55544fda77, State: Running, Role: LEADER
I20260713 08:59:20.600111   564 consensus_queue.cc:260] T c7ade2434a47407fa1a6cdbf070da718 P 7ddc77a4cf01414097c78a55544fda77 [NON_LEADER]: Queue going to NON_LEADER mode. State: All replicated index: 0, Majority replicated index: 2, Committed index: 2, Last appended: 2.2, Last appended by leader: 2, Current term: 2, Majority size: -1, State: 0, Mode: NON_LEADER, active raft config: opid_index: -1 OBSOLETE_local: false peers { permanent_uuid: "7ddc77a4cf01414097c78a55544fda77" member_type: VOTER last_known_addr { host: "127.0.107.193" port: 42595 } } peers { permanent_uuid: "79a2d7c9a96c40aa86c6a4ed40da7029" member_type: VOTER last_known_addr { host: "127.0.107.194" port: 40671 } } peers { permanent_uuid: "512dca4c15e54a2998f13e28b0989a96" member_type: VOTER last_known_addr { host: "127.0.107.195" port: 35949 } }
I20260713 08:59:20.601174   564 raft_consensus.cc:3060] T c7ade2434a47407fa1a6cdbf070da718 P 7ddc77a4cf01414097c78a55544fda77 [term 2 FOLLOWER]: Advancing to term 3
I20260713 08:59:20.605139   714 raft_consensus.cc:2468] T c7ade2434a47407fa1a6cdbf070da718 P 512dca4c15e54a2998f13e28b0989a96 [term 3 FOLLOWER]: Leader election vote request: Granting yes vote for candidate 79a2d7c9a96c40aa86c6a4ed40da7029 in term 3.
I20260713 08:59:20.606233   605 leader_election.cc:304] T c7ade2434a47407fa1a6cdbf070da718 P 79a2d7c9a96c40aa86c6a4ed40da7029 [CANDIDATE]: Term 3 election: Election decided. Result: candidate won. Election summary: received 2 responses out of 3 voters: 2 yes votes; 0 no votes. yes voters: 512dca4c15e54a2998f13e28b0989a96, 79a2d7c9a96c40aa86c6a4ed40da7029; no voters: 
I20260713 08:59:20.606987   564 raft_consensus.cc:2468] T c7ade2434a47407fa1a6cdbf070da718 P 7ddc77a4cf01414097c78a55544fda77 [term 3 FOLLOWER]: Leader election vote request: Granting yes vote for candidate 79a2d7c9a96c40aa86c6a4ed40da7029 in term 3.
I20260713 08:59:20.606992   818 raft_consensus.cc:2804] T c7ade2434a47407fa1a6cdbf070da718 P 79a2d7c9a96c40aa86c6a4ed40da7029 [term 3 FOLLOWER]: Leader election won for term 3
I20260713 08:59:20.607601   818 raft_consensus.cc:697] T c7ade2434a47407fa1a6cdbf070da718 P 79a2d7c9a96c40aa86c6a4ed40da7029 [term 3 LEADER]: Becoming Leader. State: Replica: 79a2d7c9a96c40aa86c6a4ed40da7029, State: Running, Role: LEADER
