I20260713 09:04:24.469823  6349 consensus_queue.cc:1048] T ec5279b4edeb40f286263d828bb67211 P c41161f6e40f43b0a75f66834cd8ec31 [LEADER]: Connected to new peer: Peer: permanent_uuid: "a33d5074312b42c795a5e503b68f8a33" member_type: VOTER last_known_addr { host: "127.5.204.1" port: 39211 }, Status: LMP_MISMATCH, Last received: 0.0, Next index: 2, Last known committed idx: 1, Time since last communication: 0.000s
I20260713 09:04:24.471064  6305 consensus_queue.cc:1048] T 5776a6900cf0410c87417015d00fcf9f P a33d5074312b42c795a5e503b68f8a33 [LEADER]: Connected to new peer: Peer: permanent_uuid: "fd6c74a16e7546ada82453da186e6dac" member_type: VOTER last_known_addr { host: "127.5.204.3" port: 33443 }, Status: LMP_MISMATCH, Last received: 0.0, Next index: 2, Last known committed idx: 1, Time since last communication: 0.000s
I20260713 09:04:24.476287  6144 raft_consensus.cc:1275] T 5776a6900cf0410c87417015d00fcf9f P c41161f6e40f43b0a75f66834cd8ec31 [term 2 FOLLOWER]: Refusing update from remote peer a33d5074312b42c795a5e503b68f8a33: Log matching property violated. Preceding OpId in replica: term: 1 index: 1. Preceding OpId from leader: term: 2 index: 2. (index mismatch)
I20260713 09:04:24.477603  6305 consensus_queue.cc:1048] T 5776a6900cf0410c87417015d00fcf9f P a33d5074312b42c795a5e503b68f8a33 [LEADER]: Connected to new peer: Peer: permanent_uuid: "c41161f6e40f43b0a75f66834cd8ec31" member_type: VOTER last_known_addr { host: "127.5.204.2" port: 42975 }, Status: LMP_MISMATCH, Last received: 0.0, Next index: 2, Last known committed idx: 1, Time since last communication: 0.000s
I20260713 09:04:24.490542  6220 raft_consensus.cc:1275] T 0dbc42eff9a144bbad1713b2238ce4a4 P fd6c74a16e7546ada82453da186e6dac [term 2 FOLLOWER]: Refusing update from remote peer c41161f6e40f43b0a75f66834cd8ec31: Log matching property violated. Preceding OpId in replica: term: 1 index: 1. Preceding OpId from leader: term: 2 index: 2. (index mismatch)
I20260713 09:04:24.491870  6339 consensus_queue.cc:1048] T 0dbc42eff9a144bbad1713b2238ce4a4 P c41161f6e40f43b0a75f66834cd8ec31 [LEADER]: Connected to new peer: Peer: permanent_uuid: "fd6c74a16e7546ada82453da186e6dac" member_type: VOTER last_known_addr { host: "127.5.204.3" port: 33443 }, Status: LMP_MISMATCH, Last received: 0.0, Next index: 2, Last known committed idx: 1, Time since last communication: 0.000s
I20260713 09:04:24.503794  6070 raft_consensus.cc:1275] T 0dbc42eff9a144bbad1713b2238ce4a4 P a33d5074312b42c795a5e503b68f8a33 [term 2 FOLLOWER]: Refusing update from remote peer c41161f6e40f43b0a75f66834cd8ec31: Log matching property violated. Preceding OpId in replica: term: 1 index: 1. Preceding OpId from leader: term: 2 index: 2. (index mismatch)
I20260713 09:04:24.505493  6368 consensus_queue.cc:1048] T 0dbc42eff9a144bbad1713b2238ce4a4 P c41161f6e40f43b0a75f66834cd8ec31 [LEADER]: Connected to new peer: Peer: permanent_uuid: "a33d5074312b42c795a5e503b68f8a33" member_type: VOTER last_known_addr { host: "127.5.204.1" port: 39211 }, Status: LMP_MISMATCH, Last received: 0.0, Next index: 2, Last known committed idx: 1, Time since last communication: 0.000s
I20260713 09:04:24.555413  6220 raft_consensus.cc:1275] T 0d9c2cb41e114e2a8e6eeb65a06ce566 P fd6c74a16e7546ada82453da186e6dac [term 2 FOLLOWER]: Refusing update from remote peer c41161f6e40f43b0a75f66834cd8ec31: Log matching property violated. Preceding OpId in replica: term: 1 index: 1. Preceding OpId from leader: term: 2 index: 2. (index mismatch)
I20260713 09:04:24.556578  6349 consensus_queue.cc:1048] T 0d9c2cb41e114e2a8e6eeb65a06ce566 P c41161f6e40f43b0a75f66834cd8ec31 [LEADER]: Connected to new peer: Peer: permanent_uuid: "fd6c74a16e7546ada82453da186e6dac" member_type: VOTER last_known_addr { host: "127.5.204.3" port: 33443 }, Status: LMP_MISMATCH, Last received: 0.0, Next index: 2, Last known committed idx: 1, Time since last communication: 0.000s
I20260713 09:04:24.564582  6070 raft_consensus.cc:1275] T 0d9c2cb41e114e2a8e6eeb65a06ce566 P a33d5074312b42c795a5e503b68f8a33 [term 2 FOLLOWER]: Refusing update from remote peer c41161f6e40f43b0a75f66834cd8ec31: Log matching property violated. Preceding OpId in replica: term: 1 index: 1. Preceding OpId from leader: term: 2 index: 2. (index mismatch)
I20260713 09:04:24.566120  6339 consensus_queue.cc:1048] T 0d9c2cb41e114e2a8e6eeb65a06ce566 P c41161f6e40f43b0a75f66834cd8ec31 [LEADER]: Connected to new peer: Peer: permanent_uuid: "a33d5074312b42c795a5e503b68f8a33" member_type: VOTER last_known_addr { host: "127.5.204.1" port: 39211 }, Status: LMP_MISMATCH, Last received: 0.0, Next index: 2, Last known committed idx: 1, Time since last communication: 0.000s
I20260713 09:04:24.770090  6070 raft_consensus.cc:1275] T e9c263e4cf384e8c9f5ae432008ea0fc P a33d5074312b42c795a5e503b68f8a33 [term 2 FOLLOWER]: Refusing update from remote peer c41161f6e40f43b0a75f66834cd8ec31: Log matching property violated. Preceding OpId in replica: term: 1 index: 1. Preceding OpId from leader: term: 2 index: 2. (index mismatch)
I20260713 09:04:24.772241  6339 consensus_queue.cc:1048] T e9c263e4cf384e8c9f5ae432008ea0fc P c41161f6e40f43b0a75f66834cd8ec31 [LEADER]: Connected to new peer: Peer: permanent_uuid: "a33d5074312b42c795a5e503b68f8a33" member_type: VOTER last_known_addr { host: "127.5.204.1" port: 39211 }, Status: LMP_MISMATCH, Last received: 0.0, Next index: 2, Last known committed idx: 1, Time since last communication: 0.000s
I20260713 09:04:24.780503  6220 raft_consensus.cc:1275] T e9c263e4cf384e8c9f5ae432008ea0fc P fd6c74a16e7546ada82453da186e6dac [term 2 FOLLOWER]: Refusing update from remote peer c41161f6e40f43b0a75f66834cd8ec31: Log matching property violated. Preceding OpId in replica: term: 1 index: 1. Preceding OpId from leader: term: 2 index: 2. (index mismatch)
I20260713 09:04:24.781965  6371 consensus_queue.cc:1048] T e9c263e4cf384e8c9f5ae432008ea0fc P c41161f6e40f43b0a75f66834cd8ec31 [LEADER]: Connected to new peer: Peer: permanent_uuid: "fd6c74a16e7546ada82453da186e6dac" member_type: VOTER last_known_addr { host: "127.5.204.3" port: 33443 }, Status: LMP_MISMATCH, Last received: 0.0, Next index: 2, Last known committed idx: 1, Time since last communication: 0.000s
I20260713 09:04:26.875120  5936 auto_leader_rebalancer-test.cc:320] The leader distribution is 
I20260713 09:04:26.875870  5936 auto_leader_rebalancer.cc:141] leader rebalance for table test-workload
I20260713 09:04:26.897815  6069 tablet_service.cc:2072] Received LeaderStepDown RPC: tablet_id: "64291639fd034285a026cd0362384440"
dest_uuid: "a33d5074312b42c795a5e503b68f8a33"
mode: GRACEFUL
new_leader_uuid: "fd6c74a16e7546ada82453da186e6dac"
 from {username='slave'} at 127.0.0.1:35990
I20260713 09:04:26.898319  6069 raft_consensus.cc:606] T 64291639fd034285a026cd0362384440 P a33d5074312b42c795a5e503b68f8a33 [term 2 LEADER]: Received request to transfer leadership to TS fd6c74a16e7546ada82453da186e6dac
I20260713 09:04:26.910084  6144 tablet_service.cc:2072] Received LeaderStepDown RPC: tablet_id: "ec5279b4edeb40f286263d828bb67211"
dest_uuid: "c41161f6e40f43b0a75f66834cd8ec31"
mode: GRACEFUL
new_leader_uuid: "fd6c74a16e7546ada82453da186e6dac"
 from {username='slave'} at 127.0.0.1:34500
I20260713 09:04:26.910637  6144 raft_consensus.cc:606] T ec5279b4edeb40f286263d828bb67211 P c41161f6e40f43b0a75f66834cd8ec31 [term 2 LEADER]: Received request to transfer leadership to TS fd6c74a16e7546ada82453da186e6dac
I20260713 09:04:26.911707  5936 auto_leader_rebalancer.cc:479] table: test-workload, leader rebalance finish, leader transfer count: 2
I20260713 09:04:26.912128  5936 auto_leader_rebalancer.cc:554] All tables' leader rebalancing finished this round
I20260713 09:04:27.244499  6267 raft_consensus.cc:993] T 64291639fd034285a026cd0362384440 P a33d5074312b42c795a5e503b68f8a33: : Instructing follower fd6c74a16e7546ada82453da186e6dac to start an election
I20260713 09:04:27.244943  6380 raft_consensus.cc:1081] T 64291639fd034285a026cd0362384440 P a33d5074312b42c795a5e503b68f8a33 [term 2 LEADER]: Signalling peer fd6c74a16e7546ada82453da186e6dac to start an election
I20260713 09:04:27.246415  6220 tablet_service.cc:2044] Received Run Leader Election RPC: tablet_id: "64291639fd034285a026cd0362384440"
dest_uuid: "fd6c74a16e7546ada82453da186e6dac"
 from {username='slave'} at 127.0.0.1:44966
I20260713 09:04:27.246948  6220 raft_consensus.cc:493] T 64291639fd034285a026cd0362384440 P fd6c74a16e7546ada82453da186e6dac [term 2 FOLLOWER]: Starting forced leader election (received explicit request)
I20260713 09:04:27.247260  6220 raft_consensus.cc:3060] T 64291639fd034285a026cd0362384440 P fd6c74a16e7546ada82453da186e6dac [term 2 FOLLOWER]: Advancing to term 3
I20260713 09:04:27.251811  6220 raft_consensus.cc:515] T 64291639fd034285a026cd0362384440 P fd6c74a16e7546ada82453da186e6dac [term 3 FOLLOWER]: Starting forced leader election with config: opid_index: -1 OBSOLETE_local: false peers { permanent_uuid: "a33d5074312b42c795a5e503b68f8a33" member_type: VOTER last_known_addr { host: "127.5.204.1" port: 39211 } } peers { permanent_uuid: "c41161f6e40f43b0a75f66834cd8ec31" member_type: VOTER last_known_addr { host: "127.5.204.2" port: 42975 } } peers { permanent_uuid: "fd6c74a16e7546ada82453da186e6dac" member_type: VOTER last_known_addr { host: "127.5.204.3" port: 33443 } }
I20260713 09:04:27.253486  6220 leader_election.cc:290] T 64291639fd034285a026cd0362384440 P fd6c74a16e7546ada82453da186e6dac [CANDIDATE]: Term 3 election: Requested vote from peers a33d5074312b42c795a5e503b68f8a33 (127.5.204.1:39211), c41161f6e40f43b0a75f66834cd8ec31 (127.5.204.2:42975)
I20260713 09:04:27.254549  6144 tablet_service.cc:1917] Received RequestConsensusVote() RPC: tablet_id: "64291639fd034285a026cd0362384440" candidate_uuid: "fd6c74a16e7546ada82453da186e6dac" candidate_term: 3 candidate_status { last_received { term: 2 index: 2 } } ignore_live_leader: true dest_uuid: "c41161f6e40f43b0a75f66834cd8ec31"
I20260713 09:04:27.254566  6069 tablet_service.cc:1917] Received RequestConsensusVote() RPC: tablet_id: "64291639fd034285a026cd0362384440" candidate_uuid: "fd6c74a16e7546ada82453da186e6dac" candidate_term: 3 candidate_status { last_received { term: 2 index: 2 } } ignore_live_leader: true dest_uuid: "a33d5074312b42c795a5e503b68f8a33"
I20260713 09:04:27.255131  6144 raft_consensus.cc:3060] T 64291639fd034285a026cd0362384440 P c41161f6e40f43b0a75f66834cd8ec31 [term 2 FOLLOWER]: Advancing to term 3
I20260713 09:04:27.255193  6069 raft_consensus.cc:3055] T 64291639fd034285a026cd0362384440 P a33d5074312b42c795a5e503b68f8a33 [term 2 LEADER]: Stepping down as leader of term 2
I20260713 09:04:27.255543  6069 raft_consensus.cc:740] T 64291639fd034285a026cd0362384440 P a33d5074312b42c795a5e503b68f8a33 [term 2 LEADER]: Becoming Follower/Learner. State: Replica: a33d5074312b42c795a5e503b68f8a33, State: Running, Role: LEADER
I20260713 09:04:27.256204  6069 consensus_queue.cc:260] T 64291639fd034285a026cd0362384440 P a33d5074312b42c795a5e503b68f8a33 [NON_LEADER]: Queue going to NON_LEADER mode. State: All replicated index: 0, Majority replicated index: 2, Committed index: 2, Last appended: 2.2, Last appended by leader: 2, Current term: 2, Majority size: -1, State: 0, Mode: NON_LEADER, active raft config: opid_index: -1 OBSOLETE_local: false peers { permanent_uuid: "a33d5074312b42c795a5e503b68f8a33" member_type: VOTER last_known_addr { host: "127.5.204.1" port: 39211 } } peers { permanent_uuid: "c41161f6e40f43b0a75f66834cd8ec31" member_type: VOTER last_known_addr { host: "127.5.204.2" port: 42975 } } peers { permanent_uuid: "fd6c74a16e7546ada82453da186e6dac" member_type: VOTER last_known_addr { host: "127.5.204.3" port: 33443 } }
I20260713 09:04:27.257128  6069 raft_consensus.cc:3060] T 64291639fd034285a026cd0362384440 P a33d5074312b42c795a5e503b68f8a33 [term 2 FOLLOWER]: Advancing to term 3
I20260713 09:04:27.259168  6144 raft_consensus.cc:2468] T 64291639fd034285a026cd0362384440 P c41161f6e40f43b0a75f66834cd8ec31 [term 3 FOLLOWER]: Leader election vote request: Granting yes vote for candidate fd6c74a16e7546ada82453da186e6dac in term 3.
I20260713 09:04:27.260221  6184 leader_election.cc:304] T 64291639fd034285a026cd0362384440 P fd6c74a16e7546ada82453da186e6dac [CANDIDATE]: Term 3 election: Election decided. Result: candidate won. Election summary: received 2 responses out of 3 voters: 2 yes votes; 0 no votes. yes voters: c41161f6e40f43b0a75f66834cd8ec31, fd6c74a16e7546ada82453da186e6dac; no voters: 
I20260713 09:04:27.261014  6374 raft_consensus.cc:2804] T 64291639fd034285a026cd0362384440 P fd6c74a16e7546ada82453da186e6dac [term 3 FOLLOWER]: Leader election won for term 3
I20260713 09:04:27.261824  6069 raft_consensus.cc:2468] T 64291639fd034285a026cd0362384440 P a33d5074312b42c795a5e503b68f8a33 [term 3 FOLLOWER]: Leader election vote request: Granting yes vote for candidate fd6c74a16e7546ada82453da186e6dac in term 3.
I20260713 09:04:27.262244  6374 raft_consensus.cc:697] T 64291639fd034285a026cd0362384440 P fd6c74a16e7546ada82453da186e6dac [term 3 LEADER]: Becoming Leader. State: Replica: fd6c74a16e7546ada82453da186e6dac, State: Running, Role: LEADER
I20260713 09:04:27.263135  6374 consensus_queue.cc:237] T 64291639fd034285a026cd0362384440 P fd6c74a16e7546ada82453da186e6dac [LEADER]: Queue going to LEADER mode. State: All replicated index: 0, Majority replicated index: 2, Committed index: 2, Last appended: 2.2, Last appended by leader: 2, Current term: 3, Majority size: 2, State: 0, Mode: LEADER, active raft config: opid_index: -1 OBSOLETE_local: false peers { permanent_uuid: "a33d5074312b42c795a5e503b68f8a33" member_type: VOTER last_known_addr { host: "127.5.204.1" port: 39211 } } peers { permanent_uuid: "c41161f6e40f43b0a75f66834cd8ec31" member_type: VOTER last_known_addr { host: "127.5.204.2" port: 42975 } } peers { permanent_uuid: "fd6c74a16e7546ada82453da186e6dac" member_type: VOTER last_known_addr { host: "127.5.204.3" port: 33443 } }
I20260713 09:04:27.270221  5968 catalog_manager.cc:5697] T 64291639fd034285a026cd0362384440 P fd6c74a16e7546ada82453da186e6dac reported cstate change: term changed from 2 to 3, leader changed from a33d5074312b42c795a5e503b68f8a33 (127.5.204.1) to fd6c74a16e7546ada82453da186e6dac (127.5.204.3). New cstate: current_term: 3 leader_uuid: "fd6c74a16e7546ada82453da186e6dac" committed_config { opid_index: -1 OBSOLETE_local: false peers { permanent_uuid: "a33d5074312b42c795a5e503b68f8a33" member_type: VOTER last_known_addr { host: "127.5.204.1" port: 39211 } health_report { overall_health: UNKNOWN } } peers { permanent_uuid: "c41161f6e40f43b0a75f66834cd8ec31" member_type: VOTER last_known_addr { host: "127.5.204.2" port: 42975 } health_report { overall_health: UNKNOWN } } peers { permanent_uuid: "fd6c74a16e7546ada82453da186e6dac" member_type: VOTER last_known_addr { host: "127.5.204.3" port: 33443 } health_report { overall_health: HEALTHY } } }
I20260713 09:04:27.341518  6371 raft_consensus.cc:993] T ec5279b4edeb40f286263d828bb67211 P c41161f6e40f43b0a75f66834cd8ec31: : Instructing follower fd6c74a16e7546ada82453da186e6dac to start an election
I20260713 09:04:27.341925  6387 raft_consensus.cc:1081] T ec5279b4edeb40f286263d828bb67211 P c41161f6e40f43b0a75f66834cd8ec31 [term 2 LEADER]: Signalling peer fd6c74a16e7546ada82453da186e6dac to start an election
I20260713 09:04:27.343439  6220 tablet_service.cc:2044] Received Run Leader Election RPC: tablet_id: "ec5279b4edeb40f286263d828bb67211"
dest_uuid: "fd6c74a16e7546ada82453da186e6dac"
 from {username='slave'} at 127.0.0.1:44978
I20260713 09:04:27.343848  6220 raft_consensus.cc:493] T ec5279b4edeb40f286263d828bb67211 P fd6c74a16e7546ada82453da186e6dac [term 2 FOLLOWER]: Starting forced leader election (received explicit request)
I20260713 09:04:27.344092  6220 raft_consensus.cc:3060] T ec5279b4edeb40f286263d828bb67211 P fd6c74a16e7546ada82453da186e6dac [term 2 FOLLOWER]: Advancing to term 3
I20260713 09:04:27.348273  6220 raft_consensus.cc:515] T ec5279b4edeb40f286263d828bb67211 P fd6c74a16e7546ada82453da186e6dac [term 3 FOLLOWER]: Starting forced leader election with config: opid_index: -1 OBSOLETE_local: false peers { permanent_uuid: "a33d5074312b42c795a5e503b68f8a33" member_type: VOTER last_known_addr { host: "127.5.204.1" port: 39211 } } peers { permanent_uuid: "c41161f6e40f43b0a75f66834cd8ec31" member_type: VOTER last_known_addr { host: "127.5.204.2" port: 42975 } } peers { permanent_uuid: "fd6c74a16e7546ada82453da186e6dac" member_type: VOTER last_known_addr { host: "127.5.204.3" port: 33443 } }
I20260713 09:04:27.349973  6220 leader_election.cc:290] T ec5279b4edeb40f286263d828bb67211 P fd6c74a16e7546ada82453da186e6dac [CANDIDATE]: Term 3 election: Requested vote from peers a33d5074312b42c795a5e503b68f8a33 (127.5.204.1:39211), c41161f6e40f43b0a75f66834cd8ec31 (127.5.204.2:42975)
I20260713 09:04:27.350935  6144 tablet_service.cc:1917] Received RequestConsensusVote() RPC: tablet_id: "ec5279b4edeb40f286263d828bb67211" candidate_uuid: "fd6c74a16e7546ada82453da186e6dac" candidate_term: 3 candidate_status { last_received { term: 2 index: 2 } } ignore_live_leader: true dest_uuid: "c41161f6e40f43b0a75f66834cd8ec31"
I20260713 09:04:27.350811  6069 tablet_service.cc:1917] Received RequestConsensusVote() RPC: tablet_id: "ec5279b4edeb40f286263d828bb67211" candidate_uuid: "fd6c74a16e7546ada82453da186e6dac" candidate_term: 3 candidate_status { last_received { term: 2 index: 2 } } ignore_live_leader: true dest_uuid: "a33d5074312b42c795a5e503b68f8a33"
I20260713 09:04:27.351477  6144 raft_consensus.cc:3055] T ec5279b4edeb40f286263d828bb67211 P c41161f6e40f43b0a75f66834cd8ec31 [term 2 LEADER]: Stepping down as leader of term 2
I20260713 09:04:27.351528  6069 raft_consensus.cc:3060] T ec5279b4edeb40f286263d828bb67211 P a33d5074312b42c795a5e503b68f8a33 [term 2 FOLLOWER]: Advancing to term 3
I20260713 09:04:27.351758  6144 raft_consensus.cc:740] T ec5279b4edeb40f286263d828bb67211 P c41161f6e40f43b0a75f66834cd8ec31 [term 2 LEADER]: Becoming Follower/Learner. State: Replica: c41161f6e40f43b0a75f66834cd8ec31, State: Running, Role: LEADER
I20260713 09:04:27.352454  6144 consensus_queue.cc:260] T ec5279b4edeb40f286263d828bb67211 P c41161f6e40f43b0a75f66834cd8ec31 [NON_LEADER]: Queue going to NON_LEADER mode. State: All replicated index: 0, Majority replicated index: 2, Committed index: 2, Last appended: 2.2, Last appended by leader: 2, Current term: 2, Majority size: -1, State: 0, Mode: NON_LEADER, active raft config: opid_index: -1 OBSOLETE_local: false peers { permanent_uuid: "a33d5074312b42c795a5e503b68f8a33" member_type: VOTER last_known_addr { host: "127.5.204.1" port: 39211 } } peers { permanent_uuid: "c41161f6e40f43b0a75f66834cd8ec31" member_type: VOTER last_known_addr { host: "127.5.204.2" port: 42975 } } peers { permanent_uuid: "fd6c74a16e7546ada82453da186e6dac" member_type: VOTER last_known_addr { host: "127.5.204.3" port: 33443 } }
I20260713 09:04:27.353379  6144 raft_consensus.cc:3060] T ec5279b4edeb40f286263d828bb67211 P c41161f6e40f43b0a75f66834cd8ec31 [term 2 FOLLOWER]: Advancing to term 3
I20260713 09:04:27.356257  6069 raft_consensus.cc:2468] T ec5279b4edeb40f286263d828bb67211 P a33d5074312b42c795a5e503b68f8a33 [term 3 FOLLOWER]: Leader election vote request: Granting yes vote for candidate fd6c74a16e7546ada82453da186e6dac in term 3.
I20260713 09:04:27.357180  6144 raft_consensus.cc:2468] T ec5279b4edeb40f286263d828bb67211 P c41161f6e40f43b0a75f66834cd8ec31 [term 3 FOLLOWER]: Leader election vote request: Granting yes vote for candidate fd6c74a16e7546ada82453da186e6dac in term 3.
I20260713 09:04:27.357237  6186 leader_election.cc:304] T ec5279b4edeb40f286263d828bb67211 P fd6c74a16e7546ada82453da186e6dac [CANDIDATE]: Term 3 election: Election decided. Result: candidate won. Election summary: received 2 responses out of 3 voters: 2 yes votes; 0 no votes. yes voters: a33d5074312b42c795a5e503b68f8a33, fd6c74a16e7546ada82453da186e6dac; no voters: 
I20260713 09:04:27.357949  6374 raft_consensus.cc:2804] T ec5279b4edeb40f286263d828bb67211 P fd6c74a16e7546ada82453da186e6dac [term 3 FOLLOWER]: Leader election won for term 3
I20260713 09:04:27.358352  6374 raft_consensus.cc:697] T ec5279b4edeb40f286263d828bb67211 P fd6c74a16e7546ada82453da186e6dac [term 3 LEADER]: Becoming Leader. State: Replica: fd6c74a16e7546ada82453da186e6dac, State: Running, Role: LEADER
I20260713 09:04:27.359021  6374 consensus_queue.cc:237] T ec5279b4edeb40f286263d828bb67211 P fd6c74a16e7546ada82453da186e6dac [LEADER]: Queue going to LEADER mode. State: All replicated index: 0, Majority replicated index: 2, Committed index: 2, Last appended: 2.2, Last appended by leader: 2, Current term: 3, Majority size: 2, State: 0, Mode: LEADER, active raft config: opid_index: -1 OBSOLETE_local: false peers { permanent_uuid: "a33d5074312b42c795a5e503b68f8a33" member_type: VOTER last_known_addr { host: "127.5.204.1" port: 39211 } } peers { permanent_uuid: "c41161f6e40f43b0a75f66834cd8ec31" member_type: VOTER last_known_addr { host: "127.5.204.2" port: 42975 } } peers { permanent_uuid: "fd6c74a16e7546ada82453da186e6dac" member_type: VOTER last_known_addr { host: "127.5.204.3" port: 33443 } }
I20260713 09:04:27.365511  5968 catalog_manager.cc:5697] T ec5279b4edeb40f286263d828bb67211 P fd6c74a16e7546ada82453da186e6dac reported cstate change: term changed from 2 to 3, leader changed from c41161f6e40f43b0a75f66834cd8ec31 (127.5.204.2) to fd6c74a16e7546ada82453da186e6dac (127.5.204.3). New cstate: current_term: 3 leader_uuid: "fd6c74a16e7546ada82453da186e6dac" committed_config { opid_index: -1 OBSOLETE_local: false peers { permanent_uuid: "a33d5074312b42c795a5e503b68f8a33" member_type: VOTER last_known_addr { host: "127.5.204.1" port: 39211 } health_report { overall_health: UNKNOWN } } peers { permanent_uuid: "c41161f6e40f43b0a75f66834cd8ec31" member_type: VOTER last_known_addr { host: "127.5.204.2" port: 42975 } health_report { overall_health: UNKNOWN } } peers { permanent_uuid: "fd6c74a16e7546ada82453da186e6dac" member_type: VOTER last_known_addr { host: "127.5.204.3" port: 33443 } health_report { overall_health: HEALTHY } } }
I20260713 09:04:27.707623  6144 raft_consensus.cc:1275] T 64291639fd034285a026cd0362384440 P c41161f6e40f43b0a75f66834cd8ec31 [term 3 FOLLOWER]: Refusing update from remote peer fd6c74a16e7546ada82453da186e6dac: Log matching property violated. Preceding OpId in replica: term: 2 index: 2. Preceding OpId from leader: term: 3 index: 3. (index mismatch)
I20260713 09:04:27.708856  6374 consensus_queue.cc:1048] T 64291639fd034285a026cd0362384440 P fd6c74a16e7546ada82453da186e6dac [LEADER]: Connected to new peer: Peer: permanent_uuid: "c41161f6e40f43b0a75f66834cd8ec31" member_type: VOTER last_known_addr { host: "127.5.204.2" port: 42975 }, Status: LMP_MISMATCH, Last received: 0.0, Next index: 3, Last known committed idx: 2, Time since last communication: 0.000s
I20260713 09:04:27.720683  6069 raft_consensus.cc:1275] T 64291639fd034285a026cd0362384440 P a33d5074312b42c795a5e503b68f8a33 [term 3 FOLLOWER]: Refusing update from remote peer fd6c74a16e7546ada82453da186e6dac: Log matching property violated. Preceding OpId in replica: term: 2 index: 2. Preceding OpId from leader: term: 3 index: 3. (index mismatch)
I20260713 09:04:27.723063  6381 consensus_queue.cc:1048] T 64291639fd034285a026cd0362384440 P fd6c74a16e7546ada82453da186e6dac [LEADER]: Connected to new peer: Peer: permanent_uuid: "a33d5074312b42c795a5e503b68f8a33" member_type: VOTER last_known_addr { host: "127.5.204.1" port: 39211 }, Status: LMP_MISMATCH, Last received: 0.0, Next index: 3, Last known committed idx: 2, Time since last communication: 0.000s
I20260713 09:04:27.912881  5936 auto_leader_rebalancer.cc:141] leader rebalance for table test-workload
I20260713 09:04:27.922127  6070 tablet_service.cc:2072] Received LeaderStepDown RPC: tablet_id: "74c13b40129b4f7cab2334a4ded359ec"
dest_uuid: "a33d5074312b42c795a5e503b68f8a33"
mode: GRACEFUL
new_leader_uuid: "c41161f6e40f43b0a75f66834cd8ec31"
 from {username='slave'} at 127.0.0.1:35984
I20260713 09:04:27.922652  6070 raft_consensus.cc:606] T 74c13b40129b4f7cab2334a4ded359ec P a33d5074312b42c795a5e503b68f8a33 [term 1 LEADER]: Received request to transfer leadership to TS c41161f6e40f43b0a75f66834cd8ec31
I20260713 09:04:27.927137  6220 tablet_service.cc:2072] Received LeaderStepDown RPC: tablet_id: "64291639fd034285a026cd0362384440"
dest_uuid: "fd6c74a16e7546ada82453da186e6dac"
mode: GRACEFUL
new_leader_uuid: "c41161f6e40f43b0a75f66834cd8ec31"
 from {username='slave'} at 127.0.0.1:44992
I20260713 09:04:27.927789  6220 raft_consensus.cc:606] T 64291639fd034285a026cd0362384440 P fd6c74a16e7546ada82453da186e6dac [term 3 LEADER]: Received request to transfer leadership to TS c41161f6e40f43b0a75f66834cd8ec31
I20260713 09:04:27.933032  6070 raft_consensus.cc:1275] T ec5279b4edeb40f286263d828bb67211 P a33d5074312b42c795a5e503b68f8a33 [term 3 FOLLOWER]: Refusing update from remote peer fd6c74a16e7546ada82453da186e6dac: Log matching property violated. Preceding OpId in replica: term: 2 index: 2. Preceding OpId from leader: term: 3 index: 3. (index mismatch)
I20260713 09:04:27.933017  6069 tablet_service.cc:2072] Received LeaderStepDown RPC: tablet_id: "af4a9239446d41b9a1bfdc7d83d269b5"
dest_uuid: "a33d5074312b42c795a5e503b68f8a33"
mode: GRACEFUL
new_leader_uuid: "c41161f6e40f43b0a75f66834cd8ec31"
 from {username='slave'} at 127.0.0.1:35984
I20260713 09:04:27.933715  6069 raft_consensus.cc:606] T af4a9239446d41b9a1bfdc7d83d269b5 P a33d5074312b42c795a5e503b68f8a33 [term 2 LEADER]: Received request to transfer leadership to TS c41161f6e40f43b0a75f66834cd8ec31
I20260713 09:04:27.934342  6381 consensus_queue.cc:1048] T ec5279b4edeb40f286263d828bb67211 P fd6c74a16e7546ada82453da186e6dac [LEADER]: Connected to new peer: Peer: permanent_uuid: "a33d5074312b42c795a5e503b68f8a33" member_type: VOTER last_known_addr { host: "127.5.204.1" port: 39211 }, Status: LMP_MISMATCH, Last received: 0.0, Next index: 3, Last known committed idx: 2, Time since last communication: 0.000s
I20260713 09:04:27.938879  6070 tablet_service.cc:2072] Received LeaderStepDown RPC: tablet_id: "5776a6900cf0410c87417015d00fcf9f"
dest_uuid: "a33d5074312b42c795a5e503b68f8a33"
mode: GRACEFUL
new_leader_uuid: "c41161f6e40f43b0a75f66834cd8ec31"
 from {username='slave'} at 127.0.0.1:35984
I20260713 09:04:27.939457  6070 raft_consensus.cc:606] T 5776a6900cf0410c87417015d00fcf9f P a33d5074312b42c795a5e503b68f8a33 [term 2 LEADER]: Received request to transfer leadership to TS c41161f6e40f43b0a75f66834cd8ec31
I20260713 09:04:27.942739  6144 raft_consensus.cc:1275] T ec5279b4edeb40f286263d828bb67211 P c41161f6e40f43b0a75f66834cd8ec31 [term 3 FOLLOWER]: Refusing update from remote peer fd6c74a16e7546ada82453da186e6dac: Log matching property violated. Preceding OpId in replica: term: 2 index: 2. Preceding OpId from leader: term: 3 index: 3. (index mismatch)
I20260713 09:04:27.944068  6374 consensus_queue.cc:1048] T ec5279b4edeb40f286263d828bb67211 P fd6c74a16e7546ada82453da186e6dac [LEADER]: Connected to new peer: Peer: permanent_uuid: "c41161f6e40f43b0a75f66834cd8ec31" member_type: VOTER last_known_addr { host: "127.5.204.2" port: 42975 }, Status: LMP_MISMATCH, Last received: 0.0, Next index: 3, Last known committed idx: 2, Time since last communication: 0.000s
I20260713 09:04:27.959316  6220 tablet_service.cc:2072] Received LeaderStepDown RPC: tablet_id: "ec5279b4edeb40f286263d828bb67211"
dest_uuid: "fd6c74a16e7546ada82453da186e6dac"
mode: GRACEFUL
new_leader_uuid: "c41161f6e40f43b0a75f66834cd8ec31"
 from {username='slave'} at 127.0.0.1:44992
I20260713 09:04:27.959930  6220 raft_consensus.cc:606] T ec5279b4edeb40f286263d828bb67211 P fd6c74a16e7546ada82453da186e6dac [term 3 LEADER]: Received request to transfer leadership to TS c41161f6e40f43b0a75f66834cd8ec31
I20260713 09:04:28.002414  6380 raft_consensus.cc:993] T af4a9239446d41b9a1bfdc7d83d269b5 P a33d5074312b42c795a5e503b68f8a33: : Instructing follower c41161f6e40f43b0a75f66834cd8ec31 to start an election
I20260713 09:04:28.002869  6397 raft_consensus.cc:1081] T af4a9239446d41b9a1bfdc7d83d269b5 P a33d5074312b42c795a5e503b68f8a33 [term 2 LEADER]: Signalling peer c41161f6e40f43b0a75f66834cd8ec31 to start an election
I20260713 09:04:28.004312  6397 raft_consensus.cc:993] T 74c13b40129b4f7cab2334a4ded359ec P a33d5074312b42c795a5e503b68f8a33: : Instructing follower c41161f6e40f43b0a75f66834cd8ec31 to start an election
I20260713 09:04:28.004370  6144 tablet_service.cc:2044] Received Run Leader Election RPC: tablet_id: "af4a9239446d41b9a1bfdc7d83d269b5"
dest_uuid: "c41161f6e40f43b0a75f66834cd8ec31"
 from {username='slave'} at 127.0.0.1:34482
I20260713 09:04:28.004876  6380 raft_consensus.cc:1081] T 74c13b40129b4f7cab2334a4ded359ec P a33d5074312b42c795a5e503b68f8a33 [term 1 LEADER]: Signalling peer c41161f6e40f43b0a75f66834cd8ec31 to start an election
I20260713 09:04:28.004976  6144 raft_consensus.cc:493] T af4a9239446d41b9a1bfdc7d83d269b5 P c41161f6e40f43b0a75f66834cd8ec31 [term 2 FOLLOWER]: Starting forced leader election (received explicit request)
I20260713 09:04:28.005471  6144 raft_consensus.cc:3060] T af4a9239446d41b9a1bfdc7d83d269b5 P c41161f6e40f43b0a75f66834cd8ec31 [term 2 FOLLOWER]: Advancing to term 3
I20260713 09:04:28.006495  6143 tablet_service.cc:2044] Received Run Leader Election RPC: tablet_id: "74c13b40129b4f7cab2334a4ded359ec"
dest_uuid: "c41161f6e40f43b0a75f66834cd8ec31"
 from {username='slave'} at 127.0.0.1:34482
I20260713 09:04:28.006955  6143 raft_consensus.cc:493] T 74c13b40129b4f7cab2334a4ded359ec P c41161f6e40f43b0a75f66834cd8ec31 [term 1 FOLLOWER]: Starting forced leader election (received explicit request)
I20260713 09:04:28.007239  6143 raft_consensus.cc:3060] T 74c13b40129b4f7cab2334a4ded359ec P c41161f6e40f43b0a75f66834cd8ec31 [term 1 FOLLOWER]: Advancing to term 2
I20260713 09:04:28.009966  6144 raft_consensus.cc:515] T af4a9239446d41b9a1bfdc7d83d269b5 P c41161f6e40f43b0a75f66834cd8ec31 [term 3 FOLLOWER]: Starting forced leader election with config: opid_index: -1 OBSOLETE_local: false peers { permanent_uuid: "a33d5074312b42c795a5e503b68f8a33" member_type: VOTER last_known_addr { host: "127.5.204.1" port: 39211 } } peers { permanent_uuid: "c41161f6e40f43b0a75f66834cd8ec31" member_type: VOTER last_known_addr { host: "127.5.204.2" port: 42975 } } peers { permanent_uuid: "fd6c74a16e7546ada82453da186e6dac" member_type: VOTER last_known_addr { host: "127.5.204.3" port: 33443 } }
I20260713 09:04:28.011405  6144 leader_election.cc:290] T af4a9239446d41b9a1bfdc7d83d269b5 P c41161f6e40f43b0a75f66834cd8ec31 [CANDIDATE]: Term 3 election: Requested vote from peers a33d5074312b42c795a5e503b68f8a33 (127.5.204.1:39211), fd6c74a16e7546ada82453da186e6dac (127.5.204.3:33443)
I20260713 09:04:28.011662  6143 raft_consensus.cc:515] T 74c13b40129b4f7cab2334a4ded359ec P c41161f6e40f43b0a75f66834cd8ec31 [term 2 FOLLOWER]: Starting forced leader election with config: opid_index: -1 OBSOLETE_local: false peers { permanent_uuid: "c41161f6e40f43b0a75f66834cd8ec31" member_type: VOTER last_known_addr { host: "127.5.204.2" port: 42975 } } peers { permanent_uuid: "fd6c74a16e7546ada82453da186e6dac" member_type: VOTER last_known_addr { host: "127.5.204.3" port: 33443 } } peers { permanent_uuid: "a33d5074312b42c795a5e503b68f8a33" member_type: VOTER last_known_addr { host: "127.5.204.1" port: 39211 } }
I20260713 09:04:28.012295  6070 tablet_service.cc:1917] Received RequestConsensusVote() RPC: tablet_id: "af4a9239446d41b9a1bfdc7d83d269b5" candidate_uuid: "c41161f6e40f43b0a75f66834cd8ec31" candidate_term: 3 candidate_status { last_received { term: 2 index: 2 } } ignore_live_leader: true dest_uuid: "a33d5074312b42c795a5e503b68f8a33"
I20260713 09:04:28.012454  6220 tablet_service.cc:1917] Received RequestConsensusVote() RPC: tablet_id: "af4a9239446d41b9a1bfdc7d83d269b5" candidate_uuid: "c41161f6e40f43b0a75f66834cd8ec31" candidate_term: 3 candidate_status { last_received { term: 2 index: 2 } } ignore_live_leader: true dest_uuid: "fd6c74a16e7546ada82453da186e6dac"
I20260713 09:04:28.012821  6070 raft_consensus.cc:3055] T af4a9239446d41b9a1bfdc7d83d269b5 P a33d5074312b42c795a5e503b68f8a33 [term 2 LEADER]: Stepping down as leader of term 2
I20260713 09:04:28.013034  6220 raft_consensus.cc:3060] T af4a9239446d41b9a1bfdc7d83d269b5 P fd6c74a16e7546ada82453da186e6dac [term 2 FOLLOWER]: Advancing to term 3
I20260713 09:04:28.013166  6070 raft_consensus.cc:740] T af4a9239446d41b9a1bfdc7d83d269b5 P a33d5074312b42c795a5e503b68f8a33 [term 2 LEADER]: Becoming Follower/Learner. State: Replica: a33d5074312b42c795a5e503b68f8a33, State: Running, Role: LEADER
I20260713 09:04:28.013971  6070 consensus_queue.cc:260] T af4a9239446d41b9a1bfdc7d83d269b5 P a33d5074312b42c795a5e503b68f8a33 [NON_LEADER]: Queue going to NON_LEADER mode. State: All replicated index: 0, Majority replicated index: 2, Committed index: 2, Last appended: 2.2, Last appended by leader: 2, Current term: 2, Majority size: -1, State: 0, Mode: NON_LEADER, active raft config: opid_index: -1 OBSOLETE_local: false peers { permanent_uuid: "a33d5074312b42c795a5e503b68f8a33" member_type: VOTER last_known_addr { host: "127.5.204.1" port: 39211 } } peers { permanent_uuid: "c41161f6e40f43b0a75f66834cd8ec31" member_type: VOTER last_known_addr { host: "127.5.204.2" port: 42975 } } peers { permanent_uuid: "fd6c74a16e7546ada82453da186e6dac" member_type: VOTER last_known_addr { host: "127.5.204.3" port: 33443 } }
I20260713 09:04:28.014569  6219 tablet_service.cc:1917] Received RequestConsensusVote() RPC: tablet_id: "74c13b40129b4f7cab2334a4ded359ec" candidate_uuid: "c41161f6e40f43b0a75f66834cd8ec31" candidate_term: 2 candidate_status { last_received { term: 1 index: 1 } } ignore_live_leader: true dest_uuid: "fd6c74a16e7546ada82453da186e6dac"
I20260713 09:04:28.014760  6069 tablet_service.cc:1917] Received RequestConsensusVote() RPC: tablet_id: "74c13b40129b4f7cab2334a4ded359ec" candidate_uuid: "c41161f6e40f43b0a75f66834cd8ec31" candidate_term: 2 candidate_status { last_received { term: 1 index: 1 } } ignore_live_leader: true dest_uuid: "a33d5074312b42c795a5e503b68f8a33"
I20260713 09:04:28.015087  6219 raft_consensus.cc:3060] T 74c13b40129b4f7cab2334a4ded359ec P fd6c74a16e7546ada82453da186e6dac [term 1 FOLLOWER]: Advancing to term 2
I20260713 09:04:28.015038  6070 raft_consensus.cc:3060] T af4a9239446d41b9a1bfdc7d83d269b5 P a33d5074312b42c795a5e503b68f8a33 [term 2 FOLLOWER]: Advancing to term 3
I20260713 09:04:28.015349  6069 raft_consensus.cc:3055] T 74c13b40129b4f7cab2334a4ded359ec P a33d5074312b42c795a5e503b68f8a33 [term 1 LEADER]: Stepping down as leader of term 1
I20260713 09:04:28.015756  6069 raft_consensus.cc:740] T 74c13b40129b4f7cab2334a4ded359ec P a33d5074312b42c795a5e503b68f8a33 [term 1 LEADER]: Becoming Follower/Learner. State: Replica: a33d5074312b42c795a5e503b68f8a33, State: Running, Role: LEADER
I20260713 09:04:28.017812  6069 consensus_queue.cc:260] T 74c13b40129b4f7cab2334a4ded359ec P a33d5074312b42c795a5e503b68f8a33 [NON_LEADER]: Queue going to NON_LEADER mode. State: All replicated index: 0, Majority replicated index: 1, Committed index: 1, Last appended: 1.1, Last appended by leader: 1, Current term: 1, Majority size: -1, State: 0, Mode: NON_LEADER, active raft config: opid_index: -1 OBSOLETE_local: false peers { permanent_uuid: "c41161f6e40f43b0a75f66834cd8ec31" member_type: VOTER last_known_addr { host: "127.5.204.2" port: 42975 } } peers { permanent_uuid: "fd6c74a16e7546ada82453da186e6dac" member_type: VOTER last_known_addr { host: "127.5.204.3" port: 33443 } } peers { permanent_uuid: "a33d5074312b42c795a5e503b68f8a33" member_type: VOTER last_known_addr { host: "127.5.204.1" port: 39211 } }
I20260713 09:04:28.018805  6069 raft_consensus.cc:3060] T 74c13b40129b4f7cab2334a4ded359ec P a33d5074312b42c795a5e503b68f8a33 [term 1 FOLLOWER]: Advancing to term 2
I20260713 09:04:28.019599  6220 raft_consensus.cc:2468] T af4a9239446d41b9a1bfdc7d83d269b5 P fd6c74a16e7546ada82453da186e6dac [term 3 FOLLOWER]: Leader election vote request: Granting yes vote for candidate c41161f6e40f43b0a75f66834cd8ec31 in term 3.
I20260713 09:04:28.020678  6110 leader_election.cc:304] T af4a9239446d41b9a1bfdc7d83d269b5 P c41161f6e40f43b0a75f66834cd8ec31 [CANDIDATE]: Term 3 election: Election decided. Result: candidate won. Election summary: received 2 responses out of 3 voters: 2 yes votes; 0 no votes. yes voters: c41161f6e40f43b0a75f66834cd8ec31, fd6c74a16e7546ada82453da186e6dac; no voters: 
I20260713 09:04:28.020867  6143 leader_election.cc:290] T 74c13b40129b4f7cab2334a4ded359ec P c41161f6e40f43b0a75f66834cd8ec31 [CANDIDATE]: Term 2 election: Requested vote from peers fd6c74a16e7546ada82453da186e6dac (127.5.204.3:33443), a33d5074312b42c795a5e503b68f8a33 (127.5.204.1:39211)
I20260713 09:04:28.021546  6387 raft_consensus.cc:2804] T af4a9239446d41b9a1bfdc7d83d269b5 P c41161f6e40f43b0a75f66834cd8ec31 [term 3 FOLLOWER]: Leader election won for term 3
I20260713 09:04:28.021746  6070 raft_consensus.cc:2468] T af4a9239446d41b9a1bfdc7d83d269b5 P a33d5074312b42c795a5e503b68f8a33 [term 3 FOLLOWER]: Leader election vote request: Granting yes vote for candidate c41161f6e40f43b0a75f66834cd8ec31 in term 3.
I20260713 09:04:28.023164  6387 raft_consensus.cc:697] T af4a9239446d41b9a1bfdc7d83d269b5 P c41161f6e40f43b0a75f66834cd8ec31 [term 3 LEADER]: Becoming Leader. State: Replica: c41161f6e40f43b0a75f66834cd8ec31, State: Running, Role: LEADER
I20260713 09:04:28.024012  6387 consensus_queue.cc:237] T af4a9239446d41b9a1bfdc7d83d269b5 P c41161f6e40f43b0a75f66834cd8ec31 [LEADER]: Queue going to LEADER mode. State: All replicated index: 0, Majority replicated index: 2, Committed index: 2, Last appended: 2.2, Last appended by leader: 2, Current term: 3, Majority size: 2, State: 0, Mode: LEADER, active raft config: opid_index: -1 OBSOLETE_local: false peers { permanent_uuid: "a33d5074312b42c795a5e503b68f8a33" member_type: VOTER last_known_addr { host: "127.5.204.1" port: 39211 } } peers { permanent_uuid: "c41161f6e40f43b0a75f66834cd8ec31" member_type: VOTER last_known_addr { host: "127.5.204.2" port: 42975 } } peers { permanent_uuid: "fd6c74a16e7546ada82453da186e6dac" member_type: VOTER last_known_addr { host: "127.5.204.3" port: 33443 } }
I20260713 09:04:28.025753  6219 raft_consensus.cc:2468] T 74c13b40129b4f7cab2334a4ded359ec P fd6c74a16e7546ada82453da186e6dac [term 2 FOLLOWER]: Leader election vote request: Granting yes vote for candidate c41161f6e40f43b0a75f66834cd8ec31 in term 2.
I20260713 09:04:28.025713  6069 raft_consensus.cc:2468] T 74c13b40129b4f7cab2334a4ded359ec P a33d5074312b42c795a5e503b68f8a33 [term 2 FOLLOWER]: Leader election vote request: Granting yes vote for candidate c41161f6e40f43b0a75f66834cd8ec31 in term 2.
I20260713 09:04:28.026981  6110 leader_election.cc:304] T 74c13b40129b4f7cab2334a4ded359ec P c41161f6e40f43b0a75f66834cd8ec31 [CANDIDATE]: Term 2 election: Election decided. Result: candidate won. Election summary: received 2 responses out of 3 voters: 2 yes votes; 0 no votes. yes voters: c41161f6e40f43b0a75f66834cd8ec31, fd6c74a16e7546ada82453da186e6dac; no voters: 
I20260713 09:04:28.027872  6387 raft_consensus.cc:2804] T 74c13b40129b4f7cab2334a4ded359ec P c41161f6e40f43b0a75f66834cd8ec31 [term 2 FOLLOWER]: Leader election won for term 2
I20260713 09:04:28.028393  6387 raft_consensus.cc:697] T 74c13b40129b4f7cab2334a4ded359ec P c41161f6e40f43b0a75f66834cd8ec31 [term 2 LEADER]: Becoming Leader. State: Replica: c41161f6e40f43b0a75f66834cd8ec31, State: Running, Role: LEADER
I20260713 09:04:28.029181  6387 consensus_queue.cc:237] T 74c13b40129b4f7cab2334a4ded359ec P c41161f6e40f43b0a75f66834cd8ec31 [LEADER]: Queue going to LEADER mode. State: All replicated index: 0, Majority replicated index: 1, Committed index: 1, Last appended: 1.1, Last appended by leader: 1, Current term: 2, Majority size: 2, State: 0, Mode: LEADER, active raft config: opid_index: -1 OBSOLETE_local: false peers { permanent_uuid: "c41161f6e40f43b0a75f66834cd8ec31" member_type: VOTER last_known_addr { host: "127.5.204.2" port: 42975 } } peers { permanent_uuid: "fd6c74a16e7546ada82453da186e6dac" member_type: VOTER last_known_addr { host: "127.5.204.3" port: 33443 } } peers { permanent_uuid: "a33d5074312b42c795a5e503b68f8a33" member_type: VOTER last_known_addr { host: "127.5.204.1" port: 39211 } }
I20260713 09:04:28.031597  5967 catalog_manager.cc:5697] T af4a9239446d41b9a1bfdc7d83d269b5 P c41161f6e40f43b0a75f66834cd8ec31 reported cstate change: term changed from 2 to 3, leader changed from a33d5074312b42c795a5e503b68f8a33 (127.5.204.1) to c41161f6e40f43b0a75f66834cd8ec31 (127.5.204.2). New cstate: current_term: 3 leader_uuid: "c41161f6e40f43b0a75f66834cd8ec31" committed_config { opid_index: -1 OBSOLETE_local: false peers { permanent_uuid: "a33d5074312b42c795a5e503b68f8a33" member_type: VOTER last_known_addr { host: "127.5.204.1" port: 39211 } health_report { overall_health: UNKNOWN } } peers { permanent_uuid: "c41161f6e40f43b0a75f66834cd8ec31" member_type: VOTER last_known_addr { host: "127.5.204.2" port: 42975 } health_report { overall_health: HEALTHY } } peers { permanent_uuid: "fd6c74a16e7546ada82453da186e6dac" member_type: VOTER last_known_addr { host: "127.5.204.3" port: 33443 } health_report { overall_health: UNKNOWN } } }
I20260713 09:04:28.044628  5967 catalog_manager.cc:5697] T 74c13b40129b4f7cab2334a4ded359ec P c41161f6e40f43b0a75f66834cd8ec31 reported cstate change: term changed from 1 to 2, leader changed from a33d5074312b42c795a5e503b68f8a33 (127.5.204.1) to c41161f6e40f43b0a75f66834cd8ec31 (127.5.204.2). New cstate: current_term: 2 leader_uuid: "c41161f6e40f43b0a75f66834cd8ec31" committed_config { opid_index: -1 OBSOLETE_local: false peers { permanent_uuid: "c41161f6e40f43b0a75f66834cd8ec31" member_type: VOTER last_known_addr { host: "127.5.204.2" port: 42975 } health_report { overall_health: HEALTHY } } peers { permanent_uuid: "fd6c74a16e7546ada82453da186e6dac" member_type: VOTER last_known_addr { host: "127.5.204.3" port: 33443 } health_report { overall_health: UNKNOWN } } peers { permanent_uuid: "a33d5074312b42c795a5e503b68f8a33" member_type: VOTER last_known_addr { host: "127.5.204.1" port: 39211 } health_report { overall_health: UNKNOWN } } }
I20260713 09:04:28.215657  6397 raft_consensus.cc:993] T 5776a6900cf0410c87417015d00fcf9f P a33d5074312b42c795a5e503b68f8a33: : Instructing follower c41161f6e40f43b0a75f66834cd8ec31 to start an election
I20260713 09:04:28.216076  6380 raft_consensus.cc:1081] T 5776a6900cf0410c87417015d00fcf9f P a33d5074312b42c795a5e503b68f8a33 [term 2 LEADER]: Signalling peer c41161f6e40f43b0a75f66834cd8ec31 to start an election
I20260713 09:04:28.217494  6144 tablet_service.cc:2044] Received Run Leader Election RPC: tablet_id: "5776a6900cf0410c87417015d00fcf9f"
dest_uuid: "c41161f6e40f43b0a75f66834cd8ec31"
 from {username='slave'} at 127.0.0.1:34482
I20260713 09:04:28.217892  6144 raft_consensus.cc:493] T 5776a6900cf0410c87417015d00fcf9f P c41161f6e40f43b0a75f66834cd8ec31 [term 2 FOLLOWER]: Starting forced leader election (received explicit request)
I20260713 09:04:28.218113  6144 raft_consensus.cc:3060] T 5776a6900cf0410c87417015d00fcf9f P c41161f6e40f43b0a75f66834cd8ec31 [term 2 FOLLOWER]: Advancing to term 3
I20260713 09:04:28.221817  6144 raft_consensus.cc:515] T 5776a6900cf0410c87417015d00fcf9f P c41161f6e40f43b0a75f66834cd8ec31 [term 3 FOLLOWER]: Starting forced leader election with config: opid_index: -1 OBSOLETE_local: false peers { permanent_uuid: "a33d5074312b42c795a5e503b68f8a33" member_type: VOTER last_known_addr { host: "127.5.204.1" port: 39211 } } peers { permanent_uuid: "c41161f6e40f43b0a75f66834cd8ec31" member_type: VOTER last_known_addr { host: "127.5.204.2" port: 42975 } } peers { permanent_uuid: "fd6c74a16e7546ada82453da186e6dac" member_type: VOTER last_known_addr { host: "127.5.204.3" port: 33443 } }
I20260713 09:04:28.223078  6144 leader_election.cc:290] T 5776a6900cf0410c87417015d00fcf9f P c41161f6e40f43b0a75f66834cd8ec31 [CANDIDATE]: Term 3 election: Requested vote from peers a33d5074312b42c795a5e503b68f8a33 (127.5.204.1:39211), fd6c74a16e7546ada82453da186e6dac (127.5.204.3:33443)
I20260713 09:04:28.224072  6069 tablet_service.cc:1917] Received RequestConsensusVote() RPC: tablet_id: "5776a6900cf0410c87417015d00fcf9f" candidate_uuid: "c41161f6e40f43b0a75f66834cd8ec31" candidate_term: 3 candidate_status { last_received { term: 2 index: 2 } } ignore_live_leader: true dest_uuid: "a33d5074312b42c795a5e503b68f8a33"
I20260713 09:04:28.224179  6219 tablet_service.cc:1917] Received RequestConsensusVote() RPC: tablet_id: "5776a6900cf0410c87417015d00fcf9f" candidate_uuid: "c41161f6e40f43b0a75f66834cd8ec31" candidate_term: 3 candidate_status { last_received { term: 2 index: 2 } } ignore_live_leader: true dest_uuid: "fd6c74a16e7546ada82453da186e6dac"
I20260713 09:04:28.224634  6069 raft_consensus.cc:3055] T 5776a6900cf0410c87417015d00fcf9f P a33d5074312b42c795a5e503b68f8a33 [term 2 LEADER]: Stepping down as leader of term 2
I20260713 09:04:28.224804  6219 raft_consensus.cc:3060] T 5776a6900cf0410c87417015d00fcf9f P fd6c74a16e7546ada82453da186e6dac [term 2 FOLLOWER]: Advancing to term 3
I20260713 09:04:28.224982  6069 raft_consensus.cc:740] T 5776a6900cf0410c87417015d00fcf9f P a33d5074312b42c795a5e503b68f8a33 [term 2 LEADER]: Becoming Follower/Learner. State: Replica: a33d5074312b42c795a5e503b68f8a33, State: Running, Role: LEADER
I20260713 09:04:28.225936  6069 consensus_queue.cc:260] T 5776a6900cf0410c87417015d00fcf9f P a33d5074312b42c795a5e503b68f8a33 [NON_LEADER]: Queue going to NON_LEADER mode. State: All replicated index: 0, Majority replicated index: 2, Committed index: 2, Last appended: 2.2, Last appended by leader: 2, Current term: 2, Majority size: -1, State: 0, Mode: NON_LEADER, active raft config: opid_index: -1 OBSOLETE_local: false peers { permanent_uuid: "a33d5074312b42c795a5e503b68f8a33" member_type: VOTER last_known_addr { host: "127.5.204.1" port: 39211 } } peers { permanent_uuid: "c41161f6e40f43b0a75f66834cd8ec31" member_type: VOTER last_known_addr { host: "127.5.204.2" port: 42975 } } peers { permanent_uuid: "fd6c74a16e7546ada82453da186e6dac" member_type: VOTER last_known_addr { host: "127.5.204.3" port: 33443 } }
I20260713 09:04:28.226836  6069 raft_consensus.cc:3060] T 5776a6900cf0410c87417015d00fcf9f P a33d5074312b42c795a5e503b68f8a33 [term 2 FOLLOWER]: Advancing to term 3
I20260713 09:04:28.229707  6219 raft_consensus.cc:2468] T 5776a6900cf0410c87417015d00fcf9f P fd6c74a16e7546ada82453da186e6dac [term 3 FOLLOWER]: Leader election vote request: Granting yes vote for candidate c41161f6e40f43b0a75f66834cd8ec31 in term 3.
I20260713 09:04:28.230628  6110 leader_election.cc:304] T 5776a6900cf0410c87417015d00fcf9f P c41161f6e40f43b0a75f66834cd8ec31 [CANDIDATE]: Term 3 election: Election decided. Result: candidate won. Election summary: received 2 responses out of 3 voters: 2 yes votes; 0 no votes. yes voters: c41161f6e40f43b0a75f66834cd8ec31, fd6c74a16e7546ada82453da186e6dac; no voters: 
I20260713 09:04:28.231319  6387 raft_consensus.cc:2804] T 5776a6900cf0410c87417015d00fcf9f P c41161f6e40f43b0a75f66834cd8ec31 [term 3 FOLLOWER]: Leader election won for term 3
I20260713 09:04:28.231343  6069 raft_consensus.cc:2468] T 5776a6900cf0410c87417015d00fcf9f P a33d5074312b42c795a5e503b68f8a33 [term 3 FOLLOWER]: Leader election vote request: Granting yes vote for candidate c41161f6e40f43b0a75f66834cd8ec31 in term 3.
I20260713 09:04:28.231803  6387 raft_consensus.cc:697] T 5776a6900cf0410c87417015d00fcf9f P c41161f6e40f43b0a75f66834cd8ec31 [term 3 LEADER]: Becoming Leader. State: Replica: c41161f6e40f43b0a75f66834cd8ec31, State: Running, Role: LEADER
I20260713 09:04:28.232586  6387 consensus_queue.cc:237] T 5776a6900cf0410c87417015d00fcf9f P c41161f6e40f43b0a75f66834cd8ec31 [LEADER]: Queue going to LEADER mode. State: All replicated index: 0, Majority replicated index: 2, Committed index: 2, Last appended: 2.2, Last appended by leader: 2, Current term: 3, Majority size: 2, State: 0, Mode: LEADER, active raft config: opid_index: -1 OBSOLETE_local: false peers { permanent_uuid: "a33d5074312b42c795a5e503b68f8a33" member_type: VOTER last_known_addr { host: "127.5.204.1" port: 39211 } } peers { permanent_uuid: "c41161f6e40f43b0a75f66834cd8ec31" member_type: VOTER last_known_addr { host: "127.5.204.2" port: 42975 } } peers { permanent_uuid: "fd6c74a16e7546ada82453da186e6dac" member_type: VOTER last_known_addr { host: "127.5.204.3" port: 33443 } }
I20260713 09:04:28.238750  5967 catalog_manager.cc:5697] T 5776a6900cf0410c87417015d00fcf9f P c41161f6e40f43b0a75f66834cd8ec31 reported cstate change: term changed from 2 to 3, leader changed from a33d5074312b42c795a5e503b68f8a33 (127.5.204.1) to c41161f6e40f43b0a75f66834cd8ec31 (127.5.204.2). New cstate: current_term: 3 leader_uuid: "c41161f6e40f43b0a75f66834cd8ec31" committed_config { opid_index: -1 OBSOLETE_local: false peers { permanent_uuid: "a33d5074312b42c795a5e503b68f8a33" member_type: VOTER last_known_addr { host: "127.5.204.1" port: 39211 } health_report { overall_health: UNKNOWN } } peers { permanent_uuid: "c41161f6e40f43b0a75f66834cd8ec31" member_type: VOTER last_known_addr { host: "127.5.204.2" port: 42975 } health_report { overall_health: HEALTHY } } peers { permanent_uuid: "fd6c74a16e7546ada82453da186e6dac" member_type: VOTER last_known_addr { host: "127.5.204.3" port: 33443 } health_report { overall_health: UNKNOWN } } }
I20260713 09:04:28.282069  6381 raft_consensus.cc:993] T 64291639fd034285a026cd0362384440 P fd6c74a16e7546ada82453da186e6dac: : Instructing follower c41161f6e40f43b0a75f66834cd8ec31 to start an election
I20260713 09:04:28.282512  6374 raft_consensus.cc:1081] T 64291639fd034285a026cd0362384440 P fd6c74a16e7546ada82453da186e6dac [term 3 LEADER]: Signalling peer c41161f6e40f43b0a75f66834cd8ec31 to start an election
I20260713 09:04:28.283753  6144 tablet_service.cc:2044] Received Run Leader Election RPC: tablet_id: "64291639fd034285a026cd0362384440"
dest_uuid: "c41161f6e40f43b0a75f66834cd8ec31"
