I20260713 09:04:41.274984 12129 catalog_manager.cc:5697] T 06766932d88349d0a5aa1ebf290d3c93 P 94372d7a27f745289b6f601669d81bfa reported cstate change: term changed from 0 to 1, leader changed from <none> to 94372d7a27f745289b6f601669d81bfa (127.10.223.194). New cstate: current_term: 1 leader_uuid: "94372d7a27f745289b6f601669d81bfa" committed_config { opid_index: -1 OBSOLETE_local: false peers { permanent_uuid: "1641e7d55426424d930f6a5a07967014" member_type: VOTER last_known_addr { host: "127.10.223.193" port: 39305 } health_report { overall_health: UNKNOWN } } peers { permanent_uuid: "94372d7a27f745289b6f601669d81bfa" member_type: VOTER last_known_addr { host: "127.10.223.194" port: 39425 } health_report { overall_health: HEALTHY } } peers { permanent_uuid: "c8f6f2d61ae2437bbbb74573f184d610" member_type: VOTER last_known_addr { host: "127.10.223.195" port: 33021 } health_report { overall_health: UNKNOWN } } }
I20260713 09:04:41.276558 12429 raft_consensus.cc:493] T 9ff7e7f164654c199e3773b3db15ed55 P c8f6f2d61ae2437bbbb74573f184d610 [term 0 FOLLOWER]: Starting pre-election (no leader contacted us within the election timeout)
I20260713 09:04:41.276753 12420 raft_consensus.cc:359] T 1810b817c7424963950df573dfb86b5c P c8f6f2d61ae2437bbbb74573f184d610 [term 0 FOLLOWER]: Replica starting. Triggering 0 pending ops. Active config: opid_index: -1 OBSOLETE_local: false peers { permanent_uuid: "1641e7d55426424d930f6a5a07967014" member_type: VOTER last_known_addr { host: "127.10.223.193" port: 39305 } } peers { permanent_uuid: "94372d7a27f745289b6f601669d81bfa" member_type: VOTER last_known_addr { host: "127.10.223.194" port: 39425 } } peers { permanent_uuid: "c8f6f2d61ae2437bbbb74573f184d610" member_type: VOTER last_known_addr { host: "127.10.223.195" port: 33021 } }
I20260713 09:04:41.277470 12420 raft_consensus.cc:385] T 1810b817c7424963950df573dfb86b5c P c8f6f2d61ae2437bbbb74573f184d610 [term 0 FOLLOWER]: Consensus starting up: Expiring failure detector timer to make a prompt election more likely
I20260713 09:04:41.277215 12429 raft_consensus.cc:515] T 9ff7e7f164654c199e3773b3db15ed55 P c8f6f2d61ae2437bbbb74573f184d610 [term 0 FOLLOWER]: Starting pre-election with config: opid_index: -1 OBSOLETE_local: false peers { permanent_uuid: "1641e7d55426424d930f6a5a07967014" member_type: VOTER last_known_addr { host: "127.10.223.193" port: 39305 } } peers { permanent_uuid: "94372d7a27f745289b6f601669d81bfa" member_type: VOTER last_known_addr { host: "127.10.223.194" port: 39425 } } peers { permanent_uuid: "c8f6f2d61ae2437bbbb74573f184d610" member_type: VOTER last_known_addr { host: "127.10.223.195" port: 33021 } }
I20260713 09:04:41.277755 12420 raft_consensus.cc:740] T 1810b817c7424963950df573dfb86b5c P c8f6f2d61ae2437bbbb74573f184d610 [term 0 FOLLOWER]: Becoming Follower/Learner. State: Replica: c8f6f2d61ae2437bbbb74573f184d610, State: Initialized, Role: FOLLOWER
I20260713 09:04:41.278486 12420 consensus_queue.cc:260] T 1810b817c7424963950df573dfb86b5c P c8f6f2d61ae2437bbbb74573f184d610 [NON_LEADER]: Queue going to NON_LEADER mode. State: All replicated index: 0, Majority replicated index: 0, Committed index: 0, Last appended: 0.0, Last appended by leader: 0, Current term: 0, Majority size: -1, State: 0, Mode: NON_LEADER, active raft config: opid_index: -1 OBSOLETE_local: false peers { permanent_uuid: "1641e7d55426424d930f6a5a07967014" member_type: VOTER last_known_addr { host: "127.10.223.193" port: 39305 } } peers { permanent_uuid: "94372d7a27f745289b6f601669d81bfa" member_type: VOTER last_known_addr { host: "127.10.223.194" port: 39425 } } peers { permanent_uuid: "c8f6f2d61ae2437bbbb74573f184d610" member_type: VOTER last_known_addr { host: "127.10.223.195" port: 33021 } }
I20260713 09:04:41.279273 12429 leader_election.cc:290] T 9ff7e7f164654c199e3773b3db15ed55 P c8f6f2d61ae2437bbbb74573f184d610 [CANDIDATE]: Term 1 pre-election: Requested pre-vote from peers 1641e7d55426424d930f6a5a07967014 (127.10.223.193:39305), 94372d7a27f745289b6f601669d81bfa (127.10.223.194:39425)
I20260713 09:04:41.280583 12420 ts_tablet_manager.cc:1434] T 1810b817c7424963950df573dfb86b5c P c8f6f2d61ae2437bbbb74573f184d610: Time spent starting tablet: real 0.006s	user 0.002s	sys 0.002s
I20260713 09:04:41.281524 12420 tablet_bootstrap.cc:492] T ef6a9b21ce58462f8a38c9d82c927793 P c8f6f2d61ae2437bbbb74573f184d610: Bootstrap starting.
I20260713 09:04:41.281661 12231 tablet_service.cc:1917] Received RequestConsensusVote() RPC: tablet_id: "9ff7e7f164654c199e3773b3db15ed55" candidate_uuid: "c8f6f2d61ae2437bbbb74573f184d610" candidate_term: 1 candidate_status { last_received { term: 0 index: 0 } } ignore_live_leader: false dest_uuid: "1641e7d55426424d930f6a5a07967014" is_pre_election: true
I20260713 09:04:41.282289 12231 raft_consensus.cc:2468] T 9ff7e7f164654c199e3773b3db15ed55 P 1641e7d55426424d930f6a5a07967014 [term 0 FOLLOWER]: Leader pre-election vote request: Granting yes vote for candidate c8f6f2d61ae2437bbbb74573f184d610 in term 0.
I20260713 09:04:41.283878 12344 leader_election.cc:304] T 9ff7e7f164654c199e3773b3db15ed55 P c8f6f2d61ae2437bbbb74573f184d610 [CANDIDATE]: Term 1 pre-election: Election decided. Result: candidate won. Election summary: received 2 responses out of 3 voters: 2 yes votes; 0 no votes. yes voters: 1641e7d55426424d930f6a5a07967014, c8f6f2d61ae2437bbbb74573f184d610; no voters: 
I20260713 09:04:41.287132 12421 tablet_bootstrap.cc:654] T 5ac0214ea9f246a5b20bd43d07b04774 P 94372d7a27f745289b6f601669d81bfa: Neither blocks nor log segments found. Creating new log.
I20260713 09:04:41.292003 12422 ts_tablet_manager.cc:1434] T fffff82fce084c0e8af1538688863c5b P 1641e7d55426424d930f6a5a07967014: Time spent starting tablet: real 0.056s	user 0.010s	sys 0.017s
I20260713 09:04:41.287912 12420 tablet_bootstrap.cc:654] T ef6a9b21ce58462f8a38c9d82c927793 P c8f6f2d61ae2437bbbb74573f184d610: Neither blocks nor log segments found. Creating new log.
I20260713 09:04:41.288833 12429 raft_consensus.cc:2804] T 9ff7e7f164654c199e3773b3db15ed55 P c8f6f2d61ae2437bbbb74573f184d610 [term 0 FOLLOWER]: Leader pre-election won for term 1
I20260713 09:04:41.292512 12429 raft_consensus.cc:493] T 9ff7e7f164654c199e3773b3db15ed55 P c8f6f2d61ae2437bbbb74573f184d610 [term 0 FOLLOWER]: Starting leader election (no leader contacted us within the election timeout)
I20260713 09:04:41.292840 12429 raft_consensus.cc:3060] T 9ff7e7f164654c199e3773b3db15ed55 P c8f6f2d61ae2437bbbb74573f184d610 [term 0 FOLLOWER]: Advancing to term 1
I20260713 09:04:41.294746 12127 catalog_manager.cc:5697] T ef6a9b21ce58462f8a38c9d82c927793 P 1641e7d55426424d930f6a5a07967014 reported cstate change: term changed from 0 to 1, leader changed from <none> to 1641e7d55426424d930f6a5a07967014 (127.10.223.193). New cstate: current_term: 1 leader_uuid: "1641e7d55426424d930f6a5a07967014" committed_config { opid_index: -1 OBSOLETE_local: false peers { permanent_uuid: "1641e7d55426424d930f6a5a07967014" member_type: VOTER last_known_addr { host: "127.10.223.193" port: 39305 } health_report { overall_health: HEALTHY } } peers { permanent_uuid: "94372d7a27f745289b6f601669d81bfa" member_type: VOTER last_known_addr { host: "127.10.223.194" port: 39425 } health_report { overall_health: UNKNOWN } } peers { permanent_uuid: "c8f6f2d61ae2437bbbb74573f184d610" member_type: VOTER last_known_addr { host: "127.10.223.195" port: 33021 } health_report { overall_health: UNKNOWN } } }
I20260713 09:04:41.299815 12429 raft_consensus.cc:515] T 9ff7e7f164654c199e3773b3db15ed55 P c8f6f2d61ae2437bbbb74573f184d610 [term 1 FOLLOWER]: Starting leader election with config: opid_index: -1 OBSOLETE_local: false peers { permanent_uuid: "1641e7d55426424d930f6a5a07967014" member_type: VOTER last_known_addr { host: "127.10.223.193" port: 39305 } } peers { permanent_uuid: "94372d7a27f745289b6f601669d81bfa" member_type: VOTER last_known_addr { host: "127.10.223.194" port: 39425 } } peers { permanent_uuid: "c8f6f2d61ae2437bbbb74573f184d610" member_type: VOTER last_known_addr { host: "127.10.223.195" port: 33021 } }
I20260713 09:04:41.289501 12306 tablet_service.cc:1917] Received RequestConsensusVote() RPC: tablet_id: "9ff7e7f164654c199e3773b3db15ed55" candidate_uuid: "c8f6f2d61ae2437bbbb74573f184d610" candidate_term: 1 candidate_status { last_received { term: 0 index: 0 } } ignore_live_leader: false dest_uuid: "94372d7a27f745289b6f601669d81bfa" is_pre_election: true
W20260713 09:04:41.302405 12344 leader_election.cc:343] T 9ff7e7f164654c199e3773b3db15ed55 P c8f6f2d61ae2437bbbb74573f184d610 [CANDIDATE]: Term 1 pre-election: Tablet error from VoteRequest() call to peer 94372d7a27f745289b6f601669d81bfa (127.10.223.194:39425): Illegal state: must be running to vote when last-logged opid is not known
I20260713 09:04:41.303216 12429 leader_election.cc:290] T 9ff7e7f164654c199e3773b3db15ed55 P c8f6f2d61ae2437bbbb74573f184d610 [CANDIDATE]: Term 1 election: Requested vote from peers 1641e7d55426424d930f6a5a07967014 (127.10.223.193:39305), 94372d7a27f745289b6f601669d81bfa (127.10.223.194:39425)
I20260713 09:04:41.302523 12422 tablet_bootstrap.cc:492] T ca2cee86ffa6486ebe3e6e0586641c2f P 1641e7d55426424d930f6a5a07967014: Bootstrap starting.
I20260713 09:04:41.304487 12306 tablet_service.cc:1917] Received RequestConsensusVote() RPC: tablet_id: "9ff7e7f164654c199e3773b3db15ed55" candidate_uuid: "c8f6f2d61ae2437bbbb74573f184d610" candidate_term: 1 candidate_status { last_received { term: 0 index: 0 } } ignore_live_leader: false dest_uuid: "94372d7a27f745289b6f601669d81bfa"
I20260713 09:04:41.304804 12231 tablet_service.cc:1917] Received RequestConsensusVote() RPC: tablet_id: "9ff7e7f164654c199e3773b3db15ed55" candidate_uuid: "c8f6f2d61ae2437bbbb74573f184d610" candidate_term: 1 candidate_status { last_received { term: 0 index: 0 } } ignore_live_leader: false dest_uuid: "1641e7d55426424d930f6a5a07967014"
I20260713 09:04:41.305424 12231 raft_consensus.cc:3060] T 9ff7e7f164654c199e3773b3db15ed55 P 1641e7d55426424d930f6a5a07967014 [term 0 FOLLOWER]: Advancing to term 1
W20260713 09:04:41.305680 12344 leader_election.cc:343] T 9ff7e7f164654c199e3773b3db15ed55 P c8f6f2d61ae2437bbbb74573f184d610 [CANDIDATE]: Term 1 election: Tablet error from VoteRequest() call to peer 94372d7a27f745289b6f601669d81bfa (127.10.223.194:39425): Illegal state: must be running to vote when last-logged opid is not known
I20260713 09:04:41.309741 12422 tablet_bootstrap.cc:654] T ca2cee86ffa6486ebe3e6e0586641c2f P 1641e7d55426424d930f6a5a07967014: Neither blocks nor log segments found. Creating new log.
I20260713 09:04:41.310976 12421 tablet_bootstrap.cc:492] T 5ac0214ea9f246a5b20bd43d07b04774 P 94372d7a27f745289b6f601669d81bfa: No bootstrap required, opened a new log
I20260713 09:04:41.311426 12421 ts_tablet_manager.cc:1403] T 5ac0214ea9f246a5b20bd43d07b04774 P 94372d7a27f745289b6f601669d81bfa: Time spent bootstrapping tablet: real 0.039s	user 0.012s	sys 0.004s
I20260713 09:04:41.312422 12231 raft_consensus.cc:2468] T 9ff7e7f164654c199e3773b3db15ed55 P 1641e7d55426424d930f6a5a07967014 [term 1 FOLLOWER]: Leader election vote request: Granting yes vote for candidate c8f6f2d61ae2437bbbb74573f184d610 in term 1.
I20260713 09:04:41.313832 12344 leader_election.cc:304] T 9ff7e7f164654c199e3773b3db15ed55 P c8f6f2d61ae2437bbbb74573f184d610 [CANDIDATE]: Term 1 election: Election decided. Result: candidate won. Election summary: received 3 responses out of 3 voters: 2 yes votes; 1 no votes. yes voters: 1641e7d55426424d930f6a5a07967014, c8f6f2d61ae2437bbbb74573f184d610; no voters: 94372d7a27f745289b6f601669d81bfa
I20260713 09:04:41.315654 12429 raft_consensus.cc:2804] T 9ff7e7f164654c199e3773b3db15ed55 P c8f6f2d61ae2437bbbb74573f184d610 [term 1 FOLLOWER]: Leader election won for term 1
I20260713 09:04:41.316136 12429 raft_consensus.cc:697] T 9ff7e7f164654c199e3773b3db15ed55 P c8f6f2d61ae2437bbbb74573f184d610 [term 1 LEADER]: Becoming Leader. State: Replica: c8f6f2d61ae2437bbbb74573f184d610, State: Running, Role: LEADER
I20260713 09:04:41.316958 12429 consensus_queue.cc:237] T 9ff7e7f164654c199e3773b3db15ed55 P c8f6f2d61ae2437bbbb74573f184d610 [LEADER]: Queue going to LEADER mode. State: All replicated index: 0, Majority replicated index: 0, Committed index: 0, Last appended: 0.0, Last appended by leader: 0, Current term: 1, Majority size: 2, State: 0, Mode: LEADER, active raft config: opid_index: -1 OBSOLETE_local: false peers { permanent_uuid: "1641e7d55426424d930f6a5a07967014" member_type: VOTER last_known_addr { host: "127.10.223.193" port: 39305 } } peers { permanent_uuid: "94372d7a27f745289b6f601669d81bfa" member_type: VOTER last_known_addr { host: "127.10.223.194" port: 39425 } } peers { permanent_uuid: "c8f6f2d61ae2437bbbb74573f184d610" member_type: VOTER last_known_addr { host: "127.10.223.195" port: 33021 } }
I20260713 09:04:41.320632 12426 raft_consensus.cc:493] T fa55e2698542458fba0b4d70d587bdad P 94372d7a27f745289b6f601669d81bfa [term 0 FOLLOWER]: Starting pre-election (no leader contacted us within the election timeout)
I20260713 09:04:41.321143 12426 raft_consensus.cc:515] T fa55e2698542458fba0b4d70d587bdad P 94372d7a27f745289b6f601669d81bfa [term 0 FOLLOWER]: Starting pre-election with config: opid_index: -1 OBSOLETE_local: false peers { permanent_uuid: "1641e7d55426424d930f6a5a07967014" member_type: VOTER last_known_addr { host: "127.10.223.193" port: 39305 } } peers { permanent_uuid: "94372d7a27f745289b6f601669d81bfa" member_type: VOTER last_known_addr { host: "127.10.223.194" port: 39425 } } peers { permanent_uuid: "c8f6f2d61ae2437bbbb74573f184d610" member_type: VOTER last_known_addr { host: "127.10.223.195" port: 33021 } }
I20260713 09:04:41.323845 12426 leader_election.cc:290] T fa55e2698542458fba0b4d70d587bdad P 94372d7a27f745289b6f601669d81bfa [CANDIDATE]: Term 1 pre-election: Requested pre-vote from peers 1641e7d55426424d930f6a5a07967014 (127.10.223.193:39305), c8f6f2d61ae2437bbbb74573f184d610 (127.10.223.195:33021)
I20260713 09:04:41.325495 12379 tablet_service.cc:1917] Received RequestConsensusVote() RPC: tablet_id: "fa55e2698542458fba0b4d70d587bdad" candidate_uuid: "94372d7a27f745289b6f601669d81bfa" candidate_term: 1 candidate_status { last_received { term: 0 index: 0 } } ignore_live_leader: false dest_uuid: "c8f6f2d61ae2437bbbb74573f184d610" is_pre_election: true
I20260713 09:04:41.326161 12379 raft_consensus.cc:2468] T fa55e2698542458fba0b4d70d587bdad P c8f6f2d61ae2437bbbb74573f184d610 [term 0 FOLLOWER]: Leader pre-election vote request: Granting yes vote for candidate 94372d7a27f745289b6f601669d81bfa in term 0.
I20260713 09:04:41.327735 12271 leader_election.cc:304] T fa55e2698542458fba0b4d70d587bdad P 94372d7a27f745289b6f601669d81bfa [CANDIDATE]: Term 1 pre-election: Election decided. Result: candidate won. Election summary: received 2 responses out of 3 voters: 2 yes votes; 0 no votes. yes voters: 94372d7a27f745289b6f601669d81bfa, c8f6f2d61ae2437bbbb74573f184d610; no voters: 
I20260713 09:04:41.328711 12426 raft_consensus.cc:2804] T fa55e2698542458fba0b4d70d587bdad P 94372d7a27f745289b6f601669d81bfa [term 0 FOLLOWER]: Leader pre-election won for term 1
I20260713 09:04:41.328773 12421 raft_consensus.cc:359] T 5ac0214ea9f246a5b20bd43d07b04774 P 94372d7a27f745289b6f601669d81bfa [term 0 FOLLOWER]: Replica starting. Triggering 0 pending ops. Active config: opid_index: -1 OBSOLETE_local: false peers { permanent_uuid: "c8f6f2d61ae2437bbbb74573f184d610" member_type: VOTER last_known_addr { host: "127.10.223.195" port: 33021 } } peers { permanent_uuid: "94372d7a27f745289b6f601669d81bfa" member_type: VOTER last_known_addr { host: "127.10.223.194" port: 39425 } } peers { permanent_uuid: "1641e7d55426424d930f6a5a07967014" member_type: VOTER last_known_addr { host: "127.10.223.193" port: 39305 } }
I20260713 09:04:41.329270 12426 raft_consensus.cc:493] T fa55e2698542458fba0b4d70d587bdad P 94372d7a27f745289b6f601669d81bfa [term 0 FOLLOWER]: Starting leader election (no leader contacted us within the election timeout)
I20260713 09:04:41.329686 12421 raft_consensus.cc:385] T 5ac0214ea9f246a5b20bd43d07b04774 P 94372d7a27f745289b6f601669d81bfa [term 0 FOLLOWER]: Consensus starting up: Expiring failure detector timer to make a prompt election more likely
I20260713 09:04:41.330011 12421 raft_consensus.cc:740] T 5ac0214ea9f246a5b20bd43d07b04774 P 94372d7a27f745289b6f601669d81bfa [term 0 FOLLOWER]: Becoming Follower/Learner. State: Replica: 94372d7a27f745289b6f601669d81bfa, State: Initialized, Role: FOLLOWER
I20260713 09:04:41.330072 12426 raft_consensus.cc:3060] T fa55e2698542458fba0b4d70d587bdad P 94372d7a27f745289b6f601669d81bfa [term 0 FOLLOWER]: Advancing to term 1
I20260713 09:04:41.330399 12231 tablet_service.cc:1917] Received RequestConsensusVote() RPC: tablet_id: "fa55e2698542458fba0b4d70d587bdad" candidate_uuid: "94372d7a27f745289b6f601669d81bfa" candidate_term: 1 candidate_status { last_received { term: 0 index: 0 } } ignore_live_leader: false dest_uuid: "1641e7d55426424d930f6a5a07967014" is_pre_election: true
I20260713 09:04:41.331030 12231 raft_consensus.cc:2468] T fa55e2698542458fba0b4d70d587bdad P 1641e7d55426424d930f6a5a07967014 [term 0 FOLLOWER]: Leader pre-election vote request: Granting yes vote for candidate 94372d7a27f745289b6f601669d81bfa in term 0.
I20260713 09:04:41.331125 12421 consensus_queue.cc:260] T 5ac0214ea9f246a5b20bd43d07b04774 P 94372d7a27f745289b6f601669d81bfa [NON_LEADER]: Queue going to NON_LEADER mode. State: All replicated index: 0, Majority replicated index: 0, Committed index: 0, Last appended: 0.0, Last appended by leader: 0, Current term: 0, Majority size: -1, State: 0, Mode: NON_LEADER, active raft config: opid_index: -1 OBSOLETE_local: false peers { permanent_uuid: "c8f6f2d61ae2437bbbb74573f184d610" member_type: VOTER last_known_addr { host: "127.10.223.195" port: 33021 } } peers { permanent_uuid: "94372d7a27f745289b6f601669d81bfa" member_type: VOTER last_known_addr { host: "127.10.223.194" port: 39425 } } peers { permanent_uuid: "1641e7d55426424d930f6a5a07967014" member_type: VOTER last_known_addr { host: "127.10.223.193" port: 39305 } }
I20260713 09:04:41.333313 12421 ts_tablet_manager.cc:1434] T 5ac0214ea9f246a5b20bd43d07b04774 P 94372d7a27f745289b6f601669d81bfa: Time spent starting tablet: real 0.022s	user 0.006s	sys 0.000s
I20260713 09:04:41.336560 12420 tablet_bootstrap.cc:492] T ef6a9b21ce58462f8a38c9d82c927793 P c8f6f2d61ae2437bbbb74573f184d610: No bootstrap required, opened a new log
I20260713 09:04:41.336730 12421 tablet_bootstrap.cc:492] T 2606b1085430497794aef46adcc4b3a0 P 94372d7a27f745289b6f601669d81bfa: Bootstrap starting.
I20260713 09:04:41.337052 12420 ts_tablet_manager.cc:1403] T ef6a9b21ce58462f8a38c9d82c927793 P c8f6f2d61ae2437bbbb74573f184d610: Time spent bootstrapping tablet: real 0.056s	user 0.023s	sys 0.019s
I20260713 09:04:41.340305 12420 raft_consensus.cc:359] T ef6a9b21ce58462f8a38c9d82c927793 P c8f6f2d61ae2437bbbb74573f184d610 [term 0 FOLLOWER]: Replica starting. Triggering 0 pending ops. Active config: opid_index: -1 OBSOLETE_local: false peers { permanent_uuid: "1641e7d55426424d930f6a5a07967014" member_type: VOTER last_known_addr { host: "127.10.223.193" port: 39305 } } peers { permanent_uuid: "94372d7a27f745289b6f601669d81bfa" member_type: VOTER last_known_addr { host: "127.10.223.194" port: 39425 } } peers { permanent_uuid: "c8f6f2d61ae2437bbbb74573f184d610" member_type: VOTER last_known_addr { host: "127.10.223.195" port: 33021 } }
I20260713 09:04:41.340997 12420 raft_consensus.cc:385] T ef6a9b21ce58462f8a38c9d82c927793 P c8f6f2d61ae2437bbbb74573f184d610 [term 0 FOLLOWER]: Consensus starting up: Expiring failure detector timer to make a prompt election more likely
I20260713 09:04:41.341276 12420 raft_consensus.cc:740] T ef6a9b21ce58462f8a38c9d82c927793 P c8f6f2d61ae2437bbbb74573f184d610 [term 0 FOLLOWER]: Becoming Follower/Learner. State: Replica: c8f6f2d61ae2437bbbb74573f184d610, State: Initialized, Role: FOLLOWER
I20260713 09:04:41.342459 12420 consensus_queue.cc:260] T ef6a9b21ce58462f8a38c9d82c927793 P c8f6f2d61ae2437bbbb74573f184d610 [NON_LEADER]: Queue going to NON_LEADER mode. State: All replicated index: 0, Majority replicated index: 0, Committed index: 0, Last appended: 0.0, Last appended by leader: 0, Current term: 0, Majority size: -1, State: 0, Mode: NON_LEADER, active raft config: opid_index: -1 OBSOLETE_local: false peers { permanent_uuid: "1641e7d55426424d930f6a5a07967014" member_type: VOTER last_known_addr { host: "127.10.223.193" port: 39305 } } peers { permanent_uuid: "94372d7a27f745289b6f601669d81bfa" member_type: VOTER last_known_addr { host: "127.10.223.194" port: 39425 } } peers { permanent_uuid: "c8f6f2d61ae2437bbbb74573f184d610" member_type: VOTER last_known_addr { host: "127.10.223.195" port: 33021 } }
I20260713 09:04:41.344799 12420 ts_tablet_manager.cc:1434] T ef6a9b21ce58462f8a38c9d82c927793 P c8f6f2d61ae2437bbbb74573f184d610: Time spent starting tablet: real 0.007s	user 0.007s	sys 0.000s
I20260713 09:04:41.345795 12420 tablet_bootstrap.cc:492] T ecae67bc66644b99af6fc2e876429500 P c8f6f2d61ae2437bbbb74573f184d610: Bootstrap starting.
I20260713 09:04:41.354161 12420 tablet_bootstrap.cc:654] T ecae67bc66644b99af6fc2e876429500 P c8f6f2d61ae2437bbbb74573f184d610: Neither blocks nor log segments found. Creating new log.
I20260713 09:04:41.355430 12426 raft_consensus.cc:515] T fa55e2698542458fba0b4d70d587bdad P 94372d7a27f745289b6f601669d81bfa [term 1 FOLLOWER]: Starting leader election with config: opid_index: -1 OBSOLETE_local: false peers { permanent_uuid: "1641e7d55426424d930f6a5a07967014" member_type: VOTER last_known_addr { host: "127.10.223.193" port: 39305 } } peers { permanent_uuid: "94372d7a27f745289b6f601669d81bfa" member_type: VOTER last_known_addr { host: "127.10.223.194" port: 39425 } } peers { permanent_uuid: "c8f6f2d61ae2437bbbb74573f184d610" member_type: VOTER last_known_addr { host: "127.10.223.195" port: 33021 } }
I20260713 09:04:41.359001 12231 tablet_service.cc:1917] Received RequestConsensusVote() RPC: tablet_id: "fa55e2698542458fba0b4d70d587bdad" candidate_uuid: "94372d7a27f745289b6f601669d81bfa" candidate_term: 1 candidate_status { last_received { term: 0 index: 0 } } ignore_live_leader: false dest_uuid: "1641e7d55426424d930f6a5a07967014"
I20260713 09:04:41.359577 12231 raft_consensus.cc:3060] T fa55e2698542458fba0b4d70d587bdad P 1641e7d55426424d930f6a5a07967014 [term 0 FOLLOWER]: Advancing to term 1
I20260713 09:04:41.360571 12379 tablet_service.cc:1917] Received RequestConsensusVote() RPC: tablet_id: "fa55e2698542458fba0b4d70d587bdad" candidate_uuid: "94372d7a27f745289b6f601669d81bfa" candidate_term: 1 candidate_status { last_received { term: 0 index: 0 } } ignore_live_leader: false dest_uuid: "c8f6f2d61ae2437bbbb74573f184d610"
I20260713 09:04:41.360082 12127 catalog_manager.cc:5697] T 9ff7e7f164654c199e3773b3db15ed55 P c8f6f2d61ae2437bbbb74573f184d610 reported cstate change: term changed from 0 to 1, leader changed from <none> to c8f6f2d61ae2437bbbb74573f184d610 (127.10.223.195). New cstate: current_term: 1 leader_uuid: "c8f6f2d61ae2437bbbb74573f184d610" committed_config { opid_index: -1 OBSOLETE_local: false peers { permanent_uuid: "1641e7d55426424d930f6a5a07967014" member_type: VOTER last_known_addr { host: "127.10.223.193" port: 39305 } health_report { overall_health: UNKNOWN } } peers { permanent_uuid: "94372d7a27f745289b6f601669d81bfa" member_type: VOTER last_known_addr { host: "127.10.223.194" port: 39425 } health_report { overall_health: UNKNOWN } } peers { permanent_uuid: "c8f6f2d61ae2437bbbb74573f184d610" member_type: VOTER last_known_addr { host: "127.10.223.195" port: 33021 } health_report { overall_health: HEALTHY } } }
I20260713 09:04:41.361119 12379 raft_consensus.cc:3060] T fa55e2698542458fba0b4d70d587bdad P c8f6f2d61ae2437bbbb74573f184d610 [term 0 FOLLOWER]: Advancing to term 1
I20260713 09:04:41.367995 12379 raft_consensus.cc:2468] T fa55e2698542458fba0b4d70d587bdad P c8f6f2d61ae2437bbbb74573f184d610 [term 1 FOLLOWER]: Leader election vote request: Granting yes vote for candidate 94372d7a27f745289b6f601669d81bfa in term 1.
I20260713 09:04:41.368575 12231 raft_consensus.cc:2468] T fa55e2698542458fba0b4d70d587bdad P 1641e7d55426424d930f6a5a07967014 [term 1 FOLLOWER]: Leader election vote request: Granting yes vote for candidate 94372d7a27f745289b6f601669d81bfa in term 1.
I20260713 09:04:41.369241 12271 leader_election.cc:304] T fa55e2698542458fba0b4d70d587bdad P 94372d7a27f745289b6f601669d81bfa [CANDIDATE]: Term 1 election: Election decided. Result: candidate won. Election summary: received 2 responses out of 3 voters: 2 yes votes; 0 no votes. yes voters: 94372d7a27f745289b6f601669d81bfa, c8f6f2d61ae2437bbbb74573f184d610; no voters: 
I20260713 09:04:41.358961 12421 tablet_bootstrap.cc:654] T 2606b1085430497794aef46adcc4b3a0 P 94372d7a27f745289b6f601669d81bfa: Neither blocks nor log segments found. Creating new log.
I20260713 09:04:41.370169 12457 raft_consensus.cc:2804] T fa55e2698542458fba0b4d70d587bdad P 94372d7a27f745289b6f601669d81bfa [term 1 FOLLOWER]: Leader election won for term 1
I20260713 09:04:41.370599 12457 raft_consensus.cc:697] T fa55e2698542458fba0b4d70d587bdad P 94372d7a27f745289b6f601669d81bfa [term 1 LEADER]: Becoming Leader. State: Replica: 94372d7a27f745289b6f601669d81bfa, State: Running, Role: LEADER
I20260713 09:04:41.371380 12457 consensus_queue.cc:237] T fa55e2698542458fba0b4d70d587bdad P 94372d7a27f745289b6f601669d81bfa [LEADER]: Queue going to LEADER mode. State: All replicated index: 0, Majority replicated index: 0, Committed index: 0, Last appended: 0.0, Last appended by leader: 0, Current term: 1, Majority size: 2, State: 0, Mode: LEADER, active raft config: opid_index: -1 OBSOLETE_local: false peers { permanent_uuid: "1641e7d55426424d930f6a5a07967014" member_type: VOTER last_known_addr { host: "127.10.223.193" port: 39305 } } peers { permanent_uuid: "94372d7a27f745289b6f601669d81bfa" member_type: VOTER last_known_addr { host: "127.10.223.194" port: 39425 } } peers { permanent_uuid: "c8f6f2d61ae2437bbbb74573f184d610" member_type: VOTER last_known_addr { host: "127.10.223.195" port: 33021 } }
I20260713 09:04:41.376644 12426 leader_election.cc:290] T fa55e2698542458fba0b4d70d587bdad P 94372d7a27f745289b6f601669d81bfa [CANDIDATE]: Term 1 election: Requested vote from peers 1641e7d55426424d930f6a5a07967014 (127.10.223.193:39305), c8f6f2d61ae2437bbbb74573f184d610 (127.10.223.195:33021)
I20260713 09:04:41.378794 12422 tablet_bootstrap.cc:492] T ca2cee86ffa6486ebe3e6e0586641c2f P 1641e7d55426424d930f6a5a07967014: No bootstrap required, opened a new log
I20260713 09:04:41.379323 12422 ts_tablet_manager.cc:1403] T ca2cee86ffa6486ebe3e6e0586641c2f P 1641e7d55426424d930f6a5a07967014: Time spent bootstrapping tablet: real 0.077s	user 0.023s	sys 0.031s
I20260713 09:04:41.381876 12422 raft_consensus.cc:359] T ca2cee86ffa6486ebe3e6e0586641c2f P 1641e7d55426424d930f6a5a07967014 [term 0 FOLLOWER]: Replica starting. Triggering 0 pending ops. Active config: opid_index: -1 OBSOLETE_local: false peers { permanent_uuid: "1641e7d55426424d930f6a5a07967014" member_type: VOTER last_known_addr { host: "127.10.223.193" port: 39305 } } peers { permanent_uuid: "94372d7a27f745289b6f601669d81bfa" member_type: VOTER last_known_addr { host: "127.10.223.194" port: 39425 } } peers { permanent_uuid: "c8f6f2d61ae2437bbbb74573f184d610" member_type: VOTER last_known_addr { host: "127.10.223.195" port: 33021 } }
I20260713 09:04:41.382576 12422 raft_consensus.cc:385] T ca2cee86ffa6486ebe3e6e0586641c2f P 1641e7d55426424d930f6a5a07967014 [term 0 FOLLOWER]: Consensus starting up: Expiring failure detector timer to make a prompt election more likely
I20260713 09:04:41.382923 12422 raft_consensus.cc:740] T ca2cee86ffa6486ebe3e6e0586641c2f P 1641e7d55426424d930f6a5a07967014 [term 0 FOLLOWER]: Becoming Follower/Learner. State: Replica: 1641e7d55426424d930f6a5a07967014, State: Initialized, Role: FOLLOWER
I20260713 09:04:41.382508 12128 catalog_manager.cc:5697] T fa55e2698542458fba0b4d70d587bdad P 94372d7a27f745289b6f601669d81bfa reported cstate change: term changed from 0 to 1, leader changed from <none> to 94372d7a27f745289b6f601669d81bfa (127.10.223.194). New cstate: current_term: 1 leader_uuid: "94372d7a27f745289b6f601669d81bfa" committed_config { opid_index: -1 OBSOLETE_local: false peers { permanent_uuid: "1641e7d55426424d930f6a5a07967014" member_type: VOTER last_known_addr { host: "127.10.223.193" port: 39305 } health_report { overall_health: UNKNOWN } } peers { permanent_uuid: "94372d7a27f745289b6f601669d81bfa" member_type: VOTER last_known_addr { host: "127.10.223.194" port: 39425 } health_report { overall_health: HEALTHY } } peers { permanent_uuid: "c8f6f2d61ae2437bbbb74573f184d610" member_type: VOTER last_known_addr { host: "127.10.223.195" port: 33021 } health_report { overall_health: UNKNOWN } } }
I20260713 09:04:41.383651 12422 consensus_queue.cc:260] T ca2cee86ffa6486ebe3e6e0586641c2f P 1641e7d55426424d930f6a5a07967014 [NON_LEADER]: Queue going to NON_LEADER mode. State: All replicated index: 0, Majority replicated index: 0, Committed index: 0, Last appended: 0.0, Last appended by leader: 0, Current term: 0, Majority size: -1, State: 0, Mode: NON_LEADER, active raft config: opid_index: -1 OBSOLETE_local: false peers { permanent_uuid: "1641e7d55426424d930f6a5a07967014" member_type: VOTER last_known_addr { host: "127.10.223.193" port: 39305 } } peers { permanent_uuid: "94372d7a27f745289b6f601669d81bfa" member_type: VOTER last_known_addr { host: "127.10.223.194" port: 39425 } } peers { permanent_uuid: "c8f6f2d61ae2437bbbb74573f184d610" member_type: VOTER last_known_addr { host: "127.10.223.195" port: 33021 } }
I20260713 09:04:41.384795 12420 tablet_bootstrap.cc:492] T ecae67bc66644b99af6fc2e876429500 P c8f6f2d61ae2437bbbb74573f184d610: No bootstrap required, opened a new log
I20260713 09:04:41.385306 12420 ts_tablet_manager.cc:1403] T ecae67bc66644b99af6fc2e876429500 P c8f6f2d61ae2437bbbb74573f184d610: Time spent bootstrapping tablet: real 0.040s	user 0.012s	sys 0.025s
I20260713 09:04:41.386890 12421 tablet_bootstrap.cc:492] T 2606b1085430497794aef46adcc4b3a0 P 94372d7a27f745289b6f601669d81bfa: No bootstrap required, opened a new log
I20260713 09:04:41.387305 12421 ts_tablet_manager.cc:1403] T 2606b1085430497794aef46adcc4b3a0 P 94372d7a27f745289b6f601669d81bfa: Time spent bootstrapping tablet: real 0.051s	user 0.013s	sys 0.003s
I20260713 09:04:41.387831 12422 ts_tablet_manager.cc:1434] T ca2cee86ffa6486ebe3e6e0586641c2f P 1641e7d55426424d930f6a5a07967014: Time spent starting tablet: real 0.008s	user 0.004s	sys 0.000s
I20260713 09:04:41.388098 12420 raft_consensus.cc:359] T ecae67bc66644b99af6fc2e876429500 P c8f6f2d61ae2437bbbb74573f184d610 [term 0 FOLLOWER]: Replica starting. Triggering 0 pending ops. Active config: opid_index: -1 OBSOLETE_local: false peers { permanent_uuid: "1641e7d55426424d930f6a5a07967014" member_type: VOTER last_known_addr { host: "127.10.223.193" port: 39305 } } peers { permanent_uuid: "94372d7a27f745289b6f601669d81bfa" member_type: VOTER last_known_addr { host: "127.10.223.194" port: 39425 } } peers { permanent_uuid: "c8f6f2d61ae2437bbbb74573f184d610" member_type: VOTER last_known_addr { host: "127.10.223.195" port: 33021 } }
I20260713 09:04:41.388695 12422 tablet_bootstrap.cc:492] T 2606b1085430497794aef46adcc4b3a0 P 1641e7d55426424d930f6a5a07967014: Bootstrap starting.
I20260713 09:04:41.388813 12420 raft_consensus.cc:385] T ecae67bc66644b99af6fc2e876429500 P c8f6f2d61ae2437bbbb74573f184d610 [term 0 FOLLOWER]: Consensus starting up: Expiring failure detector timer to make a prompt election more likely
I20260713 09:04:41.389227 12420 raft_consensus.cc:740] T ecae67bc66644b99af6fc2e876429500 P c8f6f2d61ae2437bbbb74573f184d610 [term 0 FOLLOWER]: Becoming Follower/Learner. State: Replica: c8f6f2d61ae2437bbbb74573f184d610, State: Initialized, Role: FOLLOWER
I20260713 09:04:41.389791 12421 raft_consensus.cc:359] T 2606b1085430497794aef46adcc4b3a0 P 94372d7a27f745289b6f601669d81bfa [term 0 FOLLOWER]: Replica starting. Triggering 0 pending ops. Active config: opid_index: -1 OBSOLETE_local: false peers { permanent_uuid: "1641e7d55426424d930f6a5a07967014" member_type: VOTER last_known_addr { host: "127.10.223.193" port: 39305 } } peers { permanent_uuid: "94372d7a27f745289b6f601669d81bfa" member_type: VOTER last_known_addr { host: "127.10.223.194" port: 39425 } } peers { permanent_uuid: "c8f6f2d61ae2437bbbb74573f184d610" member_type: VOTER last_known_addr { host: "127.10.223.195" port: 33021 } }
I20260713 09:04:41.390408 12421 raft_consensus.cc:385] T 2606b1085430497794aef46adcc4b3a0 P 94372d7a27f745289b6f601669d81bfa [term 0 FOLLOWER]: Consensus starting up: Expiring failure detector timer to make a prompt election more likely
I20260713 09:04:41.390097 12420 consensus_queue.cc:260] T ecae67bc66644b99af6fc2e876429500 P c8f6f2d61ae2437bbbb74573f184d610 [NON_LEADER]: Queue going to NON_LEADER mode. State: All replicated index: 0, Majority replicated index: 0, Committed index: 0, Last appended: 0.0, Last appended by leader: 0, Current term: 0, Majority size: -1, State: 0, Mode: NON_LEADER, active raft config: opid_index: -1 OBSOLETE_local: false peers { permanent_uuid: "1641e7d55426424d930f6a5a07967014" member_type: VOTER last_known_addr { host: "127.10.223.193" port: 39305 } } peers { permanent_uuid: "94372d7a27f745289b6f601669d81bfa" member_type: VOTER last_known_addr { host: "127.10.223.194" port: 39425 } } peers { permanent_uuid: "c8f6f2d61ae2437bbbb74573f184d610" member_type: VOTER last_known_addr { host: "127.10.223.195" port: 33021 } }
I20260713 09:04:41.390672 12421 raft_consensus.cc:740] T 2606b1085430497794aef46adcc4b3a0 P 94372d7a27f745289b6f601669d81bfa [term 0 FOLLOWER]: Becoming Follower/Learner. State: Replica: 94372d7a27f745289b6f601669d81bfa, State: Initialized, Role: FOLLOWER
I20260713 09:04:41.391291 12421 consensus_queue.cc:260] T 2606b1085430497794aef46adcc4b3a0 P 94372d7a27f745289b6f601669d81bfa [NON_LEADER]: Queue going to NON_LEADER mode. State: All replicated index: 0, Majority replicated index: 0, Committed index: 0, Last appended: 0.0, Last appended by leader: 0, Current term: 0, Majority size: -1, State: 0, Mode: NON_LEADER, active raft config: opid_index: -1 OBSOLETE_local: false peers { permanent_uuid: "1641e7d55426424d930f6a5a07967014" member_type: VOTER last_known_addr { host: "127.10.223.193" port: 39305 } } peers { permanent_uuid: "94372d7a27f745289b6f601669d81bfa" member_type: VOTER last_known_addr { host: "127.10.223.194" port: 39425 } } peers { permanent_uuid: "c8f6f2d61ae2437bbbb74573f184d610" member_type: VOTER last_known_addr { host: "127.10.223.195" port: 33021 } }
I20260713 09:04:41.393168 12421 ts_tablet_manager.cc:1434] T 2606b1085430497794aef46adcc4b3a0 P 94372d7a27f745289b6f601669d81bfa: Time spent starting tablet: real 0.006s	user 0.004s	sys 0.000s
I20260713 09:04:41.394008 12421 tablet_bootstrap.cc:492] T 9ff7e7f164654c199e3773b3db15ed55 P 94372d7a27f745289b6f601669d81bfa: Bootstrap starting.
I20260713 09:04:41.397589 12420 ts_tablet_manager.cc:1434] T ecae67bc66644b99af6fc2e876429500 P c8f6f2d61ae2437bbbb74573f184d610: Time spent starting tablet: real 0.012s	user 0.006s	sys 0.000s
I20260713 09:04:41.398517 12420 tablet_bootstrap.cc:492] T 06766932d88349d0a5aa1ebf290d3c93 P c8f6f2d61ae2437bbbb74573f184d610: Bootstrap starting.
I20260713 09:04:41.399247 12421 tablet_bootstrap.cc:654] T 9ff7e7f164654c199e3773b3db15ed55 P 94372d7a27f745289b6f601669d81bfa: Neither blocks nor log segments found. Creating new log.
I20260713 09:04:41.395016 12422 tablet_bootstrap.cc:654] T 2606b1085430497794aef46adcc4b3a0 P 1641e7d55426424d930f6a5a07967014: Neither blocks nor log segments found. Creating new log.
I20260713 09:04:41.404008 12420 tablet_bootstrap.cc:654] T 06766932d88349d0a5aa1ebf290d3c93 P c8f6f2d61ae2437bbbb74573f184d610: Neither blocks nor log segments found. Creating new log.
I20260713 09:04:41.406054 12426 raft_consensus.cc:493] T 2606b1085430497794aef46adcc4b3a0 P 94372d7a27f745289b6f601669d81bfa [term 0 FOLLOWER]: Starting pre-election (no leader contacted us within the election timeout)
I20260713 09:04:41.406540 12426 raft_consensus.cc:515] T 2606b1085430497794aef46adcc4b3a0 P 94372d7a27f745289b6f601669d81bfa [term 0 FOLLOWER]: Starting pre-election with config: opid_index: -1 OBSOLETE_local: false peers { permanent_uuid: "1641e7d55426424d930f6a5a07967014" member_type: VOTER last_known_addr { host: "127.10.223.193" port: 39305 } } peers { permanent_uuid: "94372d7a27f745289b6f601669d81bfa" member_type: VOTER last_known_addr { host: "127.10.223.194" port: 39425 } } peers { permanent_uuid: "c8f6f2d61ae2437bbbb74573f184d610" member_type: VOTER last_known_addr { host: "127.10.223.195" port: 33021 } }
I20260713 09:04:41.408584 12426 leader_election.cc:290] T 2606b1085430497794aef46adcc4b3a0 P 94372d7a27f745289b6f601669d81bfa [CANDIDATE]: Term 1 pre-election: Requested pre-vote from peers 1641e7d55426424d930f6a5a07967014 (127.10.223.193:39305), c8f6f2d61ae2437bbbb74573f184d610 (127.10.223.195:33021)
I20260713 09:04:41.412606 12379 tablet_service.cc:1917] Received RequestConsensusVote() RPC: tablet_id: "2606b1085430497794aef46adcc4b3a0" candidate_uuid: "94372d7a27f745289b6f601669d81bfa" candidate_term: 1 candidate_status { last_received { term: 0 index: 0 } } ignore_live_leader: false dest_uuid: "c8f6f2d61ae2437bbbb74573f184d610" is_pre_election: true
I20260713 09:04:41.413286 12379 raft_consensus.cc:2468] T 2606b1085430497794aef46adcc4b3a0 P c8f6f2d61ae2437bbbb74573f184d610 [term 0 FOLLOWER]: Leader pre-election vote request: Granting yes vote for candidate 94372d7a27f745289b6f601669d81bfa in term 0.
I20260713 09:04:41.414640 12271 leader_election.cc:304] T 2606b1085430497794aef46adcc4b3a0 P 94372d7a27f745289b6f601669d81bfa [CANDIDATE]: Term 1 pre-election: Election decided. Result: candidate won. Election summary: received 2 responses out of 3 voters: 2 yes votes; 0 no votes. yes voters: 94372d7a27f745289b6f601669d81bfa, c8f6f2d61ae2437bbbb74573f184d610; no voters: 
I20260713 09:04:41.416152 12420 tablet_bootstrap.cc:492] T 06766932d88349d0a5aa1ebf290d3c93 P c8f6f2d61ae2437bbbb74573f184d610: No bootstrap required, opened a new log
I20260713 09:04:41.416713 12420 ts_tablet_manager.cc:1403] T 06766932d88349d0a5aa1ebf290d3c93 P c8f6f2d61ae2437bbbb74573f184d610: Time spent bootstrapping tablet: real 0.018s	user 0.012s	sys 0.004s
I20260713 09:04:41.417507 12231 tablet_service.cc:1917] Received RequestConsensusVote() RPC: tablet_id: "2606b1085430497794aef46adcc4b3a0" candidate_uuid: "94372d7a27f745289b6f601669d81bfa" candidate_term: 1 candidate_status { last_received { term: 0 index: 0 } } ignore_live_leader: false dest_uuid: "1641e7d55426424d930f6a5a07967014" is_pre_election: true
W20260713 09:04:41.419108 12270 leader_election.cc:343] T 2606b1085430497794aef46adcc4b3a0 P 94372d7a27f745289b6f601669d81bfa [CANDIDATE]: Term 1 pre-election: Tablet error from VoteRequest() call to peer 1641e7d55426424d930f6a5a07967014 (127.10.223.193:39305): Illegal state: must be running to vote when last-logged opid is not known
I20260713 09:04:41.420018 12426 raft_consensus.cc:2804] T 2606b1085430497794aef46adcc4b3a0 P 94372d7a27f745289b6f601669d81bfa [term 0 FOLLOWER]: Leader pre-election won for term 1
I20260713 09:04:41.419869 12420 raft_consensus.cc:359] T 06766932d88349d0a5aa1ebf290d3c93 P c8f6f2d61ae2437bbbb74573f184d610 [term 0 FOLLOWER]: Replica starting. Triggering 0 pending ops. Active config: opid_index: -1 OBSOLETE_local: false peers { permanent_uuid: "1641e7d55426424d930f6a5a07967014" member_type: VOTER last_known_addr { host: "127.10.223.193" port: 39305 } } peers { permanent_uuid: "94372d7a27f745289b6f601669d81bfa" member_type: VOTER last_known_addr { host: "127.10.223.194" port: 39425 } } peers { permanent_uuid: "c8f6f2d61ae2437bbbb74573f184d610" member_type: VOTER last_known_addr { host: "127.10.223.195" port: 33021 } }
I20260713 09:04:41.420454 12426 raft_consensus.cc:493] T 2606b1085430497794aef46adcc4b3a0 P 94372d7a27f745289b6f601669d81bfa [term 0 FOLLOWER]: Starting leader election (no leader contacted us within the election timeout)
I20260713 09:04:41.420902 12426 raft_consensus.cc:3060] T 2606b1085430497794aef46adcc4b3a0 P 94372d7a27f745289b6f601669d81bfa [term 0 FOLLOWER]: Advancing to term 1
I20260713 09:04:41.420995 12457 raft_consensus.cc:493] T ca2cee86ffa6486ebe3e6e0586641c2f P 94372d7a27f745289b6f601669d81bfa [term 0 FOLLOWER]: Starting pre-election (no leader contacted us within the election timeout)
I20260713 09:04:41.421510 12457 raft_consensus.cc:515] T ca2cee86ffa6486ebe3e6e0586641c2f P 94372d7a27f745289b6f601669d81bfa [term 0 FOLLOWER]: Starting pre-election with config: opid_index: -1 OBSOLETE_local: false peers { permanent_uuid: "1641e7d55426424d930f6a5a07967014" member_type: VOTER last_known_addr { host: "127.10.223.193" port: 39305 } } peers { permanent_uuid: "94372d7a27f745289b6f601669d81bfa" member_type: VOTER last_known_addr { host: "127.10.223.194" port: 39425 } } peers { permanent_uuid: "c8f6f2d61ae2437bbbb74573f184d610" member_type: VOTER last_known_addr { host: "127.10.223.195" port: 33021 } }
I20260713 09:04:41.423520 12457 leader_election.cc:290] T ca2cee86ffa6486ebe3e6e0586641c2f P 94372d7a27f745289b6f601669d81bfa [CANDIDATE]: Term 1 pre-election: Requested pre-vote from peers 1641e7d55426424d930f6a5a07967014 (127.10.223.193:39305), c8f6f2d61ae2437bbbb74573f184d610 (127.10.223.195:33021)
I20260713 09:04:41.425287 12379 tablet_service.cc:1917] Received RequestConsensusVote() RPC: tablet_id: "ca2cee86ffa6486ebe3e6e0586641c2f" candidate_uuid: "94372d7a27f745289b6f601669d81bfa" candidate_term: 1 candidate_status { last_received { term: 0 index: 0 } } ignore_live_leader: false dest_uuid: "c8f6f2d61ae2437bbbb74573f184d610" is_pre_election: true
I20260713 09:04:41.425993 12379 raft_consensus.cc:2468] T ca2cee86ffa6486ebe3e6e0586641c2f P c8f6f2d61ae2437bbbb74573f184d610 [term 0 FOLLOWER]: Leader pre-election vote request: Granting yes vote for candidate 94372d7a27f745289b6f601669d81bfa in term 0.
I20260713 09:04:41.426442 12420 raft_consensus.cc:385] T 06766932d88349d0a5aa1ebf290d3c93 P c8f6f2d61ae2437bbbb74573f184d610 [term 0 FOLLOWER]: Consensus starting up: Expiring failure detector timer to make a prompt election more likely
I20260713 09:04:41.427232 12271 leader_election.cc:304] T ca2cee86ffa6486ebe3e6e0586641c2f P 94372d7a27f745289b6f601669d81bfa [CANDIDATE]: Term 1 pre-election: Election decided. Result: candidate won. Election summary: received 2 responses out of 3 voters: 2 yes votes; 0 no votes. yes voters: 94372d7a27f745289b6f601669d81bfa, c8f6f2d61ae2437bbbb74573f184d610; no voters: 
I20260713 09:04:41.428110 12231 tablet_service.cc:1917] Received RequestConsensusVote() RPC: tablet_id: "ca2cee86ffa6486ebe3e6e0586641c2f" candidate_uuid: "94372d7a27f745289b6f601669d81bfa" candidate_term: 1 candidate_status { last_received { term: 0 index: 0 } } ignore_live_leader: false dest_uuid: "1641e7d55426424d930f6a5a07967014" is_pre_election: true
I20260713 09:04:41.429587 12420 raft_consensus.cc:740] T 06766932d88349d0a5aa1ebf290d3c93 P c8f6f2d61ae2437bbbb74573f184d610 [term 0 FOLLOWER]: Becoming Follower/Learner. State: Replica: c8f6f2d61ae2437bbbb74573f184d610, State: Initialized, Role: FOLLOWER
I20260713 09:04:41.430096 12231 raft_consensus.cc:2468] T ca2cee86ffa6486ebe3e6e0586641c2f P 1641e7d55426424d930f6a5a07967014 [term 0 FOLLOWER]: Leader pre-election vote request: Granting yes vote for candidate 94372d7a27f745289b6f601669d81bfa in term 0.
I20260713 09:04:41.430941 12457 raft_consensus.cc:2804] T ca2cee86ffa6486ebe3e6e0586641c2f P 94372d7a27f745289b6f601669d81bfa [term 0 FOLLOWER]: Leader pre-election won for term 1
I20260713 09:04:41.430613 12420 consensus_queue.cc:260] T 06766932d88349d0a5aa1ebf290d3c93 P c8f6f2d61ae2437bbbb74573f184d610 [NON_LEADER]: Queue going to NON_LEADER mode. State: All replicated index: 0, Majority replicated index: 0, Committed index: 0, Last appended: 0.0, Last appended by leader: 0, Current term: 0, Majority size: -1, State: 0, Mode: NON_LEADER, active raft config: opid_index: -1 OBSOLETE_local: false peers { permanent_uuid: "1641e7d55426424d930f6a5a07967014" member_type: VOTER last_known_addr { host: "127.10.223.193" port: 39305 } } peers { permanent_uuid: "94372d7a27f745289b6f601669d81bfa" member_type: VOTER last_known_addr { host: "127.10.223.194" port: 39425 } } peers { permanent_uuid: "c8f6f2d61ae2437bbbb74573f184d610" member_type: VOTER last_known_addr { host: "127.10.223.195" port: 33021 } }
I20260713 09:04:41.428817 12426 raft_consensus.cc:515] T 2606b1085430497794aef46adcc4b3a0 P 94372d7a27f745289b6f601669d81bfa [term 1 FOLLOWER]: Starting leader election with config: opid_index: -1 OBSOLETE_local: false peers { permanent_uuid: "1641e7d55426424d930f6a5a07967014" member_type: VOTER last_known_addr { host: "127.10.223.193" port: 39305 } } peers { permanent_uuid: "94372d7a27f745289b6f601669d81bfa" member_type: VOTER last_known_addr { host: "127.10.223.194" port: 39425 } } peers { permanent_uuid: "c8f6f2d61ae2437bbbb74573f184d610" member_type: VOTER last_known_addr { host: "127.10.223.195" port: 33021 } }
I20260713 09:04:41.431315 12457 raft_consensus.cc:493] T ca2cee86ffa6486ebe3e6e0586641c2f P 94372d7a27f745289b6f601669d81bfa [term 0 FOLLOWER]: Starting leader election (no leader contacted us within the election timeout)
I20260713 09:04:41.431705 12457 raft_consensus.cc:3060] T ca2cee86ffa6486ebe3e6e0586641c2f P 94372d7a27f745289b6f601669d81bfa [term 0 FOLLOWER]: Advancing to term 1
I20260713 09:04:41.433950 12426 leader_election.cc:290] T 2606b1085430497794aef46adcc4b3a0 P 94372d7a27f745289b6f601669d81bfa [CANDIDATE]: Term 1 election: Requested vote from peers 1641e7d55426424d930f6a5a07967014 (127.10.223.193:39305), c8f6f2d61ae2437bbbb74573f184d610 (127.10.223.195:33021)
I20260713 09:04:41.436395 12420 ts_tablet_manager.cc:1434] T 06766932d88349d0a5aa1ebf290d3c93 P c8f6f2d61ae2437bbbb74573f184d610: Time spent starting tablet: real 0.019s	user 0.001s	sys 0.005s
I20260713 09:04:41.437405 12420 tablet_bootstrap.cc:492] T 844f5b401dac4533a04558d1a831273c P c8f6f2d61ae2437bbbb74573f184d610: Bootstrap starting.
I20260713 09:04:41.443475 12420 tablet_bootstrap.cc:654] T 844f5b401dac4533a04558d1a831273c P c8f6f2d61ae2437bbbb74573f184d610: Neither blocks nor log segments found. Creating new log.
I20260713 09:04:41.445173 12231 tablet_service.cc:1917] Received RequestConsensusVote() RPC: tablet_id: "2606b1085430497794aef46adcc4b3a0" candidate_uuid: "94372d7a27f745289b6f601669d81bfa" candidate_term: 1 candidate_status { last_received { term: 0 index: 0 } } ignore_live_leader: false dest_uuid: "1641e7d55426424d930f6a5a07967014"
W20260713 09:04:41.446501 12270 leader_election.cc:343] T 2606b1085430497794aef46adcc4b3a0 P 94372d7a27f745289b6f601669d81bfa [CANDIDATE]: Term 1 election: Tablet error from VoteRequest() call to peer 1641e7d55426424d930f6a5a07967014 (127.10.223.193:39305): Illegal state: must be running to vote when last-logged opid is not known
I20260713 09:04:41.434180 12379 tablet_service.cc:1917] Received RequestConsensusVote() RPC: tablet_id: "2606b1085430497794aef46adcc4b3a0" candidate_uuid: "94372d7a27f745289b6f601669d81bfa" candidate_term: 1 candidate_status { last_received { term: 0 index: 0 } } ignore_live_leader: false dest_uuid: "c8f6f2d61ae2437bbbb74573f184d610"
I20260713 09:04:41.453987 12379 raft_consensus.cc:3060] T 2606b1085430497794aef46adcc4b3a0 P c8f6f2d61ae2437bbbb74573f184d610 [term 0 FOLLOWER]: Advancing to term 1
I20260713 09:04:41.454864 12458 raft_consensus.cc:493] T fffff82fce084c0e8af1538688863c5b P 1641e7d55426424d930f6a5a07967014 [term 0 FOLLOWER]: Starting pre-election (no leader contacted us within the election timeout)
I20260713 09:04:41.455392 12458 raft_consensus.cc:515] T fffff82fce084c0e8af1538688863c5b P 1641e7d55426424d930f6a5a07967014 [term 0 FOLLOWER]: Starting pre-election with config: opid_index: -1 OBSOLETE_local: false peers { permanent_uuid: "1641e7d55426424d930f6a5a07967014" member_type: VOTER last_known_addr { host: "127.10.223.193" port: 39305 } } peers { permanent_uuid: "94372d7a27f745289b6f601669d81bfa" member_type: VOTER last_known_addr { host: "127.10.223.194" port: 39425 } } peers { permanent_uuid: "c8f6f2d61ae2437bbbb74573f184d610" member_type: VOTER last_known_addr { host: "127.10.223.195" port: 33021 } }
I20260713 09:04:41.458588 12458 leader_election.cc:290] T fffff82fce084c0e8af1538688863c5b P 1641e7d55426424d930f6a5a07967014 [CANDIDATE]: Term 1 pre-election: Requested pre-vote from peers 94372d7a27f745289b6f601669d81bfa (127.10.223.194:39425), c8f6f2d61ae2437bbbb74573f184d610 (127.10.223.195:33021)
I20260713 09:04:41.459285 12380 tablet_service.cc:1917] Received RequestConsensusVote() RPC: tablet_id: "fffff82fce084c0e8af1538688863c5b" candidate_uuid: "1641e7d55426424d930f6a5a07967014" candidate_term: 1 candidate_status { last_received { term: 0 index: 0 } } ignore_live_leader: false dest_uuid: "c8f6f2d61ae2437bbbb74573f184d610" is_pre_election: true
I20260713 09:04:41.460139 12420 tablet_bootstrap.cc:492] T 844f5b401dac4533a04558d1a831273c P c8f6f2d61ae2437bbbb74573f184d610: No bootstrap required, opened a new log
I20260713 09:04:41.460690 12420 ts_tablet_manager.cc:1403] T 844f5b401dac4533a04558d1a831273c P c8f6f2d61ae2437bbbb74573f184d610: Time spent bootstrapping tablet: real 0.023s	user 0.012s	sys 0.004s
W20260713 09:04:41.461675 12196 leader_election.cc:343] T fffff82fce084c0e8af1538688863c5b P 1641e7d55426424d930f6a5a07967014 [CANDIDATE]: Term 1 pre-election: Tablet error from VoteRequest() call to peer c8f6f2d61ae2437bbbb74573f184d610 (127.10.223.195:33021): Illegal state: must be running to vote when last-logged opid is not known
