I20260713 08:59:33.296201  1818 consensus_queue.cc:237] T 64be3fb79d6545aea5c12ec4ef0e94bf P 7eea7833c09740caa9d76e30b9e4470b [LEADER]: Queue going to LEADER mode. State: All replicated index: 0, Majority replicated index: 0, Committed index: 0, Last appended: 0.0, Last appended by leader: 0, Current term: 1, Majority size: 2, State: 0, Mode: LEADER, active raft config: opid_index: -1 OBSOLETE_local: false peers { permanent_uuid: "14317dad5ac744f4b5e50fbdf87e4962" member_type: VOTER last_known_addr { host: "127.0.107.129" port: 34923 } } peers { permanent_uuid: "7eea7833c09740caa9d76e30b9e4470b" member_type: VOTER last_known_addr { host: "127.0.107.130" port: 38657 } } peers { permanent_uuid: "b4cf1023c4db43b2820bb33df195d851" member_type: VOTER last_known_addr { host: "127.0.107.131" port: 44923 } }
I20260713 08:59:33.296216  1679 raft_consensus.cc:3060] T 36e46848b2764c14aa80318810c065b3 P b4cf1023c4db43b2820bb33df195d851 [term 0 FOLLOWER]: Advancing to term 1
I20260713 08:59:33.305318  1429 catalog_manager.cc:5697] T 64be3fb79d6545aea5c12ec4ef0e94bf P 7eea7833c09740caa9d76e30b9e4470b reported cstate change: term changed from 0 to 1, leader changed from <none> to 7eea7833c09740caa9d76e30b9e4470b (127.0.107.130). New cstate: current_term: 1 leader_uuid: "7eea7833c09740caa9d76e30b9e4470b" committed_config { opid_index: -1 OBSOLETE_local: false peers { permanent_uuid: "14317dad5ac744f4b5e50fbdf87e4962" member_type: VOTER last_known_addr { host: "127.0.107.129" port: 34923 } health_report { overall_health: UNKNOWN } } peers { permanent_uuid: "7eea7833c09740caa9d76e30b9e4470b" member_type: VOTER last_known_addr { host: "127.0.107.130" port: 38657 } health_report { overall_health: HEALTHY } } peers { permanent_uuid: "b4cf1023c4db43b2820bb33df195d851" member_type: VOTER last_known_addr { host: "127.0.107.131" port: 44923 } health_report { overall_health: UNKNOWN } } }
I20260713 08:59:33.357452  1731 consensus_queue.cc:1048] T b7c39c1803b2405b91e42c437e674381 P 14317dad5ac744f4b5e50fbdf87e4962 [LEADER]: Connected to new peer: Peer: permanent_uuid: "b4cf1023c4db43b2820bb33df195d851" member_type: VOTER last_known_addr { host: "127.0.107.131" port: 44923 }, Status: LMP_MISMATCH, Last received: 0.0, Next index: 1, Last known committed idx: 0, Time since last communication: 0.000s
I20260713 08:59:33.387959  1737 raft_consensus.cc:2749] T 497b360a84424162ada042f9aec079c4 P b4cf1023c4db43b2820bb33df195d851 [term 1 FOLLOWER]: Leader pre-election lost for term 1. Reason: could not achieve majority
I20260713 08:59:33.388321  1885 raft_consensus.cc:493] T bb9cb698569a41da8e9f9a4735ffe661 P 7eea7833c09740caa9d76e30b9e4470b [term 1 FOLLOWER]: Starting pre-election (no leader contacted us within the election timeout)
I20260713 08:59:33.388928  1681 raft_consensus.cc:2468] T 64be3fb79d6545aea5c12ec4ef0e94bf P b4cf1023c4db43b2820bb33df195d851 [term 1 FOLLOWER]: Leader election vote request: Granting yes vote for candidate 7eea7833c09740caa9d76e30b9e4470b in term 1.
I20260713 08:59:33.388765  1885 raft_consensus.cc:515] T bb9cb698569a41da8e9f9a4735ffe661 P 7eea7833c09740caa9d76e30b9e4470b [term 1 FOLLOWER]: Starting pre-election with config: opid_index: -1 OBSOLETE_local: false peers { permanent_uuid: "14317dad5ac744f4b5e50fbdf87e4962" member_type: VOTER last_known_addr { host: "127.0.107.129" port: 34923 } } peers { permanent_uuid: "7eea7833c09740caa9d76e30b9e4470b" member_type: VOTER last_known_addr { host: "127.0.107.130" port: 38657 } } peers { permanent_uuid: "b4cf1023c4db43b2820bb33df195d851" member_type: VOTER last_known_addr { host: "127.0.107.131" port: 44923 } }
I20260713 08:59:33.391683  1885 leader_election.cc:290] T bb9cb698569a41da8e9f9a4735ffe661 P 7eea7833c09740caa9d76e30b9e4470b [CANDIDATE]: Term 2 pre-election: Requested pre-vote from peers 14317dad5ac744f4b5e50fbdf87e4962 (127.0.107.129:34923), b4cf1023c4db43b2820bb33df195d851 (127.0.107.131:44923)
I20260713 08:59:33.392999  1532 tablet_service.cc:1917] Received RequestConsensusVote() RPC: tablet_id: "bb9cb698569a41da8e9f9a4735ffe661" candidate_uuid: "7eea7833c09740caa9d76e30b9e4470b" candidate_term: 2 candidate_status { last_received { term: 0 index: 0 } } ignore_live_leader: false dest_uuid: "14317dad5ac744f4b5e50fbdf87e4962" is_pre_election: true
I20260713 08:59:33.395150  1681 tablet_service.cc:1917] Received RequestConsensusVote() RPC: tablet_id: "bb9cb698569a41da8e9f9a4735ffe661" candidate_uuid: "7eea7833c09740caa9d76e30b9e4470b" candidate_term: 2 candidate_status { last_received { term: 0 index: 0 } } ignore_live_leader: false dest_uuid: "b4cf1023c4db43b2820bb33df195d851" is_pre_election: true
I20260713 08:59:33.396395  1737 consensus_queue.cc:1048] T bb9cb698569a41da8e9f9a4735ffe661 P b4cf1023c4db43b2820bb33df195d851 [LEADER]: Connected to new peer: Peer: permanent_uuid: "7eea7833c09740caa9d76e30b9e4470b" member_type: VOTER last_known_addr { host: "127.0.107.130" port: 38657 }, Status: LMP_MISMATCH, Last received: 0.0, Next index: 1, Last known committed idx: 0, Time since last communication: 0.000s
I20260713 08:59:33.396710  1575 leader_election.cc:304] T bb9cb698569a41da8e9f9a4735ffe661 P 7eea7833c09740caa9d76e30b9e4470b [CANDIDATE]: Term 2 pre-election: Election decided. Result: candidate lost. Election summary: received 3 responses out of 3 voters: 1 yes votes; 2 no votes. yes voters: 7eea7833c09740caa9d76e30b9e4470b; no voters: 14317dad5ac744f4b5e50fbdf87e4962, b4cf1023c4db43b2820bb33df195d851
I20260713 08:59:33.397756  1885 raft_consensus.cc:2749] T bb9cb698569a41da8e9f9a4735ffe661 P 7eea7833c09740caa9d76e30b9e4470b [term 1 FOLLOWER]: Leader pre-election lost for term 2. Reason: could not achieve majority
I20260713 08:59:33.387952  1530 raft_consensus.cc:2468] T 5c07a482ade7424f9d24eaf586eb959e P 14317dad5ac744f4b5e50fbdf87e4962 [term 1 FOLLOWER]: Leader election vote request: Granting yes vote for candidate b4cf1023c4db43b2820bb33df195d851 in term 1.
I20260713 08:59:33.400417  1649 leader_election.cc:304] T 5c07a482ade7424f9d24eaf586eb959e P b4cf1023c4db43b2820bb33df195d851 [CANDIDATE]: Term 1 election: Election decided. Result: candidate won. Election summary: received 2 responses out of 3 voters: 2 yes votes; 0 no votes. yes voters: 14317dad5ac744f4b5e50fbdf87e4962, b4cf1023c4db43b2820bb33df195d851; no voters: 
I20260713 08:59:33.401310  1737 raft_consensus.cc:2804] T 5c07a482ade7424f9d24eaf586eb959e P b4cf1023c4db43b2820bb33df195d851 [term 1 FOLLOWER]: Leader election won for term 1
I20260713 08:59:33.401746  1737 raft_consensus.cc:697] T 5c07a482ade7424f9d24eaf586eb959e P b4cf1023c4db43b2820bb33df195d851 [term 1 LEADER]: Becoming Leader. State: Replica: b4cf1023c4db43b2820bb33df195d851, State: Running, Role: LEADER
I20260713 08:59:33.402474  1737 consensus_queue.cc:237] T 5c07a482ade7424f9d24eaf586eb959e P b4cf1023c4db43b2820bb33df195d851 [LEADER]: Queue going to LEADER mode. State: All replicated index: 0, Majority replicated index: 0, Committed index: 0, Last appended: 0.0, Last appended by leader: 0, Current term: 1, Majority size: 2, State: 0, Mode: LEADER, active raft config: opid_index: -1 OBSOLETE_local: false peers { permanent_uuid: "14317dad5ac744f4b5e50fbdf87e4962" member_type: VOTER last_known_addr { host: "127.0.107.129" port: 34923 } } peers { permanent_uuid: "7eea7833c09740caa9d76e30b9e4470b" member_type: VOTER last_known_addr { host: "127.0.107.130" port: 38657 } } peers { permanent_uuid: "b4cf1023c4db43b2820bb33df195d851" member_type: VOTER last_known_addr { host: "127.0.107.131" port: 44923 } }
I20260713 08:59:33.406500  1774 consensus_queue.cc:1048] T 497b360a84424162ada042f9aec079c4 P 14317dad5ac744f4b5e50fbdf87e4962 [LEADER]: Connected to new peer: Peer: permanent_uuid: "b4cf1023c4db43b2820bb33df195d851" member_type: VOTER last_known_addr { host: "127.0.107.131" port: 44923 }, Status: LMP_MISMATCH, Last received: 0.0, Next index: 1, Last known committed idx: 0, Time since last communication: 0.000s
I20260713 08:59:33.428694  1429 catalog_manager.cc:5697] T 71749037683641959df70f6a135377ca P b4cf1023c4db43b2820bb33df195d851 reported cstate change: term changed from 0 to 1, leader changed from <none> to b4cf1023c4db43b2820bb33df195d851 (127.0.107.131). New cstate: current_term: 1 leader_uuid: "b4cf1023c4db43b2820bb33df195d851" committed_config { opid_index: -1 OBSOLETE_local: false peers { permanent_uuid: "14317dad5ac744f4b5e50fbdf87e4962" member_type: VOTER last_known_addr { host: "127.0.107.129" port: 34923 } health_report { overall_health: UNKNOWN } } peers { permanent_uuid: "7eea7833c09740caa9d76e30b9e4470b" member_type: VOTER last_known_addr { host: "127.0.107.130" port: 38657 } health_report { overall_health: UNKNOWN } } peers { permanent_uuid: "b4cf1023c4db43b2820bb33df195d851" member_type: VOTER last_known_addr { host: "127.0.107.131" port: 44923 } health_report { overall_health: HEALTHY } } }
I20260713 08:59:33.430116  1429 catalog_manager.cc:5697] T 5c07a482ade7424f9d24eaf586eb959e P b4cf1023c4db43b2820bb33df195d851 reported cstate change: term changed from 0 to 1, leader changed from <none> to b4cf1023c4db43b2820bb33df195d851 (127.0.107.131). New cstate: current_term: 1 leader_uuid: "b4cf1023c4db43b2820bb33df195d851" committed_config { opid_index: -1 OBSOLETE_local: false peers { permanent_uuid: "14317dad5ac744f4b5e50fbdf87e4962" member_type: VOTER last_known_addr { host: "127.0.107.129" port: 34923 } health_report { overall_health: UNKNOWN } } peers { permanent_uuid: "7eea7833c09740caa9d76e30b9e4470b" member_type: VOTER last_known_addr { host: "127.0.107.130" port: 38657 } health_report { overall_health: UNKNOWN } } peers { permanent_uuid: "b4cf1023c4db43b2820bb33df195d851" member_type: VOTER last_known_addr { host: "127.0.107.131" port: 44923 } health_report { overall_health: HEALTHY } } }
I20260713 08:59:33.492532  1739 raft_consensus.cc:2749] T b7c39c1803b2405b91e42c437e674381 P 7eea7833c09740caa9d76e30b9e4470b [term 1 FOLLOWER]: Leader pre-election lost for term 1. Reason: could not achieve majority
I20260713 08:59:33.492467  1679 raft_consensus.cc:2468] T 36e46848b2764c14aa80318810c065b3 P b4cf1023c4db43b2820bb33df195d851 [term 1 FOLLOWER]: Leader election vote request: Granting yes vote for candidate 7eea7833c09740caa9d76e30b9e4470b in term 1.
I20260713 08:59:33.492467  1531 raft_consensus.cc:2468] T 36e46848b2764c14aa80318810c065b3 P 14317dad5ac744f4b5e50fbdf87e4962 [term 1 FOLLOWER]: Leader election vote request: Granting yes vote for candidate 7eea7833c09740caa9d76e30b9e4470b in term 1.
I20260713 08:59:33.494153  1575 leader_election.cc:304] T 36e46848b2764c14aa80318810c065b3 P 7eea7833c09740caa9d76e30b9e4470b [CANDIDATE]: Term 1 election: Election decided. Result: candidate won. Election summary: received 2 responses out of 3 voters: 2 yes votes; 0 no votes. yes voters: 7eea7833c09740caa9d76e30b9e4470b, b4cf1023c4db43b2820bb33df195d851; no voters: 
I20260713 08:59:33.495410  1739 raft_consensus.cc:2804] T 36e46848b2764c14aa80318810c065b3 P 7eea7833c09740caa9d76e30b9e4470b [term 1 FOLLOWER]: Leader election won for term 1
I20260713 08:59:33.496021  1739 raft_consensus.cc:697] T 36e46848b2764c14aa80318810c065b3 P 7eea7833c09740caa9d76e30b9e4470b [term 1 LEADER]: Becoming Leader. State: Replica: 7eea7833c09740caa9d76e30b9e4470b, State: Running, Role: LEADER
I20260713 08:59:33.496909  1739 consensus_queue.cc:237] T 36e46848b2764c14aa80318810c065b3 P 7eea7833c09740caa9d76e30b9e4470b [LEADER]: Queue going to LEADER mode. State: All replicated index: 0, Majority replicated index: 0, Committed index: 0, Last appended: 0.0, Last appended by leader: 0, Current term: 1, Majority size: 2, State: 0, Mode: LEADER, active raft config: opid_index: -1 OBSOLETE_local: false peers { permanent_uuid: "14317dad5ac744f4b5e50fbdf87e4962" member_type: VOTER last_known_addr { host: "127.0.107.129" port: 34923 } } peers { permanent_uuid: "7eea7833c09740caa9d76e30b9e4470b" member_type: VOTER last_known_addr { host: "127.0.107.130" port: 38657 } } peers { permanent_uuid: "b4cf1023c4db43b2820bb33df195d851" member_type: VOTER last_known_addr { host: "127.0.107.131" port: 44923 } }
I20260713 08:59:33.497869  1731 consensus_queue.cc:1048] T b7c39c1803b2405b91e42c437e674381 P 14317dad5ac744f4b5e50fbdf87e4962 [LEADER]: Connected to new peer: Peer: permanent_uuid: "7eea7833c09740caa9d76e30b9e4470b" member_type: VOTER last_known_addr { host: "127.0.107.130" port: 38657 }, Status: LMP_MISMATCH, Last received: 0.0, Next index: 1, Last known committed idx: 0, Time since last communication: 0.000s
I20260713 08:59:33.498729  1605 raft_consensus.cc:2468] T 5c07a482ade7424f9d24eaf586eb959e P 7eea7833c09740caa9d76e30b9e4470b [term 1 FOLLOWER]: Leader election vote request: Granting yes vote for candidate b4cf1023c4db43b2820bb33df195d851 in term 1.
I20260713 08:59:33.506642  1429 catalog_manager.cc:5697] T 36e46848b2764c14aa80318810c065b3 P 7eea7833c09740caa9d76e30b9e4470b reported cstate change: term changed from 0 to 1, leader changed from <none> to 7eea7833c09740caa9d76e30b9e4470b (127.0.107.130). New cstate: current_term: 1 leader_uuid: "7eea7833c09740caa9d76e30b9e4470b" committed_config { opid_index: -1 OBSOLETE_local: false peers { permanent_uuid: "14317dad5ac744f4b5e50fbdf87e4962" member_type: VOTER last_known_addr { host: "127.0.107.129" port: 34923 } health_report { overall_health: UNKNOWN } } peers { permanent_uuid: "7eea7833c09740caa9d76e30b9e4470b" member_type: VOTER last_known_addr { host: "127.0.107.130" port: 38657 } health_report { overall_health: HEALTHY } } peers { permanent_uuid: "b4cf1023c4db43b2820bb33df195d851" member_type: VOTER last_known_addr { host: "127.0.107.131" port: 44923 } health_report { overall_health: UNKNOWN } } }
I20260713 08:59:33.599503  1737 consensus_queue.cc:1048] T 71749037683641959df70f6a135377ca P b4cf1023c4db43b2820bb33df195d851 [LEADER]: Connected to new peer: Peer: permanent_uuid: "7eea7833c09740caa9d76e30b9e4470b" member_type: VOTER last_known_addr { host: "127.0.107.130" port: 38657 }, Status: LMP_MISMATCH, Last received: 0.0, Next index: 1, Last known committed idx: 0, Time since last communication: 0.000s
I20260713 08:59:33.603497  1819 consensus_queue.cc:1048] T 66690e0283e043178e704968f75a112f P 7eea7833c09740caa9d76e30b9e4470b [LEADER]: Connected to new peer: Peer: permanent_uuid: "14317dad5ac744f4b5e50fbdf87e4962" member_type: VOTER last_known_addr { host: "127.0.107.129" port: 34923 }, Status: LMP_MISMATCH, Last received: 0.0, Next index: 1, Last known committed idx: 0, Time since last communication: 0.000s
I20260713 08:59:33.615083  1834 consensus_queue.cc:1048] T 71749037683641959df70f6a135377ca P b4cf1023c4db43b2820bb33df195d851 [LEADER]: Connected to new peer: Peer: permanent_uuid: "14317dad5ac744f4b5e50fbdf87e4962" member_type: VOTER last_known_addr { host: "127.0.107.129" port: 34923 }, Status: LMP_MISMATCH, Last received: 0.0, Next index: 1, Last known committed idx: 0, Time since last communication: 0.000s
I20260713 08:59:33.625298  1819 consensus_queue.cc:1048] T 66690e0283e043178e704968f75a112f P 7eea7833c09740caa9d76e30b9e4470b [LEADER]: Connected to new peer: Peer: permanent_uuid: "b4cf1023c4db43b2820bb33df195d851" member_type: VOTER last_known_addr { host: "127.0.107.131" port: 44923 }, Status: LMP_MISMATCH, Last received: 0.0, Next index: 1, Last known committed idx: 0, Time since last communication: 0.000s
I20260713 08:59:33.775599  1819 consensus_queue.cc:1048] T 64be3fb79d6545aea5c12ec4ef0e94bf P 7eea7833c09740caa9d76e30b9e4470b [LEADER]: Connected to new peer: Peer: permanent_uuid: "14317dad5ac744f4b5e50fbdf87e4962" member_type: VOTER last_known_addr { host: "127.0.107.129" port: 34923 }, Status: LMP_MISMATCH, Last received: 0.0, Next index: 1, Last known committed idx: 0, Time since last communication: 0.000s
I20260713 08:59:33.786605  1885 consensus_queue.cc:1048] T 64be3fb79d6545aea5c12ec4ef0e94bf P 7eea7833c09740caa9d76e30b9e4470b [LEADER]: Connected to new peer: Peer: permanent_uuid: "b4cf1023c4db43b2820bb33df195d851" member_type: VOTER last_known_addr { host: "127.0.107.131" port: 44923 }, Status: LMP_MISMATCH, Last received: 0.0, Next index: 1, Last known committed idx: 0, Time since last communication: 0.000s
I20260713 08:59:33.817371  1834 consensus_queue.cc:1048] T 5c07a482ade7424f9d24eaf586eb959e P b4cf1023c4db43b2820bb33df195d851 [LEADER]: Connected to new peer: Peer: permanent_uuid: "14317dad5ac744f4b5e50fbdf87e4962" member_type: VOTER last_known_addr { host: "127.0.107.129" port: 34923 }, Status: LMP_MISMATCH, Last received: 0.0, Next index: 1, Last known committed idx: 0, Time since last communication: 0.000s
I20260713 08:59:33.827226  1777 consensus_queue.cc:1048] T 5c07a482ade7424f9d24eaf586eb959e P b4cf1023c4db43b2820bb33df195d851 [LEADER]: Connected to new peer: Peer: permanent_uuid: "7eea7833c09740caa9d76e30b9e4470b" member_type: VOTER last_known_addr { host: "127.0.107.130" port: 38657 }, Status: LMP_MISMATCH, Last received: 0.0, Next index: 1, Last known committed idx: 0, Time since last communication: 0.000s
I20260713 08:59:33.903487  1819 consensus_queue.cc:1048] T 36e46848b2764c14aa80318810c065b3 P 7eea7833c09740caa9d76e30b9e4470b [LEADER]: Connected to new peer: Peer: permanent_uuid: "14317dad5ac744f4b5e50fbdf87e4962" member_type: VOTER last_known_addr { host: "127.0.107.129" port: 34923 }, Status: LMP_MISMATCH, Last received: 0.0, Next index: 1, Last known committed idx: 0, Time since last communication: 0.000s
I20260713 08:59:33.915431  1885 consensus_queue.cc:1048] T 36e46848b2764c14aa80318810c065b3 P 7eea7833c09740caa9d76e30b9e4470b [LEADER]: Connected to new peer: Peer: permanent_uuid: "b4cf1023c4db43b2820bb33df195d851" member_type: VOTER last_known_addr { host: "127.0.107.131" port: 44923 }, Status: LMP_MISMATCH, Last received: 0.0, Next index: 1, Last known committed idx: 0, Time since last communication: 0.000s
W20260713 08:59:33.934917  1480 auto_rebalancer.cc:288] Could not retrieve cluster info: Service unavailable: Tablet not running
I20260713 08:59:34.293272  1777 raft_consensus.cc:493] T eb8e9b03bb0f45fc9e4d6741001a5304 P b4cf1023c4db43b2820bb33df195d851 [term 1 FOLLOWER]: Starting pre-election (no leader contacted us within the election timeout)
I20260713 08:59:34.293828  1777 raft_consensus.cc:515] T eb8e9b03bb0f45fc9e4d6741001a5304 P b4cf1023c4db43b2820bb33df195d851 [term 1 FOLLOWER]: Starting pre-election with config: opid_index: -1 OBSOLETE_local: false peers { permanent_uuid: "14317dad5ac744f4b5e50fbdf87e4962" member_type: VOTER last_known_addr { host: "127.0.107.129" port: 34923 } } peers { permanent_uuid: "7eea7833c09740caa9d76e30b9e4470b" member_type: VOTER last_known_addr { host: "127.0.107.130" port: 38657 } } peers { permanent_uuid: "b4cf1023c4db43b2820bb33df195d851" member_type: VOTER last_known_addr { host: "127.0.107.131" port: 44923 } }
I20260713 08:59:34.295753  1777 leader_election.cc:290] T eb8e9b03bb0f45fc9e4d6741001a5304 P b4cf1023c4db43b2820bb33df195d851 [CANDIDATE]: Term 2 pre-election: Requested pre-vote from peers 14317dad5ac744f4b5e50fbdf87e4962 (127.0.107.129:34923), 7eea7833c09740caa9d76e30b9e4470b (127.0.107.130:38657)
I20260713 08:59:34.296406  1532 tablet_service.cc:1917] Received RequestConsensusVote() RPC: tablet_id: "eb8e9b03bb0f45fc9e4d6741001a5304" candidate_uuid: "b4cf1023c4db43b2820bb33df195d851" candidate_term: 2 candidate_status { last_received { term: 0 index: 0 } } ignore_live_leader: false dest_uuid: "14317dad5ac744f4b5e50fbdf87e4962" is_pre_election: true
I20260713 08:59:34.296666  1605 tablet_service.cc:1917] Received RequestConsensusVote() RPC: tablet_id: "eb8e9b03bb0f45fc9e4d6741001a5304" candidate_uuid: "b4cf1023c4db43b2820bb33df195d851" candidate_term: 2 candidate_status { last_received { term: 0 index: 0 } } ignore_live_leader: false dest_uuid: "7eea7833c09740caa9d76e30b9e4470b" is_pre_election: true
I20260713 08:59:34.297049  1532 raft_consensus.cc:2468] T eb8e9b03bb0f45fc9e4d6741001a5304 P 14317dad5ac744f4b5e50fbdf87e4962 [term 1 FOLLOWER]: Leader pre-election vote request: Granting yes vote for candidate b4cf1023c4db43b2820bb33df195d851 in term 1.
I20260713 08:59:34.297313  1605 raft_consensus.cc:2468] T eb8e9b03bb0f45fc9e4d6741001a5304 P 7eea7833c09740caa9d76e30b9e4470b [term 1 FOLLOWER]: Leader pre-election vote request: Granting yes vote for candidate b4cf1023c4db43b2820bb33df195d851 in term 1.
I20260713 08:59:34.298156  1649 leader_election.cc:304] T eb8e9b03bb0f45fc9e4d6741001a5304 P b4cf1023c4db43b2820bb33df195d851 [CANDIDATE]: Term 2 pre-election: Election decided. Result: candidate won. Election summary: received 2 responses out of 3 voters: 2 yes votes; 0 no votes. yes voters: 14317dad5ac744f4b5e50fbdf87e4962, b4cf1023c4db43b2820bb33df195d851; no voters: 
I20260713 08:59:34.298759  1777 raft_consensus.cc:2804] T eb8e9b03bb0f45fc9e4d6741001a5304 P b4cf1023c4db43b2820bb33df195d851 [term 1 FOLLOWER]: Leader pre-election won for term 2
I20260713 08:59:34.299083  1777 raft_consensus.cc:493] T eb8e9b03bb0f45fc9e4d6741001a5304 P b4cf1023c4db43b2820bb33df195d851 [term 1 FOLLOWER]: Starting leader election (no leader contacted us within the election timeout)
I20260713 08:59:34.299394  1777 raft_consensus.cc:3060] T eb8e9b03bb0f45fc9e4d6741001a5304 P b4cf1023c4db43b2820bb33df195d851 [term 1 FOLLOWER]: Advancing to term 2
I20260713 08:59:34.303601  1777 raft_consensus.cc:515] T eb8e9b03bb0f45fc9e4d6741001a5304 P b4cf1023c4db43b2820bb33df195d851 [term 2 FOLLOWER]: Starting leader election with config: opid_index: -1 OBSOLETE_local: false peers { permanent_uuid: "14317dad5ac744f4b5e50fbdf87e4962" member_type: VOTER last_known_addr { host: "127.0.107.129" port: 34923 } } peers { permanent_uuid: "7eea7833c09740caa9d76e30b9e4470b" member_type: VOTER last_known_addr { host: "127.0.107.130" port: 38657 } } peers { permanent_uuid: "b4cf1023c4db43b2820bb33df195d851" member_type: VOTER last_known_addr { host: "127.0.107.131" port: 44923 } }
I20260713 08:59:34.305203  1777 leader_election.cc:290] T eb8e9b03bb0f45fc9e4d6741001a5304 P b4cf1023c4db43b2820bb33df195d851 [CANDIDATE]: Term 2 election: Requested vote from peers 14317dad5ac744f4b5e50fbdf87e4962 (127.0.107.129:34923), 7eea7833c09740caa9d76e30b9e4470b (127.0.107.130:38657)
I20260713 08:59:34.305817  1532 tablet_service.cc:1917] Received RequestConsensusVote() RPC: tablet_id: "eb8e9b03bb0f45fc9e4d6741001a5304" candidate_uuid: "b4cf1023c4db43b2820bb33df195d851" candidate_term: 2 candidate_status { last_received { term: 0 index: 0 } } ignore_live_leader: false dest_uuid: "14317dad5ac744f4b5e50fbdf87e4962"
I20260713 08:59:34.306063  1605 tablet_service.cc:1917] Received RequestConsensusVote() RPC: tablet_id: "eb8e9b03bb0f45fc9e4d6741001a5304" candidate_uuid: "b4cf1023c4db43b2820bb33df195d851" candidate_term: 2 candidate_status { last_received { term: 0 index: 0 } } ignore_live_leader: false dest_uuid: "7eea7833c09740caa9d76e30b9e4470b"
I20260713 08:59:34.306371  1532 raft_consensus.cc:3060] T eb8e9b03bb0f45fc9e4d6741001a5304 P 14317dad5ac744f4b5e50fbdf87e4962 [term 1 FOLLOWER]: Advancing to term 2
I20260713 08:59:34.306560  1605 raft_consensus.cc:3060] T eb8e9b03bb0f45fc9e4d6741001a5304 P 7eea7833c09740caa9d76e30b9e4470b [term 1 FOLLOWER]: Advancing to term 2
I20260713 08:59:34.312494  1532 raft_consensus.cc:2468] T eb8e9b03bb0f45fc9e4d6741001a5304 P 14317dad5ac744f4b5e50fbdf87e4962 [term 2 FOLLOWER]: Leader election vote request: Granting yes vote for candidate b4cf1023c4db43b2820bb33df195d851 in term 2.
I20260713 08:59:34.312494  1605 raft_consensus.cc:2468] T eb8e9b03bb0f45fc9e4d6741001a5304 P 7eea7833c09740caa9d76e30b9e4470b [term 2 FOLLOWER]: Leader election vote request: Granting yes vote for candidate b4cf1023c4db43b2820bb33df195d851 in term 2.
I20260713 08:59:34.313715  1648 leader_election.cc:304] T eb8e9b03bb0f45fc9e4d6741001a5304 P b4cf1023c4db43b2820bb33df195d851 [CANDIDATE]: Term 2 election: Election decided. Result: candidate won. Election summary: received 2 responses out of 3 voters: 2 yes votes; 0 no votes. yes voters: 7eea7833c09740caa9d76e30b9e4470b, b4cf1023c4db43b2820bb33df195d851; no voters: 
I20260713 08:59:34.314450  1882 raft_consensus.cc:2804] T eb8e9b03bb0f45fc9e4d6741001a5304 P b4cf1023c4db43b2820bb33df195d851 [term 2 FOLLOWER]: Leader election won for term 2
I20260713 08:59:34.314922  1882 raft_consensus.cc:697] T eb8e9b03bb0f45fc9e4d6741001a5304 P b4cf1023c4db43b2820bb33df195d851 [term 2 LEADER]: Becoming Leader. State: Replica: b4cf1023c4db43b2820bb33df195d851, State: Running, Role: LEADER
I20260713 08:59:34.315625  1882 consensus_queue.cc:237] T eb8e9b03bb0f45fc9e4d6741001a5304 P b4cf1023c4db43b2820bb33df195d851 [LEADER]: Queue going to LEADER mode. State: All replicated index: 0, Majority replicated index: 0, Committed index: 0, Last appended: 0.0, Last appended by leader: 0, Current term: 2, Majority size: 2, State: 0, Mode: LEADER, active raft config: opid_index: -1 OBSOLETE_local: false peers { permanent_uuid: "14317dad5ac744f4b5e50fbdf87e4962" member_type: VOTER last_known_addr { host: "127.0.107.129" port: 34923 } } peers { permanent_uuid: "7eea7833c09740caa9d76e30b9e4470b" member_type: VOTER last_known_addr { host: "127.0.107.130" port: 38657 } } peers { permanent_uuid: "b4cf1023c4db43b2820bb33df195d851" member_type: VOTER last_known_addr { host: "127.0.107.131" port: 44923 } }
I20260713 08:59:34.323485  1430 catalog_manager.cc:5697] T eb8e9b03bb0f45fc9e4d6741001a5304 P b4cf1023c4db43b2820bb33df195d851 reported cstate change: term changed from 0 to 2, leader changed from <none> to b4cf1023c4db43b2820bb33df195d851 (127.0.107.131). New cstate: current_term: 2 leader_uuid: "b4cf1023c4db43b2820bb33df195d851" committed_config { opid_index: -1 OBSOLETE_local: false peers { permanent_uuid: "14317dad5ac744f4b5e50fbdf87e4962" member_type: VOTER last_known_addr { host: "127.0.107.129" port: 34923 } health_report { overall_health: UNKNOWN } } peers { permanent_uuid: "7eea7833c09740caa9d76e30b9e4470b" member_type: VOTER last_known_addr { host: "127.0.107.130" port: 38657 } health_report { overall_health: UNKNOWN } } peers { permanent_uuid: "b4cf1023c4db43b2820bb33df195d851" member_type: VOTER last_known_addr { host: "127.0.107.131" port: 44923 } health_report { overall_health: HEALTHY } } }
I20260713 08:59:34.530247   430 file_cache.cc:504] Constructed file cache file cache with capacity 419430
W20260713 08:59:34.537885  1912 instance_detector.cc:116] could not retrieve AWS instance metadata: Network error: curl error: HTTP response code said error: The requested URL returned error: 404
W20260713 08:59:34.538937  1913 instance_detector.cc:116] could not retrieve Azure instance metadata: Network error: curl error: HTTP response code said error: The requested URL returned error: 404
I20260713 08:59:34.544330   430 server_base.cc:1061] running on GCE node
W20260713 08:59:34.545601  1915 instance_detector.cc:116] could not retrieve OpenStack instance metadata: Network error: curl error: HTTP response code said error: The requested URL returned error: 404
I20260713 08:59:34.547289   430 hybrid_clock.cc:584] initializing the hybrid clock with 'system_unsync' time source
W20260713 08:59:34.547600   430 system_unsync_time.cc:38] NTP support is disabled. Clock error bounds will not be accurate. This configuration is not suitable for distributed clusters.
I20260713 08:59:34.547844   430 hybrid_clock.cc:648] HybridClock initialized: now 1783933174547822 us; error 0 us; skew 500 ppm
I20260713 08:59:34.548686   430 server_base.cc:861] Flag tcmalloc_max_total_thread_cache_bytes is not working since tcmalloc is not enabled.
I20260713 08:59:34.552066   430 webserver.cc:533] Webserver started at http://127.0.107.132:42493/ using document root <none> and password file <none>
I20260713 08:59:34.552779   430 fs_manager.cc:362] Metadata directory not provided
I20260713 08:59:34.553073   430 fs_manager.cc:368] Using write-ahead log directory (fs_wal_dir) as metadata directory
I20260713 08:59:34.553452   430 server_base.cc:909] This appears to be a new deployment of Kudu; creating new FS layout
I20260713 08:59:34.555044   430 fs_manager.cc:1068] Generated new instance metadata in path /tmp/dist-test-taskAxqNXl/test-tmp/auto_leader_rebalancer-test.0.LeaderRebalancerTest.AddTserver.1783933146595030-430-0/minicluster-data/ts-3-root/instance:
uuid: "14c9763a42904699900b828c2f3e487d"
format_stamp: "Formatted at 2026-07-13 08:59:34 on dist-test-slave-j30c"
I20260713 08:59:34.564114   430 fs_manager.cc:696] Time spent creating directory manager: real 0.008s	user 0.008s	sys 0.000s
I20260713 08:59:34.567783  1920 log_block_manager.cc:4127] Time spent loading block containers with low live blocks: real 0.000s	user 0.000s	sys 0.000s
I20260713 08:59:34.568441   430 fs_manager.cc:730] Time spent opening block manager: real 0.002s	user 0.003s	sys 0.000s
I20260713 08:59:34.568753   430 fs_manager.cc:647] Opened local filesystem: /tmp/dist-test-taskAxqNXl/test-tmp/auto_leader_rebalancer-test.0.LeaderRebalancerTest.AddTserver.1783933146595030-430-0/minicluster-data/ts-3-root
uuid: "14c9763a42904699900b828c2f3e487d"
format_stamp: "Formatted at 2026-07-13 08:59:34 on dist-test-slave-j30c"
I20260713 08:59:34.569118   430 fs_report.cc:389] FS layout report
--------------------
wal directory: /tmp/dist-test-taskAxqNXl/test-tmp/auto_leader_rebalancer-test.0.LeaderRebalancerTest.AddTserver.1783933146595030-430-0/minicluster-data/ts-3-root
metadata directory: /tmp/dist-test-taskAxqNXl/test-tmp/auto_leader_rebalancer-test.0.LeaderRebalancerTest.AddTserver.1783933146595030-430-0/minicluster-data/ts-3-root
1 data directories: /tmp/dist-test-taskAxqNXl/test-tmp/auto_leader_rebalancer-test.0.LeaderRebalancerTest.AddTserver.1783933146595030-430-0/minicluster-data/ts-3-root/data
Total live blocks: 0
Total live bytes: 0
Total live bytes (after alignment): 0
Total number of LBM containers: 0 (0 full)
Did not check for missing blocks
Did not check for orphaned blocks
Total full LBM containers with extra space: 0 (0 repaired)
Total full LBM container extra space in bytes: 0 (0 repaired)
Total incomplete LBM containers: 0 (0 repaired)
Total LBM partial records: 0 (0 repaired)
Total corrupted LBM metadata records in RocksDB: 0 (0 repaired)
I20260713 08:59:34.591128   430 rpc_server.cc:225] running with OpenSSL 1.1.1  11 Sep 2018
I20260713 08:59:34.592309   430 kserver.cc:163] Server-wide thread pool size limit: 3276
I20260713 08:59:34.593870   430 txn_system_client.cc:432] TxnSystemClient initialization is disabled...
I20260713 08:59:34.596585   430 ts_tablet_manager.cc:585] Loaded tablet metadata (0 total tablets, 0 live tablets)
I20260713 08:59:34.596882   430 ts_tablet_manager.cc:531] Time spent load tablet metadata: real 0.000s	user 0.001s	sys 0.000s
I20260713 08:59:34.597177   430 ts_tablet_manager.cc:616] Registered 0 tablets
I20260713 08:59:34.597321   430 ts_tablet_manager.cc:595] Time spent register tablets: real 0.000s	user 0.000s	sys 0.000s
I20260713 08:59:34.648730   430 rpc_server.cc:307] RPC server started. Bound to: 127.0.107.132:39687
I20260713 08:59:34.648814  1982 acceptor_pool.cc:272] collecting diagnostics on the listening RPC socket 127.0.107.132:39687 every 8 connection(s)
I20260713 08:59:34.653610   430 auto_leader_rebalancer-test.cc:392] add a tserver: 14c9763a42904699900b828c2f3e487d
I20260713 08:59:34.666105  1983 heartbeater.cc:344] Connected to a master server at 127.0.107.190:42681
I20260713 08:59:34.666502  1983 heartbeater.cc:461] Registering TS with master...
I20260713 08:59:34.667313  1983 heartbeater.cc:507] Master 127.0.107.190:42681 requested a full tablet report, sending...
I20260713 08:59:34.669334  1430 ts_manager.cc:194] Registered new tserver with Master: 14c9763a42904699900b828c2f3e487d (127.0.107.132:39687)
I20260713 08:59:34.670492  1430 master_service.cc:502] Signed X509 certificate for tserver {username='slave'} at 127.0.0.1:56130
I20260713 08:59:34.905620  1605 raft_consensus.cc:1275] T eb8e9b03bb0f45fc9e4d6741001a5304 P 7eea7833c09740caa9d76e30b9e4470b [term 2 FOLLOWER]: Refusing update from remote peer b4cf1023c4db43b2820bb33df195d851: Log matching property violated. Preceding OpId in replica: term: 0 index: 0. Preceding OpId from leader: term: 2 index: 1. (index mismatch)
I20260713 08:59:34.906652  1777 consensus_queue.cc:1048] T eb8e9b03bb0f45fc9e4d6741001a5304 P b4cf1023c4db43b2820bb33df195d851 [LEADER]: Connected to new peer: Peer: permanent_uuid: "7eea7833c09740caa9d76e30b9e4470b" member_type: VOTER last_known_addr { host: "127.0.107.130" port: 38657 }, Status: LMP_MISMATCH, Last received: 0.0, Next index: 1, Last known committed idx: 0, Time since last communication: 0.000s
I20260713 08:59:34.918373  1531 raft_consensus.cc:1275] T eb8e9b03bb0f45fc9e4d6741001a5304 P 14317dad5ac744f4b5e50fbdf87e4962 [term 2 FOLLOWER]: Refusing update from remote peer b4cf1023c4db43b2820bb33df195d851: Log matching property violated. Preceding OpId in replica: term: 0 index: 0. Preceding OpId from leader: term: 2 index: 1. (index mismatch)
I20260713 08:59:34.920485  1882 consensus_queue.cc:1048] T eb8e9b03bb0f45fc9e4d6741001a5304 P b4cf1023c4db43b2820bb33df195d851 [LEADER]: Connected to new peer: Peer: permanent_uuid: "14317dad5ac744f4b5e50fbdf87e4962" member_type: VOTER last_known_addr { host: "127.0.107.129" port: 34923 }, Status: LMP_MISMATCH, Last received: 0.0, Next index: 1, Last known committed idx: 0, Time since last communication: 0.000s
I20260713 08:59:34.984122  1605 consensus_queue.cc:237] T 15e3fc2ae89244f8b188c3d673a523f4 P 7eea7833c09740caa9d76e30b9e4470b [LEADER]: Queue going to LEADER mode. State: All replicated index: 0, Majority replicated index: 1, Committed index: 1, Last appended: 1.1, Last appended by leader: 0, Current term: 1, Majority size: 2, State: 0, Mode: LEADER, active raft config: opid_index: 2 OBSOLETE_local: false peers { permanent_uuid: "14317dad5ac744f4b5e50fbdf87e4962" member_type: VOTER last_known_addr { host: "127.0.107.129" port: 34923 } } peers { permanent_uuid: "7eea7833c09740caa9d76e30b9e4470b" member_type: VOTER last_known_addr { host: "127.0.107.130" port: 38657 } } peers { permanent_uuid: "b4cf1023c4db43b2820bb33df195d851" member_type: VOTER last_known_addr { host: "127.0.107.131" port: 44923 } attrs { replace: true } } peers { permanent_uuid: "14c9763a42904699900b828c2f3e487d" member_type: NON_VOTER last_known_addr { host: "127.0.107.132" port: 39687 } attrs { promote: true } }
I20260713 08:59:34.992697  1680 raft_consensus.cc:1275] T 15e3fc2ae89244f8b188c3d673a523f4 P b4cf1023c4db43b2820bb33df195d851 [term 1 FOLLOWER]: Refusing update from remote peer 7eea7833c09740caa9d76e30b9e4470b: Log matching property violated. Preceding OpId in replica: term: 1 index: 1. Preceding OpId from leader: term: 1 index: 2. (index mismatch)
I20260713 08:59:34.995498  1885 consensus_queue.cc:1048] T 15e3fc2ae89244f8b188c3d673a523f4 P 7eea7833c09740caa9d76e30b9e4470b [LEADER]: Connected to new peer: Peer: permanent_uuid: "b4cf1023c4db43b2820bb33df195d851" member_type: VOTER last_known_addr { host: "127.0.107.131" port: 44923 } attrs { replace: true }, Status: LMP_MISMATCH, Last received: 0.0, Next index: 2, Last known committed idx: 1, Time since last communication: 0.001s
I20260713 08:59:35.012326  1911 raft_consensus.cc:2955] T 15e3fc2ae89244f8b188c3d673a523f4 P 7eea7833c09740caa9d76e30b9e4470b [term 1 LEADER]: Committing config change with OpId 1.2: config changed from index -1 to 2, NON_VOTER 14c9763a42904699900b828c2f3e487d (127.0.107.132) added. New config: { opid_index: 2 OBSOLETE_local: false peers { permanent_uuid: "14317dad5ac744f4b5e50fbdf87e4962" member_type: VOTER last_known_addr { host: "127.0.107.129" port: 34923 } } peers { permanent_uuid: "7eea7833c09740caa9d76e30b9e4470b" member_type: VOTER last_known_addr { host: "127.0.107.130" port: 38657 } } peers { permanent_uuid: "b4cf1023c4db43b2820bb33df195d851" member_type: VOTER last_known_addr { host: "127.0.107.131" port: 44923 } attrs { replace: true } } peers { permanent_uuid: "14c9763a42904699900b828c2f3e487d" member_type: NON_VOTER last_known_addr { host: "127.0.107.132" port: 39687 } attrs { promote: true } } }
I20260713 08:59:35.013510  1531 raft_consensus.cc:1275] T 15e3fc2ae89244f8b188c3d673a523f4 P 14317dad5ac744f4b5e50fbdf87e4962 [term 1 FOLLOWER]: Refusing update from remote peer 7eea7833c09740caa9d76e30b9e4470b: Log matching property violated. Preceding OpId in replica: term: 1 index: 1. Preceding OpId from leader: term: 1 index: 2. (index mismatch)
I20260713 08:59:35.015444  1996 consensus_queue.cc:1048] T 15e3fc2ae89244f8b188c3d673a523f4 P 7eea7833c09740caa9d76e30b9e4470b [LEADER]: Connected to new peer: Peer: permanent_uuid: "14317dad5ac744f4b5e50fbdf87e4962" member_type: VOTER last_known_addr { host: "127.0.107.129" port: 34923 }, Status: LMP_MISMATCH, Last received: 0.0, Next index: 2, Last known committed idx: 1, Time since last communication: 0.000s
I20260713 08:59:35.015403  1680 raft_consensus.cc:2955] T 15e3fc2ae89244f8b188c3d673a523f4 P b4cf1023c4db43b2820bb33df195d851 [term 1 FOLLOWER]: Committing config change with OpId 1.2: config changed from index -1 to 2, NON_VOTER 14c9763a42904699900b828c2f3e487d (127.0.107.132) added. New config: { opid_index: 2 OBSOLETE_local: false peers { permanent_uuid: "14317dad5ac744f4b5e50fbdf87e4962" member_type: VOTER last_known_addr { host: "127.0.107.129" port: 34923 } } peers { permanent_uuid: "7eea7833c09740caa9d76e30b9e4470b" member_type: VOTER last_known_addr { host: "127.0.107.130" port: 38657 } } peers { permanent_uuid: "b4cf1023c4db43b2820bb33df195d851" member_type: VOTER last_known_addr { host: "127.0.107.131" port: 44923 } attrs { replace: true } } peers { permanent_uuid: "14c9763a42904699900b828c2f3e487d" member_type: NON_VOTER last_known_addr { host: "127.0.107.132" port: 39687 } attrs { promote: true } } }
I20260713 08:59:35.025463  1531 raft_consensus.cc:2955] T 15e3fc2ae89244f8b188c3d673a523f4 P 14317dad5ac744f4b5e50fbdf87e4962 [term 1 FOLLOWER]: Committing config change with OpId 1.2: config changed from index -1 to 2, NON_VOTER 14c9763a42904699900b828c2f3e487d (127.0.107.132) added. New config: { opid_index: 2 OBSOLETE_local: false peers { permanent_uuid: "14317dad5ac744f4b5e50fbdf87e4962" member_type: VOTER last_known_addr { host: "127.0.107.129" port: 34923 } } peers { permanent_uuid: "7eea7833c09740caa9d76e30b9e4470b" member_type: VOTER last_known_addr { host: "127.0.107.130" port: 38657 } } peers { permanent_uuid: "b4cf1023c4db43b2820bb33df195d851" member_type: VOTER last_known_addr { host: "127.0.107.131" port: 44923 } attrs { replace: true } } peers { permanent_uuid: "14c9763a42904699900b828c2f3e487d" member_type: NON_VOTER last_known_addr { host: "127.0.107.132" port: 39687 } attrs { promote: true } } }
W20260713 08:59:35.027295  1572 consensus_peers.cc:597] T 15e3fc2ae89244f8b188c3d673a523f4 P 7eea7833c09740caa9d76e30b9e4470b -> Peer 14c9763a42904699900b828c2f3e487d (127.0.107.132:39687): Couldn't send request to peer 14c9763a42904699900b828c2f3e487d. Error code: TABLET_NOT_FOUND (6). Status: Not found: Tablet not found: 15e3fc2ae89244f8b188c3d673a523f4. This is attempt 1: this message will repeat every 5th retry.
I20260713 08:59:35.031134  1429 catalog_manager.cc:5697] T 15e3fc2ae89244f8b188c3d673a523f4 P b4cf1023c4db43b2820bb33df195d851 reported cstate change: config changed from index -1 to 2, NON_VOTER 14c9763a42904699900b828c2f3e487d (127.0.107.132) added. New cstate: current_term: 1 leader_uuid: "7eea7833c09740caa9d76e30b9e4470b" committed_config { opid_index: 2 OBSOLETE_local: false peers { permanent_uuid: "14317dad5ac744f4b5e50fbdf87e4962" member_type: VOTER last_known_addr { host: "127.0.107.129" port: 34923 } } peers { permanent_uuid: "7eea7833c09740caa9d76e30b9e4470b" member_type: VOTER last_known_addr { host: "127.0.107.130" port: 38657 } } peers { permanent_uuid: "b4cf1023c4db43b2820bb33df195d851" member_type: VOTER last_known_addr { host: "127.0.107.131" port: 44923 } attrs { replace: true } } peers { permanent_uuid: "14c9763a42904699900b828c2f3e487d" member_type: NON_VOTER last_known_addr { host: "127.0.107.132" port: 39687 } attrs { promote: true } } }
I20260713 08:59:35.055394  1680 consensus_queue.cc:237] T bb9cb698569a41da8e9f9a4735ffe661 P b4cf1023c4db43b2820bb33df195d851 [LEADER]: Queue going to LEADER mode. State: All replicated index: 0, Majority replicated index: 1, Committed index: 1, Last appended: 1.1, Last appended by leader: 0, Current term: 1, Majority size: 2, State: 0, Mode: LEADER, active raft config: opid_index: 2 OBSOLETE_local: false peers { permanent_uuid: "14317dad5ac744f4b5e50fbdf87e4962" member_type: VOTER last_known_addr { host: "127.0.107.129" port: 34923 } } peers { permanent_uuid: "7eea7833c09740caa9d76e30b9e4470b" member_type: VOTER last_known_addr { host: "127.0.107.130" port: 38657 } attrs { replace: true } } peers { permanent_uuid: "b4cf1023c4db43b2820bb33df195d851" member_type: VOTER last_known_addr { host: "127.0.107.131" port: 44923 } } peers { permanent_uuid: "14c9763a42904699900b828c2f3e487d" member_type: NON_VOTER last_known_addr { host: "127.0.107.132" port: 39687 } attrs { promote: true } }
I20260713 08:59:35.063360  1605 raft_consensus.cc:1275] T bb9cb698569a41da8e9f9a4735ffe661 P 7eea7833c09740caa9d76e30b9e4470b [term 1 FOLLOWER]: Refusing update from remote peer b4cf1023c4db43b2820bb33df195d851: Log matching property violated. Preceding OpId in replica: term: 1 index: 1. Preceding OpId from leader: term: 1 index: 2. (index mismatch)
I20260713 08:59:35.064780  1988 consensus_queue.cc:1048] T bb9cb698569a41da8e9f9a4735ffe661 P b4cf1023c4db43b2820bb33df195d851 [LEADER]: Connected to new peer: Peer: permanent_uuid: "7eea7833c09740caa9d76e30b9e4470b" member_type: VOTER last_known_addr { host: "127.0.107.130" port: 38657 } attrs { replace: true }, Status: LMP_MISMATCH, Last received: 0.0, Next index: 2, Last known committed idx: 1, Time since last communication: 0.000s
I20260713 08:59:35.069145  1531 raft_consensus.cc:1275] T bb9cb698569a41da8e9f9a4735ffe661 P 14317dad5ac744f4b5e50fbdf87e4962 [term 1 FOLLOWER]: Refusing update from remote peer b4cf1023c4db43b2820bb33df195d851: Log matching property violated. Preceding OpId in replica: term: 1 index: 1. Preceding OpId from leader: term: 1 index: 2. (index mismatch)
I20260713 08:59:35.070500  1882 consensus_queue.cc:1048] T bb9cb698569a41da8e9f9a4735ffe661 P b4cf1023c4db43b2820bb33df195d851 [LEADER]: Connected to new peer: Peer: permanent_uuid: "14317dad5ac744f4b5e50fbdf87e4962" member_type: VOTER last_known_addr { host: "127.0.107.129" port: 34923 }, Status: LMP_MISMATCH, Last received: 0.0, Next index: 2, Last known committed idx: 1, Time since last communication: 0.000s
I20260713 08:59:35.073311  1988 raft_consensus.cc:2955] T bb9cb698569a41da8e9f9a4735ffe661 P b4cf1023c4db43b2820bb33df195d851 [term 1 LEADER]: Committing config change with OpId 1.2: config changed from index -1 to 2, NON_VOTER 14c9763a42904699900b828c2f3e487d (127.0.107.132) added. New config: { opid_index: 2 OBSOLETE_local: false peers { permanent_uuid: "14317dad5ac744f4b5e50fbdf87e4962" member_type: VOTER last_known_addr { host: "127.0.107.129" port: 34923 } } peers { permanent_uuid: "7eea7833c09740caa9d76e30b9e4470b" member_type: VOTER last_known_addr { host: "127.0.107.130" port: 38657 } attrs { replace: true } } peers { permanent_uuid: "b4cf1023c4db43b2820bb33df195d851" member_type: VOTER last_known_addr { host: "127.0.107.131" port: 44923 } } peers { permanent_uuid: "14c9763a42904699900b828c2f3e487d" member_type: NON_VOTER last_known_addr { host: "127.0.107.132" port: 39687 } attrs { promote: true } } }
W20260713 08:59:35.077168  1646 consensus_peers.cc:597] T bb9cb698569a41da8e9f9a4735ffe661 P b4cf1023c4db43b2820bb33df195d851 -> Peer 14c9763a42904699900b828c2f3e487d (127.0.107.132:39687): Couldn't send request to peer 14c9763a42904699900b828c2f3e487d. Error code: TABLET_NOT_FOUND (6). Status: Not found: Tablet not found: bb9cb698569a41da8e9f9a4735ffe661. This is attempt 1: this message will repeat every 5th retry.
I20260713 08:59:35.078094  1605 raft_consensus.cc:2955] T bb9cb698569a41da8e9f9a4735ffe661 P 7eea7833c09740caa9d76e30b9e4470b [term 1 FOLLOWER]: Committing config change with OpId 1.2: config changed from index -1 to 2, NON_VOTER 14c9763a42904699900b828c2f3e487d (127.0.107.132) added. New config: { opid_index: 2 OBSOLETE_local: false peers { permanent_uuid: "14317dad5ac744f4b5e50fbdf87e4962" member_type: VOTER last_known_addr { host: "127.0.107.129" port: 34923 } } peers { permanent_uuid: "7eea7833c09740caa9d76e30b9e4470b" member_type: VOTER last_known_addr { host: "127.0.107.130" port: 38657 } attrs { replace: true } } peers { permanent_uuid: "b4cf1023c4db43b2820bb33df195d851" member_type: VOTER last_known_addr { host: "127.0.107.131" port: 44923 } } peers { permanent_uuid: "14c9763a42904699900b828c2f3e487d" member_type: NON_VOTER last_known_addr { host: "127.0.107.132" port: 39687 } attrs { promote: true } } }
I20260713 08:59:35.088757  1431 catalog_manager.cc:5697] T bb9cb698569a41da8e9f9a4735ffe661 P b4cf1023c4db43b2820bb33df195d851 reported cstate change: config changed from index -1 to 2, NON_VOTER 14c9763a42904699900b828c2f3e487d (127.0.107.132) added. New cstate: current_term: 1 leader_uuid: "b4cf1023c4db43b2820bb33df195d851" committed_config { opid_index: 2 OBSOLETE_local: false peers { permanent_uuid: "14317dad5ac744f4b5e50fbdf87e4962" member_type: VOTER last_known_addr { host: "127.0.107.129" port: 34923 } health_report { overall_health: UNKNOWN } } peers { permanent_uuid: "7eea7833c09740caa9d76e30b9e4470b" member_type: VOTER last_known_addr { host: "127.0.107.130" port: 38657 } attrs { replace: true } health_report { overall_health: HEALTHY } } peers { permanent_uuid: "b4cf1023c4db43b2820bb33df195d851" member_type: VOTER last_known_addr { host: "127.0.107.131" port: 44923 } health_report { overall_health: HEALTHY } } peers { permanent_uuid: "14c9763a42904699900b828c2f3e487d" member_type: NON_VOTER last_known_addr { host: "127.0.107.132" port: 39687 } attrs { promote: true } health_report { overall_health: UNKNOWN } } }
I20260713 08:59:35.090709  1680 consensus_queue.cc:237] T 71749037683641959df70f6a135377ca P b4cf1023c4db43b2820bb33df195d851 [LEADER]: Queue going to LEADER mode. State: All replicated index: 0, Majority replicated index: 1, Committed index: 1, Last appended: 1.1, Last appended by leader: 0, Current term: 1, Majority size: 2, State: 0, Mode: LEADER, active raft config: opid_index: 2 OBSOLETE_local: false peers { permanent_uuid: "14317dad5ac744f4b5e50fbdf87e4962" member_type: VOTER last_known_addr { host: "127.0.107.129" port: 34923 } attrs { replace: true } } peers { permanent_uuid: "7eea7833c09740caa9d76e30b9e4470b" member_type: VOTER last_known_addr { host: "127.0.107.130" port: 38657 } } peers { permanent_uuid: "b4cf1023c4db43b2820bb33df195d851" member_type: VOTER last_known_addr { host: "127.0.107.131" port: 44923 } } peers { permanent_uuid: "14c9763a42904699900b828c2f3e487d" member_type: NON_VOTER last_known_addr { host: "127.0.107.132" port: 39687 } attrs { promote: true } }
I20260713 08:59:35.093272  1532 raft_consensus.cc:2955] T bb9cb698569a41da8e9f9a4735ffe661 P 14317dad5ac744f4b5e50fbdf87e4962 [term 1 FOLLOWER]: Committing config change with OpId 1.2: config changed from index -1 to 2, NON_VOTER 14c9763a42904699900b828c2f3e487d (127.0.107.132) added. New config: { opid_index: 2 OBSOLETE_local: false peers { permanent_uuid: "14317dad5ac744f4b5e50fbdf87e4962" member_type: VOTER last_known_addr { host: "127.0.107.129" port: 34923 } } peers { permanent_uuid: "7eea7833c09740caa9d76e30b9e4470b" member_type: VOTER last_known_addr { host: "127.0.107.130" port: 38657 } attrs { replace: true } } peers { permanent_uuid: "b4cf1023c4db43b2820bb33df195d851" member_type: VOTER last_known_addr { host: "127.0.107.131" port: 44923 } } peers { permanent_uuid: "14c9763a42904699900b828c2f3e487d" member_type: NON_VOTER last_known_addr { host: "127.0.107.132" port: 39687 } attrs { promote: true } } }
W20260713 08:59:35.102165  1646 consensus_peers.cc:597] T 71749037683641959df70f6a135377ca P b4cf1023c4db43b2820bb33df195d851 -> Peer 14c9763a42904699900b828c2f3e487d (127.0.107.132:39687): Couldn't send request to peer 14c9763a42904699900b828c2f3e487d. Error code: TABLET_NOT_FOUND (6). Status: Not found: Tablet not found: 71749037683641959df70f6a135377ca. This is attempt 1: this message will repeat every 5th retry.
I20260713 08:59:35.103549  1605 raft_consensus.cc:1275] T 71749037683641959df70f6a135377ca P 7eea7833c09740caa9d76e30b9e4470b [term 1 FOLLOWER]: Refusing update from remote peer b4cf1023c4db43b2820bb33df195d851: Log matching property violated. Preceding OpId in replica: term: 1 index: 1. Preceding OpId from leader: term: 1 index: 2. (index mismatch)
I20260713 08:59:35.105043  1777 consensus_queue.cc:1048] T 71749037683641959df70f6a135377ca P b4cf1023c4db43b2820bb33df195d851 [LEADER]: Connected to new peer: Peer: permanent_uuid: "7eea7833c09740caa9d76e30b9e4470b" member_type: VOTER last_known_addr { host: "127.0.107.130" port: 38657 }, Status: LMP_MISMATCH, Last received: 0.0, Next index: 2, Last known committed idx: 1, Time since last communication: 0.000s
I20260713 08:59:35.113493  1532 raft_consensus.cc:1275] T 71749037683641959df70f6a135377ca P 14317dad5ac744f4b5e50fbdf87e4962 [term 1 FOLLOWER]: Refusing update from remote peer b4cf1023c4db43b2820bb33df195d851: Log matching property violated. Preceding OpId in replica: term: 1 index: 1. Preceding OpId from leader: term: 1 index: 2. (index mismatch)
I20260713 08:59:35.116503  1882 consensus_queue.cc:1048] T 71749037683641959df70f6a135377ca P b4cf1023c4db43b2820bb33df195d851 [LEADER]: Connected to new peer: Peer: permanent_uuid: "14317dad5ac744f4b5e50fbdf87e4962" member_type: VOTER last_known_addr { host: "127.0.107.129" port: 34923 } attrs { replace: true }, Status: LMP_MISMATCH, Last received: 0.0, Next index: 2, Last known committed idx: 1, Time since last communication: 0.000s
