I20260713 09:04:43.322832 12976 consensus_queue.cc:1048] T c68f05ad2e0b43dcaa01a171f483bed3 P 8d8f3661d29f4bc2b1b908acb6dd3961 [LEADER]: Connected to new peer: Peer: permanent_uuid: "dff1eeb1bf84464e9788f0c1201120f2" member_type: VOTER last_known_addr { host: "127.11.12.68" port: 32777 } attrs { promote: false }, Status: LMP_MISMATCH, Last received: 0.0, Next index: 3, Last known committed idx: 2, Time since last communication: 0.001s
I20260713 09:04:43.325824 12976 consensus_queue.cc:1048] T c68f05ad2e0b43dcaa01a171f483bed3 P 8d8f3661d29f4bc2b1b908acb6dd3961 [LEADER]: Connected to new peer: Peer: permanent_uuid: "7caa0e10d570403fbbd17d0e25808d9e" member_type: VOTER last_known_addr { host: "127.11.12.66" port: 35895 }, Status: LMP_MISMATCH, Last received: 0.0, Next index: 3, Last known committed idx: 2, Time since last communication: 0.001s
I20260713 09:04:43.329741 12440 tablet_service.cc:1558] Processing DeleteTablet for tablet ff43ecf638df47adae4b19aad4a51a53 with delete_type TABLET_DATA_TOMBSTONED (TS 0abe7969dcad4a9c86713e9bcfa6736a not found in new config with opid_index 4) from {username='slave'} at 127.0.0.1:52660
I20260713 09:04:43.338148 12348 catalog_manager.cc:5697] T f342be4cc5a249b985b20ea7144e33e7 P 8d8f3661d29f4bc2b1b908acb6dd3961 reported cstate change: config changed from index 2 to 3, dff1eeb1bf84464e9788f0c1201120f2 (127.11.12.68) changed from NON_VOTER to VOTER. New cstate: current_term: 1 leader_uuid: "0abe7969dcad4a9c86713e9bcfa6736a" committed_config { opid_index: 3 OBSOLETE_local: false peers { permanent_uuid: "0abe7969dcad4a9c86713e9bcfa6736a" member_type: VOTER last_known_addr { host: "127.11.12.65" port: 38395 } } peers { permanent_uuid: "7caa0e10d570403fbbd17d0e25808d9e" member_type: VOTER last_known_addr { host: "127.11.12.66" port: 35895 } } peers { permanent_uuid: "8d8f3661d29f4bc2b1b908acb6dd3961" member_type: VOTER last_known_addr { host: "127.11.12.67" port: 37555 } attrs { replace: true } } peers { permanent_uuid: "dff1eeb1bf84464e9788f0c1201120f2" member_type: VOTER last_known_addr { host: "127.11.12.68" port: 32777 } attrs { promote: false } } }
I20260713 09:04:43.342281 13065 tablet_replica.cc:333] T ff43ecf638df47adae4b19aad4a51a53 P 0abe7969dcad4a9c86713e9bcfa6736a: stopping tablet replica
I20260713 09:04:43.343627 13065 raft_consensus.cc:2243] T ff43ecf638df47adae4b19aad4a51a53 P 0abe7969dcad4a9c86713e9bcfa6736a [term 1 FOLLOWER]: Raft consensus shutting down.
I20260713 09:04:43.344437 13065 raft_consensus.cc:2272] T ff43ecf638df47adae4b19aad4a51a53 P 0abe7969dcad4a9c86713e9bcfa6736a [term 1 FOLLOWER]: Raft consensus is shut down!
I20260713 09:04:43.346436 12448 raft_consensus.cc:1275] T c68f05ad2e0b43dcaa01a171f483bed3 P 0abe7969dcad4a9c86713e9bcfa6736a [term 1 FOLLOWER]: Refusing update from remote peer 8d8f3661d29f4bc2b1b908acb6dd3961: Log matching property violated. Preceding OpId in replica: term: 1 index: 2. Preceding OpId from leader: term: 1 index: 3. (index mismatch)
I20260713 09:04:43.361918 13065 ts_tablet_manager.cc:1916] T ff43ecf638df47adae4b19aad4a51a53 P 0abe7969dcad4a9c86713e9bcfa6736a: Deleting tablet data with delete state TABLET_DATA_TOMBSTONED
I20260713 09:04:43.368072 13064 consensus_queue.cc:1048] T c68f05ad2e0b43dcaa01a171f483bed3 P 8d8f3661d29f4bc2b1b908acb6dd3961 [LEADER]: Connected to new peer: Peer: permanent_uuid: "0abe7969dcad4a9c86713e9bcfa6736a" member_type: VOTER last_known_addr { host: "127.11.12.65" port: 38395 } attrs { replace: true }, Status: LMP_MISMATCH, Last received: 0.0, Next index: 3, Last known committed idx: 2, Time since last communication: 0.001s
I20260713 09:04:43.372287 13041 raft_consensus.cc:2955] T 9bff2e4f87134d308d46211b6ec105db P 7caa0e10d570403fbbd17d0e25808d9e [term 1 LEADER]: Committing config change with OpId 1.3: config changed from index 2 to 3, dff1eeb1bf84464e9788f0c1201120f2 (127.11.12.68) changed from NON_VOTER to VOTER. New config: { opid_index: 3 OBSOLETE_local: false peers { permanent_uuid: "7caa0e10d570403fbbd17d0e25808d9e" member_type: VOTER last_known_addr { host: "127.11.12.66" port: 35895 } } peers { permanent_uuid: "8d8f3661d29f4bc2b1b908acb6dd3961" member_type: VOTER last_known_addr { host: "127.11.12.67" port: 37555 } attrs { replace: true } } peers { permanent_uuid: "0abe7969dcad4a9c86713e9bcfa6736a" member_type: VOTER last_known_addr { host: "127.11.12.65" port: 38395 } } peers { permanent_uuid: "dff1eeb1bf84464e9788f0c1201120f2" member_type: VOTER last_known_addr { host: "127.11.12.68" port: 32777 } attrs { promote: false } } }
I20260713 09:04:43.377236 12897 raft_consensus.cc:2955] T f342be4cc5a249b985b20ea7144e33e7 P dff1eeb1bf84464e9788f0c1201120f2 [term 1 FOLLOWER]: Committing config change with OpId 1.3: config changed from index 2 to 3, dff1eeb1bf84464e9788f0c1201120f2 (127.11.12.68) changed from NON_VOTER to VOTER. New config: { opid_index: 3 OBSOLETE_local: false peers { permanent_uuid: "0abe7969dcad4a9c86713e9bcfa6736a" member_type: VOTER last_known_addr { host: "127.11.12.65" port: 38395 } } peers { permanent_uuid: "7caa0e10d570403fbbd17d0e25808d9e" member_type: VOTER last_known_addr { host: "127.11.12.66" port: 35895 } } peers { permanent_uuid: "8d8f3661d29f4bc2b1b908acb6dd3961" member_type: VOTER last_known_addr { host: "127.11.12.67" port: 37555 } attrs { replace: true } } peers { permanent_uuid: "dff1eeb1bf84464e9788f0c1201120f2" member_type: VOTER last_known_addr { host: "127.11.12.68" port: 32777 } attrs { promote: false } } }
I20260713 09:04:43.378980 12598 raft_consensus.cc:2955] T 9bff2e4f87134d308d46211b6ec105db P 8d8f3661d29f4bc2b1b908acb6dd3961 [term 1 FOLLOWER]: Committing config change with OpId 1.3: config changed from index 2 to 3, dff1eeb1bf84464e9788f0c1201120f2 (127.11.12.68) changed from NON_VOTER to VOTER. New config: { opid_index: 3 OBSOLETE_local: false peers { permanent_uuid: "7caa0e10d570403fbbd17d0e25808d9e" member_type: VOTER last_known_addr { host: "127.11.12.66" port: 35895 } } peers { permanent_uuid: "8d8f3661d29f4bc2b1b908acb6dd3961" member_type: VOTER last_known_addr { host: "127.11.12.67" port: 37555 } attrs { replace: true } } peers { permanent_uuid: "0abe7969dcad4a9c86713e9bcfa6736a" member_type: VOTER last_known_addr { host: "127.11.12.65" port: 38395 } } peers { permanent_uuid: "dff1eeb1bf84464e9788f0c1201120f2" member_type: VOTER last_known_addr { host: "127.11.12.68" port: 32777 } attrs { promote: false } } }
I20260713 09:04:43.389176 12448 raft_consensus.cc:2955] T 9bff2e4f87134d308d46211b6ec105db P 0abe7969dcad4a9c86713e9bcfa6736a [term 1 FOLLOWER]: Committing config change with OpId 1.3: config changed from index 2 to 3, dff1eeb1bf84464e9788f0c1201120f2 (127.11.12.68) changed from NON_VOTER to VOTER. New config: { opid_index: 3 OBSOLETE_local: false peers { permanent_uuid: "7caa0e10d570403fbbd17d0e25808d9e" member_type: VOTER last_known_addr { host: "127.11.12.66" port: 35895 } } peers { permanent_uuid: "8d8f3661d29f4bc2b1b908acb6dd3961" member_type: VOTER last_known_addr { host: "127.11.12.67" port: 37555 } attrs { replace: true } } peers { permanent_uuid: "0abe7969dcad4a9c86713e9bcfa6736a" member_type: VOTER last_known_addr { host: "127.11.12.65" port: 38395 } } peers { permanent_uuid: "dff1eeb1bf84464e9788f0c1201120f2" member_type: VOTER last_known_addr { host: "127.11.12.68" port: 32777 } attrs { promote: false } } }
I20260713 09:04:43.399245 12449 consensus_queue.cc:237] T f342be4cc5a249b985b20ea7144e33e7 P 0abe7969dcad4a9c86713e9bcfa6736a [LEADER]: Queue going to LEADER mode. State: All replicated index: 0, Majority replicated index: 3, Committed index: 3, Last appended: 1.3, Last appended by leader: 0, Current term: 1, Majority size: 2, State: 0, Mode: LEADER, active raft config: opid_index: 4 OBSOLETE_local: false peers { permanent_uuid: "0abe7969dcad4a9c86713e9bcfa6736a" member_type: VOTER last_known_addr { host: "127.11.12.65" port: 38395 } } peers { permanent_uuid: "7caa0e10d570403fbbd17d0e25808d9e" member_type: VOTER last_known_addr { host: "127.11.12.66" port: 35895 } } peers { permanent_uuid: "dff1eeb1bf84464e9788f0c1201120f2" member_type: VOTER last_known_addr { host: "127.11.12.68" port: 32777 } attrs { promote: false } }
I20260713 09:04:43.398978 12348 catalog_manager.cc:5697] T 9bff2e4f87134d308d46211b6ec105db P 7caa0e10d570403fbbd17d0e25808d9e reported cstate change: config changed from index 2 to 3, dff1eeb1bf84464e9788f0c1201120f2 (127.11.12.68) changed from NON_VOTER to VOTER. New cstate: current_term: 1 leader_uuid: "7caa0e10d570403fbbd17d0e25808d9e" committed_config { opid_index: 3 OBSOLETE_local: false peers { permanent_uuid: "7caa0e10d570403fbbd17d0e25808d9e" member_type: VOTER last_known_addr { host: "127.11.12.66" port: 35895 } health_report { overall_health: HEALTHY } } peers { permanent_uuid: "8d8f3661d29f4bc2b1b908acb6dd3961" member_type: VOTER last_known_addr { host: "127.11.12.67" port: 37555 } attrs { replace: true } health_report { overall_health: HEALTHY } } peers { permanent_uuid: "0abe7969dcad4a9c86713e9bcfa6736a" member_type: VOTER last_known_addr { host: "127.11.12.65" port: 38395 } health_report { overall_health: HEALTHY } } peers { permanent_uuid: "dff1eeb1bf84464e9788f0c1201120f2" member_type: VOTER last_known_addr { host: "127.11.12.68" port: 32777 } attrs { promote: false } health_report { overall_health: UNKNOWN } } }
I20260713 09:04:43.410327 12896 raft_consensus.cc:2955] T 9bff2e4f87134d308d46211b6ec105db P dff1eeb1bf84464e9788f0c1201120f2 [term 1 FOLLOWER]: Committing config change with OpId 1.3: config changed from index 2 to 3, dff1eeb1bf84464e9788f0c1201120f2 (127.11.12.68) changed from NON_VOTER to VOTER. New config: { opid_index: 3 OBSOLETE_local: false peers { permanent_uuid: "7caa0e10d570403fbbd17d0e25808d9e" member_type: VOTER last_known_addr { host: "127.11.12.66" port: 35895 } } peers { permanent_uuid: "8d8f3661d29f4bc2b1b908acb6dd3961" member_type: VOTER last_known_addr { host: "127.11.12.67" port: 37555 } attrs { replace: true } } peers { permanent_uuid: "0abe7969dcad4a9c86713e9bcfa6736a" member_type: VOTER last_known_addr { host: "127.11.12.65" port: 38395 } } peers { permanent_uuid: "dff1eeb1bf84464e9788f0c1201120f2" member_type: VOTER last_known_addr { host: "127.11.12.68" port: 32777 } attrs { promote: false } } }
I20260713 09:04:43.424422 13018 raft_consensus.cc:2955] T c68f05ad2e0b43dcaa01a171f483bed3 P 8d8f3661d29f4bc2b1b908acb6dd3961 [term 1 LEADER]: Committing config change with OpId 1.3: config changed from index 2 to 3, dff1eeb1bf84464e9788f0c1201120f2 (127.11.12.68) changed from NON_VOTER to VOTER. New config: { opid_index: 3 OBSOLETE_local: false peers { permanent_uuid: "0abe7969dcad4a9c86713e9bcfa6736a" member_type: VOTER last_known_addr { host: "127.11.12.65" port: 38395 } attrs { replace: true } } peers { permanent_uuid: "7caa0e10d570403fbbd17d0e25808d9e" member_type: VOTER last_known_addr { host: "127.11.12.66" port: 35895 } } peers { permanent_uuid: "8d8f3661d29f4bc2b1b908acb6dd3961" member_type: VOTER last_known_addr { host: "127.11.12.67" port: 37555 } } peers { permanent_uuid: "dff1eeb1bf84464e9788f0c1201120f2" member_type: VOTER last_known_addr { host: "127.11.12.68" port: 32777 } attrs { promote: false } } }
I20260713 09:04:43.438572 12521 raft_consensus.cc:1275] T f342be4cc5a249b985b20ea7144e33e7 P 7caa0e10d570403fbbd17d0e25808d9e [term 1 FOLLOWER]: Refusing update from remote peer 0abe7969dcad4a9c86713e9bcfa6736a: Log matching property violated. Preceding OpId in replica: term: 1 index: 3. Preceding OpId from leader: term: 1 index: 4. (index mismatch)
I20260713 09:04:43.440115 13025 consensus_queue.cc:1048] T f342be4cc5a249b985b20ea7144e33e7 P 0abe7969dcad4a9c86713e9bcfa6736a [LEADER]: Connected to new peer: Peer: permanent_uuid: "7caa0e10d570403fbbd17d0e25808d9e" member_type: VOTER last_known_addr { host: "127.11.12.66" port: 35895 }, Status: LMP_MISMATCH, Last received: 0.0, Next index: 4, Last known committed idx: 3, Time since last communication: 0.000s
I20260713 09:04:43.440515 12521 raft_consensus.cc:2955] T c68f05ad2e0b43dcaa01a171f483bed3 P 7caa0e10d570403fbbd17d0e25808d9e [term 1 FOLLOWER]: Committing config change with OpId 1.3: config changed from index 2 to 3, dff1eeb1bf84464e9788f0c1201120f2 (127.11.12.68) changed from NON_VOTER to VOTER. New config: { opid_index: 3 OBSOLETE_local: false peers { permanent_uuid: "0abe7969dcad4a9c86713e9bcfa6736a" member_type: VOTER last_known_addr { host: "127.11.12.65" port: 38395 } attrs { replace: true } } peers { permanent_uuid: "7caa0e10d570403fbbd17d0e25808d9e" member_type: VOTER last_known_addr { host: "127.11.12.66" port: 35895 } } peers { permanent_uuid: "8d8f3661d29f4bc2b1b908acb6dd3961" member_type: VOTER last_known_addr { host: "127.11.12.67" port: 37555 } } peers { permanent_uuid: "dff1eeb1bf84464e9788f0c1201120f2" member_type: VOTER last_known_addr { host: "127.11.12.68" port: 32777 } attrs { promote: false } } }
I20260713 09:04:43.447952 13025 raft_consensus.cc:2955] T f342be4cc5a249b985b20ea7144e33e7 P 0abe7969dcad4a9c86713e9bcfa6736a [term 1 LEADER]: Committing config change with OpId 1.4: config changed from index 3 to 4, VOTER 8d8f3661d29f4bc2b1b908acb6dd3961 (127.11.12.67) evicted. New config: { opid_index: 4 OBSOLETE_local: false peers { permanent_uuid: "0abe7969dcad4a9c86713e9bcfa6736a" member_type: VOTER last_known_addr { host: "127.11.12.65" port: 38395 } } peers { permanent_uuid: "7caa0e10d570403fbbd17d0e25808d9e" member_type: VOTER last_known_addr { host: "127.11.12.66" port: 35895 } } peers { permanent_uuid: "dff1eeb1bf84464e9788f0c1201120f2" member_type: VOTER last_known_addr { host: "127.11.12.68" port: 32777 } attrs { promote: false } } }
I20260713 09:04:43.438529 12449 raft_consensus.cc:2955] T c68f05ad2e0b43dcaa01a171f483bed3 P 0abe7969dcad4a9c86713e9bcfa6736a [term 1 FOLLOWER]: Committing config change with OpId 1.3: config changed from index 2 to 3, dff1eeb1bf84464e9788f0c1201120f2 (127.11.12.68) changed from NON_VOTER to VOTER. New config: { opid_index: 3 OBSOLETE_local: false peers { permanent_uuid: "0abe7969dcad4a9c86713e9bcfa6736a" member_type: VOTER last_known_addr { host: "127.11.12.65" port: 38395 } attrs { replace: true } } peers { permanent_uuid: "7caa0e10d570403fbbd17d0e25808d9e" member_type: VOTER last_known_addr { host: "127.11.12.66" port: 35895 } } peers { permanent_uuid: "8d8f3661d29f4bc2b1b908acb6dd3961" member_type: VOTER last_known_addr { host: "127.11.12.67" port: 37555 } } peers { permanent_uuid: "dff1eeb1bf84464e9788f0c1201120f2" member_type: VOTER last_known_addr { host: "127.11.12.68" port: 32777 } attrs { promote: false } } }
I20260713 09:04:43.458839 12897 raft_consensus.cc:1275] T f342be4cc5a249b985b20ea7144e33e7 P dff1eeb1bf84464e9788f0c1201120f2 [term 1 FOLLOWER]: Refusing update from remote peer 0abe7969dcad4a9c86713e9bcfa6736a: Log matching property violated. Preceding OpId in replica: term: 1 index: 3. Preceding OpId from leader: term: 1 index: 4. (index mismatch)
I20260713 09:04:43.454383 12525 raft_consensus.cc:2955] T f342be4cc5a249b985b20ea7144e33e7 P 7caa0e10d570403fbbd17d0e25808d9e [term 1 FOLLOWER]: Committing config change with OpId 1.4: config changed from index 3 to 4, VOTER 8d8f3661d29f4bc2b1b908acb6dd3961 (127.11.12.67) evicted. New config: { opid_index: 4 OBSOLETE_local: false peers { permanent_uuid: "0abe7969dcad4a9c86713e9bcfa6736a" member_type: VOTER last_known_addr { host: "127.11.12.65" port: 38395 } } peers { permanent_uuid: "7caa0e10d570403fbbd17d0e25808d9e" member_type: VOTER last_known_addr { host: "127.11.12.66" port: 35895 } } peers { permanent_uuid: "dff1eeb1bf84464e9788f0c1201120f2" member_type: VOTER last_known_addr { host: "127.11.12.68" port: 32777 } attrs { promote: false } } }
I20260713 09:04:43.467936 13038 consensus_queue.cc:1048] T f342be4cc5a249b985b20ea7144e33e7 P 0abe7969dcad4a9c86713e9bcfa6736a [LEADER]: Connected to new peer: Peer: permanent_uuid: "dff1eeb1bf84464e9788f0c1201120f2" member_type: VOTER last_known_addr { host: "127.11.12.68" port: 32777 } attrs { promote: false }, Status: LMP_MISMATCH, Last received: 0.0, Next index: 4, Last known committed idx: 3, Time since last communication: 0.000s
I20260713 09:04:43.468252 12345 catalog_manager.cc:5697] T c68f05ad2e0b43dcaa01a171f483bed3 P 8d8f3661d29f4bc2b1b908acb6dd3961 reported cstate change: config changed from index 2 to 3, dff1eeb1bf84464e9788f0c1201120f2 (127.11.12.68) changed from NON_VOTER to VOTER. New cstate: current_term: 1 leader_uuid: "8d8f3661d29f4bc2b1b908acb6dd3961" committed_config { opid_index: 3 OBSOLETE_local: false peers { permanent_uuid: "0abe7969dcad4a9c86713e9bcfa6736a" member_type: VOTER last_known_addr { host: "127.11.12.65" port: 38395 } attrs { replace: true } health_report { overall_health: HEALTHY } } peers { permanent_uuid: "7caa0e10d570403fbbd17d0e25808d9e" member_type: VOTER last_known_addr { host: "127.11.12.66" port: 35895 } health_report { overall_health: HEALTHY } } peers { permanent_uuid: "8d8f3661d29f4bc2b1b908acb6dd3961" member_type: VOTER last_known_addr { host: "127.11.12.67" port: 37555 } health_report { overall_health: HEALTHY } } peers { permanent_uuid: "dff1eeb1bf84464e9788f0c1201120f2" member_type: VOTER last_known_addr { host: "127.11.12.68" port: 32777 } attrs { promote: false } health_report { overall_health: HEALTHY } } }
I20260713 09:04:43.472009 12521 consensus_queue.cc:237] T 9bff2e4f87134d308d46211b6ec105db P 7caa0e10d570403fbbd17d0e25808d9e [LEADER]: Queue going to LEADER mode. State: All replicated index: 0, Majority replicated index: 3, Committed index: 3, Last appended: 1.3, Last appended by leader: 0, Current term: 1, Majority size: 2, State: 0, Mode: LEADER, active raft config: opid_index: 4 OBSOLETE_local: false peers { permanent_uuid: "7caa0e10d570403fbbd17d0e25808d9e" member_type: VOTER last_known_addr { host: "127.11.12.66" port: 35895 } } peers { permanent_uuid: "0abe7969dcad4a9c86713e9bcfa6736a" member_type: VOTER last_known_addr { host: "127.11.12.65" port: 38395 } } peers { permanent_uuid: "dff1eeb1bf84464e9788f0c1201120f2" member_type: VOTER last_known_addr { host: "127.11.12.68" port: 32777 } attrs { promote: false } }
I20260713 09:04:43.473984 12896 raft_consensus.cc:2955] T f342be4cc5a249b985b20ea7144e33e7 P dff1eeb1bf84464e9788f0c1201120f2 [term 1 FOLLOWER]: Committing config change with OpId 1.4: config changed from index 3 to 4, VOTER 8d8f3661d29f4bc2b1b908acb6dd3961 (127.11.12.67) evicted. New config: { opid_index: 4 OBSOLETE_local: false peers { permanent_uuid: "0abe7969dcad4a9c86713e9bcfa6736a" member_type: VOTER last_known_addr { host: "127.11.12.65" port: 38395 } } peers { permanent_uuid: "7caa0e10d570403fbbd17d0e25808d9e" member_type: VOTER last_known_addr { host: "127.11.12.66" port: 35895 } } peers { permanent_uuid: "dff1eeb1bf84464e9788f0c1201120f2" member_type: VOTER last_known_addr { host: "127.11.12.68" port: 32777 } attrs { promote: false } } }
I20260713 09:04:43.482154 12335 catalog_manager.cc:5210] ChangeConfig:REMOVE_PEER RPC for tablet f342be4cc5a249b985b20ea7144e33e7 with cas_config_opid_index 3: ChangeConfig:REMOVE_PEER succeeded (attempt 1)
I20260713 09:04:43.483289 12347 catalog_manager.cc:5697] T f342be4cc5a249b985b20ea7144e33e7 P 0abe7969dcad4a9c86713e9bcfa6736a reported cstate change: config changed from index 3 to 4, VOTER 8d8f3661d29f4bc2b1b908acb6dd3961 (127.11.12.67) evicted. New cstate: current_term: 1 leader_uuid: "0abe7969dcad4a9c86713e9bcfa6736a" committed_config { opid_index: 4 OBSOLETE_local: false peers { permanent_uuid: "0abe7969dcad4a9c86713e9bcfa6736a" member_type: VOTER last_known_addr { host: "127.11.12.65" port: 38395 } health_report { overall_health: HEALTHY } } peers { permanent_uuid: "7caa0e10d570403fbbd17d0e25808d9e" member_type: VOTER last_known_addr { host: "127.11.12.66" port: 35895 } health_report { overall_health: HEALTHY } } peers { permanent_uuid: "dff1eeb1bf84464e9788f0c1201120f2" member_type: VOTER last_known_addr { host: "127.11.12.68" port: 32777 } attrs { promote: false } health_report { overall_health: UNKNOWN } } }
I20260713 09:04:43.486302 12897 raft_consensus.cc:2955] T c68f05ad2e0b43dcaa01a171f483bed3 P dff1eeb1bf84464e9788f0c1201120f2 [term 1 FOLLOWER]: Committing config change with OpId 1.3: config changed from index 2 to 3, dff1eeb1bf84464e9788f0c1201120f2 (127.11.12.68) changed from NON_VOTER to VOTER. New config: { opid_index: 3 OBSOLETE_local: false peers { permanent_uuid: "0abe7969dcad4a9c86713e9bcfa6736a" member_type: VOTER last_known_addr { host: "127.11.12.65" port: 38395 } attrs { replace: true } } peers { permanent_uuid: "7caa0e10d570403fbbd17d0e25808d9e" member_type: VOTER last_known_addr { host: "127.11.12.66" port: 35895 } } peers { permanent_uuid: "8d8f3661d29f4bc2b1b908acb6dd3961" member_type: VOTER last_known_addr { host: "127.11.12.67" port: 37555 } } peers { permanent_uuid: "dff1eeb1bf84464e9788f0c1201120f2" member_type: VOTER last_known_addr { host: "127.11.12.68" port: 32777 } attrs { promote: false } } }
I20260713 09:04:43.492918 13065 ts_tablet_manager.cc:1929] T ff43ecf638df47adae4b19aad4a51a53 P 0abe7969dcad4a9c86713e9bcfa6736a: tablet deleted with delete type TABLET_DATA_TOMBSTONED: last-logged OpId 1.3
I20260713 09:04:43.493379 13065 log.cc:1199] T ff43ecf638df47adae4b19aad4a51a53 P 0abe7969dcad4a9c86713e9bcfa6736a: Deleting WAL directory at /tmp/dist-test-taskYH7k8Z/test-tmp/auto_leader_rebalancer-test.0.LeaderRebalancerTest.AddTserver.1783933447071598-11313-0/minicluster-data/ts-0-root/wals/ff43ecf638df47adae4b19aad4a51a53
I20260713 09:04:43.495467 12583 tablet_service.cc:1558] Processing DeleteTablet for tablet f342be4cc5a249b985b20ea7144e33e7 with delete_type TABLET_DATA_TOMBSTONED (TS 8d8f3661d29f4bc2b1b908acb6dd3961 not found in new config with opid_index 4) from {username='slave'} at 127.0.0.1:37112
I20260713 09:04:43.496189 12335 catalog_manager.cc:5028] TS 0abe7969dcad4a9c86713e9bcfa6736a (127.11.12.65:38395): tablet ff43ecf638df47adae4b19aad4a51a53 (table test-workload [id=6b17d46cf16c4115b6a37f94b22334ef]) successfully deleted
I20260713 09:04:43.497383 13070 tablet_replica.cc:333] T f342be4cc5a249b985b20ea7144e33e7 P 8d8f3661d29f4bc2b1b908acb6dd3961: stopping tablet replica
I20260713 09:04:43.498358 13070 raft_consensus.cc:2243] T f342be4cc5a249b985b20ea7144e33e7 P 8d8f3661d29f4bc2b1b908acb6dd3961 [term 1 FOLLOWER]: Raft consensus shutting down.
I20260713 09:04:43.503079 13070 raft_consensus.cc:2272] T f342be4cc5a249b985b20ea7144e33e7 P 8d8f3661d29f4bc2b1b908acb6dd3961 [term 1 FOLLOWER]: Raft consensus is shut down!
I20260713 09:04:43.510054 12599 consensus_queue.cc:237] T c68f05ad2e0b43dcaa01a171f483bed3 P 8d8f3661d29f4bc2b1b908acb6dd3961 [LEADER]: Queue going to LEADER mode. State: All replicated index: 0, Majority replicated index: 3, Committed index: 3, Last appended: 1.3, Last appended by leader: 0, Current term: 1, Majority size: 2, State: 0, Mode: LEADER, active raft config: opid_index: 4 OBSOLETE_local: false peers { permanent_uuid: "7caa0e10d570403fbbd17d0e25808d9e" member_type: VOTER last_known_addr { host: "127.11.12.66" port: 35895 } } peers { permanent_uuid: "8d8f3661d29f4bc2b1b908acb6dd3961" member_type: VOTER last_known_addr { host: "127.11.12.67" port: 37555 } } peers { permanent_uuid: "dff1eeb1bf84464e9788f0c1201120f2" member_type: VOTER last_known_addr { host: "127.11.12.68" port: 32777 } attrs { promote: false } }
I20260713 09:04:43.513805 13070 ts_tablet_manager.cc:1916] T f342be4cc5a249b985b20ea7144e33e7 P 8d8f3661d29f4bc2b1b908acb6dd3961: Deleting tablet data with delete state TABLET_DATA_TOMBSTONED
I20260713 09:04:43.516127 12896 raft_consensus.cc:1275] T 9bff2e4f87134d308d46211b6ec105db P dff1eeb1bf84464e9788f0c1201120f2 [term 1 FOLLOWER]: Refusing update from remote peer 7caa0e10d570403fbbd17d0e25808d9e: Log matching property violated. Preceding OpId in replica: term: 1 index: 3. Preceding OpId from leader: term: 1 index: 4. (index mismatch)
I20260713 09:04:43.517611 13042 consensus_queue.cc:1048] T 9bff2e4f87134d308d46211b6ec105db P 7caa0e10d570403fbbd17d0e25808d9e [LEADER]: Connected to new peer: Peer: permanent_uuid: "dff1eeb1bf84464e9788f0c1201120f2" member_type: VOTER last_known_addr { host: "127.11.12.68" port: 32777 } attrs { promote: false }, Status: LMP_MISMATCH, Last received: 0.0, Next index: 4, Last known committed idx: 3, Time since last communication: 0.000s
I20260713 09:04:43.522372 12525 raft_consensus.cc:1275] T c68f05ad2e0b43dcaa01a171f483bed3 P 7caa0e10d570403fbbd17d0e25808d9e [term 1 FOLLOWER]: Refusing update from remote peer 8d8f3661d29f4bc2b1b908acb6dd3961: Log matching property violated. Preceding OpId in replica: term: 1 index: 3. Preceding OpId from leader: term: 1 index: 4. (index mismatch)
I20260713 09:04:43.523756 13043 consensus_queue.cc:1048] T c68f05ad2e0b43dcaa01a171f483bed3 P 8d8f3661d29f4bc2b1b908acb6dd3961 [LEADER]: Connected to new peer: Peer: permanent_uuid: "7caa0e10d570403fbbd17d0e25808d9e" member_type: VOTER last_known_addr { host: "127.11.12.66" port: 35895 }, Status: LMP_MISMATCH, Last received: 0.0, Next index: 4, Last known committed idx: 3, Time since last communication: 0.000s
I20260713 09:04:43.528896 13039 raft_consensus.cc:2955] T 9bff2e4f87134d308d46211b6ec105db P 7caa0e10d570403fbbd17d0e25808d9e [term 1 LEADER]: Committing config change with OpId 1.4: config changed from index 3 to 4, VOTER 8d8f3661d29f4bc2b1b908acb6dd3961 (127.11.12.67) evicted. New config: { opid_index: 4 OBSOLETE_local: false peers { permanent_uuid: "7caa0e10d570403fbbd17d0e25808d9e" member_type: VOTER last_known_addr { host: "127.11.12.66" port: 35895 } } peers { permanent_uuid: "0abe7969dcad4a9c86713e9bcfa6736a" member_type: VOTER last_known_addr { host: "127.11.12.65" port: 38395 } } peers { permanent_uuid: "dff1eeb1bf84464e9788f0c1201120f2" member_type: VOTER last_known_addr { host: "127.11.12.68" port: 32777 } attrs { promote: false } } }
I20260713 09:04:43.530782 12895 raft_consensus.cc:2955] T 9bff2e4f87134d308d46211b6ec105db P dff1eeb1bf84464e9788f0c1201120f2 [term 1 FOLLOWER]: Committing config change with OpId 1.4: config changed from index 3 to 4, VOTER 8d8f3661d29f4bc2b1b908acb6dd3961 (127.11.12.67) evicted. New config: { opid_index: 4 OBSOLETE_local: false peers { permanent_uuid: "7caa0e10d570403fbbd17d0e25808d9e" member_type: VOTER last_known_addr { host: "127.11.12.66" port: 35895 } } peers { permanent_uuid: "0abe7969dcad4a9c86713e9bcfa6736a" member_type: VOTER last_known_addr { host: "127.11.12.65" port: 38395 } } peers { permanent_uuid: "dff1eeb1bf84464e9788f0c1201120f2" member_type: VOTER last_known_addr { host: "127.11.12.68" port: 32777 } attrs { promote: false } } }
I20260713 09:04:43.538169 12897 raft_consensus.cc:1275] T c68f05ad2e0b43dcaa01a171f483bed3 P dff1eeb1bf84464e9788f0c1201120f2 [term 1 FOLLOWER]: Refusing update from remote peer 8d8f3661d29f4bc2b1b908acb6dd3961: Log matching property violated. Preceding OpId in replica: term: 1 index: 3. Preceding OpId from leader: term: 1 index: 4. (index mismatch)
I20260713 09:04:43.538594 12335 catalog_manager.cc:5210] ChangeConfig:REMOVE_PEER RPC for tablet 9bff2e4f87134d308d46211b6ec105db with cas_config_opid_index 3: ChangeConfig:REMOVE_PEER succeeded (attempt 1)
I20260713 09:04:43.541405 13064 raft_consensus.cc:2955] T c68f05ad2e0b43dcaa01a171f483bed3 P 8d8f3661d29f4bc2b1b908acb6dd3961 [term 1 LEADER]: Committing config change with OpId 1.4: config changed from index 3 to 4, VOTER 0abe7969dcad4a9c86713e9bcfa6736a (127.11.12.65) evicted. New config: { opid_index: 4 OBSOLETE_local: false peers { permanent_uuid: "7caa0e10d570403fbbd17d0e25808d9e" member_type: VOTER last_known_addr { host: "127.11.12.66" port: 35895 } } peers { permanent_uuid: "8d8f3661d29f4bc2b1b908acb6dd3961" member_type: VOTER last_known_addr { host: "127.11.12.67" port: 37555 } } peers { permanent_uuid: "dff1eeb1bf84464e9788f0c1201120f2" member_type: VOTER last_known_addr { host: "127.11.12.68" port: 32777 } attrs { promote: false } } }
I20260713 09:04:43.542076 13069 consensus_queue.cc:1048] T c68f05ad2e0b43dcaa01a171f483bed3 P 8d8f3661d29f4bc2b1b908acb6dd3961 [LEADER]: Connected to new peer: Peer: permanent_uuid: "dff1eeb1bf84464e9788f0c1201120f2" member_type: VOTER last_known_addr { host: "127.11.12.68" port: 32777 } attrs { promote: false }, Status: LMP_MISMATCH, Last received: 0.0, Next index: 4, Last known committed idx: 3, Time since last communication: 0.000s
I20260713 09:04:43.545663 12449 raft_consensus.cc:1275] T 9bff2e4f87134d308d46211b6ec105db P 0abe7969dcad4a9c86713e9bcfa6736a [term 1 FOLLOWER]: Refusing update from remote peer 7caa0e10d570403fbbd17d0e25808d9e: Log matching property violated. Preceding OpId in replica: term: 1 index: 3. Preceding OpId from leader: term: 1 index: 4. (index mismatch)
I20260713 09:04:43.547319 13041 consensus_queue.cc:1048] T 9bff2e4f87134d308d46211b6ec105db P 7caa0e10d570403fbbd17d0e25808d9e [LEADER]: Connected to new peer: Peer: permanent_uuid: "0abe7969dcad4a9c86713e9bcfa6736a" member_type: VOTER last_known_addr { host: "127.11.12.65" port: 38395 }, Status: LMP_MISMATCH, Last received: 0.0, Next index: 4, Last known committed idx: 3, Time since last communication: 0.000s
I20260713 09:04:43.552254 12447 raft_consensus.cc:2955] T 9bff2e4f87134d308d46211b6ec105db P 0abe7969dcad4a9c86713e9bcfa6736a [term 1 FOLLOWER]: Committing config change with OpId 1.4: config changed from index 3 to 4, VOTER 8d8f3661d29f4bc2b1b908acb6dd3961 (127.11.12.67) evicted. New config: { opid_index: 4 OBSOLETE_local: false peers { permanent_uuid: "7caa0e10d570403fbbd17d0e25808d9e" member_type: VOTER last_known_addr { host: "127.11.12.66" port: 35895 } } peers { permanent_uuid: "0abe7969dcad4a9c86713e9bcfa6736a" member_type: VOTER last_known_addr { host: "127.11.12.65" port: 38395 } } peers { permanent_uuid: "dff1eeb1bf84464e9788f0c1201120f2" member_type: VOTER last_known_addr { host: "127.11.12.68" port: 32777 } attrs { promote: false } } }
I20260713 09:04:43.554036 12521 raft_consensus.cc:2955] T c68f05ad2e0b43dcaa01a171f483bed3 P 7caa0e10d570403fbbd17d0e25808d9e [term 1 FOLLOWER]: Committing config change with OpId 1.4: config changed from index 3 to 4, VOTER 0abe7969dcad4a9c86713e9bcfa6736a (127.11.12.65) evicted. New config: { opid_index: 4 OBSOLETE_local: false peers { permanent_uuid: "7caa0e10d570403fbbd17d0e25808d9e" member_type: VOTER last_known_addr { host: "127.11.12.66" port: 35895 } } peers { permanent_uuid: "8d8f3661d29f4bc2b1b908acb6dd3961" member_type: VOTER last_known_addr { host: "127.11.12.67" port: 37555 } } peers { permanent_uuid: "dff1eeb1bf84464e9788f0c1201120f2" member_type: VOTER last_known_addr { host: "127.11.12.68" port: 32777 } attrs { promote: false } } }
I20260713 09:04:43.559140 12333 catalog_manager.cc:5210] ChangeConfig:REMOVE_PEER RPC for tablet c68f05ad2e0b43dcaa01a171f483bed3 with cas_config_opid_index 3: ChangeConfig:REMOVE_PEER succeeded (attempt 1)
I20260713 09:04:43.561753 12347 catalog_manager.cc:5697] T 9bff2e4f87134d308d46211b6ec105db P 7caa0e10d570403fbbd17d0e25808d9e reported cstate change: config changed from index 3 to 4, VOTER 8d8f3661d29f4bc2b1b908acb6dd3961 (127.11.12.67) evicted. New cstate: current_term: 1 leader_uuid: "7caa0e10d570403fbbd17d0e25808d9e" committed_config { opid_index: 4 OBSOLETE_local: false peers { permanent_uuid: "7caa0e10d570403fbbd17d0e25808d9e" member_type: VOTER last_known_addr { host: "127.11.12.66" port: 35895 } health_report { overall_health: HEALTHY } } peers { permanent_uuid: "0abe7969dcad4a9c86713e9bcfa6736a" member_type: VOTER last_known_addr { host: "127.11.12.65" port: 38395 } health_report { overall_health: UNKNOWN } } peers { permanent_uuid: "dff1eeb1bf84464e9788f0c1201120f2" member_type: VOTER last_known_addr { host: "127.11.12.68" port: 32777 } attrs { promote: false } health_report { overall_health: HEALTHY } } }
I20260713 09:04:43.564301 13070 ts_tablet_manager.cc:1929] T f342be4cc5a249b985b20ea7144e33e7 P 8d8f3661d29f4bc2b1b908acb6dd3961: tablet deleted with delete type TABLET_DATA_TOMBSTONED: last-logged OpId 1.3
I20260713 09:04:43.564885 13070 log.cc:1199] T f342be4cc5a249b985b20ea7144e33e7 P 8d8f3661d29f4bc2b1b908acb6dd3961: Deleting WAL directory at /tmp/dist-test-taskYH7k8Z/test-tmp/auto_leader_rebalancer-test.0.LeaderRebalancerTest.AddTserver.1783933447071598-11313-0/minicluster-data/ts-2-root/wals/f342be4cc5a249b985b20ea7144e33e7
I20260713 09:04:43.569113 12345 catalog_manager.cc:5697] T c68f05ad2e0b43dcaa01a171f483bed3 P 8d8f3661d29f4bc2b1b908acb6dd3961 reported cstate change: config changed from index 3 to 4, VOTER 0abe7969dcad4a9c86713e9bcfa6736a (127.11.12.65) evicted. New cstate: current_term: 1 leader_uuid: "8d8f3661d29f4bc2b1b908acb6dd3961" committed_config { opid_index: 4 OBSOLETE_local: false peers { permanent_uuid: "7caa0e10d570403fbbd17d0e25808d9e" member_type: VOTER last_known_addr { host: "127.11.12.66" port: 35895 } health_report { overall_health: HEALTHY } } peers { permanent_uuid: "8d8f3661d29f4bc2b1b908acb6dd3961" member_type: VOTER last_known_addr { host: "127.11.12.67" port: 37555 } health_report { overall_health: HEALTHY } } peers { permanent_uuid: "dff1eeb1bf84464e9788f0c1201120f2" member_type: VOTER last_known_addr { host: "127.11.12.68" port: 32777 } attrs { promote: false } health_report { overall_health: UNKNOWN } } }
I20260713 09:04:43.569890 12896 raft_consensus.cc:2955] T c68f05ad2e0b43dcaa01a171f483bed3 P dff1eeb1bf84464e9788f0c1201120f2 [term 1 FOLLOWER]: Committing config change with OpId 1.4: config changed from index 3 to 4, VOTER 0abe7969dcad4a9c86713e9bcfa6736a (127.11.12.65) evicted. New config: { opid_index: 4 OBSOLETE_local: false peers { permanent_uuid: "7caa0e10d570403fbbd17d0e25808d9e" member_type: VOTER last_known_addr { host: "127.11.12.66" port: 35895 } } peers { permanent_uuid: "8d8f3661d29f4bc2b1b908acb6dd3961" member_type: VOTER last_known_addr { host: "127.11.12.67" port: 37555 } } peers { permanent_uuid: "dff1eeb1bf84464e9788f0c1201120f2" member_type: VOTER last_known_addr { host: "127.11.12.68" port: 32777 } attrs { promote: false } } }
I20260713 09:04:43.567721 12333 catalog_manager.cc:5028] TS 8d8f3661d29f4bc2b1b908acb6dd3961 (127.11.12.67:37555): tablet f342be4cc5a249b985b20ea7144e33e7 (table test-workload [id=6b17d46cf16c4115b6a37f94b22334ef]) successfully deleted
I20260713 09:04:43.581271 12440 tablet_service.cc:1558] Processing DeleteTablet for tablet c68f05ad2e0b43dcaa01a171f483bed3 with delete_type TABLET_DATA_TOMBSTONED (TS 0abe7969dcad4a9c86713e9bcfa6736a not found in new config with opid_index 4) from {username='slave'} at 127.0.0.1:52660
I20260713 09:04:43.582149 13065 tablet_replica.cc:333] T c68f05ad2e0b43dcaa01a171f483bed3 P 0abe7969dcad4a9c86713e9bcfa6736a: stopping tablet replica
I20260713 09:04:43.583150 13065 raft_consensus.cc:2243] T c68f05ad2e0b43dcaa01a171f483bed3 P 0abe7969dcad4a9c86713e9bcfa6736a [term 1 FOLLOWER]: Raft consensus shutting down.
I20260713 09:04:43.583906 13065 raft_consensus.cc:2272] T c68f05ad2e0b43dcaa01a171f483bed3 P 0abe7969dcad4a9c86713e9bcfa6736a [term 1 FOLLOWER]: Raft consensus is shut down!
I20260713 09:04:43.586730 13065 ts_tablet_manager.cc:1916] T c68f05ad2e0b43dcaa01a171f483bed3 P 0abe7969dcad4a9c86713e9bcfa6736a: Deleting tablet data with delete state TABLET_DATA_TOMBSTONED
I20260713 09:04:43.592021 12583 tablet_service.cc:1558] Processing DeleteTablet for tablet 9bff2e4f87134d308d46211b6ec105db with delete_type TABLET_DATA_TOMBSTONED (TS 8d8f3661d29f4bc2b1b908acb6dd3961 not found in new config with opid_index 4) from {username='slave'} at 127.0.0.1:37112
I20260713 09:04:43.592931 13070 tablet_replica.cc:333] T 9bff2e4f87134d308d46211b6ec105db P 8d8f3661d29f4bc2b1b908acb6dd3961: stopping tablet replica
I20260713 09:04:43.593966 13070 raft_consensus.cc:2243] T 9bff2e4f87134d308d46211b6ec105db P 8d8f3661d29f4bc2b1b908acb6dd3961 [term 1 FOLLOWER]: Raft consensus shutting down.
I20260713 09:04:43.594710 13070 raft_consensus.cc:2272] T 9bff2e4f87134d308d46211b6ec105db P 8d8f3661d29f4bc2b1b908acb6dd3961 [term 1 FOLLOWER]: Raft consensus is shut down!
I20260713 09:04:43.598348 13070 ts_tablet_manager.cc:1916] T 9bff2e4f87134d308d46211b6ec105db P 8d8f3661d29f4bc2b1b908acb6dd3961: Deleting tablet data with delete state TABLET_DATA_TOMBSTONED
I20260713 09:04:43.599241 13065 ts_tablet_manager.cc:1929] T c68f05ad2e0b43dcaa01a171f483bed3 P 0abe7969dcad4a9c86713e9bcfa6736a: tablet deleted with delete type TABLET_DATA_TOMBSTONED: last-logged OpId 1.3
I20260713 09:04:43.599644 13065 log.cc:1199] T c68f05ad2e0b43dcaa01a171f483bed3 P 0abe7969dcad4a9c86713e9bcfa6736a: Deleting WAL directory at /tmp/dist-test-taskYH7k8Z/test-tmp/auto_leader_rebalancer-test.0.LeaderRebalancerTest.AddTserver.1783933447071598-11313-0/minicluster-data/ts-0-root/wals/c68f05ad2e0b43dcaa01a171f483bed3
I20260713 09:04:43.601280 12335 catalog_manager.cc:5028] TS 0abe7969dcad4a9c86713e9bcfa6736a (127.11.12.65:38395): tablet c68f05ad2e0b43dcaa01a171f483bed3 (table test-workload [id=6b17d46cf16c4115b6a37f94b22334ef]) successfully deleted
I20260713 09:04:43.609830 13070 ts_tablet_manager.cc:1929] T 9bff2e4f87134d308d46211b6ec105db P 8d8f3661d29f4bc2b1b908acb6dd3961: tablet deleted with delete type TABLET_DATA_TOMBSTONED: last-logged OpId 1.3
I20260713 09:04:43.610225 13070 log.cc:1199] T 9bff2e4f87134d308d46211b6ec105db P 8d8f3661d29f4bc2b1b908acb6dd3961: Deleting WAL directory at /tmp/dist-test-taskYH7k8Z/test-tmp/auto_leader_rebalancer-test.0.LeaderRebalancerTest.AddTserver.1783933447071598-11313-0/minicluster-data/ts-2-root/wals/9bff2e4f87134d308d46211b6ec105db
I20260713 09:04:43.611502 12333 catalog_manager.cc:5028] TS 8d8f3661d29f4bc2b1b908acb6dd3961 (127.11.12.67:37555): tablet 9bff2e4f87134d308d46211b6ec105db (table test-workload [id=6b17d46cf16c4115b6a37f94b22334ef]) successfully deleted
I20260713 09:04:44.607409 12449 consensus_queue.cc:237] T 68c4170c251f43499fa81f14f99c6431 P 0abe7969dcad4a9c86713e9bcfa6736a [LEADER]: Queue going to LEADER mode. State: All replicated index: 0, Majority replicated index: 1, Committed index: 1, Last appended: 1.1, Last appended by leader: 0, Current term: 1, Majority size: 2, State: 0, Mode: LEADER, active raft config: opid_index: 2 OBSOLETE_local: false peers { permanent_uuid: "0abe7969dcad4a9c86713e9bcfa6736a" member_type: VOTER last_known_addr { host: "127.11.12.65" port: 38395 } } peers { permanent_uuid: "7caa0e10d570403fbbd17d0e25808d9e" member_type: VOTER last_known_addr { host: "127.11.12.66" port: 35895 } attrs { replace: true } } peers { permanent_uuid: "8d8f3661d29f4bc2b1b908acb6dd3961" member_type: VOTER last_known_addr { host: "127.11.12.67" port: 37555 } } peers { permanent_uuid: "dff1eeb1bf84464e9788f0c1201120f2" member_type: NON_VOTER last_known_addr { host: "127.11.12.68" port: 32777 } attrs { promote: true } }
W20260713 09:04:44.613468 12415 consensus_peers.cc:597] T 68c4170c251f43499fa81f14f99c6431 P 0abe7969dcad4a9c86713e9bcfa6736a -> Peer dff1eeb1bf84464e9788f0c1201120f2 (127.11.12.68:32777): Couldn't send request to peer dff1eeb1bf84464e9788f0c1201120f2. Error code: TABLET_NOT_FOUND (6). Status: Not found: Tablet not found: 68c4170c251f43499fa81f14f99c6431. This is attempt 1: this message will repeat every 5th retry.
I20260713 09:04:44.614864 12599 raft_consensus.cc:1275] T 68c4170c251f43499fa81f14f99c6431 P 8d8f3661d29f4bc2b1b908acb6dd3961 [term 1 FOLLOWER]: Refusing update from remote peer 0abe7969dcad4a9c86713e9bcfa6736a: Log matching property violated. Preceding OpId in replica: term: 1 index: 1. Preceding OpId from leader: term: 1 index: 2. (index mismatch)
I20260713 09:04:44.614928 12525 raft_consensus.cc:1275] T 68c4170c251f43499fa81f14f99c6431 P 7caa0e10d570403fbbd17d0e25808d9e [term 1 FOLLOWER]: Refusing update from remote peer 0abe7969dcad4a9c86713e9bcfa6736a: Log matching property violated. Preceding OpId in replica: term: 1 index: 1. Preceding OpId from leader: term: 1 index: 2. (index mismatch)
I20260713 09:04:44.616140 13052 consensus_queue.cc:1048] T 68c4170c251f43499fa81f14f99c6431 P 0abe7969dcad4a9c86713e9bcfa6736a [LEADER]: Connected to new peer: Peer: permanent_uuid: "8d8f3661d29f4bc2b1b908acb6dd3961" member_type: VOTER last_known_addr { host: "127.11.12.67" port: 37555 }, Status: LMP_MISMATCH, Last received: 0.0, Next index: 2, Last known committed idx: 1, Time since last communication: 0.000s
I20260713 09:04:44.616978 13074 consensus_queue.cc:1048] T 68c4170c251f43499fa81f14f99c6431 P 0abe7969dcad4a9c86713e9bcfa6736a [LEADER]: Connected to new peer: Peer: permanent_uuid: "7caa0e10d570403fbbd17d0e25808d9e" member_type: VOTER last_known_addr { host: "127.11.12.66" port: 35895 } attrs { replace: true }, Status: LMP_MISMATCH, Last received: 0.0, Next index: 2, Last known committed idx: 1, Time since last communication: 0.000s
I20260713 09:04:44.625747 13052 raft_consensus.cc:2955] T 68c4170c251f43499fa81f14f99c6431 P 0abe7969dcad4a9c86713e9bcfa6736a [term 1 LEADER]: Committing config change with OpId 1.2: config changed from index -1 to 2, NON_VOTER dff1eeb1bf84464e9788f0c1201120f2 (127.11.12.68) added. New config: { opid_index: 2 OBSOLETE_local: false peers { permanent_uuid: "0abe7969dcad4a9c86713e9bcfa6736a" member_type: VOTER last_known_addr { host: "127.11.12.65" port: 38395 } } peers { permanent_uuid: "7caa0e10d570403fbbd17d0e25808d9e" member_type: VOTER last_known_addr { host: "127.11.12.66" port: 35895 } attrs { replace: true } } peers { permanent_uuid: "8d8f3661d29f4bc2b1b908acb6dd3961" member_type: VOTER last_known_addr { host: "127.11.12.67" port: 37555 } } peers { permanent_uuid: "dff1eeb1bf84464e9788f0c1201120f2" member_type: NON_VOTER last_known_addr { host: "127.11.12.68" port: 32777 } attrs { promote: true } } }
I20260713 09:04:44.631167 12525 raft_consensus.cc:2955] T 68c4170c251f43499fa81f14f99c6431 P 7caa0e10d570403fbbd17d0e25808d9e [term 1 FOLLOWER]: Committing config change with OpId 1.2: config changed from index -1 to 2, NON_VOTER dff1eeb1bf84464e9788f0c1201120f2 (127.11.12.68) added. New config: { opid_index: 2 OBSOLETE_local: false peers { permanent_uuid: "0abe7969dcad4a9c86713e9bcfa6736a" member_type: VOTER last_known_addr { host: "127.11.12.65" port: 38395 } } peers { permanent_uuid: "7caa0e10d570403fbbd17d0e25808d9e" member_type: VOTER last_known_addr { host: "127.11.12.66" port: 35895 } attrs { replace: true } } peers { permanent_uuid: "8d8f3661d29f4bc2b1b908acb6dd3961" member_type: VOTER last_known_addr { host: "127.11.12.67" port: 37555 } } peers { permanent_uuid: "dff1eeb1bf84464e9788f0c1201120f2" member_type: NON_VOTER last_known_addr { host: "127.11.12.68" port: 32777 } attrs { promote: true } } }
I20260713 09:04:44.631718 12599 raft_consensus.cc:2955] T 68c4170c251f43499fa81f14f99c6431 P 8d8f3661d29f4bc2b1b908acb6dd3961 [term 1 FOLLOWER]: Committing config change with OpId 1.2: config changed from index -1 to 2, NON_VOTER dff1eeb1bf84464e9788f0c1201120f2 (127.11.12.68) added. New config: { opid_index: 2 OBSOLETE_local: false peers { permanent_uuid: "0abe7969dcad4a9c86713e9bcfa6736a" member_type: VOTER last_known_addr { host: "127.11.12.65" port: 38395 } } peers { permanent_uuid: "7caa0e10d570403fbbd17d0e25808d9e" member_type: VOTER last_known_addr { host: "127.11.12.66" port: 35895 } attrs { replace: true } } peers { permanent_uuid: "8d8f3661d29f4bc2b1b908acb6dd3961" member_type: VOTER last_known_addr { host: "127.11.12.67" port: 37555 } } peers { permanent_uuid: "dff1eeb1bf84464e9788f0c1201120f2" member_type: NON_VOTER last_known_addr { host: "127.11.12.68" port: 32777 } attrs { promote: true } } }
I20260713 09:04:44.639650 12521 consensus_queue.cc:237] T a11e716f3384433796032bae1dceea92 P 7caa0e10d570403fbbd17d0e25808d9e [LEADER]: Queue going to LEADER mode. State: All replicated index: 0, Majority replicated index: 1, Committed index: 1, Last appended: 1.1, Last appended by leader: 0, Current term: 1, Majority size: 2, State: 0, Mode: LEADER, active raft config: opid_index: 2 OBSOLETE_local: false peers { permanent_uuid: "0abe7969dcad4a9c86713e9bcfa6736a" member_type: VOTER last_known_addr { host: "127.11.12.65" port: 38395 } } peers { permanent_uuid: "7caa0e10d570403fbbd17d0e25808d9e" member_type: VOTER last_known_addr { host: "127.11.12.66" port: 35895 } } peers { permanent_uuid: "8d8f3661d29f4bc2b1b908acb6dd3961" member_type: VOTER last_known_addr { host: "127.11.12.67" port: 37555 } attrs { replace: true } } peers { permanent_uuid: "dff1eeb1bf84464e9788f0c1201120f2" member_type: NON_VOTER last_known_addr { host: "127.11.12.68" port: 32777 } attrs { promote: true } }
I20260713 09:04:44.641144 12347 catalog_manager.cc:5697] T 68c4170c251f43499fa81f14f99c6431 P 0abe7969dcad4a9c86713e9bcfa6736a reported cstate change: config changed from index -1 to 2, NON_VOTER dff1eeb1bf84464e9788f0c1201120f2 (127.11.12.68) added. New cstate: current_term: 1 leader_uuid: "0abe7969dcad4a9c86713e9bcfa6736a" committed_config { opid_index: 2 OBSOLETE_local: false peers { permanent_uuid: "0abe7969dcad4a9c86713e9bcfa6736a" member_type: VOTER last_known_addr { host: "127.11.12.65" port: 38395 } health_report { overall_health: HEALTHY } } peers { permanent_uuid: "7caa0e10d570403fbbd17d0e25808d9e" member_type: VOTER last_known_addr { host: "127.11.12.66" port: 35895 } attrs { replace: true } health_report { overall_health: HEALTHY } } peers { permanent_uuid: "8d8f3661d29f4bc2b1b908acb6dd3961" member_type: VOTER last_known_addr { host: "127.11.12.67" port: 37555 } health_report { overall_health: HEALTHY } } peers { permanent_uuid: "dff1eeb1bf84464e9788f0c1201120f2" member_type: NON_VOTER last_known_addr { host: "127.11.12.68" port: 32777 } attrs { promote: true } health_report { overall_health: UNKNOWN } } }
I20260713 09:04:44.652426 12449 raft_consensus.cc:1275] T a11e716f3384433796032bae1dceea92 P 0abe7969dcad4a9c86713e9bcfa6736a [term 1 FOLLOWER]: Refusing update from remote peer 7caa0e10d570403fbbd17d0e25808d9e: Log matching property violated. Preceding OpId in replica: term: 1 index: 1. Preceding OpId from leader: term: 1 index: 2. (index mismatch)
I20260713 09:04:44.652638 12599 raft_consensus.cc:1275] T a11e716f3384433796032bae1dceea92 P 8d8f3661d29f4bc2b1b908acb6dd3961 [term 1 FOLLOWER]: Refusing update from remote peer 7caa0e10d570403fbbd17d0e25808d9e: Log matching property violated. Preceding OpId in replica: term: 1 index: 1. Preceding OpId from leader: term: 1 index: 2. (index mismatch)
W20260713 09:04:44.652662 12490 consensus_peers.cc:597] T a11e716f3384433796032bae1dceea92 P 7caa0e10d570403fbbd17d0e25808d9e -> Peer dff1eeb1bf84464e9788f0c1201120f2 (127.11.12.68:32777): Couldn't send request to peer dff1eeb1bf84464e9788f0c1201120f2. Error code: TABLET_NOT_FOUND (6). Status: Not found: Tablet not found: a11e716f3384433796032bae1dceea92. This is attempt 1: this message will repeat every 5th retry.
I20260713 09:04:44.653825 13071 consensus_queue.cc:1048] T a11e716f3384433796032bae1dceea92 P 7caa0e10d570403fbbd17d0e25808d9e [LEADER]: Connected to new peer: Peer: permanent_uuid: "0abe7969dcad4a9c86713e9bcfa6736a" member_type: VOTER last_known_addr { host: "127.11.12.65" port: 38395 }, Status: LMP_MISMATCH, Last received: 0.0, Next index: 2, Last known committed idx: 1, Time since last communication: 0.000s
I20260713 09:04:44.654706 13042 consensus_queue.cc:1048] T a11e716f3384433796032bae1dceea92 P 7caa0e10d570403fbbd17d0e25808d9e [LEADER]: Connected to new peer: Peer: permanent_uuid: "8d8f3661d29f4bc2b1b908acb6dd3961" member_type: VOTER last_known_addr { host: "127.11.12.67" port: 37555 } attrs { replace: true }, Status: LMP_MISMATCH, Last received: 0.0, Next index: 2, Last known committed idx: 1, Time since last communication: 0.000s
I20260713 09:04:44.673259 13042 raft_consensus.cc:2955] T a11e716f3384433796032bae1dceea92 P 7caa0e10d570403fbbd17d0e25808d9e [term 1 LEADER]: Committing config change with OpId 1.2: config changed from index -1 to 2, NON_VOTER dff1eeb1bf84464e9788f0c1201120f2 (127.11.12.68) added. New config: { opid_index: 2 OBSOLETE_local: false peers { permanent_uuid: "0abe7969dcad4a9c86713e9bcfa6736a" member_type: VOTER last_known_addr { host: "127.11.12.65" port: 38395 } } peers { permanent_uuid: "7caa0e10d570403fbbd17d0e25808d9e" member_type: VOTER last_known_addr { host: "127.11.12.66" port: 35895 } } peers { permanent_uuid: "8d8f3661d29f4bc2b1b908acb6dd3961" member_type: VOTER last_known_addr { host: "127.11.12.67" port: 37555 } attrs { replace: true } } peers { permanent_uuid: "dff1eeb1bf84464e9788f0c1201120f2" member_type: NON_VOTER last_known_addr { host: "127.11.12.68" port: 32777 } attrs { promote: true } } }
I20260713 09:04:44.674785 12449 raft_consensus.cc:2955] T a11e716f3384433796032bae1dceea92 P 0abe7969dcad4a9c86713e9bcfa6736a [term 1 FOLLOWER]: Committing config change with OpId 1.2: config changed from index -1 to 2, NON_VOTER dff1eeb1bf84464e9788f0c1201120f2 (127.11.12.68) added. New config: { opid_index: 2 OBSOLETE_local: false peers { permanent_uuid: "0abe7969dcad4a9c86713e9bcfa6736a" member_type: VOTER last_known_addr { host: "127.11.12.65" port: 38395 } } peers { permanent_uuid: "7caa0e10d570403fbbd17d0e25808d9e" member_type: VOTER last_known_addr { host: "127.11.12.66" port: 35895 } } peers { permanent_uuid: "8d8f3661d29f4bc2b1b908acb6dd3961" member_type: VOTER last_known_addr { host: "127.11.12.67" port: 37555 } attrs { replace: true } } peers { permanent_uuid: "dff1eeb1bf84464e9788f0c1201120f2" member_type: NON_VOTER last_known_addr { host: "127.11.12.68" port: 32777 } attrs { promote: true } } }
