I20260713 09:04:33.720659 12416 leader_election.cc:304] T 9bff2e4f87134d308d46211b6ec105db P 0abe7969dcad4a9c86713e9bcfa6736a [CANDIDATE]: Term 1 pre-election: Election decided. Result: candidate lost. Election summary: received 3 responses out of 3 voters: 1 yes votes; 2 no votes. yes voters: 0abe7969dcad4a9c86713e9bcfa6736a; no voters: 7caa0e10d570403fbbd17d0e25808d9e, 8d8f3661d29f4bc2b1b908acb6dd3961
I20260713 09:04:33.721694 12671 raft_consensus.cc:2749] T 9bff2e4f87134d308d46211b6ec105db P 0abe7969dcad4a9c86713e9bcfa6736a [term 1 FOLLOWER]: Leader pre-election lost for term 1. Reason: could not achieve majority
W20260713 09:04:33.722728 12416 leader_election.cc:343] T 857101c51acb4bda823d4d9a99fb5f98 P 0abe7969dcad4a9c86713e9bcfa6736a [CANDIDATE]: Term 1 election: Tablet error from VoteRequest() call to peer 7caa0e10d570403fbbd17d0e25808d9e (127.11.12.66:35895): Illegal state: must be running to vote when last-logged opid is not known
W20260713 09:04:33.723922 12416 leader_election.cc:343] T 857101c51acb4bda823d4d9a99fb5f98 P 0abe7969dcad4a9c86713e9bcfa6736a [CANDIDATE]: Term 1 pre-election: Tablet error from VoteRequest() call to peer 7caa0e10d570403fbbd17d0e25808d9e (127.11.12.66:35895): Illegal state: must be running to vote when last-logged opid is not known
I20260713 09:04:33.728302 12646 leader_election.cc:290] T febe32a5d9e6497ab5d1f401b2fa22d5 P 8d8f3661d29f4bc2b1b908acb6dd3961 [CANDIDATE]: Term 1 election: Requested vote from peers 0abe7969dcad4a9c86713e9bcfa6736a (127.11.12.65:38395), 7caa0e10d570403fbbd17d0e25808d9e (127.11.12.66:35895)
I20260713 09:04:33.728837 12646 raft_consensus.cc:2749] T 9bff2e4f87134d308d46211b6ec105db P 8d8f3661d29f4bc2b1b908acb6dd3961 [term 1 FOLLOWER]: Leader election lost for term 1. Reason: could not achieve majority
I20260713 09:04:33.728948 12641 raft_consensus.cc:359] T febe32a5d9e6497ab5d1f401b2fa22d5 P 0abe7969dcad4a9c86713e9bcfa6736a [term 0 FOLLOWER]: Replica starting. Triggering 0 pending ops. Active config: opid_index: -1 OBSOLETE_local: false peers { permanent_uuid: "0abe7969dcad4a9c86713e9bcfa6736a" member_type: VOTER last_known_addr { host: "127.11.12.65" port: 38395 } } peers { permanent_uuid: "7caa0e10d570403fbbd17d0e25808d9e" member_type: VOTER last_known_addr { host: "127.11.12.66" port: 35895 } } peers { permanent_uuid: "8d8f3661d29f4bc2b1b908acb6dd3961" member_type: VOTER last_known_addr { host: "127.11.12.67" port: 37555 } }
I20260713 09:04:33.729771 12641 raft_consensus.cc:385] T febe32a5d9e6497ab5d1f401b2fa22d5 P 0abe7969dcad4a9c86713e9bcfa6736a [term 0 FOLLOWER]: Consensus starting up: Expiring failure detector timer to make a prompt election more likely
I20260713 09:04:33.730082 12641 raft_consensus.cc:740] T febe32a5d9e6497ab5d1f401b2fa22d5 P 0abe7969dcad4a9c86713e9bcfa6736a [term 0 FOLLOWER]: Becoming Follower/Learner. State: Replica: 0abe7969dcad4a9c86713e9bcfa6736a, State: Initialized, Role: FOLLOWER
I20260713 09:04:33.730178 12345 catalog_manager.cc:5697] T 9bff2e4f87134d308d46211b6ec105db P 7caa0e10d570403fbbd17d0e25808d9e reported cstate change: term changed from 0 to 1, leader changed from <none> to 7caa0e10d570403fbbd17d0e25808d9e (127.11.12.66). New cstate: current_term: 1 leader_uuid: "7caa0e10d570403fbbd17d0e25808d9e" committed_config { opid_index: -1 OBSOLETE_local: false peers { permanent_uuid: "7caa0e10d570403fbbd17d0e25808d9e" member_type: VOTER last_known_addr { host: "127.11.12.66" port: 35895 } health_report { overall_health: HEALTHY } } peers { permanent_uuid: "8d8f3661d29f4bc2b1b908acb6dd3961" member_type: VOTER last_known_addr { host: "127.11.12.67" port: 37555 } health_report { overall_health: UNKNOWN } } peers { permanent_uuid: "0abe7969dcad4a9c86713e9bcfa6736a" member_type: VOTER last_known_addr { host: "127.11.12.65" port: 38395 } health_report { overall_health: UNKNOWN } } }
I20260713 09:04:33.730841 12641 consensus_queue.cc:260] T febe32a5d9e6497ab5d1f401b2fa22d5 P 0abe7969dcad4a9c86713e9bcfa6736a [NON_LEADER]: Queue going to NON_LEADER mode. State: All replicated index: 0, Majority replicated index: 0, Committed index: 0, Last appended: 0.0, Last appended by leader: 0, Current term: 0, Majority size: -1, State: 0, Mode: NON_LEADER, active raft config: opid_index: -1 OBSOLETE_local: false peers { permanent_uuid: "0abe7969dcad4a9c86713e9bcfa6736a" member_type: VOTER last_known_addr { host: "127.11.12.65" port: 38395 } } peers { permanent_uuid: "7caa0e10d570403fbbd17d0e25808d9e" member_type: VOTER last_known_addr { host: "127.11.12.66" port: 35895 } } peers { permanent_uuid: "8d8f3661d29f4bc2b1b908acb6dd3961" member_type: VOTER last_known_addr { host: "127.11.12.67" port: 37555 } }
I20260713 09:04:33.731254 12640 raft_consensus.cc:359] T 3654f27bdccf4f77bcf6e437d6cc0883 P 8d8f3661d29f4bc2b1b908acb6dd3961 [term 0 FOLLOWER]: Replica starting. Triggering 0 pending ops. Active config: opid_index: -1 OBSOLETE_local: false peers { permanent_uuid: "0abe7969dcad4a9c86713e9bcfa6736a" member_type: VOTER last_known_addr { host: "127.11.12.65" port: 38395 } } peers { permanent_uuid: "7caa0e10d570403fbbd17d0e25808d9e" member_type: VOTER last_known_addr { host: "127.11.12.66" port: 35895 } } peers { permanent_uuid: "8d8f3661d29f4bc2b1b908acb6dd3961" member_type: VOTER last_known_addr { host: "127.11.12.67" port: 37555 } }
I20260713 09:04:33.732113 12640 raft_consensus.cc:385] T 3654f27bdccf4f77bcf6e437d6cc0883 P 8d8f3661d29f4bc2b1b908acb6dd3961 [term 0 FOLLOWER]: Consensus starting up: Expiring failure detector timer to make a prompt election more likely
I20260713 09:04:33.732450 12640 raft_consensus.cc:740] T 3654f27bdccf4f77bcf6e437d6cc0883 P 8d8f3661d29f4bc2b1b908acb6dd3961 [term 0 FOLLOWER]: Becoming Follower/Learner. State: Replica: 8d8f3661d29f4bc2b1b908acb6dd3961, State: Initialized, Role: FOLLOWER
I20260713 09:04:33.732429 12450 tablet_service.cc:1917] Received RequestConsensusVote() RPC: tablet_id: "febe32a5d9e6497ab5d1f401b2fa22d5" candidate_uuid: "8d8f3661d29f4bc2b1b908acb6dd3961" candidate_term: 1 candidate_status { last_received { term: 0 index: 0 } } ignore_live_leader: false dest_uuid: "0abe7969dcad4a9c86713e9bcfa6736a"
I20260713 09:04:33.733176 12641 ts_tablet_manager.cc:1434] T febe32a5d9e6497ab5d1f401b2fa22d5 P 0abe7969dcad4a9c86713e9bcfa6736a: Time spent starting tablet: real 0.020s	user 0.006s	sys 0.000s
I20260713 09:04:33.733186 12450 raft_consensus.cc:3060] T febe32a5d9e6497ab5d1f401b2fa22d5 P 0abe7969dcad4a9c86713e9bcfa6736a [term 0 FOLLOWER]: Advancing to term 1
I20260713 09:04:33.727360 12347 catalog_manager.cc:5697] T 857101c51acb4bda823d4d9a99fb5f98 P 0abe7969dcad4a9c86713e9bcfa6736a reported cstate change: term changed from 0 to 1, leader changed from <none> to 0abe7969dcad4a9c86713e9bcfa6736a (127.11.12.65). New cstate: current_term: 1 leader_uuid: "0abe7969dcad4a9c86713e9bcfa6736a" committed_config { opid_index: -1 OBSOLETE_local: false peers { permanent_uuid: "0abe7969dcad4a9c86713e9bcfa6736a" member_type: VOTER last_known_addr { host: "127.11.12.65" port: 38395 } health_report { overall_health: HEALTHY } } peers { permanent_uuid: "7caa0e10d570403fbbd17d0e25808d9e" member_type: VOTER last_known_addr { host: "127.11.12.66" port: 35895 } health_report { overall_health: UNKNOWN } } peers { permanent_uuid: "8d8f3661d29f4bc2b1b908acb6dd3961" member_type: VOTER last_known_addr { host: "127.11.12.67" port: 37555 } health_report { overall_health: UNKNOWN } } }
I20260713 09:04:33.733510 12640 consensus_queue.cc:260] T 3654f27bdccf4f77bcf6e437d6cc0883 P 8d8f3661d29f4bc2b1b908acb6dd3961 [NON_LEADER]: Queue going to NON_LEADER mode. State: All replicated index: 0, Majority replicated index: 0, Committed index: 0, Last appended: 0.0, Last appended by leader: 0, Current term: 0, Majority size: -1, State: 0, Mode: NON_LEADER, active raft config: opid_index: -1 OBSOLETE_local: false peers { permanent_uuid: "0abe7969dcad4a9c86713e9bcfa6736a" member_type: VOTER last_known_addr { host: "127.11.12.65" port: 38395 } } peers { permanent_uuid: "7caa0e10d570403fbbd17d0e25808d9e" member_type: VOTER last_known_addr { host: "127.11.12.66" port: 35895 } } peers { permanent_uuid: "8d8f3661d29f4bc2b1b908acb6dd3961" member_type: VOTER last_known_addr { host: "127.11.12.67" port: 37555 } }
I20260713 09:04:33.734264 12641 tablet_bootstrap.cc:492] T c10416b46cf846538854a33fa45061d3 P 0abe7969dcad4a9c86713e9bcfa6736a: Bootstrap starting.
I20260713 09:04:33.736004 12640 ts_tablet_manager.cc:1434] T 3654f27bdccf4f77bcf6e437d6cc0883 P 8d8f3661d29f4bc2b1b908acb6dd3961: Time spent starting tablet: real 0.017s	user 0.005s	sys 0.000s
I20260713 09:04:33.737185 12640 tablet_bootstrap.cc:492] T 2813889528c64e80936654fcb1c548ef P 8d8f3661d29f4bc2b1b908acb6dd3961: Bootstrap starting.
I20260713 09:04:33.739199 12639 tablet_bootstrap.cc:492] T 857101c51acb4bda823d4d9a99fb5f98 P 7caa0e10d570403fbbd17d0e25808d9e: No bootstrap required, opened a new log
I20260713 09:04:33.739709 12639 ts_tablet_manager.cc:1403] T 857101c51acb4bda823d4d9a99fb5f98 P 7caa0e10d570403fbbd17d0e25808d9e: Time spent bootstrapping tablet: real 0.058s	user 0.012s	sys 0.011s
I20260713 09:04:33.741156 12641 tablet_bootstrap.cc:654] T c10416b46cf846538854a33fa45061d3 P 0abe7969dcad4a9c86713e9bcfa6736a: Neither blocks nor log segments found. Creating new log.
I20260713 09:04:33.742676 12639 raft_consensus.cc:359] T 857101c51acb4bda823d4d9a99fb5f98 P 7caa0e10d570403fbbd17d0e25808d9e [term 0 FOLLOWER]: Replica starting. Triggering 0 pending ops. Active config: opid_index: -1 OBSOLETE_local: false peers { permanent_uuid: "0abe7969dcad4a9c86713e9bcfa6736a" member_type: VOTER last_known_addr { host: "127.11.12.65" port: 38395 } } peers { permanent_uuid: "7caa0e10d570403fbbd17d0e25808d9e" member_type: VOTER last_known_addr { host: "127.11.12.66" port: 35895 } } peers { permanent_uuid: "8d8f3661d29f4bc2b1b908acb6dd3961" member_type: VOTER last_known_addr { host: "127.11.12.67" port: 37555 } }
I20260713 09:04:33.743418 12639 raft_consensus.cc:385] T 857101c51acb4bda823d4d9a99fb5f98 P 7caa0e10d570403fbbd17d0e25808d9e [term 0 FOLLOWER]: Consensus starting up: Expiring failure detector timer to make a prompt election more likely
I20260713 09:04:33.743852 12640 tablet_bootstrap.cc:654] T 2813889528c64e80936654fcb1c548ef P 8d8f3661d29f4bc2b1b908acb6dd3961: Neither blocks nor log segments found. Creating new log.
I20260713 09:04:33.745280 12639 raft_consensus.cc:740] T 857101c51acb4bda823d4d9a99fb5f98 P 7caa0e10d570403fbbd17d0e25808d9e [term 0 FOLLOWER]: Becoming Follower/Learner. State: Replica: 7caa0e10d570403fbbd17d0e25808d9e, State: Initialized, Role: FOLLOWER
I20260713 09:04:33.746511 12639 consensus_queue.cc:260] T 857101c51acb4bda823d4d9a99fb5f98 P 7caa0e10d570403fbbd17d0e25808d9e [NON_LEADER]: Queue going to NON_LEADER mode. State: All replicated index: 0, Majority replicated index: 0, Committed index: 0, Last appended: 0.0, Last appended by leader: 0, Current term: 0, Majority size: -1, State: 0, Mode: NON_LEADER, active raft config: opid_index: -1 OBSOLETE_local: false peers { permanent_uuid: "0abe7969dcad4a9c86713e9bcfa6736a" member_type: VOTER last_known_addr { host: "127.11.12.65" port: 38395 } } peers { permanent_uuid: "7caa0e10d570403fbbd17d0e25808d9e" member_type: VOTER last_known_addr { host: "127.11.12.66" port: 35895 } } peers { permanent_uuid: "8d8f3661d29f4bc2b1b908acb6dd3961" member_type: VOTER last_known_addr { host: "127.11.12.67" port: 37555 } }
I20260713 09:04:33.749439 12639 ts_tablet_manager.cc:1434] T 857101c51acb4bda823d4d9a99fb5f98 P 7caa0e10d570403fbbd17d0e25808d9e: Time spent starting tablet: real 0.009s	user 0.006s	sys 0.004s
I20260713 09:04:33.750698 12639 tablet_bootstrap.cc:492] T 2813889528c64e80936654fcb1c548ef P 7caa0e10d570403fbbd17d0e25808d9e: Bootstrap starting.
I20260713 09:04:33.753602 12646 raft_consensus.cc:493] T c10416b46cf846538854a33fa45061d3 P 8d8f3661d29f4bc2b1b908acb6dd3961 [term 0 FOLLOWER]: Starting pre-election (no leader contacted us within the election timeout)
I20260713 09:04:33.754066 12646 raft_consensus.cc:515] T c10416b46cf846538854a33fa45061d3 P 8d8f3661d29f4bc2b1b908acb6dd3961 [term 0 FOLLOWER]: Starting pre-election with config: opid_index: -1 OBSOLETE_local: false peers { permanent_uuid: "0abe7969dcad4a9c86713e9bcfa6736a" member_type: VOTER last_known_addr { host: "127.11.12.65" port: 38395 } } peers { permanent_uuid: "7caa0e10d570403fbbd17d0e25808d9e" member_type: VOTER last_known_addr { host: "127.11.12.66" port: 35895 } } peers { permanent_uuid: "8d8f3661d29f4bc2b1b908acb6dd3961" member_type: VOTER last_known_addr { host: "127.11.12.67" port: 37555 } }
I20260713 09:04:33.756006 12646 leader_election.cc:290] T c10416b46cf846538854a33fa45061d3 P 8d8f3661d29f4bc2b1b908acb6dd3961 [CANDIDATE]: Term 1 pre-election: Requested pre-vote from peers 0abe7969dcad4a9c86713e9bcfa6736a (127.11.12.65:38395), 7caa0e10d570403fbbd17d0e25808d9e (127.11.12.66:35895)
I20260713 09:04:33.763278 12524 tablet_service.cc:1917] Received RequestConsensusVote() RPC: tablet_id: "febe32a5d9e6497ab5d1f401b2fa22d5" candidate_uuid: "8d8f3661d29f4bc2b1b908acb6dd3961" candidate_term: 1 candidate_status { last_received { term: 0 index: 0 } } ignore_live_leader: false dest_uuid: "7caa0e10d570403fbbd17d0e25808d9e"
I20260713 09:04:33.764099 12524 raft_consensus.cc:3060] T febe32a5d9e6497ab5d1f401b2fa22d5 P 7caa0e10d570403fbbd17d0e25808d9e [term 0 FOLLOWER]: Advancing to term 1
I20260713 09:04:33.767481 12639 tablet_bootstrap.cc:654] T 2813889528c64e80936654fcb1c548ef P 7caa0e10d570403fbbd17d0e25808d9e: Neither blocks nor log segments found. Creating new log.
I20260713 09:04:33.776527 12524 raft_consensus.cc:2468] T febe32a5d9e6497ab5d1f401b2fa22d5 P 7caa0e10d570403fbbd17d0e25808d9e [term 1 FOLLOWER]: Leader election vote request: Granting yes vote for candidate 8d8f3661d29f4bc2b1b908acb6dd3961 in term 1.
W20260713 09:04:33.777675 12565 leader_election.cc:343] T febe32a5d9e6497ab5d1f401b2fa22d5 P 8d8f3661d29f4bc2b1b908acb6dd3961 [CANDIDATE]: Term 1 pre-election: Tablet error from VoteRequest() call to peer 0abe7969dcad4a9c86713e9bcfa6736a (127.11.12.65:38395): Illegal state: must be running to vote when last-logged opid is not known
I20260713 09:04:33.781054 12449 tablet_service.cc:1917] Received RequestConsensusVote() RPC: tablet_id: "c10416b46cf846538854a33fa45061d3" candidate_uuid: "8d8f3661d29f4bc2b1b908acb6dd3961" candidate_term: 1 candidate_status { last_received { term: 0 index: 0 } } ignore_live_leader: false dest_uuid: "0abe7969dcad4a9c86713e9bcfa6736a" is_pre_election: true
I20260713 09:04:33.778612 12450 raft_consensus.cc:2468] T febe32a5d9e6497ab5d1f401b2fa22d5 P 0abe7969dcad4a9c86713e9bcfa6736a [term 1 FOLLOWER]: Leader election vote request: Granting yes vote for candidate 8d8f3661d29f4bc2b1b908acb6dd3961 in term 1.
I20260713 09:04:33.784899 12523 tablet_service.cc:1917] Received RequestConsensusVote() RPC: tablet_id: "c10416b46cf846538854a33fa45061d3" candidate_uuid: "8d8f3661d29f4bc2b1b908acb6dd3961" candidate_term: 1 candidate_status { last_received { term: 0 index: 0 } } ignore_live_leader: false dest_uuid: "7caa0e10d570403fbbd17d0e25808d9e" is_pre_election: true
I20260713 09:04:33.785732 12523 raft_consensus.cc:2468] T c10416b46cf846538854a33fa45061d3 P 7caa0e10d570403fbbd17d0e25808d9e [term 0 FOLLOWER]: Leader pre-election vote request: Granting yes vote for candidate 8d8f3661d29f4bc2b1b908acb6dd3961 in term 0.
I20260713 09:04:33.787591 12565 leader_election.cc:304] T c10416b46cf846538854a33fa45061d3 P 8d8f3661d29f4bc2b1b908acb6dd3961 [CANDIDATE]: Term 1 pre-election: Election decided. Result: candidate won. Election summary: received 2 responses out of 3 voters: 2 yes votes; 0 no votes. yes voters: 7caa0e10d570403fbbd17d0e25808d9e, 8d8f3661d29f4bc2b1b908acb6dd3961; no voters: 
I20260713 09:04:33.789463 12672 raft_consensus.cc:2804] T c10416b46cf846538854a33fa45061d3 P 8d8f3661d29f4bc2b1b908acb6dd3961 [term 0 FOLLOWER]: Leader pre-election won for term 1
I20260713 09:04:33.789927 12672 raft_consensus.cc:493] T c10416b46cf846538854a33fa45061d3 P 8d8f3661d29f4bc2b1b908acb6dd3961 [term 0 FOLLOWER]: Starting leader election (no leader contacted us within the election timeout)
I20260713 09:04:33.790323 12672 raft_consensus.cc:3060] T c10416b46cf846538854a33fa45061d3 P 8d8f3661d29f4bc2b1b908acb6dd3961 [term 0 FOLLOWER]: Advancing to term 1
W20260713 09:04:33.797667 12565 leader_election.cc:343] T c10416b46cf846538854a33fa45061d3 P 8d8f3661d29f4bc2b1b908acb6dd3961 [CANDIDATE]: Term 1 pre-election: Tablet error from VoteRequest() call to peer 0abe7969dcad4a9c86713e9bcfa6736a (127.11.12.65:38395): Illegal state: must be running to vote when last-logged opid is not known
I20260713 09:04:33.798925 12565 leader_election.cc:304] T febe32a5d9e6497ab5d1f401b2fa22d5 P 8d8f3661d29f4bc2b1b908acb6dd3961 [CANDIDATE]: Term 1 election: Election decided. Result: candidate won. Election summary: received 2 responses out of 3 voters: 2 yes votes; 0 no votes. yes voters: 0abe7969dcad4a9c86713e9bcfa6736a, 8d8f3661d29f4bc2b1b908acb6dd3961; no voters: 
I20260713 09:04:33.799891 12646 raft_consensus.cc:2804] T febe32a5d9e6497ab5d1f401b2fa22d5 P 8d8f3661d29f4bc2b1b908acb6dd3961 [term 1 FOLLOWER]: Leader election won for term 1
I20260713 09:04:33.801522 12646 raft_consensus.cc:697] T febe32a5d9e6497ab5d1f401b2fa22d5 P 8d8f3661d29f4bc2b1b908acb6dd3961 [term 1 LEADER]: Becoming Leader. State: Replica: 8d8f3661d29f4bc2b1b908acb6dd3961, State: Running, Role: LEADER
I20260713 09:04:33.802384 12646 consensus_queue.cc:237] T febe32a5d9e6497ab5d1f401b2fa22d5 P 8d8f3661d29f4bc2b1b908acb6dd3961 [LEADER]: Queue going to LEADER mode. State: All replicated index: 0, Majority replicated index: 0, Committed index: 0, Last appended: 0.0, Last appended by leader: 0, Current term: 1, Majority size: 2, State: 0, Mode: LEADER, active raft config: opid_index: -1 OBSOLETE_local: false peers { permanent_uuid: "0abe7969dcad4a9c86713e9bcfa6736a" member_type: VOTER last_known_addr { host: "127.11.12.65" port: 38395 } } peers { permanent_uuid: "7caa0e10d570403fbbd17d0e25808d9e" member_type: VOTER last_known_addr { host: "127.11.12.66" port: 35895 } } peers { permanent_uuid: "8d8f3661d29f4bc2b1b908acb6dd3961" member_type: VOTER last_known_addr { host: "127.11.12.67" port: 37555 } }
I20260713 09:04:33.823838 12672 raft_consensus.cc:515] T c10416b46cf846538854a33fa45061d3 P 8d8f3661d29f4bc2b1b908acb6dd3961 [term 1 FOLLOWER]: Starting leader election with config: opid_index: -1 OBSOLETE_local: false peers { permanent_uuid: "0abe7969dcad4a9c86713e9bcfa6736a" member_type: VOTER last_known_addr { host: "127.11.12.65" port: 38395 } } peers { permanent_uuid: "7caa0e10d570403fbbd17d0e25808d9e" member_type: VOTER last_known_addr { host: "127.11.12.66" port: 35895 } } peers { permanent_uuid: "8d8f3661d29f4bc2b1b908acb6dd3961" member_type: VOTER last_known_addr { host: "127.11.12.67" port: 37555 } }
I20260713 09:04:33.826704 12672 leader_election.cc:290] T c10416b46cf846538854a33fa45061d3 P 8d8f3661d29f4bc2b1b908acb6dd3961 [CANDIDATE]: Term 1 election: Requested vote from peers 0abe7969dcad4a9c86713e9bcfa6736a (127.11.12.65:38395), 7caa0e10d570403fbbd17d0e25808d9e (127.11.12.66:35895)
I20260713 09:04:33.828694 12450 tablet_service.cc:1917] Received RequestConsensusVote() RPC: tablet_id: "c10416b46cf846538854a33fa45061d3" candidate_uuid: "8d8f3661d29f4bc2b1b908acb6dd3961" candidate_term: 1 candidate_status { last_received { term: 0 index: 0 } } ignore_live_leader: false dest_uuid: "0abe7969dcad4a9c86713e9bcfa6736a"
I20260713 09:04:33.832937 12524 tablet_service.cc:1917] Received RequestConsensusVote() RPC: tablet_id: "c10416b46cf846538854a33fa45061d3" candidate_uuid: "8d8f3661d29f4bc2b1b908acb6dd3961" candidate_term: 1 candidate_status { last_received { term: 0 index: 0 } } ignore_live_leader: false dest_uuid: "7caa0e10d570403fbbd17d0e25808d9e"
I20260713 09:04:33.833627 12639 tablet_bootstrap.cc:492] T 2813889528c64e80936654fcb1c548ef P 7caa0e10d570403fbbd17d0e25808d9e: No bootstrap required, opened a new log
I20260713 09:04:33.833724 12524 raft_consensus.cc:3060] T c10416b46cf846538854a33fa45061d3 P 7caa0e10d570403fbbd17d0e25808d9e [term 0 FOLLOWER]: Advancing to term 1
I20260713 09:04:33.834626 12639 ts_tablet_manager.cc:1403] T 2813889528c64e80936654fcb1c548ef P 7caa0e10d570403fbbd17d0e25808d9e: Time spent bootstrapping tablet: real 0.084s	user 0.019s	sys 0.031s
I20260713 09:04:33.838804 12639 raft_consensus.cc:359] T 2813889528c64e80936654fcb1c548ef P 7caa0e10d570403fbbd17d0e25808d9e [term 0 FOLLOWER]: Replica starting. Triggering 0 pending ops. Active config: opid_index: -1 OBSOLETE_local: false peers { permanent_uuid: "0abe7969dcad4a9c86713e9bcfa6736a" member_type: VOTER last_known_addr { host: "127.11.12.65" port: 38395 } } peers { permanent_uuid: "7caa0e10d570403fbbd17d0e25808d9e" member_type: VOTER last_known_addr { host: "127.11.12.66" port: 35895 } } peers { permanent_uuid: "8d8f3661d29f4bc2b1b908acb6dd3961" member_type: VOTER last_known_addr { host: "127.11.12.67" port: 37555 } }
I20260713 09:04:33.839766 12639 raft_consensus.cc:385] T 2813889528c64e80936654fcb1c548ef P 7caa0e10d570403fbbd17d0e25808d9e [term 0 FOLLOWER]: Consensus starting up: Expiring failure detector timer to make a prompt election more likely
I20260713 09:04:33.840139 12639 raft_consensus.cc:740] T 2813889528c64e80936654fcb1c548ef P 7caa0e10d570403fbbd17d0e25808d9e [term 0 FOLLOWER]: Becoming Follower/Learner. State: Replica: 7caa0e10d570403fbbd17d0e25808d9e, State: Initialized, Role: FOLLOWER
I20260713 09:04:33.841415 12639 consensus_queue.cc:260] T 2813889528c64e80936654fcb1c548ef P 7caa0e10d570403fbbd17d0e25808d9e [NON_LEADER]: Queue going to NON_LEADER mode. State: All replicated index: 0, Majority replicated index: 0, Committed index: 0, Last appended: 0.0, Last appended by leader: 0, Current term: 0, Majority size: -1, State: 0, Mode: NON_LEADER, active raft config: opid_index: -1 OBSOLETE_local: false peers { permanent_uuid: "0abe7969dcad4a9c86713e9bcfa6736a" member_type: VOTER last_known_addr { host: "127.11.12.65" port: 38395 } } peers { permanent_uuid: "7caa0e10d570403fbbd17d0e25808d9e" member_type: VOTER last_known_addr { host: "127.11.12.66" port: 35895 } } peers { permanent_uuid: "8d8f3661d29f4bc2b1b908acb6dd3961" member_type: VOTER last_known_addr { host: "127.11.12.67" port: 37555 } }
I20260713 09:04:33.843688 12639 ts_tablet_manager.cc:1434] T 2813889528c64e80936654fcb1c548ef P 7caa0e10d570403fbbd17d0e25808d9e: Time spent starting tablet: real 0.009s	user 0.006s	sys 0.000s
W20260713 09:04:33.841027 12565 leader_election.cc:343] T c10416b46cf846538854a33fa45061d3 P 8d8f3661d29f4bc2b1b908acb6dd3961 [CANDIDATE]: Term 1 election: Tablet error from VoteRequest() call to peer 0abe7969dcad4a9c86713e9bcfa6736a (127.11.12.65:38395): Illegal state: must be running to vote when last-logged opid is not known
I20260713 09:04:33.844259 12641 tablet_bootstrap.cc:492] T c10416b46cf846538854a33fa45061d3 P 0abe7969dcad4a9c86713e9bcfa6736a: No bootstrap required, opened a new log
I20260713 09:04:33.844787 12641 ts_tablet_manager.cc:1403] T c10416b46cf846538854a33fa45061d3 P 0abe7969dcad4a9c86713e9bcfa6736a: Time spent bootstrapping tablet: real 0.111s	user 0.049s	sys 0.058s
I20260713 09:04:33.845115 12640 tablet_bootstrap.cc:492] T 2813889528c64e80936654fcb1c548ef P 8d8f3661d29f4bc2b1b908acb6dd3961: No bootstrap required, opened a new log
I20260713 09:04:33.845628 12640 ts_tablet_manager.cc:1403] T 2813889528c64e80936654fcb1c548ef P 8d8f3661d29f4bc2b1b908acb6dd3961: Time spent bootstrapping tablet: real 0.109s	user 0.047s	sys 0.054s
I20260713 09:04:33.847004 12672 raft_consensus.cc:493] T 3654f27bdccf4f77bcf6e437d6cc0883 P 8d8f3661d29f4bc2b1b908acb6dd3961 [term 0 FOLLOWER]: Starting pre-election (no leader contacted us within the election timeout)
I20260713 09:04:33.848129 12639 tablet_bootstrap.cc:492] T f342be4cc5a249b985b20ea7144e33e7 P 7caa0e10d570403fbbd17d0e25808d9e: Bootstrap starting.
I20260713 09:04:33.847975 12641 raft_consensus.cc:359] T c10416b46cf846538854a33fa45061d3 P 0abe7969dcad4a9c86713e9bcfa6736a [term 0 FOLLOWER]: Replica starting. Triggering 0 pending ops. Active config: opid_index: -1 OBSOLETE_local: false peers { permanent_uuid: "0abe7969dcad4a9c86713e9bcfa6736a" member_type: VOTER last_known_addr { host: "127.11.12.65" port: 38395 } } peers { permanent_uuid: "7caa0e10d570403fbbd17d0e25808d9e" member_type: VOTER last_known_addr { host: "127.11.12.66" port: 35895 } } peers { permanent_uuid: "8d8f3661d29f4bc2b1b908acb6dd3961" member_type: VOTER last_known_addr { host: "127.11.12.67" port: 37555 } }
I20260713 09:04:33.848809 12641 raft_consensus.cc:385] T c10416b46cf846538854a33fa45061d3 P 0abe7969dcad4a9c86713e9bcfa6736a [term 0 FOLLOWER]: Consensus starting up: Expiring failure detector timer to make a prompt election more likely
I20260713 09:04:33.848536 12640 raft_consensus.cc:359] T 2813889528c64e80936654fcb1c548ef P 8d8f3661d29f4bc2b1b908acb6dd3961 [term 0 FOLLOWER]: Replica starting. Triggering 0 pending ops. Active config: opid_index: -1 OBSOLETE_local: false peers { permanent_uuid: "0abe7969dcad4a9c86713e9bcfa6736a" member_type: VOTER last_known_addr { host: "127.11.12.65" port: 38395 } } peers { permanent_uuid: "7caa0e10d570403fbbd17d0e25808d9e" member_type: VOTER last_known_addr { host: "127.11.12.66" port: 35895 } } peers { permanent_uuid: "8d8f3661d29f4bc2b1b908acb6dd3961" member_type: VOTER last_known_addr { host: "127.11.12.67" port: 37555 } }
I20260713 09:04:33.849236 12641 raft_consensus.cc:740] T c10416b46cf846538854a33fa45061d3 P 0abe7969dcad4a9c86713e9bcfa6736a [term 0 FOLLOWER]: Becoming Follower/Learner. State: Replica: 0abe7969dcad4a9c86713e9bcfa6736a, State: Initialized, Role: FOLLOWER
I20260713 09:04:33.849298 12640 raft_consensus.cc:385] T 2813889528c64e80936654fcb1c548ef P 8d8f3661d29f4bc2b1b908acb6dd3961 [term 0 FOLLOWER]: Consensus starting up: Expiring failure detector timer to make a prompt election more likely
I20260713 09:04:33.850235 12641 consensus_queue.cc:260] T c10416b46cf846538854a33fa45061d3 P 0abe7969dcad4a9c86713e9bcfa6736a [NON_LEADER]: Queue going to NON_LEADER mode. State: All replicated index: 0, Majority replicated index: 0, Committed index: 0, Last appended: 0.0, Last appended by leader: 0, Current term: 0, Majority size: -1, State: 0, Mode: NON_LEADER, active raft config: opid_index: -1 OBSOLETE_local: false peers { permanent_uuid: "0abe7969dcad4a9c86713e9bcfa6736a" member_type: VOTER last_known_addr { host: "127.11.12.65" port: 38395 } } peers { permanent_uuid: "7caa0e10d570403fbbd17d0e25808d9e" member_type: VOTER last_known_addr { host: "127.11.12.66" port: 35895 } } peers { permanent_uuid: "8d8f3661d29f4bc2b1b908acb6dd3961" member_type: VOTER last_known_addr { host: "127.11.12.67" port: 37555 } }
I20260713 09:04:33.850965 12640 raft_consensus.cc:740] T 2813889528c64e80936654fcb1c548ef P 8d8f3661d29f4bc2b1b908acb6dd3961 [term 0 FOLLOWER]: Becoming Follower/Learner. State: Replica: 8d8f3661d29f4bc2b1b908acb6dd3961, State: Initialized, Role: FOLLOWER
I20260713 09:04:33.850492 12348 catalog_manager.cc:5697] T febe32a5d9e6497ab5d1f401b2fa22d5 P 8d8f3661d29f4bc2b1b908acb6dd3961 reported cstate change: term changed from 0 to 1, leader changed from <none> to 8d8f3661d29f4bc2b1b908acb6dd3961 (127.11.12.67). New cstate: current_term: 1 leader_uuid: "8d8f3661d29f4bc2b1b908acb6dd3961" committed_config { opid_index: -1 OBSOLETE_local: false peers { permanent_uuid: "0abe7969dcad4a9c86713e9bcfa6736a" member_type: VOTER last_known_addr { host: "127.11.12.65" port: 38395 } health_report { overall_health: UNKNOWN } } peers { permanent_uuid: "7caa0e10d570403fbbd17d0e25808d9e" member_type: VOTER last_known_addr { host: "127.11.12.66" port: 35895 } health_report { overall_health: UNKNOWN } } peers { permanent_uuid: "8d8f3661d29f4bc2b1b908acb6dd3961" member_type: VOTER last_known_addr { host: "127.11.12.67" port: 37555 } health_report { overall_health: HEALTHY } } }
I20260713 09:04:33.851739 12640 consensus_queue.cc:260] T 2813889528c64e80936654fcb1c548ef P 8d8f3661d29f4bc2b1b908acb6dd3961 [NON_LEADER]: Queue going to NON_LEADER mode. State: All replicated index: 0, Majority replicated index: 0, Committed index: 0, Last appended: 0.0, Last appended by leader: 0, Current term: 0, Majority size: -1, State: 0, Mode: NON_LEADER, active raft config: opid_index: -1 OBSOLETE_local: false peers { permanent_uuid: "0abe7969dcad4a9c86713e9bcfa6736a" member_type: VOTER last_known_addr { host: "127.11.12.65" port: 38395 } } peers { permanent_uuid: "7caa0e10d570403fbbd17d0e25808d9e" member_type: VOTER last_known_addr { host: "127.11.12.66" port: 35895 } } peers { permanent_uuid: "8d8f3661d29f4bc2b1b908acb6dd3961" member_type: VOTER last_known_addr { host: "127.11.12.67" port: 37555 } }
I20260713 09:04:33.853127 12641 ts_tablet_manager.cc:1434] T c10416b46cf846538854a33fa45061d3 P 0abe7969dcad4a9c86713e9bcfa6736a: Time spent starting tablet: real 0.008s	user 0.005s	sys 0.001s
I20260713 09:04:33.847448 12672 raft_consensus.cc:515] T 3654f27bdccf4f77bcf6e437d6cc0883 P 8d8f3661d29f4bc2b1b908acb6dd3961 [term 0 FOLLOWER]: Starting pre-election with config: opid_index: -1 OBSOLETE_local: false peers { permanent_uuid: "0abe7969dcad4a9c86713e9bcfa6736a" member_type: VOTER last_known_addr { host: "127.11.12.65" port: 38395 } } peers { permanent_uuid: "7caa0e10d570403fbbd17d0e25808d9e" member_type: VOTER last_known_addr { host: "127.11.12.66" port: 35895 } } peers { permanent_uuid: "8d8f3661d29f4bc2b1b908acb6dd3961" member_type: VOTER last_known_addr { host: "127.11.12.67" port: 37555 } }
I20260713 09:04:33.853942 12640 ts_tablet_manager.cc:1434] T 2813889528c64e80936654fcb1c548ef P 8d8f3661d29f4bc2b1b908acb6dd3961: Time spent starting tablet: real 0.008s	user 0.007s	sys 0.000s
I20260713 09:04:33.854279 12641 tablet_bootstrap.cc:492] T f342be4cc5a249b985b20ea7144e33e7 P 0abe7969dcad4a9c86713e9bcfa6736a: Bootstrap starting.
I20260713 09:04:33.854878 12640 tablet_bootstrap.cc:492] T f342be4cc5a249b985b20ea7144e33e7 P 8d8f3661d29f4bc2b1b908acb6dd3961: Bootstrap starting.
I20260713 09:04:33.856256 12450 tablet_service.cc:1917] Received RequestConsensusVote() RPC: tablet_id: "3654f27bdccf4f77bcf6e437d6cc0883" candidate_uuid: "8d8f3661d29f4bc2b1b908acb6dd3961" candidate_term: 1 candidate_status { last_received { term: 0 index: 0 } } ignore_live_leader: false dest_uuid: "0abe7969dcad4a9c86713e9bcfa6736a" is_pre_election: true
W20260713 09:04:33.857951 12565 leader_election.cc:343] T 3654f27bdccf4f77bcf6e437d6cc0883 P 8d8f3661d29f4bc2b1b908acb6dd3961 [CANDIDATE]: Term 1 pre-election: Tablet error from VoteRequest() call to peer 0abe7969dcad4a9c86713e9bcfa6736a (127.11.12.65:38395): Illegal state: must be running to vote when last-logged opid is not known
I20260713 09:04:33.859256 12639 tablet_bootstrap.cc:654] T f342be4cc5a249b985b20ea7144e33e7 P 7caa0e10d570403fbbd17d0e25808d9e: Neither blocks nor log segments found. Creating new log.
I20260713 09:04:33.860668 12524 raft_consensus.cc:2468] T c10416b46cf846538854a33fa45061d3 P 7caa0e10d570403fbbd17d0e25808d9e [term 1 FOLLOWER]: Leader election vote request: Granting yes vote for candidate 8d8f3661d29f4bc2b1b908acb6dd3961 in term 1.
I20260713 09:04:33.861462 12641 tablet_bootstrap.cc:654] T f342be4cc5a249b985b20ea7144e33e7 P 0abe7969dcad4a9c86713e9bcfa6736a: Neither blocks nor log segments found. Creating new log.
I20260713 09:04:33.861852 12565 leader_election.cc:304] T c10416b46cf846538854a33fa45061d3 P 8d8f3661d29f4bc2b1b908acb6dd3961 [CANDIDATE]: Term 1 election: Election decided. Result: candidate won. Election summary: received 3 responses out of 3 voters: 2 yes votes; 1 no votes. yes voters: 7caa0e10d570403fbbd17d0e25808d9e, 8d8f3661d29f4bc2b1b908acb6dd3961; no voters: 0abe7969dcad4a9c86713e9bcfa6736a
I20260713 09:04:33.862665 12646 raft_consensus.cc:2804] T c10416b46cf846538854a33fa45061d3 P 8d8f3661d29f4bc2b1b908acb6dd3961 [term 1 FOLLOWER]: Leader election won for term 1
I20260713 09:04:33.863138 12646 raft_consensus.cc:697] T c10416b46cf846538854a33fa45061d3 P 8d8f3661d29f4bc2b1b908acb6dd3961 [term 1 LEADER]: Becoming Leader. State: Replica: 8d8f3661d29f4bc2b1b908acb6dd3961, State: Running, Role: LEADER
I20260713 09:04:33.863941 12646 consensus_queue.cc:237] T c10416b46cf846538854a33fa45061d3 P 8d8f3661d29f4bc2b1b908acb6dd3961 [LEADER]: Queue going to LEADER mode. State: All replicated index: 0, Majority replicated index: 0, Committed index: 0, Last appended: 0.0, Last appended by leader: 0, Current term: 1, Majority size: 2, State: 0, Mode: LEADER, active raft config: opid_index: -1 OBSOLETE_local: false peers { permanent_uuid: "0abe7969dcad4a9c86713e9bcfa6736a" member_type: VOTER last_known_addr { host: "127.11.12.65" port: 38395 } } peers { permanent_uuid: "7caa0e10d570403fbbd17d0e25808d9e" member_type: VOTER last_known_addr { host: "127.11.12.66" port: 35895 } } peers { permanent_uuid: "8d8f3661d29f4bc2b1b908acb6dd3961" member_type: VOTER last_known_addr { host: "127.11.12.67" port: 37555 } }
I20260713 09:04:33.873867 12639 tablet_bootstrap.cc:492] T f342be4cc5a249b985b20ea7144e33e7 P 7caa0e10d570403fbbd17d0e25808d9e: No bootstrap required, opened a new log
I20260713 09:04:33.873905 12641 tablet_bootstrap.cc:492] T f342be4cc5a249b985b20ea7144e33e7 P 0abe7969dcad4a9c86713e9bcfa6736a: No bootstrap required, opened a new log
I20260713 09:04:33.874598 12639 ts_tablet_manager.cc:1403] T f342be4cc5a249b985b20ea7144e33e7 P 7caa0e10d570403fbbd17d0e25808d9e: Time spent bootstrapping tablet: real 0.027s	user 0.009s	sys 0.008s
I20260713 09:04:33.874734 12672 leader_election.cc:290] T 3654f27bdccf4f77bcf6e437d6cc0883 P 8d8f3661d29f4bc2b1b908acb6dd3961 [CANDIDATE]: Term 1 pre-election: Requested pre-vote from peers 0abe7969dcad4a9c86713e9bcfa6736a (127.11.12.65:38395), 7caa0e10d570403fbbd17d0e25808d9e (127.11.12.66:35895)
I20260713 09:04:33.874792 12641 ts_tablet_manager.cc:1403] T f342be4cc5a249b985b20ea7144e33e7 P 0abe7969dcad4a9c86713e9bcfa6736a: Time spent bootstrapping tablet: real 0.021s	user 0.011s	sys 0.007s
I20260713 09:04:33.877046 12523 tablet_service.cc:1917] Received RequestConsensusVote() RPC: tablet_id: "3654f27bdccf4f77bcf6e437d6cc0883" candidate_uuid: "8d8f3661d29f4bc2b1b908acb6dd3961" candidate_term: 1 candidate_status { last_received { term: 0 index: 0 } } ignore_live_leader: false dest_uuid: "7caa0e10d570403fbbd17d0e25808d9e" is_pre_election: true
W20260713 09:04:33.878576 12565 leader_election.cc:343] T 3654f27bdccf4f77bcf6e437d6cc0883 P 8d8f3661d29f4bc2b1b908acb6dd3961 [CANDIDATE]: Term 1 pre-election: Tablet error from VoteRequest() call to peer 7caa0e10d570403fbbd17d0e25808d9e (127.11.12.66:35895): Illegal state: must be running to vote when last-logged opid is not known
I20260713 09:04:33.878328 12641 raft_consensus.cc:359] T f342be4cc5a249b985b20ea7144e33e7 P 0abe7969dcad4a9c86713e9bcfa6736a [term 0 FOLLOWER]: Replica starting. Triggering 0 pending ops. Active config: opid_index: -1 OBSOLETE_local: false peers { permanent_uuid: "0abe7969dcad4a9c86713e9bcfa6736a" member_type: VOTER last_known_addr { host: "127.11.12.65" port: 38395 } } peers { permanent_uuid: "7caa0e10d570403fbbd17d0e25808d9e" member_type: VOTER last_known_addr { host: "127.11.12.66" port: 35895 } } peers { permanent_uuid: "8d8f3661d29f4bc2b1b908acb6dd3961" member_type: VOTER last_known_addr { host: "127.11.12.67" port: 37555 } }
I20260713 09:04:33.878540 12639 raft_consensus.cc:359] T f342be4cc5a249b985b20ea7144e33e7 P 7caa0e10d570403fbbd17d0e25808d9e [term 0 FOLLOWER]: Replica starting. Triggering 0 pending ops. Active config: opid_index: -1 OBSOLETE_local: false peers { permanent_uuid: "0abe7969dcad4a9c86713e9bcfa6736a" member_type: VOTER last_known_addr { host: "127.11.12.65" port: 38395 } } peers { permanent_uuid: "7caa0e10d570403fbbd17d0e25808d9e" member_type: VOTER last_known_addr { host: "127.11.12.66" port: 35895 } } peers { permanent_uuid: "8d8f3661d29f4bc2b1b908acb6dd3961" member_type: VOTER last_known_addr { host: "127.11.12.67" port: 37555 } }
I20260713 09:04:33.879154 12565 leader_election.cc:304] T 3654f27bdccf4f77bcf6e437d6cc0883 P 8d8f3661d29f4bc2b1b908acb6dd3961 [CANDIDATE]: Term 1 pre-election: Election decided. Result: candidate lost. Election summary: received 3 responses out of 3 voters: 1 yes votes; 2 no votes. yes voters: 8d8f3661d29f4bc2b1b908acb6dd3961; no voters: 0abe7969dcad4a9c86713e9bcfa6736a, 7caa0e10d570403fbbd17d0e25808d9e
I20260713 09:04:33.879282 12641 raft_consensus.cc:385] T f342be4cc5a249b985b20ea7144e33e7 P 0abe7969dcad4a9c86713e9bcfa6736a [term 0 FOLLOWER]: Consensus starting up: Expiring failure detector timer to make a prompt election more likely
I20260713 09:04:33.879428 12639 raft_consensus.cc:385] T f342be4cc5a249b985b20ea7144e33e7 P 7caa0e10d570403fbbd17d0e25808d9e [term 0 FOLLOWER]: Consensus starting up: Expiring failure detector timer to make a prompt election more likely
I20260713 09:04:33.879914 12641 raft_consensus.cc:740] T f342be4cc5a249b985b20ea7144e33e7 P 0abe7969dcad4a9c86713e9bcfa6736a [term 0 FOLLOWER]: Becoming Follower/Learner. State: Replica: 0abe7969dcad4a9c86713e9bcfa6736a, State: Initialized, Role: FOLLOWER
I20260713 09:04:33.879937 12639 raft_consensus.cc:740] T f342be4cc5a249b985b20ea7144e33e7 P 7caa0e10d570403fbbd17d0e25808d9e [term 0 FOLLOWER]: Becoming Follower/Learner. State: Replica: 7caa0e10d570403fbbd17d0e25808d9e, State: Initialized, Role: FOLLOWER
I20260713 09:04:33.880203 12672 raft_consensus.cc:2749] T 3654f27bdccf4f77bcf6e437d6cc0883 P 8d8f3661d29f4bc2b1b908acb6dd3961 [term 0 FOLLOWER]: Leader pre-election lost for term 1. Reason: could not achieve majority
I20260713 09:04:33.881090 12641 consensus_queue.cc:260] T f342be4cc5a249b985b20ea7144e33e7 P 0abe7969dcad4a9c86713e9bcfa6736a [NON_LEADER]: Queue going to NON_LEADER mode. State: All replicated index: 0, Majority replicated index: 0, Committed index: 0, Last appended: 0.0, Last appended by leader: 0, Current term: 0, Majority size: -1, State: 0, Mode: NON_LEADER, active raft config: opid_index: -1 OBSOLETE_local: false peers { permanent_uuid: "0abe7969dcad4a9c86713e9bcfa6736a" member_type: VOTER last_known_addr { host: "127.11.12.65" port: 38395 } } peers { permanent_uuid: "7caa0e10d570403fbbd17d0e25808d9e" member_type: VOTER last_known_addr { host: "127.11.12.66" port: 35895 } } peers { permanent_uuid: "8d8f3661d29f4bc2b1b908acb6dd3961" member_type: VOTER last_known_addr { host: "127.11.12.67" port: 37555 } }
I20260713 09:04:33.881090 12639 consensus_queue.cc:260] T f342be4cc5a249b985b20ea7144e33e7 P 7caa0e10d570403fbbd17d0e25808d9e [NON_LEADER]: Queue going to NON_LEADER mode. State: All replicated index: 0, Majority replicated index: 0, Committed index: 0, Last appended: 0.0, Last appended by leader: 0, Current term: 0, Majority size: -1, State: 0, Mode: NON_LEADER, active raft config: opid_index: -1 OBSOLETE_local: false peers { permanent_uuid: "0abe7969dcad4a9c86713e9bcfa6736a" member_type: VOTER last_known_addr { host: "127.11.12.65" port: 38395 } } peers { permanent_uuid: "7caa0e10d570403fbbd17d0e25808d9e" member_type: VOTER last_known_addr { host: "127.11.12.66" port: 35895 } } peers { permanent_uuid: "8d8f3661d29f4bc2b1b908acb6dd3961" member_type: VOTER last_known_addr { host: "127.11.12.67" port: 37555 } }
I20260713 09:04:33.884009 12639 ts_tablet_manager.cc:1434] T f342be4cc5a249b985b20ea7144e33e7 P 7caa0e10d570403fbbd17d0e25808d9e: Time spent starting tablet: real 0.009s	user 0.005s	sys 0.003s
I20260713 09:04:33.884009 12641 ts_tablet_manager.cc:1434] T f342be4cc5a249b985b20ea7144e33e7 P 0abe7969dcad4a9c86713e9bcfa6736a: Time spent starting tablet: real 0.009s	user 0.006s	sys 0.000s
I20260713 09:04:33.884392 12640 tablet_bootstrap.cc:654] T f342be4cc5a249b985b20ea7144e33e7 P 8d8f3661d29f4bc2b1b908acb6dd3961: Neither blocks nor log segments found. Creating new log.
I20260713 09:04:33.885190 12641 tablet_bootstrap.cc:492] T 87bd0f769ab44153b24a180e826282db P 0abe7969dcad4a9c86713e9bcfa6736a: Bootstrap starting.
I20260713 09:04:33.885190 12639 tablet_bootstrap.cc:492] T 26fba24325c24e8fa1876b801a2771e9 P 7caa0e10d570403fbbd17d0e25808d9e: Bootstrap starting.
I20260713 09:04:33.894536 12672 raft_consensus.cc:493] T 2813889528c64e80936654fcb1c548ef P 8d8f3661d29f4bc2b1b908acb6dd3961 [term 0 FOLLOWER]: Starting pre-election (no leader contacted us within the election timeout)
I20260713 09:04:33.895092 12672 raft_consensus.cc:515] T 2813889528c64e80936654fcb1c548ef P 8d8f3661d29f4bc2b1b908acb6dd3961 [term 0 FOLLOWER]: Starting pre-election with config: opid_index: -1 OBSOLETE_local: false peers { permanent_uuid: "0abe7969dcad4a9c86713e9bcfa6736a" member_type: VOTER last_known_addr { host: "127.11.12.65" port: 38395 } } peers { permanent_uuid: "7caa0e10d570403fbbd17d0e25808d9e" member_type: VOTER last_known_addr { host: "127.11.12.66" port: 35895 } } peers { permanent_uuid: "8d8f3661d29f4bc2b1b908acb6dd3961" member_type: VOTER last_known_addr { host: "127.11.12.67" port: 37555 } }
I20260713 09:04:33.897442 12672 leader_election.cc:290] T 2813889528c64e80936654fcb1c548ef P 8d8f3661d29f4bc2b1b908acb6dd3961 [CANDIDATE]: Term 1 pre-election: Requested pre-vote from peers 0abe7969dcad4a9c86713e9bcfa6736a (127.11.12.65:38395), 7caa0e10d570403fbbd17d0e25808d9e (127.11.12.66:35895)
I20260713 09:04:33.899923 12450 tablet_service.cc:1917] Received RequestConsensusVote() RPC: tablet_id: "2813889528c64e80936654fcb1c548ef" candidate_uuid: "8d8f3661d29f4bc2b1b908acb6dd3961" candidate_term: 1 candidate_status { last_received { term: 0 index: 0 } } ignore_live_leader: false dest_uuid: "0abe7969dcad4a9c86713e9bcfa6736a" is_pre_election: true
I20260713 09:04:33.900530 12641 tablet_bootstrap.cc:654] T 87bd0f769ab44153b24a180e826282db P 0abe7969dcad4a9c86713e9bcfa6736a: Neither blocks nor log segments found. Creating new log.
I20260713 09:04:33.901325 12524 tablet_service.cc:1917] Received RequestConsensusVote() RPC: tablet_id: "2813889528c64e80936654fcb1c548ef" candidate_uuid: "8d8f3661d29f4bc2b1b908acb6dd3961" candidate_term: 1 candidate_status { last_received { term: 0 index: 0 } } ignore_live_leader: false dest_uuid: "7caa0e10d570403fbbd17d0e25808d9e" is_pre_election: true
I20260713 09:04:33.902073 12524 raft_consensus.cc:2468] T 2813889528c64e80936654fcb1c548ef P 7caa0e10d570403fbbd17d0e25808d9e [term 0 FOLLOWER]: Leader pre-election vote request: Granting yes vote for candidate 8d8f3661d29f4bc2b1b908acb6dd3961 in term 0.
W20260713 09:04:33.903829 12565 leader_election.cc:343] T 2813889528c64e80936654fcb1c548ef P 8d8f3661d29f4bc2b1b908acb6dd3961 [CANDIDATE]: Term 1 pre-election: Tablet error from VoteRequest() call to peer 0abe7969dcad4a9c86713e9bcfa6736a (127.11.12.65:38395): Illegal state: must be running to vote when last-logged opid is not known
I20260713 09:04:33.904765 12639 tablet_bootstrap.cc:654] T 26fba24325c24e8fa1876b801a2771e9 P 7caa0e10d570403fbbd17d0e25808d9e: Neither blocks nor log segments found. Creating new log.
I20260713 09:04:33.904632 12565 leader_election.cc:304] T 2813889528c64e80936654fcb1c548ef P 8d8f3661d29f4bc2b1b908acb6dd3961 [CANDIDATE]: Term 1 pre-election: Election decided. Result: candidate won. Election summary: received 3 responses out of 3 voters: 2 yes votes; 1 no votes. yes voters: 7caa0e10d570403fbbd17d0e25808d9e, 8d8f3661d29f4bc2b1b908acb6dd3961; no voters: 0abe7969dcad4a9c86713e9bcfa6736a
I20260713 09:04:33.905920 12672 raft_consensus.cc:2804] T 2813889528c64e80936654fcb1c548ef P 8d8f3661d29f4bc2b1b908acb6dd3961 [term 0 FOLLOWER]: Leader pre-election won for term 1
I20260713 09:04:33.906350 12672 raft_consensus.cc:493] T 2813889528c64e80936654fcb1c548ef P 8d8f3661d29f4bc2b1b908acb6dd3961 [term 0 FOLLOWER]: Starting leader election (no leader contacted us within the election timeout)
I20260713 09:04:33.906702 12672 raft_consensus.cc:3060] T 2813889528c64e80936654fcb1c548ef P 8d8f3661d29f4bc2b1b908acb6dd3961 [term 0 FOLLOWER]: Advancing to term 1
I20260713 09:04:33.916635 12672 raft_consensus.cc:515] T 2813889528c64e80936654fcb1c548ef P 8d8f3661d29f4bc2b1b908acb6dd3961 [term 1 FOLLOWER]: Starting leader election with config: opid_index: -1 OBSOLETE_local: false peers { permanent_uuid: "0abe7969dcad4a9c86713e9bcfa6736a" member_type: VOTER last_known_addr { host: "127.11.12.65" port: 38395 } } peers { permanent_uuid: "7caa0e10d570403fbbd17d0e25808d9e" member_type: VOTER last_known_addr { host: "127.11.12.66" port: 35895 } } peers { permanent_uuid: "8d8f3661d29f4bc2b1b908acb6dd3961" member_type: VOTER last_known_addr { host: "127.11.12.67" port: 37555 } }
I20260713 09:04:33.920560 12450 tablet_service.cc:1917] Received RequestConsensusVote() RPC: tablet_id: "2813889528c64e80936654fcb1c548ef" candidate_uuid: "8d8f3661d29f4bc2b1b908acb6dd3961" candidate_term: 1 candidate_status { last_received { term: 0 index: 0 } } ignore_live_leader: false dest_uuid: "0abe7969dcad4a9c86713e9bcfa6736a"
W20260713 09:04:33.922585 12565 leader_election.cc:343] T 2813889528c64e80936654fcb1c548ef P 8d8f3661d29f4bc2b1b908acb6dd3961 [CANDIDATE]: Term 1 election: Tablet error from VoteRequest() call to peer 0abe7969dcad4a9c86713e9bcfa6736a (127.11.12.65:38395): Illegal state: must be running to vote when last-logged opid is not known
I20260713 09:04:33.927014 12639 tablet_bootstrap.cc:492] T 26fba24325c24e8fa1876b801a2771e9 P 7caa0e10d570403fbbd17d0e25808d9e: No bootstrap required, opened a new log
I20260713 09:04:33.927729 12347 catalog_manager.cc:5697] T c10416b46cf846538854a33fa45061d3 P 8d8f3661d29f4bc2b1b908acb6dd3961 reported cstate change: term changed from 0 to 1, leader changed from <none> to 8d8f3661d29f4bc2b1b908acb6dd3961 (127.11.12.67). New cstate: current_term: 1 leader_uuid: "8d8f3661d29f4bc2b1b908acb6dd3961" committed_config { opid_index: -1 OBSOLETE_local: false peers { permanent_uuid: "0abe7969dcad4a9c86713e9bcfa6736a" member_type: VOTER last_known_addr { host: "127.11.12.65" port: 38395 } health_report { overall_health: UNKNOWN } } peers { permanent_uuid: "7caa0e10d570403fbbd17d0e25808d9e" member_type: VOTER last_known_addr { host: "127.11.12.66" port: 35895 } health_report { overall_health: UNKNOWN } } peers { permanent_uuid: "8d8f3661d29f4bc2b1b908acb6dd3961" member_type: VOTER last_known_addr { host: "127.11.12.67" port: 37555 } health_report { overall_health: HEALTHY } } }
I20260713 09:04:33.930783 12641 tablet_bootstrap.cc:492] T 87bd0f769ab44153b24a180e826282db P 0abe7969dcad4a9c86713e9bcfa6736a: No bootstrap required, opened a new log
I20260713 09:04:33.931013 12524 tablet_service.cc:1917] Received RequestConsensusVote() RPC: tablet_id: "2813889528c64e80936654fcb1c548ef" candidate_uuid: "8d8f3661d29f4bc2b1b908acb6dd3961" candidate_term: 1 candidate_status { last_received { term: 0 index: 0 } } ignore_live_leader: false dest_uuid: "7caa0e10d570403fbbd17d0e25808d9e"
I20260713 09:04:33.931329 12641 ts_tablet_manager.cc:1403] T 87bd0f769ab44153b24a180e826282db P 0abe7969dcad4a9c86713e9bcfa6736a: Time spent bootstrapping tablet: real 0.046s	user 0.011s	sys 0.013s
I20260713 09:04:33.931634 12524 raft_consensus.cc:3060] T 2813889528c64e80936654fcb1c548ef P 7caa0e10d570403fbbd17d0e25808d9e [term 0 FOLLOWER]: Advancing to term 1
I20260713 09:04:33.934716 12641 raft_consensus.cc:359] T 87bd0f769ab44153b24a180e826282db P 0abe7969dcad4a9c86713e9bcfa6736a [term 0 FOLLOWER]: Replica starting. Triggering 0 pending ops. Active config: opid_index: -1 OBSOLETE_local: false peers { permanent_uuid: "0abe7969dcad4a9c86713e9bcfa6736a" member_type: VOTER last_known_addr { host: "127.11.12.65" port: 38395 } } peers { permanent_uuid: "7caa0e10d570403fbbd17d0e25808d9e" member_type: VOTER last_known_addr { host: "127.11.12.66" port: 35895 } } peers { permanent_uuid: "8d8f3661d29f4bc2b1b908acb6dd3961" member_type: VOTER last_known_addr { host: "127.11.12.67" port: 37555 } }
I20260713 09:04:33.935249 12647 raft_consensus.cc:493] T 857101c51acb4bda823d4d9a99fb5f98 P 7caa0e10d570403fbbd17d0e25808d9e [term 0 FOLLOWER]: Starting pre-election (no leader contacted us within the election timeout)
I20260713 09:04:33.935559 12641 raft_consensus.cc:385] T 87bd0f769ab44153b24a180e826282db P 0abe7969dcad4a9c86713e9bcfa6736a [term 0 FOLLOWER]: Consensus starting up: Expiring failure detector timer to make a prompt election more likely
I20260713 09:04:33.935902 12641 raft_consensus.cc:740] T 87bd0f769ab44153b24a180e826282db P 0abe7969dcad4a9c86713e9bcfa6736a [term 0 FOLLOWER]: Becoming Follower/Learner. State: Replica: 0abe7969dcad4a9c86713e9bcfa6736a, State: Initialized, Role: FOLLOWER
I20260713 09:04:33.935726 12647 raft_consensus.cc:515] T 857101c51acb4bda823d4d9a99fb5f98 P 7caa0e10d570403fbbd17d0e25808d9e [term 0 FOLLOWER]: Starting pre-election with config: opid_index: -1 OBSOLETE_local: false peers { permanent_uuid: "0abe7969dcad4a9c86713e9bcfa6736a" member_type: VOTER last_known_addr { host: "127.11.12.65" port: 38395 } } peers { permanent_uuid: "7caa0e10d570403fbbd17d0e25808d9e" member_type: VOTER last_known_addr { host: "127.11.12.66" port: 35895 } } peers { permanent_uuid: "8d8f3661d29f4bc2b1b908acb6dd3961" member_type: VOTER last_known_addr { host: "127.11.12.67" port: 37555 } }
I20260713 09:04:33.927771 12639 ts_tablet_manager.cc:1403] T 26fba24325c24e8fa1876b801a2771e9 P 7caa0e10d570403fbbd17d0e25808d9e: Time spent bootstrapping tablet: real 0.043s	user 0.012s	sys 0.007s
I20260713 09:04:33.939523 12640 tablet_bootstrap.cc:492] T f342be4cc5a249b985b20ea7144e33e7 P 8d8f3661d29f4bc2b1b908acb6dd3961: No bootstrap required, opened a new log
I20260713 09:04:33.939633 12598 tablet_service.cc:1917] Received RequestConsensusVote() RPC: tablet_id: "857101c51acb4bda823d4d9a99fb5f98" candidate_uuid: "7caa0e10d570403fbbd17d0e25808d9e" candidate_term: 1 candidate_status { last_received { term: 0 index: 0 } } ignore_live_leader: false dest_uuid: "8d8f3661d29f4bc2b1b908acb6dd3961" is_pre_election: true
