I20260713 09:04:30.370455 12356 consensus_queue.cc:260] T 992a3ebfa0ae4c35893738b34332314f P 73c2a85ed89249e6b502012c79a28f36 [NON_LEADER]: Queue going to NON_LEADER mode. State: All replicated index: 0, Majority replicated index: 0, Committed index: 0, Last appended: 0.0, Last appended by leader: 0, Current term: 0, Majority size: -1, State: 0, Mode: NON_LEADER, active raft config: opid_index: -1 OBSOLETE_local: false peers { permanent_uuid: "73c2a85ed89249e6b502012c79a28f36" member_type: VOTER last_known_addr { host: "127.10.204.193" port: 34247 } } peers { permanent_uuid: "b009321f221f48198aa498bb1c1dbe4d" member_type: VOTER last_known_addr { host: "127.10.204.194" port: 33309 } } peers { permanent_uuid: "cc00200f617041d2a93b4b63c796e7fe" member_type: VOTER last_known_addr { host: "127.10.204.195" port: 44573 } }
I20260713 09:04:30.370841 12355 raft_consensus.cc:740] T e9e01663701b44d5904ae35b3ca54e19 P cc00200f617041d2a93b4b63c796e7fe [term 0 FOLLOWER]: Becoming Follower/Learner. State: Replica: cc00200f617041d2a93b4b63c796e7fe, State: Initialized, Role: FOLLOWER
I20260713 09:04:30.371615 12355 consensus_queue.cc:260] T e9e01663701b44d5904ae35b3ca54e19 P cc00200f617041d2a93b4b63c796e7fe [NON_LEADER]: Queue going to NON_LEADER mode. State: All replicated index: 0, Majority replicated index: 0, Committed index: 0, Last appended: 0.0, Last appended by leader: 0, Current term: 0, Majority size: -1, State: 0, Mode: NON_LEADER, active raft config: opid_index: -1 OBSOLETE_local: false peers { permanent_uuid: "73c2a85ed89249e6b502012c79a28f36" member_type: VOTER last_known_addr { host: "127.10.204.193" port: 34247 } } peers { permanent_uuid: "b009321f221f48198aa498bb1c1dbe4d" member_type: VOTER last_known_addr { host: "127.10.204.194" port: 33309 } } peers { permanent_uuid: "cc00200f617041d2a93b4b63c796e7fe" member_type: VOTER last_known_addr { host: "127.10.204.195" port: 44573 } }
I20260713 09:04:30.372598 12356 ts_tablet_manager.cc:1434] T 992a3ebfa0ae4c35893738b34332314f P 73c2a85ed89249e6b502012c79a28f36: Time spent starting tablet: real 0.014s	user 0.001s	sys 0.005s
I20260713 09:04:30.373349 12355 ts_tablet_manager.cc:1434] T e9e01663701b44d5904ae35b3ca54e19 P cc00200f617041d2a93b4b63c796e7fe: Time spent starting tablet: real 0.007s	user 0.003s	sys 0.002s
I20260713 09:04:30.373449 12356 tablet_bootstrap.cc:492] T 531aaf4689a646bda1491360f8ddef22 P 73c2a85ed89249e6b502012c79a28f36: Bootstrap starting.
I20260713 09:04:30.374186 12355 tablet_bootstrap.cc:492] T dcced9c5192449edb36a1c4fae11dad3 P cc00200f617041d2a93b4b63c796e7fe: Bootstrap starting.
I20260713 09:04:30.374907 12380 raft_consensus.cc:493] T 992a3ebfa0ae4c35893738b34332314f P cc00200f617041d2a93b4b63c796e7fe [term 0 FOLLOWER]: Starting pre-election (no leader contacted us within the election timeout)
I20260713 09:04:30.375339 12380 raft_consensus.cc:515] T 992a3ebfa0ae4c35893738b34332314f P cc00200f617041d2a93b4b63c796e7fe [term 0 FOLLOWER]: Starting pre-election with config: opid_index: -1 OBSOLETE_local: false peers { permanent_uuid: "73c2a85ed89249e6b502012c79a28f36" member_type: VOTER last_known_addr { host: "127.10.204.193" port: 34247 } } peers { permanent_uuid: "b009321f221f48198aa498bb1c1dbe4d" member_type: VOTER last_known_addr { host: "127.10.204.194" port: 33309 } } peers { permanent_uuid: "cc00200f617041d2a93b4b63c796e7fe" member_type: VOTER last_known_addr { host: "127.10.204.195" port: 44573 } }
I20260713 09:04:30.376224 12357 tablet_bootstrap.cc:492] T dcced9c5192449edb36a1c4fae11dad3 P b009321f221f48198aa498bb1c1dbe4d: No bootstrap required, opened a new log
I20260713 09:04:30.376688 12357 ts_tablet_manager.cc:1403] T dcced9c5192449edb36a1c4fae11dad3 P b009321f221f48198aa498bb1c1dbe4d: Time spent bootstrapping tablet: real 0.028s	user 0.008s	sys 0.001s
I20260713 09:04:30.377218 12380 leader_election.cc:290] T 992a3ebfa0ae4c35893738b34332314f P cc00200f617041d2a93b4b63c796e7fe [CANDIDATE]: Term 1 pre-election: Requested pre-vote from peers 73c2a85ed89249e6b502012c79a28f36 (127.10.204.193:34247), b009321f221f48198aa498bb1c1dbe4d (127.10.204.194:33309)
I20260713 09:04:30.378752 12241 tablet_service.cc:1917] Received RequestConsensusVote() RPC: tablet_id: "992a3ebfa0ae4c35893738b34332314f" candidate_uuid: "cc00200f617041d2a93b4b63c796e7fe" candidate_term: 1 candidate_status { last_received { term: 0 index: 0 } } ignore_live_leader: false dest_uuid: "b009321f221f48198aa498bb1c1dbe4d" is_pre_election: true
I20260713 09:04:30.379328 12241 raft_consensus.cc:2468] T 992a3ebfa0ae4c35893738b34332314f P b009321f221f48198aa498bb1c1dbe4d [term 0 FOLLOWER]: Leader pre-election vote request: Granting yes vote for candidate cc00200f617041d2a93b4b63c796e7fe in term 0.
I20260713 09:04:30.379880 12356 tablet_bootstrap.cc:654] T 531aaf4689a646bda1491360f8ddef22 P 73c2a85ed89249e6b502012c79a28f36: Neither blocks nor log segments found. Creating new log.
I20260713 09:04:30.379474 12357 raft_consensus.cc:359] T dcced9c5192449edb36a1c4fae11dad3 P b009321f221f48198aa498bb1c1dbe4d [term 0 FOLLOWER]: Replica starting. Triggering 0 pending ops. Active config: opid_index: -1 OBSOLETE_local: false peers { permanent_uuid: "73c2a85ed89249e6b502012c79a28f36" member_type: VOTER last_known_addr { host: "127.10.204.193" port: 34247 } } peers { permanent_uuid: "b009321f221f48198aa498bb1c1dbe4d" member_type: VOTER last_known_addr { host: "127.10.204.194" port: 33309 } } peers { permanent_uuid: "cc00200f617041d2a93b4b63c796e7fe" member_type: VOTER last_known_addr { host: "127.10.204.195" port: 44573 } }
I20260713 09:04:30.380225 12357 raft_consensus.cc:385] T dcced9c5192449edb36a1c4fae11dad3 P b009321f221f48198aa498bb1c1dbe4d [term 0 FOLLOWER]: Consensus starting up: Expiring failure detector timer to make a prompt election more likely
I20260713 09:04:30.380488 12357 raft_consensus.cc:740] T dcced9c5192449edb36a1c4fae11dad3 P b009321f221f48198aa498bb1c1dbe4d [term 0 FOLLOWER]: Becoming Follower/Learner. State: Replica: b009321f221f48198aa498bb1c1dbe4d, State: Initialized, Role: FOLLOWER
I20260713 09:04:30.380853 12278 leader_election.cc:304] T 992a3ebfa0ae4c35893738b34332314f P cc00200f617041d2a93b4b63c796e7fe [CANDIDATE]: Term 1 pre-election: Election decided. Result: candidate won. Election summary: received 2 responses out of 3 voters: 2 yes votes; 0 no votes. yes voters: b009321f221f48198aa498bb1c1dbe4d, cc00200f617041d2a93b4b63c796e7fe; no voters: 
I20260713 09:04:30.381577 12380 raft_consensus.cc:2804] T 992a3ebfa0ae4c35893738b34332314f P cc00200f617041d2a93b4b63c796e7fe [term 0 FOLLOWER]: Leader pre-election won for term 1
I20260713 09:04:30.381948 12380 raft_consensus.cc:493] T 992a3ebfa0ae4c35893738b34332314f P cc00200f617041d2a93b4b63c796e7fe [term 0 FOLLOWER]: Starting leader election (no leader contacted us within the election timeout)
I20260713 09:04:30.382089 12165 tablet_service.cc:1917] Received RequestConsensusVote() RPC: tablet_id: "992a3ebfa0ae4c35893738b34332314f" candidate_uuid: "cc00200f617041d2a93b4b63c796e7fe" candidate_term: 1 candidate_status { last_received { term: 0 index: 0 } } ignore_live_leader: false dest_uuid: "73c2a85ed89249e6b502012c79a28f36" is_pre_election: true
I20260713 09:04:30.382303 12380 raft_consensus.cc:3060] T 992a3ebfa0ae4c35893738b34332314f P cc00200f617041d2a93b4b63c796e7fe [term 0 FOLLOWER]: Advancing to term 1
I20260713 09:04:30.382769 12165 raft_consensus.cc:2468] T 992a3ebfa0ae4c35893738b34332314f P 73c2a85ed89249e6b502012c79a28f36 [term 0 FOLLOWER]: Leader pre-election vote request: Granting yes vote for candidate cc00200f617041d2a93b4b63c796e7fe in term 0.
I20260713 09:04:30.381282 12357 consensus_queue.cc:260] T dcced9c5192449edb36a1c4fae11dad3 P b009321f221f48198aa498bb1c1dbe4d [NON_LEADER]: Queue going to NON_LEADER mode. State: All replicated index: 0, Majority replicated index: 0, Committed index: 0, Last appended: 0.0, Last appended by leader: 0, Current term: 0, Majority size: -1, State: 0, Mode: NON_LEADER, active raft config: opid_index: -1 OBSOLETE_local: false peers { permanent_uuid: "73c2a85ed89249e6b502012c79a28f36" member_type: VOTER last_known_addr { host: "127.10.204.193" port: 34247 } } peers { permanent_uuid: "b009321f221f48198aa498bb1c1dbe4d" member_type: VOTER last_known_addr { host: "127.10.204.194" port: 33309 } } peers { permanent_uuid: "cc00200f617041d2a93b4b63c796e7fe" member_type: VOTER last_known_addr { host: "127.10.204.195" port: 44573 } }
I20260713 09:04:30.384152 12064 catalog_manager.cc:5697] T 5776d89043f746e89bb0d8b6e8dcb0e6 P 73c2a85ed89249e6b502012c79a28f36 reported cstate change: term changed from 0 to 1, leader changed from <none> to 73c2a85ed89249e6b502012c79a28f36 (127.10.204.193). New cstate: current_term: 1 leader_uuid: "73c2a85ed89249e6b502012c79a28f36" committed_config { opid_index: -1 OBSOLETE_local: false peers { permanent_uuid: "73c2a85ed89249e6b502012c79a28f36" member_type: VOTER last_known_addr { host: "127.10.204.193" port: 34247 } health_report { overall_health: HEALTHY } } peers { permanent_uuid: "b009321f221f48198aa498bb1c1dbe4d" member_type: VOTER last_known_addr { host: "127.10.204.194" port: 33309 } health_report { overall_health: UNKNOWN } } peers { permanent_uuid: "cc00200f617041d2a93b4b63c796e7fe" member_type: VOTER last_known_addr { host: "127.10.204.195" port: 44573 } health_report { overall_health: UNKNOWN } } }
I20260713 09:04:30.386960 12357 ts_tablet_manager.cc:1434] T dcced9c5192449edb36a1c4fae11dad3 P b009321f221f48198aa498bb1c1dbe4d: Time spent starting tablet: real 0.010s	user 0.006s	sys 0.002s
I20260713 09:04:30.388147 12357 tablet_bootstrap.cc:492] T d7f22d8a347547c48ce770cbf012765d P b009321f221f48198aa498bb1c1dbe4d: Bootstrap starting.
I20260713 09:04:30.388964 12380 raft_consensus.cc:515] T 992a3ebfa0ae4c35893738b34332314f P cc00200f617041d2a93b4b63c796e7fe [term 1 FOLLOWER]: Starting leader election with config: opid_index: -1 OBSOLETE_local: false peers { permanent_uuid: "73c2a85ed89249e6b502012c79a28f36" member_type: VOTER last_known_addr { host: "127.10.204.193" port: 34247 } } peers { permanent_uuid: "b009321f221f48198aa498bb1c1dbe4d" member_type: VOTER last_known_addr { host: "127.10.204.194" port: 33309 } } peers { permanent_uuid: "cc00200f617041d2a93b4b63c796e7fe" member_type: VOTER last_known_addr { host: "127.10.204.195" port: 44573 } }
I20260713 09:04:30.391623 12165 tablet_service.cc:1917] Received RequestConsensusVote() RPC: tablet_id: "992a3ebfa0ae4c35893738b34332314f" candidate_uuid: "cc00200f617041d2a93b4b63c796e7fe" candidate_term: 1 candidate_status { last_received { term: 0 index: 0 } } ignore_live_leader: false dest_uuid: "73c2a85ed89249e6b502012c79a28f36"
I20260713 09:04:30.392299 12165 raft_consensus.cc:3060] T 992a3ebfa0ae4c35893738b34332314f P 73c2a85ed89249e6b502012c79a28f36 [term 0 FOLLOWER]: Advancing to term 1
I20260713 09:04:30.396232 12355 tablet_bootstrap.cc:654] T dcced9c5192449edb36a1c4fae11dad3 P cc00200f617041d2a93b4b63c796e7fe: Neither blocks nor log segments found. Creating new log.
I20260713 09:04:30.400645 12241 tablet_service.cc:1917] Received RequestConsensusVote() RPC: tablet_id: "992a3ebfa0ae4c35893738b34332314f" candidate_uuid: "cc00200f617041d2a93b4b63c796e7fe" candidate_term: 1 candidate_status { last_received { term: 0 index: 0 } } ignore_live_leader: false dest_uuid: "b009321f221f48198aa498bb1c1dbe4d"
I20260713 09:04:30.401176 12241 raft_consensus.cc:3060] T 992a3ebfa0ae4c35893738b34332314f P b009321f221f48198aa498bb1c1dbe4d [term 0 FOLLOWER]: Advancing to term 1
I20260713 09:04:30.406970 12357 tablet_bootstrap.cc:654] T d7f22d8a347547c48ce770cbf012765d P b009321f221f48198aa498bb1c1dbe4d: Neither blocks nor log segments found. Creating new log.
I20260713 09:04:30.407546 12241 raft_consensus.cc:2468] T 992a3ebfa0ae4c35893738b34332314f P b009321f221f48198aa498bb1c1dbe4d [term 1 FOLLOWER]: Leader election vote request: Granting yes vote for candidate cc00200f617041d2a93b4b63c796e7fe in term 1.
I20260713 09:04:30.408635 12278 leader_election.cc:304] T 992a3ebfa0ae4c35893738b34332314f P cc00200f617041d2a93b4b63c796e7fe [CANDIDATE]: Term 1 election: Election decided. Result: candidate won. Election summary: received 2 responses out of 3 voters: 2 yes votes; 0 no votes. yes voters: b009321f221f48198aa498bb1c1dbe4d, cc00200f617041d2a93b4b63c796e7fe; no voters: 
I20260713 09:04:30.409487 12361 raft_consensus.cc:2804] T 992a3ebfa0ae4c35893738b34332314f P cc00200f617041d2a93b4b63c796e7fe [term 1 FOLLOWER]: Leader election won for term 1
I20260713 09:04:30.401640 12165 raft_consensus.cc:2468] T 992a3ebfa0ae4c35893738b34332314f P 73c2a85ed89249e6b502012c79a28f36 [term 1 FOLLOWER]: Leader election vote request: Granting yes vote for candidate cc00200f617041d2a93b4b63c796e7fe in term 1.
I20260713 09:04:30.410025 12361 raft_consensus.cc:697] T 992a3ebfa0ae4c35893738b34332314f P cc00200f617041d2a93b4b63c796e7fe [term 1 LEADER]: Becoming Leader. State: Replica: cc00200f617041d2a93b4b63c796e7fe, State: Running, Role: LEADER
I20260713 09:04:30.410889 12361 consensus_queue.cc:237] T 992a3ebfa0ae4c35893738b34332314f P cc00200f617041d2a93b4b63c796e7fe [LEADER]: Queue going to LEADER mode. State: All replicated index: 0, Majority replicated index: 0, Committed index: 0, Last appended: 0.0, Last appended by leader: 0, Current term: 1, Majority size: 2, State: 0, Mode: LEADER, active raft config: opid_index: -1 OBSOLETE_local: false peers { permanent_uuid: "73c2a85ed89249e6b502012c79a28f36" member_type: VOTER last_known_addr { host: "127.10.204.193" port: 34247 } } peers { permanent_uuid: "b009321f221f48198aa498bb1c1dbe4d" member_type: VOTER last_known_addr { host: "127.10.204.194" port: 33309 } } peers { permanent_uuid: "cc00200f617041d2a93b4b63c796e7fe" member_type: VOTER last_known_addr { host: "127.10.204.195" port: 44573 } }
I20260713 09:04:30.415539 12380 leader_election.cc:290] T 992a3ebfa0ae4c35893738b34332314f P cc00200f617041d2a93b4b63c796e7fe [CANDIDATE]: Term 1 election: Requested vote from peers 73c2a85ed89249e6b502012c79a28f36 (127.10.204.193:34247), b009321f221f48198aa498bb1c1dbe4d (127.10.204.194:33309)
I20260713 09:04:30.417086 12356 tablet_bootstrap.cc:492] T 531aaf4689a646bda1491360f8ddef22 P 73c2a85ed89249e6b502012c79a28f36: No bootstrap required, opened a new log
I20260713 09:04:30.417747 12356 ts_tablet_manager.cc:1403] T 531aaf4689a646bda1491360f8ddef22 P 73c2a85ed89249e6b502012c79a28f36: Time spent bootstrapping tablet: real 0.044s	user 0.031s	sys 0.010s
I20260713 09:04:30.421768 12361 raft_consensus.cc:493] T 8d97f9c2cf2e4d76b69493aac34cb1ca P cc00200f617041d2a93b4b63c796e7fe [term 0 FOLLOWER]: Starting pre-election (no leader contacted us within the election timeout)
I20260713 09:04:30.421387 12356 raft_consensus.cc:359] T 531aaf4689a646bda1491360f8ddef22 P 73c2a85ed89249e6b502012c79a28f36 [term 0 FOLLOWER]: Replica starting. Triggering 0 pending ops. Active config: opid_index: -1 OBSOLETE_local: false peers { permanent_uuid: "73c2a85ed89249e6b502012c79a28f36" member_type: VOTER last_known_addr { host: "127.10.204.193" port: 34247 } } peers { permanent_uuid: "b009321f221f48198aa498bb1c1dbe4d" member_type: VOTER last_known_addr { host: "127.10.204.194" port: 33309 } } peers { permanent_uuid: "cc00200f617041d2a93b4b63c796e7fe" member_type: VOTER last_known_addr { host: "127.10.204.195" port: 44573 } }
I20260713 09:04:30.422415 12356 raft_consensus.cc:385] T 531aaf4689a646bda1491360f8ddef22 P 73c2a85ed89249e6b502012c79a28f36 [term 0 FOLLOWER]: Consensus starting up: Expiring failure detector timer to make a prompt election more likely
I20260713 09:04:30.422873 12356 raft_consensus.cc:740] T 531aaf4689a646bda1491360f8ddef22 P 73c2a85ed89249e6b502012c79a28f36 [term 0 FOLLOWER]: Becoming Follower/Learner. State: Replica: 73c2a85ed89249e6b502012c79a28f36, State: Initialized, Role: FOLLOWER
I20260713 09:04:30.423820 12356 consensus_queue.cc:260] T 531aaf4689a646bda1491360f8ddef22 P 73c2a85ed89249e6b502012c79a28f36 [NON_LEADER]: Queue going to NON_LEADER mode. State: All replicated index: 0, Majority replicated index: 0, Committed index: 0, Last appended: 0.0, Last appended by leader: 0, Current term: 0, Majority size: -1, State: 0, Mode: NON_LEADER, active raft config: opid_index: -1 OBSOLETE_local: false peers { permanent_uuid: "73c2a85ed89249e6b502012c79a28f36" member_type: VOTER last_known_addr { host: "127.10.204.193" port: 34247 } } peers { permanent_uuid: "b009321f221f48198aa498bb1c1dbe4d" member_type: VOTER last_known_addr { host: "127.10.204.194" port: 33309 } } peers { permanent_uuid: "cc00200f617041d2a93b4b63c796e7fe" member_type: VOTER last_known_addr { host: "127.10.204.195" port: 44573 } }
I20260713 09:04:30.422227 12361 raft_consensus.cc:515] T 8d97f9c2cf2e4d76b69493aac34cb1ca P cc00200f617041d2a93b4b63c796e7fe [term 0 FOLLOWER]: Starting pre-election with config: opid_index: -1 OBSOLETE_local: false peers { permanent_uuid: "73c2a85ed89249e6b502012c79a28f36" member_type: VOTER last_known_addr { host: "127.10.204.193" port: 34247 } } peers { permanent_uuid: "b009321f221f48198aa498bb1c1dbe4d" member_type: VOTER last_known_addr { host: "127.10.204.194" port: 33309 } } peers { permanent_uuid: "cc00200f617041d2a93b4b63c796e7fe" member_type: VOTER last_known_addr { host: "127.10.204.195" port: 44573 } }
I20260713 09:04:30.426930 12383 raft_consensus.cc:493] T 4602f1b05d2f4f48b14b6cf9c0d31d26 P 73c2a85ed89249e6b502012c79a28f36 [term 0 FOLLOWER]: Starting pre-election (no leader contacted us within the election timeout)
I20260713 09:04:30.427215 12361 leader_election.cc:290] T 8d97f9c2cf2e4d76b69493aac34cb1ca P cc00200f617041d2a93b4b63c796e7fe [CANDIDATE]: Term 1 pre-election: Requested pre-vote from peers 73c2a85ed89249e6b502012c79a28f36 (127.10.204.193:34247), b009321f221f48198aa498bb1c1dbe4d (127.10.204.194:33309)
I20260713 09:04:30.427407 12383 raft_consensus.cc:515] T 4602f1b05d2f4f48b14b6cf9c0d31d26 P 73c2a85ed89249e6b502012c79a28f36 [term 0 FOLLOWER]: Starting pre-election with config: opid_index: -1 OBSOLETE_local: false peers { permanent_uuid: "73c2a85ed89249e6b502012c79a28f36" member_type: VOTER last_known_addr { host: "127.10.204.193" port: 34247 } } peers { permanent_uuid: "b009321f221f48198aa498bb1c1dbe4d" member_type: VOTER last_known_addr { host: "127.10.204.194" port: 33309 } } peers { permanent_uuid: "cc00200f617041d2a93b4b63c796e7fe" member_type: VOTER last_known_addr { host: "127.10.204.195" port: 44573 } }
I20260713 09:04:30.427785 12241 tablet_service.cc:1917] Received RequestConsensusVote() RPC: tablet_id: "8d97f9c2cf2e4d76b69493aac34cb1ca" candidate_uuid: "cc00200f617041d2a93b4b63c796e7fe" candidate_term: 1 candidate_status { last_received { term: 0 index: 0 } } ignore_live_leader: false dest_uuid: "b009321f221f48198aa498bb1c1dbe4d" is_pre_election: true
I20260713 09:04:30.428562 12241 raft_consensus.cc:2393] T 8d97f9c2cf2e4d76b69493aac34cb1ca P b009321f221f48198aa498bb1c1dbe4d [term 1 FOLLOWER]: Leader pre-election vote request: Denying vote to candidate cc00200f617041d2a93b4b63c796e7fe in current term 1: Already voted for candidate 73c2a85ed89249e6b502012c79a28f36 in this term.
I20260713 09:04:30.429527 12383 leader_election.cc:290] T 4602f1b05d2f4f48b14b6cf9c0d31d26 P 73c2a85ed89249e6b502012c79a28f36 [CANDIDATE]: Term 1 pre-election: Requested pre-vote from peers b009321f221f48198aa498bb1c1dbe4d (127.10.204.194:33309), cc00200f617041d2a93b4b63c796e7fe (127.10.204.195:44573)
I20260713 09:04:30.430287 12356 ts_tablet_manager.cc:1434] T 531aaf4689a646bda1491360f8ddef22 P 73c2a85ed89249e6b502012c79a28f36: Time spent starting tablet: real 0.012s	user 0.007s	sys 0.000s
I20260713 09:04:30.430243 12165 tablet_service.cc:1917] Received RequestConsensusVote() RPC: tablet_id: "8d97f9c2cf2e4d76b69493aac34cb1ca" candidate_uuid: "cc00200f617041d2a93b4b63c796e7fe" candidate_term: 1 candidate_status { last_received { term: 0 index: 0 } } ignore_live_leader: false dest_uuid: "73c2a85ed89249e6b502012c79a28f36" is_pre_election: true
I20260713 09:04:30.431281 12356 tablet_bootstrap.cc:492] T e9e01663701b44d5904ae35b3ca54e19 P 73c2a85ed89249e6b502012c79a28f36: Bootstrap starting.
I20260713 09:04:30.431521 12355 tablet_bootstrap.cc:492] T dcced9c5192449edb36a1c4fae11dad3 P cc00200f617041d2a93b4b63c796e7fe: No bootstrap required, opened a new log
I20260713 09:04:30.431941 12355 ts_tablet_manager.cc:1403] T dcced9c5192449edb36a1c4fae11dad3 P cc00200f617041d2a93b4b63c796e7fe: Time spent bootstrapping tablet: real 0.058s	user 0.009s	sys 0.002s
I20260713 09:04:30.432185 12314 tablet_service.cc:1917] Received RequestConsensusVote() RPC: tablet_id: "4602f1b05d2f4f48b14b6cf9c0d31d26" candidate_uuid: "73c2a85ed89249e6b502012c79a28f36" candidate_term: 1 candidate_status { last_received { term: 0 index: 0 } } ignore_live_leader: false dest_uuid: "cc00200f617041d2a93b4b63c796e7fe" is_pre_election: true
W20260713 09:04:30.433421 12132 leader_election.cc:343] T 4602f1b05d2f4f48b14b6cf9c0d31d26 P 73c2a85ed89249e6b502012c79a28f36 [CANDIDATE]: Term 1 pre-election: Tablet error from VoteRequest() call to peer cc00200f617041d2a93b4b63c796e7fe (127.10.204.195:44573): Illegal state: must be running to vote when last-logged opid is not known
I20260713 09:04:30.434551 12355 raft_consensus.cc:359] T dcced9c5192449edb36a1c4fae11dad3 P cc00200f617041d2a93b4b63c796e7fe [term 0 FOLLOWER]: Replica starting. Triggering 0 pending ops. Active config: opid_index: -1 OBSOLETE_local: false peers { permanent_uuid: "73c2a85ed89249e6b502012c79a28f36" member_type: VOTER last_known_addr { host: "127.10.204.193" port: 34247 } } peers { permanent_uuid: "b009321f221f48198aa498bb1c1dbe4d" member_type: VOTER last_known_addr { host: "127.10.204.194" port: 33309 } } peers { permanent_uuid: "cc00200f617041d2a93b4b63c796e7fe" member_type: VOTER last_known_addr { host: "127.10.204.195" port: 44573 } }
I20260713 09:04:30.435163 12355 raft_consensus.cc:385] T dcced9c5192449edb36a1c4fae11dad3 P cc00200f617041d2a93b4b63c796e7fe [term 0 FOLLOWER]: Consensus starting up: Expiring failure detector timer to make a prompt election more likely
I20260713 09:04:30.435267 12280 leader_election.cc:304] T 8d97f9c2cf2e4d76b69493aac34cb1ca P cc00200f617041d2a93b4b63c796e7fe [CANDIDATE]: Term 1 pre-election: Election decided. Result: candidate lost. Election summary: received 3 responses out of 3 voters: 1 yes votes; 2 no votes. yes voters: cc00200f617041d2a93b4b63c796e7fe; no voters: 73c2a85ed89249e6b502012c79a28f36, b009321f221f48198aa498bb1c1dbe4d
I20260713 09:04:30.435459 12355 raft_consensus.cc:740] T dcced9c5192449edb36a1c4fae11dad3 P cc00200f617041d2a93b4b63c796e7fe [term 0 FOLLOWER]: Becoming Follower/Learner. State: Replica: cc00200f617041d2a93b4b63c796e7fe, State: Initialized, Role: FOLLOWER
I20260713 09:04:30.436283 12355 consensus_queue.cc:260] T dcced9c5192449edb36a1c4fae11dad3 P cc00200f617041d2a93b4b63c796e7fe [NON_LEADER]: Queue going to NON_LEADER mode. State: All replicated index: 0, Majority replicated index: 0, Committed index: 0, Last appended: 0.0, Last appended by leader: 0, Current term: 0, Majority size: -1, State: 0, Mode: NON_LEADER, active raft config: opid_index: -1 OBSOLETE_local: false peers { permanent_uuid: "73c2a85ed89249e6b502012c79a28f36" member_type: VOTER last_known_addr { host: "127.10.204.193" port: 34247 } } peers { permanent_uuid: "b009321f221f48198aa498bb1c1dbe4d" member_type: VOTER last_known_addr { host: "127.10.204.194" port: 33309 } } peers { permanent_uuid: "cc00200f617041d2a93b4b63c796e7fe" member_type: VOTER last_known_addr { host: "127.10.204.195" port: 44573 } }
I20260713 09:04:30.436655 12241 tablet_service.cc:1917] Received RequestConsensusVote() RPC: tablet_id: "4602f1b05d2f4f48b14b6cf9c0d31d26" candidate_uuid: "73c2a85ed89249e6b502012c79a28f36" candidate_term: 1 candidate_status { last_received { term: 0 index: 0 } } ignore_live_leader: false dest_uuid: "b009321f221f48198aa498bb1c1dbe4d" is_pre_election: true
I20260713 09:04:30.437242 12380 raft_consensus.cc:3060] T 8d97f9c2cf2e4d76b69493aac34cb1ca P cc00200f617041d2a93b4b63c796e7fe [term 0 FOLLOWER]: Advancing to term 1
I20260713 09:04:30.437994 12356 tablet_bootstrap.cc:654] T e9e01663701b44d5904ae35b3ca54e19 P 73c2a85ed89249e6b502012c79a28f36: Neither blocks nor log segments found. Creating new log.
W20260713 09:04:30.438392 12129 leader_election.cc:343] T 4602f1b05d2f4f48b14b6cf9c0d31d26 P 73c2a85ed89249e6b502012c79a28f36 [CANDIDATE]: Term 1 pre-election: Tablet error from VoteRequest() call to peer b009321f221f48198aa498bb1c1dbe4d (127.10.204.194:33309): Illegal state: must be running to vote when last-logged opid is not known
I20260713 09:04:30.438866 12129 leader_election.cc:304] T 4602f1b05d2f4f48b14b6cf9c0d31d26 P 73c2a85ed89249e6b502012c79a28f36 [CANDIDATE]: Term 1 pre-election: Election decided. Result: candidate lost. Election summary: received 3 responses out of 3 voters: 1 yes votes; 2 no votes. yes voters: 73c2a85ed89249e6b502012c79a28f36; no voters: b009321f221f48198aa498bb1c1dbe4d, cc00200f617041d2a93b4b63c796e7fe
I20260713 09:04:30.439975 12383 raft_consensus.cc:2749] T 4602f1b05d2f4f48b14b6cf9c0d31d26 P 73c2a85ed89249e6b502012c79a28f36 [term 0 FOLLOWER]: Leader pre-election lost for term 1. Reason: could not achieve majority
I20260713 09:04:30.442605 12357 tablet_bootstrap.cc:492] T d7f22d8a347547c48ce770cbf012765d P b009321f221f48198aa498bb1c1dbe4d: No bootstrap required, opened a new log
I20260713 09:04:30.443181 12357 ts_tablet_manager.cc:1403] T d7f22d8a347547c48ce770cbf012765d P b009321f221f48198aa498bb1c1dbe4d: Time spent bootstrapping tablet: real 0.055s	user 0.011s	sys 0.012s
I20260713 09:04:30.443948 12380 raft_consensus.cc:2749] T 8d97f9c2cf2e4d76b69493aac34cb1ca P cc00200f617041d2a93b4b63c796e7fe [term 1 FOLLOWER]: Leader pre-election lost for term 1. Reason: could not achieve majority
I20260713 09:04:30.443352 12062 catalog_manager.cc:5697] T 992a3ebfa0ae4c35893738b34332314f P cc00200f617041d2a93b4b63c796e7fe reported cstate change: term changed from 0 to 1, leader changed from <none> to cc00200f617041d2a93b4b63c796e7fe (127.10.204.195). New cstate: current_term: 1 leader_uuid: "cc00200f617041d2a93b4b63c796e7fe" committed_config { opid_index: -1 OBSOLETE_local: false peers { permanent_uuid: "73c2a85ed89249e6b502012c79a28f36" member_type: VOTER last_known_addr { host: "127.10.204.193" port: 34247 } health_report { overall_health: UNKNOWN } } peers { permanent_uuid: "b009321f221f48198aa498bb1c1dbe4d" member_type: VOTER last_known_addr { host: "127.10.204.194" port: 33309 } health_report { overall_health: UNKNOWN } } peers { permanent_uuid: "cc00200f617041d2a93b4b63c796e7fe" member_type: VOTER last_known_addr { host: "127.10.204.195" port: 44573 } health_report { overall_health: HEALTHY } } }
I20260713 09:04:30.446626 12357 raft_consensus.cc:359] T d7f22d8a347547c48ce770cbf012765d P b009321f221f48198aa498bb1c1dbe4d [term 0 FOLLOWER]: Replica starting. Triggering 0 pending ops. Active config: opid_index: -1 OBSOLETE_local: false peers { permanent_uuid: "73c2a85ed89249e6b502012c79a28f36" member_type: VOTER last_known_addr { host: "127.10.204.193" port: 34247 } } peers { permanent_uuid: "b009321f221f48198aa498bb1c1dbe4d" member_type: VOTER last_known_addr { host: "127.10.204.194" port: 33309 } } peers { permanent_uuid: "cc00200f617041d2a93b4b63c796e7fe" member_type: VOTER last_known_addr { host: "127.10.204.195" port: 44573 } }
I20260713 09:04:30.447481 12357 raft_consensus.cc:385] T d7f22d8a347547c48ce770cbf012765d P b009321f221f48198aa498bb1c1dbe4d [term 0 FOLLOWER]: Consensus starting up: Expiring failure detector timer to make a prompt election more likely
I20260713 09:04:30.447798 12357 raft_consensus.cc:740] T d7f22d8a347547c48ce770cbf012765d P b009321f221f48198aa498bb1c1dbe4d [term 0 FOLLOWER]: Becoming Follower/Learner. State: Replica: b009321f221f48198aa498bb1c1dbe4d, State: Initialized, Role: FOLLOWER
I20260713 09:04:30.448362 12355 ts_tablet_manager.cc:1434] T dcced9c5192449edb36a1c4fae11dad3 P cc00200f617041d2a93b4b63c796e7fe: Time spent starting tablet: real 0.016s	user 0.006s	sys 0.001s
I20260713 09:04:30.449241 12355 tablet_bootstrap.cc:492] T d7f22d8a347547c48ce770cbf012765d P cc00200f617041d2a93b4b63c796e7fe: Bootstrap starting.
I20260713 09:04:30.448869 12357 consensus_queue.cc:260] T d7f22d8a347547c48ce770cbf012765d P b009321f221f48198aa498bb1c1dbe4d [NON_LEADER]: Queue going to NON_LEADER mode. State: All replicated index: 0, Majority replicated index: 0, Committed index: 0, Last appended: 0.0, Last appended by leader: 0, Current term: 0, Majority size: -1, State: 0, Mode: NON_LEADER, active raft config: opid_index: -1 OBSOLETE_local: false peers { permanent_uuid: "73c2a85ed89249e6b502012c79a28f36" member_type: VOTER last_known_addr { host: "127.10.204.193" port: 34247 } } peers { permanent_uuid: "b009321f221f48198aa498bb1c1dbe4d" member_type: VOTER last_known_addr { host: "127.10.204.194" port: 33309 } } peers { permanent_uuid: "cc00200f617041d2a93b4b63c796e7fe" member_type: VOTER last_known_addr { host: "127.10.204.195" port: 44573 } }
I20260713 09:04:30.451386 12357 ts_tablet_manager.cc:1434] T d7f22d8a347547c48ce770cbf012765d P b009321f221f48198aa498bb1c1dbe4d: Time spent starting tablet: real 0.008s	user 0.008s	sys 0.000s
I20260713 09:04:30.452404 12357 tablet_bootstrap.cc:492] T d798ba50ac2942c5b5d226fdc8a7d2e2 P b009321f221f48198aa498bb1c1dbe4d: Bootstrap starting.
I20260713 09:04:30.452661 12380 raft_consensus.cc:493] T 776ef550f9fa4f148a1d23ad4609822f P cc00200f617041d2a93b4b63c796e7fe [term 0 FOLLOWER]: Starting pre-election (no leader contacted us within the election timeout)
I20260713 09:04:30.453104 12380 raft_consensus.cc:515] T 776ef550f9fa4f148a1d23ad4609822f P cc00200f617041d2a93b4b63c796e7fe [term 0 FOLLOWER]: Starting pre-election with config: opid_index: -1 OBSOLETE_local: false peers { permanent_uuid: "73c2a85ed89249e6b502012c79a28f36" member_type: VOTER last_known_addr { host: "127.10.204.193" port: 34247 } } peers { permanent_uuid: "b009321f221f48198aa498bb1c1dbe4d" member_type: VOTER last_known_addr { host: "127.10.204.194" port: 33309 } } peers { permanent_uuid: "cc00200f617041d2a93b4b63c796e7fe" member_type: VOTER last_known_addr { host: "127.10.204.195" port: 44573 } }
I20260713 09:04:30.455580 12165 tablet_service.cc:1917] Received RequestConsensusVote() RPC: tablet_id: "776ef550f9fa4f148a1d23ad4609822f" candidate_uuid: "cc00200f617041d2a93b4b63c796e7fe" candidate_term: 1 candidate_status { last_received { term: 0 index: 0 } } ignore_live_leader: false dest_uuid: "73c2a85ed89249e6b502012c79a28f36" is_pre_election: true
I20260713 09:04:30.456156 12165 raft_consensus.cc:2468] T 776ef550f9fa4f148a1d23ad4609822f P 73c2a85ed89249e6b502012c79a28f36 [term 0 FOLLOWER]: Leader pre-election vote request: Granting yes vote for candidate cc00200f617041d2a93b4b63c796e7fe in term 0.
I20260713 09:04:30.459543 12357 tablet_bootstrap.cc:654] T d798ba50ac2942c5b5d226fdc8a7d2e2 P b009321f221f48198aa498bb1c1dbe4d: Neither blocks nor log segments found. Creating new log.
I20260713 09:04:30.460263 12280 leader_election.cc:304] T 776ef550f9fa4f148a1d23ad4609822f P cc00200f617041d2a93b4b63c796e7fe [CANDIDATE]: Term 1 pre-election: Election decided. Result: candidate won. Election summary: received 2 responses out of 3 voters: 2 yes votes; 0 no votes. yes voters: 73c2a85ed89249e6b502012c79a28f36, cc00200f617041d2a93b4b63c796e7fe; no voters: 
I20260713 09:04:30.461107 12361 raft_consensus.cc:2804] T 776ef550f9fa4f148a1d23ad4609822f P cc00200f617041d2a93b4b63c796e7fe [term 0 FOLLOWER]: Leader pre-election won for term 1
I20260713 09:04:30.461470 12361 raft_consensus.cc:493] T 776ef550f9fa4f148a1d23ad4609822f P cc00200f617041d2a93b4b63c796e7fe [term 0 FOLLOWER]: Starting leader election (no leader contacted us within the election timeout)
I20260713 09:04:30.461822 12361 raft_consensus.cc:3060] T 776ef550f9fa4f148a1d23ad4609822f P cc00200f617041d2a93b4b63c796e7fe [term 0 FOLLOWER]: Advancing to term 1
I20260713 09:04:30.468358 12361 raft_consensus.cc:515] T 776ef550f9fa4f148a1d23ad4609822f P cc00200f617041d2a93b4b63c796e7fe [term 1 FOLLOWER]: Starting leader election with config: opid_index: -1 OBSOLETE_local: false peers { permanent_uuid: "73c2a85ed89249e6b502012c79a28f36" member_type: VOTER last_known_addr { host: "127.10.204.193" port: 34247 } } peers { permanent_uuid: "b009321f221f48198aa498bb1c1dbe4d" member_type: VOTER last_known_addr { host: "127.10.204.194" port: 33309 } } peers { permanent_uuid: "cc00200f617041d2a93b4b63c796e7fe" member_type: VOTER last_known_addr { host: "127.10.204.195" port: 44573 } }
I20260713 09:04:30.470963 12165 tablet_service.cc:1917] Received RequestConsensusVote() RPC: tablet_id: "776ef550f9fa4f148a1d23ad4609822f" candidate_uuid: "cc00200f617041d2a93b4b63c796e7fe" candidate_term: 1 candidate_status { last_received { term: 0 index: 0 } } ignore_live_leader: false dest_uuid: "73c2a85ed89249e6b502012c79a28f36"
I20260713 09:04:30.471490 12165 raft_consensus.cc:3060] T 776ef550f9fa4f148a1d23ad4609822f P 73c2a85ed89249e6b502012c79a28f36 [term 0 FOLLOWER]: Advancing to term 1
I20260713 09:04:30.472005 12357 tablet_bootstrap.cc:492] T d798ba50ac2942c5b5d226fdc8a7d2e2 P b009321f221f48198aa498bb1c1dbe4d: No bootstrap required, opened a new log
I20260713 09:04:30.472607 12357 ts_tablet_manager.cc:1403] T d798ba50ac2942c5b5d226fdc8a7d2e2 P b009321f221f48198aa498bb1c1dbe4d: Time spent bootstrapping tablet: real 0.020s	user 0.014s	sys 0.005s
I20260713 09:04:30.475914 12357 raft_consensus.cc:359] T d798ba50ac2942c5b5d226fdc8a7d2e2 P b009321f221f48198aa498bb1c1dbe4d [term 0 FOLLOWER]: Replica starting. Triggering 0 pending ops. Active config: opid_index: -1 OBSOLETE_local: false peers { permanent_uuid: "73c2a85ed89249e6b502012c79a28f36" member_type: VOTER last_known_addr { host: "127.10.204.193" port: 34247 } } peers { permanent_uuid: "b009321f221f48198aa498bb1c1dbe4d" member_type: VOTER last_known_addr { host: "127.10.204.194" port: 33309 } } peers { permanent_uuid: "cc00200f617041d2a93b4b63c796e7fe" member_type: VOTER last_known_addr { host: "127.10.204.195" port: 44573 } }
I20260713 09:04:30.476817 12357 raft_consensus.cc:385] T d798ba50ac2942c5b5d226fdc8a7d2e2 P b009321f221f48198aa498bb1c1dbe4d [term 0 FOLLOWER]: Consensus starting up: Expiring failure detector timer to make a prompt election more likely
I20260713 09:04:30.477238 12357 raft_consensus.cc:740] T d798ba50ac2942c5b5d226fdc8a7d2e2 P b009321f221f48198aa498bb1c1dbe4d [term 0 FOLLOWER]: Becoming Follower/Learner. State: Replica: b009321f221f48198aa498bb1c1dbe4d, State: Initialized, Role: FOLLOWER
I20260713 09:04:30.478444 12241 tablet_service.cc:1917] Received RequestConsensusVote() RPC: tablet_id: "776ef550f9fa4f148a1d23ad4609822f" candidate_uuid: "cc00200f617041d2a93b4b63c796e7fe" candidate_term: 1 candidate_status { last_received { term: 0 index: 0 } } ignore_live_leader: false dest_uuid: "b009321f221f48198aa498bb1c1dbe4d" is_pre_election: true
I20260713 09:04:30.479056 12241 raft_consensus.cc:2468] T 776ef550f9fa4f148a1d23ad4609822f P b009321f221f48198aa498bb1c1dbe4d [term 0 FOLLOWER]: Leader pre-election vote request: Granting yes vote for candidate cc00200f617041d2a93b4b63c796e7fe in term 0.
I20260713 09:04:30.477370 12380 leader_election.cc:290] T 776ef550f9fa4f148a1d23ad4609822f P cc00200f617041d2a93b4b63c796e7fe [CANDIDATE]: Term 1 pre-election: Requested pre-vote from peers 73c2a85ed89249e6b502012c79a28f36 (127.10.204.193:34247), b009321f221f48198aa498bb1c1dbe4d (127.10.204.194:33309)
I20260713 09:04:30.479377 12240 tablet_service.cc:1917] Received RequestConsensusVote() RPC: tablet_id: "776ef550f9fa4f148a1d23ad4609822f" candidate_uuid: "cc00200f617041d2a93b4b63c796e7fe" candidate_term: 1 candidate_status { last_received { term: 0 index: 0 } } ignore_live_leader: false dest_uuid: "b009321f221f48198aa498bb1c1dbe4d"
I20260713 09:04:30.479944 12240 raft_consensus.cc:3060] T 776ef550f9fa4f148a1d23ad4609822f P b009321f221f48198aa498bb1c1dbe4d [term 0 FOLLOWER]: Advancing to term 1
I20260713 09:04:30.480208 12357 consensus_queue.cc:260] T d798ba50ac2942c5b5d226fdc8a7d2e2 P b009321f221f48198aa498bb1c1dbe4d [NON_LEADER]: Queue going to NON_LEADER mode. State: All replicated index: 0, Majority replicated index: 0, Committed index: 0, Last appended: 0.0, Last appended by leader: 0, Current term: 0, Majority size: -1, State: 0, Mode: NON_LEADER, active raft config: opid_index: -1 OBSOLETE_local: false peers { permanent_uuid: "73c2a85ed89249e6b502012c79a28f36" member_type: VOTER last_known_addr { host: "127.10.204.193" port: 34247 } } peers { permanent_uuid: "b009321f221f48198aa498bb1c1dbe4d" member_type: VOTER last_known_addr { host: "127.10.204.194" port: 33309 } } peers { permanent_uuid: "cc00200f617041d2a93b4b63c796e7fe" member_type: VOTER last_known_addr { host: "127.10.204.195" port: 44573 } }
I20260713 09:04:30.483131 12357 ts_tablet_manager.cc:1434] T d798ba50ac2942c5b5d226fdc8a7d2e2 P b009321f221f48198aa498bb1c1dbe4d: Time spent starting tablet: real 0.010s	user 0.007s	sys 0.000s
I20260713 09:04:30.484782 12357 tablet_bootstrap.cc:492] T 7aa70e8c69574031aee0b74818b24d06 P b009321f221f48198aa498bb1c1dbe4d: Bootstrap starting.
I20260713 09:04:30.483579 12380 raft_consensus.cc:493] T dcced9c5192449edb36a1c4fae11dad3 P cc00200f617041d2a93b4b63c796e7fe [term 0 FOLLOWER]: Starting pre-election (no leader contacted us within the election timeout)
I20260713 09:04:30.485370 12380 raft_consensus.cc:515] T dcced9c5192449edb36a1c4fae11dad3 P cc00200f617041d2a93b4b63c796e7fe [term 0 FOLLOWER]: Starting pre-election with config: opid_index: -1 OBSOLETE_local: false peers { permanent_uuid: "73c2a85ed89249e6b502012c79a28f36" member_type: VOTER last_known_addr { host: "127.10.204.193" port: 34247 } } peers { permanent_uuid: "b009321f221f48198aa498bb1c1dbe4d" member_type: VOTER last_known_addr { host: "127.10.204.194" port: 33309 } } peers { permanent_uuid: "cc00200f617041d2a93b4b63c796e7fe" member_type: VOTER last_known_addr { host: "127.10.204.195" port: 44573 } }
I20260713 09:04:30.486443 12240 raft_consensus.cc:2468] T 776ef550f9fa4f148a1d23ad4609822f P b009321f221f48198aa498bb1c1dbe4d [term 1 FOLLOWER]: Leader election vote request: Granting yes vote for candidate cc00200f617041d2a93b4b63c796e7fe in term 1.
I20260713 09:04:30.487511 12278 leader_election.cc:304] T 776ef550f9fa4f148a1d23ad4609822f P cc00200f617041d2a93b4b63c796e7fe [CANDIDATE]: Term 1 election: Election decided. Result: candidate won. Election summary: received 2 responses out of 3 voters: 2 yes votes; 0 no votes. yes voters: b009321f221f48198aa498bb1c1dbe4d, cc00200f617041d2a93b4b63c796e7fe; no voters: 
I20260713 09:04:30.488294 12361 leader_election.cc:290] T 776ef550f9fa4f148a1d23ad4609822f P cc00200f617041d2a93b4b63c796e7fe [CANDIDATE]: Term 1 election: Requested vote from peers 73c2a85ed89249e6b502012c79a28f36 (127.10.204.193:34247), b009321f221f48198aa498bb1c1dbe4d (127.10.204.194:33309)
I20260713 09:04:30.488812 12361 raft_consensus.cc:2804] T 776ef550f9fa4f148a1d23ad4609822f P cc00200f617041d2a93b4b63c796e7fe [term 1 FOLLOWER]: Leader election won for term 1
I20260713 09:04:30.488937 12166 tablet_service.cc:1917] Received RequestConsensusVote() RPC: tablet_id: "dcced9c5192449edb36a1c4fae11dad3" candidate_uuid: "cc00200f617041d2a93b4b63c796e7fe" candidate_term: 1 candidate_status { last_received { term: 0 index: 0 } } ignore_live_leader: false dest_uuid: "73c2a85ed89249e6b502012c79a28f36" is_pre_election: true
I20260713 09:04:30.489462 12361 raft_consensus.cc:697] T 776ef550f9fa4f148a1d23ad4609822f P cc00200f617041d2a93b4b63c796e7fe [term 1 LEADER]: Becoming Leader. State: Replica: cc00200f617041d2a93b4b63c796e7fe, State: Running, Role: LEADER
I20260713 09:04:30.489809 12166 raft_consensus.cc:2468] T dcced9c5192449edb36a1c4fae11dad3 P 73c2a85ed89249e6b502012c79a28f36 [term 0 FOLLOWER]: Leader pre-election vote request: Granting yes vote for candidate cc00200f617041d2a93b4b63c796e7fe in term 0.
I20260713 09:04:30.490829 12361 consensus_queue.cc:237] T 776ef550f9fa4f148a1d23ad4609822f P cc00200f617041d2a93b4b63c796e7fe [LEADER]: Queue going to LEADER mode. State: All replicated index: 0, Majority replicated index: 0, Committed index: 0, Last appended: 0.0, Last appended by leader: 0, Current term: 1, Majority size: 2, State: 0, Mode: LEADER, active raft config: opid_index: -1 OBSOLETE_local: false peers { permanent_uuid: "73c2a85ed89249e6b502012c79a28f36" member_type: VOTER last_known_addr { host: "127.10.204.193" port: 34247 } } peers { permanent_uuid: "b009321f221f48198aa498bb1c1dbe4d" member_type: VOTER last_known_addr { host: "127.10.204.194" port: 33309 } } peers { permanent_uuid: "cc00200f617041d2a93b4b63c796e7fe" member_type: VOTER last_known_addr { host: "127.10.204.195" port: 44573 } }
I20260713 09:04:30.491598 12280 leader_election.cc:304] T dcced9c5192449edb36a1c4fae11dad3 P cc00200f617041d2a93b4b63c796e7fe [CANDIDATE]: Term 1 pre-election: Election decided. Result: candidate won. Election summary: received 2 responses out of 3 voters: 2 yes votes; 0 no votes. yes voters: 73c2a85ed89249e6b502012c79a28f36, cc00200f617041d2a93b4b63c796e7fe; no voters: 
I20260713 09:04:30.492602 12387 raft_consensus.cc:2804] T dcced9c5192449edb36a1c4fae11dad3 P cc00200f617041d2a93b4b63c796e7fe [term 0 FOLLOWER]: Leader pre-election won for term 1
I20260713 09:04:30.492992 12387 raft_consensus.cc:493] T dcced9c5192449edb36a1c4fae11dad3 P cc00200f617041d2a93b4b63c796e7fe [term 0 FOLLOWER]: Starting leader election (no leader contacted us within the election timeout)
I20260713 09:04:30.493083 12380 leader_election.cc:290] T dcced9c5192449edb36a1c4fae11dad3 P cc00200f617041d2a93b4b63c796e7fe [CANDIDATE]: Term 1 pre-election: Requested pre-vote from peers 73c2a85ed89249e6b502012c79a28f36 (127.10.204.193:34247), b009321f221f48198aa498bb1c1dbe4d (127.10.204.194:33309)
I20260713 09:04:30.494166 12240 tablet_service.cc:1917] Received RequestConsensusVote() RPC: tablet_id: "dcced9c5192449edb36a1c4fae11dad3" candidate_uuid: "cc00200f617041d2a93b4b63c796e7fe" candidate_term: 1 candidate_status { last_received { term: 0 index: 0 } } ignore_live_leader: false dest_uuid: "b009321f221f48198aa498bb1c1dbe4d" is_pre_election: true
I20260713 09:04:30.494763 12240 raft_consensus.cc:2468] T dcced9c5192449edb36a1c4fae11dad3 P b009321f221f48198aa498bb1c1dbe4d [term 0 FOLLOWER]: Leader pre-election vote request: Granting yes vote for candidate cc00200f617041d2a93b4b63c796e7fe in term 0.
I20260713 09:04:30.476871 12165 raft_consensus.cc:2468] T 776ef550f9fa4f148a1d23ad4609822f P 73c2a85ed89249e6b502012c79a28f36 [term 1 FOLLOWER]: Leader election vote request: Granting yes vote for candidate cc00200f617041d2a93b4b63c796e7fe in term 1.
I20260713 09:04:30.493357 12387 raft_consensus.cc:3060] T dcced9c5192449edb36a1c4fae11dad3 P cc00200f617041d2a93b4b63c796e7fe [term 0 FOLLOWER]: Advancing to term 1
I20260713 09:04:30.500232 12355 tablet_bootstrap.cc:654] T d7f22d8a347547c48ce770cbf012765d P cc00200f617041d2a93b4b63c796e7fe: Neither blocks nor log segments found. Creating new log.
I20260713 09:04:30.502213 12357 tablet_bootstrap.cc:654] T 7aa70e8c69574031aee0b74818b24d06 P b009321f221f48198aa498bb1c1dbe4d: Neither blocks nor log segments found. Creating new log.
I20260713 09:04:30.504194 12387 raft_consensus.cc:515] T dcced9c5192449edb36a1c4fae11dad3 P cc00200f617041d2a93b4b63c796e7fe [term 1 FOLLOWER]: Starting leader election with config: opid_index: -1 OBSOLETE_local: false peers { permanent_uuid: "73c2a85ed89249e6b502012c79a28f36" member_type: VOTER last_known_addr { host: "127.10.204.193" port: 34247 } } peers { permanent_uuid: "b009321f221f48198aa498bb1c1dbe4d" member_type: VOTER last_known_addr { host: "127.10.204.194" port: 33309 } } peers { permanent_uuid: "cc00200f617041d2a93b4b63c796e7fe" member_type: VOTER last_known_addr { host: "127.10.204.195" port: 44573 } }
I20260713 09:04:30.507840 12387 leader_election.cc:290] T dcced9c5192449edb36a1c4fae11dad3 P cc00200f617041d2a93b4b63c796e7fe [CANDIDATE]: Term 1 election: Requested vote from peers 73c2a85ed89249e6b502012c79a28f36 (127.10.204.193:34247), b009321f221f48198aa498bb1c1dbe4d (127.10.204.194:33309)
I20260713 09:04:30.509147 12165 tablet_service.cc:1917] Received RequestConsensusVote() RPC: tablet_id: "dcced9c5192449edb36a1c4fae11dad3" candidate_uuid: "cc00200f617041d2a93b4b63c796e7fe" candidate_term: 1 candidate_status { last_received { term: 0 index: 0 } } ignore_live_leader: false dest_uuid: "73c2a85ed89249e6b502012c79a28f36"
I20260713 09:04:30.509665 12240 tablet_service.cc:1917] Received RequestConsensusVote() RPC: tablet_id: "dcced9c5192449edb36a1c4fae11dad3" candidate_uuid: "cc00200f617041d2a93b4b63c796e7fe" candidate_term: 1 candidate_status { last_received { term: 0 index: 0 } } ignore_live_leader: false dest_uuid: "b009321f221f48198aa498bb1c1dbe4d"
I20260713 09:04:30.510015 12165 raft_consensus.cc:3060] T dcced9c5192449edb36a1c4fae11dad3 P 73c2a85ed89249e6b502012c79a28f36 [term 0 FOLLOWER]: Advancing to term 1
I20260713 09:04:30.510456 12240 raft_consensus.cc:3060] T dcced9c5192449edb36a1c4fae11dad3 P b009321f221f48198aa498bb1c1dbe4d [term 0 FOLLOWER]: Advancing to term 1
I20260713 09:04:30.519609 12165 raft_consensus.cc:2468] T dcced9c5192449edb36a1c4fae11dad3 P 73c2a85ed89249e6b502012c79a28f36 [term 1 FOLLOWER]: Leader election vote request: Granting yes vote for candidate cc00200f617041d2a93b4b63c796e7fe in term 1.
I20260713 09:04:30.520823 12407 raft_consensus.cc:493] T d798ba50ac2942c5b5d226fdc8a7d2e2 P b009321f221f48198aa498bb1c1dbe4d [term 0 FOLLOWER]: Starting pre-election (no leader contacted us within the election timeout)
I20260713 09:04:30.521085 12356 tablet_bootstrap.cc:492] T e9e01663701b44d5904ae35b3ca54e19 P 73c2a85ed89249e6b502012c79a28f36: No bootstrap required, opened a new log
I20260713 09:04:30.521584 12356 ts_tablet_manager.cc:1403] T e9e01663701b44d5904ae35b3ca54e19 P 73c2a85ed89249e6b502012c79a28f36: Time spent bootstrapping tablet: real 0.090s	user 0.033s	sys 0.039s
I20260713 09:04:30.521116 12280 leader_election.cc:304] T dcced9c5192449edb36a1c4fae11dad3 P cc00200f617041d2a93b4b63c796e7fe [CANDIDATE]: Term 1 election: Election decided. Result: candidate won. Election summary: received 2 responses out of 3 voters: 2 yes votes; 0 no votes. yes voters: 73c2a85ed89249e6b502012c79a28f36, cc00200f617041d2a93b4b63c796e7fe; no voters: 
I20260713 09:04:30.521255 12407 raft_consensus.cc:515] T d798ba50ac2942c5b5d226fdc8a7d2e2 P b009321f221f48198aa498bb1c1dbe4d [term 0 FOLLOWER]: Starting pre-election with config: opid_index: -1 OBSOLETE_local: false peers { permanent_uuid: "73c2a85ed89249e6b502012c79a28f36" member_type: VOTER last_known_addr { host: "127.10.204.193" port: 34247 } } peers { permanent_uuid: "b009321f221f48198aa498bb1c1dbe4d" member_type: VOTER last_known_addr { host: "127.10.204.194" port: 33309 } } peers { permanent_uuid: "cc00200f617041d2a93b4b63c796e7fe" member_type: VOTER last_known_addr { host: "127.10.204.195" port: 44573 } }
I20260713 09:04:30.519603 12240 raft_consensus.cc:2468] T dcced9c5192449edb36a1c4fae11dad3 P b009321f221f48198aa498bb1c1dbe4d [term 1 FOLLOWER]: Leader election vote request: Granting yes vote for candidate cc00200f617041d2a93b4b63c796e7fe in term 1.
I20260713 09:04:30.523478 12407 leader_election.cc:290] T d798ba50ac2942c5b5d226fdc8a7d2e2 P b009321f221f48198aa498bb1c1dbe4d [CANDIDATE]: Term 1 pre-election: Requested pre-vote from peers 73c2a85ed89249e6b502012c79a28f36 (127.10.204.193:34247), cc00200f617041d2a93b4b63c796e7fe (127.10.204.195:44573)
I20260713 09:04:30.524011 12387 raft_consensus.cc:2804] T dcced9c5192449edb36a1c4fae11dad3 P cc00200f617041d2a93b4b63c796e7fe [term 1 FOLLOWER]: Leader election won for term 1
I20260713 09:04:30.524456 12387 raft_consensus.cc:697] T dcced9c5192449edb36a1c4fae11dad3 P cc00200f617041d2a93b4b63c796e7fe [term 1 LEADER]: Becoming Leader. State: Replica: cc00200f617041d2a93b4b63c796e7fe, State: Running, Role: LEADER
I20260713 09:04:30.525203 12387 consensus_queue.cc:237] T dcced9c5192449edb36a1c4fae11dad3 P cc00200f617041d2a93b4b63c796e7fe [LEADER]: Queue going to LEADER mode. State: All replicated index: 0, Majority replicated index: 0, Committed index: 0, Last appended: 0.0, Last appended by leader: 0, Current term: 1, Majority size: 2, State: 0, Mode: LEADER, active raft config: opid_index: -1 OBSOLETE_local: false peers { permanent_uuid: "73c2a85ed89249e6b502012c79a28f36" member_type: VOTER last_known_addr { host: "127.10.204.193" port: 34247 } } peers { permanent_uuid: "b009321f221f48198aa498bb1c1dbe4d" member_type: VOTER last_known_addr { host: "127.10.204.194" port: 33309 } } peers { permanent_uuid: "cc00200f617041d2a93b4b63c796e7fe" member_type: VOTER last_known_addr { host: "127.10.204.195" port: 44573 } }
I20260713 09:04:30.526988 12314 tablet_service.cc:1917] Received RequestConsensusVote() RPC: tablet_id: "d798ba50ac2942c5b5d226fdc8a7d2e2" candidate_uuid: "b009321f221f48198aa498bb1c1dbe4d" candidate_term: 1 candidate_status { last_received { term: 0 index: 0 } } ignore_live_leader: false dest_uuid: "cc00200f617041d2a93b4b63c796e7fe" is_pre_election: true
I20260713 09:04:30.528112 12355 tablet_bootstrap.cc:492] T d7f22d8a347547c48ce770cbf012765d P cc00200f617041d2a93b4b63c796e7fe: No bootstrap required, opened a new log
I20260713 09:04:30.528687 12355 ts_tablet_manager.cc:1403] T d7f22d8a347547c48ce770cbf012765d P cc00200f617041d2a93b4b63c796e7fe: Time spent bootstrapping tablet: real 0.080s	user 0.012s	sys 0.003s
I20260713 09:04:30.529489 12165 tablet_service.cc:1917] Received RequestConsensusVote() RPC: tablet_id: "d798ba50ac2942c5b5d226fdc8a7d2e2" candidate_uuid: "b009321f221f48198aa498bb1c1dbe4d" candidate_term: 1 candidate_status { last_received { term: 0 index: 0 } } ignore_live_leader: false dest_uuid: "73c2a85ed89249e6b502012c79a28f36" is_pre_election: true
