I20260713 09:04:31.512776 12357 raft_consensus.cc:359] T 9c1861e4d14e4d4fa4408317db22d440 P b009321f221f48198aa498bb1c1dbe4d [term 0 FOLLOWER]: Replica starting. Triggering 0 pending ops. Active config: opid_index: -1 OBSOLETE_local: false peers { permanent_uuid: "73c2a85ed89249e6b502012c79a28f36" member_type: VOTER last_known_addr { host: "127.10.204.193" port: 34247 } } peers { permanent_uuid: "b009321f221f48198aa498bb1c1dbe4d" member_type: VOTER last_known_addr { host: "127.10.204.194" port: 33309 } } peers { permanent_uuid: "cc00200f617041d2a93b4b63c796e7fe" member_type: VOTER last_known_addr { host: "127.10.204.195" port: 44573 } }
I20260713 09:04:31.513492 12357 raft_consensus.cc:385] T 9c1861e4d14e4d4fa4408317db22d440 P b009321f221f48198aa498bb1c1dbe4d [term 0 FOLLOWER]: Consensus starting up: Expiring failure detector timer to make a prompt election more likely
I20260713 09:04:31.513760 12357 raft_consensus.cc:740] T 9c1861e4d14e4d4fa4408317db22d440 P b009321f221f48198aa498bb1c1dbe4d [term 0 FOLLOWER]: Becoming Follower/Learner. State: Replica: b009321f221f48198aa498bb1c1dbe4d, State: Initialized, Role: FOLLOWER
I20260713 09:04:31.514420 12357 consensus_queue.cc:260] T 9c1861e4d14e4d4fa4408317db22d440 P b009321f221f48198aa498bb1c1dbe4d [NON_LEADER]: Queue going to NON_LEADER mode. State: All replicated index: 0, Majority replicated index: 0, Committed index: 0, Last appended: 0.0, Last appended by leader: 0, Current term: 0, Majority size: -1, State: 0, Mode: NON_LEADER, active raft config: opid_index: -1 OBSOLETE_local: false peers { permanent_uuid: "73c2a85ed89249e6b502012c79a28f36" member_type: VOTER last_known_addr { host: "127.10.204.193" port: 34247 } } peers { permanent_uuid: "b009321f221f48198aa498bb1c1dbe4d" member_type: VOTER last_known_addr { host: "127.10.204.194" port: 33309 } } peers { permanent_uuid: "cc00200f617041d2a93b4b63c796e7fe" member_type: VOTER last_known_addr { host: "127.10.204.195" port: 44573 } }
I20260713 09:04:31.515826 12357 ts_tablet_manager.cc:1434] T 9c1861e4d14e4d4fa4408317db22d440 P b009321f221f48198aa498bb1c1dbe4d: Time spent starting tablet: real 0.009s	user 0.004s	sys 0.000s
I20260713 09:04:31.516930 12357 tablet_bootstrap.cc:492] T 9770a7dc503e4f26a832ada0ee7c4c8b P b009321f221f48198aa498bb1c1dbe4d: Bootstrap starting.
I20260713 09:04:31.523687 12063 catalog_manager.cc:5697] T df326e0ad66943728353249b49abea68 P cc00200f617041d2a93b4b63c796e7fe reported cstate change: term changed from 0 to 1, leader changed from <none> to cc00200f617041d2a93b4b63c796e7fe (127.10.204.195). New cstate: current_term: 1 leader_uuid: "cc00200f617041d2a93b4b63c796e7fe" committed_config { opid_index: -1 OBSOLETE_local: false peers { permanent_uuid: "73c2a85ed89249e6b502012c79a28f36" member_type: VOTER last_known_addr { host: "127.10.204.193" port: 34247 } health_report { overall_health: UNKNOWN } } peers { permanent_uuid: "b009321f221f48198aa498bb1c1dbe4d" member_type: VOTER last_known_addr { host: "127.10.204.194" port: 33309 } health_report { overall_health: UNKNOWN } } peers { permanent_uuid: "cc00200f617041d2a93b4b63c796e7fe" member_type: VOTER last_known_addr { host: "127.10.204.195" port: 44573 } health_report { overall_health: HEALTHY } } }
I20260713 09:04:31.527763 12356 tablet_bootstrap.cc:654] T f69e48301b8143478db4e51f23730322 P 73c2a85ed89249e6b502012c79a28f36: Neither blocks nor log segments found. Creating new log.
I20260713 09:04:31.537981 12357 tablet_bootstrap.cc:654] T 9770a7dc503e4f26a832ada0ee7c4c8b P b009321f221f48198aa498bb1c1dbe4d: Neither blocks nor log segments found. Creating new log.
I20260713 09:04:31.538417 12472 consensus_queue.cc:1048] T ab83442e162d48f580b84d283a8bf2b2 P b009321f221f48198aa498bb1c1dbe4d [LEADER]: Connected to new peer: Peer: permanent_uuid: "73c2a85ed89249e6b502012c79a28f36" member_type: VOTER last_known_addr { host: "127.10.204.193" port: 34247 }, Status: LMP_MISMATCH, Last received: 0.0, Next index: 1, Last known committed idx: 0, Time since last communication: 0.000s
I20260713 09:04:31.545178 12355 tablet_bootstrap.cc:654] T 9c1861e4d14e4d4fa4408317db22d440 P cc00200f617041d2a93b4b63c796e7fe: Neither blocks nor log segments found. Creating new log.
I20260713 09:04:31.548207 12361 consensus_queue.cc:1048] T 4602f1b05d2f4f48b14b6cf9c0d31d26 P cc00200f617041d2a93b4b63c796e7fe [LEADER]: Connected to new peer: Peer: permanent_uuid: "73c2a85ed89249e6b502012c79a28f36" member_type: VOTER last_known_addr { host: "127.10.204.193" port: 34247 }, Status: LMP_MISMATCH, Last received: 0.0, Next index: 1, Last known committed idx: 0, Time since last communication: 0.000s
I20260713 09:04:31.555074 12361 consensus_queue.cc:1048] T 4602f1b05d2f4f48b14b6cf9c0d31d26 P cc00200f617041d2a93b4b63c796e7fe [LEADER]: Connected to new peer: Peer: permanent_uuid: "b009321f221f48198aa498bb1c1dbe4d" member_type: VOTER last_known_addr { host: "127.10.204.194" port: 33309 }, Status: LMP_MISMATCH, Last received: 0.0, Next index: 1, Last known committed idx: 0, Time since last communication: 0.000s
I20260713 09:04:31.623708 12356 tablet_bootstrap.cc:492] T f69e48301b8143478db4e51f23730322 P 73c2a85ed89249e6b502012c79a28f36: No bootstrap required, opened a new log
I20260713 09:04:31.623667 12355 tablet_bootstrap.cc:492] T 9c1861e4d14e4d4fa4408317db22d440 P cc00200f617041d2a93b4b63c796e7fe: No bootstrap required, opened a new log
I20260713 09:04:31.623696 12357 tablet_bootstrap.cc:492] T 9770a7dc503e4f26a832ada0ee7c4c8b P b009321f221f48198aa498bb1c1dbe4d: No bootstrap required, opened a new log
I20260713 09:04:31.624389 12356 ts_tablet_manager.cc:1403] T f69e48301b8143478db4e51f23730322 P 73c2a85ed89249e6b502012c79a28f36: Time spent bootstrapping tablet: real 0.138s	user 0.025s	sys 0.043s
I20260713 09:04:31.624495 12355 ts_tablet_manager.cc:1403] T 9c1861e4d14e4d4fa4408317db22d440 P cc00200f617041d2a93b4b63c796e7fe: Time spent bootstrapping tablet: real 0.130s	user 0.021s	sys 0.018s
I20260713 09:04:31.624526 12357 ts_tablet_manager.cc:1403] T 9770a7dc503e4f26a832ada0ee7c4c8b P b009321f221f48198aa498bb1c1dbe4d: Time spent bootstrapping tablet: real 0.108s	user 0.017s	sys 0.012s
I20260713 09:04:31.626819 12356 raft_consensus.cc:359] T f69e48301b8143478db4e51f23730322 P 73c2a85ed89249e6b502012c79a28f36 [term 0 FOLLOWER]: Replica starting. Triggering 0 pending ops. Active config: opid_index: -1 OBSOLETE_local: false peers { permanent_uuid: "73c2a85ed89249e6b502012c79a28f36" member_type: VOTER last_known_addr { host: "127.10.204.193" port: 34247 } } peers { permanent_uuid: "b009321f221f48198aa498bb1c1dbe4d" member_type: VOTER last_known_addr { host: "127.10.204.194" port: 33309 } } peers { permanent_uuid: "cc00200f617041d2a93b4b63c796e7fe" member_type: VOTER last_known_addr { host: "127.10.204.195" port: 44573 } }
I20260713 09:04:31.627439 12356 raft_consensus.cc:385] T f69e48301b8143478db4e51f23730322 P 73c2a85ed89249e6b502012c79a28f36 [term 0 FOLLOWER]: Consensus starting up: Expiring failure detector timer to make a prompt election more likely
I20260713 09:04:31.627733 12356 raft_consensus.cc:740] T f69e48301b8143478db4e51f23730322 P 73c2a85ed89249e6b502012c79a28f36 [term 0 FOLLOWER]: Becoming Follower/Learner. State: Replica: 73c2a85ed89249e6b502012c79a28f36, State: Initialized, Role: FOLLOWER
I20260713 09:04:31.627624 12355 raft_consensus.cc:359] T 9c1861e4d14e4d4fa4408317db22d440 P cc00200f617041d2a93b4b63c796e7fe [term 0 FOLLOWER]: Replica starting. Triggering 0 pending ops. Active config: opid_index: -1 OBSOLETE_local: false peers { permanent_uuid: "73c2a85ed89249e6b502012c79a28f36" member_type: VOTER last_known_addr { host: "127.10.204.193" port: 34247 } } peers { permanent_uuid: "b009321f221f48198aa498bb1c1dbe4d" member_type: VOTER last_known_addr { host: "127.10.204.194" port: 33309 } } peers { permanent_uuid: "cc00200f617041d2a93b4b63c796e7fe" member_type: VOTER last_known_addr { host: "127.10.204.195" port: 44573 } }
I20260713 09:04:31.627740 12357 raft_consensus.cc:359] T 9770a7dc503e4f26a832ada0ee7c4c8b P b009321f221f48198aa498bb1c1dbe4d [term 0 FOLLOWER]: Replica starting. Triggering 0 pending ops. Active config: opid_index: -1 OBSOLETE_local: false peers { permanent_uuid: "73c2a85ed89249e6b502012c79a28f36" member_type: VOTER last_known_addr { host: "127.10.204.193" port: 34247 } } peers { permanent_uuid: "b009321f221f48198aa498bb1c1dbe4d" member_type: VOTER last_known_addr { host: "127.10.204.194" port: 33309 } } peers { permanent_uuid: "cc00200f617041d2a93b4b63c796e7fe" member_type: VOTER last_known_addr { host: "127.10.204.195" port: 44573 } }
I20260713 09:04:31.628276 12355 raft_consensus.cc:385] T 9c1861e4d14e4d4fa4408317db22d440 P cc00200f617041d2a93b4b63c796e7fe [term 0 FOLLOWER]: Consensus starting up: Expiring failure detector timer to make a prompt election more likely
I20260713 09:04:31.628517 12357 raft_consensus.cc:385] T 9770a7dc503e4f26a832ada0ee7c4c8b P b009321f221f48198aa498bb1c1dbe4d [term 0 FOLLOWER]: Consensus starting up: Expiring failure detector timer to make a prompt election more likely
I20260713 09:04:31.628659 12355 raft_consensus.cc:740] T 9c1861e4d14e4d4fa4408317db22d440 P cc00200f617041d2a93b4b63c796e7fe [term 0 FOLLOWER]: Becoming Follower/Learner. State: Replica: cc00200f617041d2a93b4b63c796e7fe, State: Initialized, Role: FOLLOWER
I20260713 09:04:31.628441 12356 consensus_queue.cc:260] T f69e48301b8143478db4e51f23730322 P 73c2a85ed89249e6b502012c79a28f36 [NON_LEADER]: Queue going to NON_LEADER mode. State: All replicated index: 0, Majority replicated index: 0, Committed index: 0, Last appended: 0.0, Last appended by leader: 0, Current term: 0, Majority size: -1, State: 0, Mode: NON_LEADER, active raft config: opid_index: -1 OBSOLETE_local: false peers { permanent_uuid: "73c2a85ed89249e6b502012c79a28f36" member_type: VOTER last_known_addr { host: "127.10.204.193" port: 34247 } } peers { permanent_uuid: "b009321f221f48198aa498bb1c1dbe4d" member_type: VOTER last_known_addr { host: "127.10.204.194" port: 33309 } } peers { permanent_uuid: "cc00200f617041d2a93b4b63c796e7fe" member_type: VOTER last_known_addr { host: "127.10.204.195" port: 44573 } }
I20260713 09:04:31.629038 12357 raft_consensus.cc:740] T 9770a7dc503e4f26a832ada0ee7c4c8b P b009321f221f48198aa498bb1c1dbe4d [term 0 FOLLOWER]: Becoming Follower/Learner. State: Replica: b009321f221f48198aa498bb1c1dbe4d, State: Initialized, Role: FOLLOWER
I20260713 09:04:31.629510 12355 consensus_queue.cc:260] T 9c1861e4d14e4d4fa4408317db22d440 P cc00200f617041d2a93b4b63c796e7fe [NON_LEADER]: Queue going to NON_LEADER mode. State: All replicated index: 0, Majority replicated index: 0, Committed index: 0, Last appended: 0.0, Last appended by leader: 0, Current term: 0, Majority size: -1, State: 0, Mode: NON_LEADER, active raft config: opid_index: -1 OBSOLETE_local: false peers { permanent_uuid: "73c2a85ed89249e6b502012c79a28f36" member_type: VOTER last_known_addr { host: "127.10.204.193" port: 34247 } } peers { permanent_uuid: "b009321f221f48198aa498bb1c1dbe4d" member_type: VOTER last_known_addr { host: "127.10.204.194" port: 33309 } } peers { permanent_uuid: "cc00200f617041d2a93b4b63c796e7fe" member_type: VOTER last_known_addr { host: "127.10.204.195" port: 44573 } }
I20260713 09:04:31.629781 12357 consensus_queue.cc:260] T 9770a7dc503e4f26a832ada0ee7c4c8b P b009321f221f48198aa498bb1c1dbe4d [NON_LEADER]: Queue going to NON_LEADER mode. State: All replicated index: 0, Majority replicated index: 0, Committed index: 0, Last appended: 0.0, Last appended by leader: 0, Current term: 0, Majority size: -1, State: 0, Mode: NON_LEADER, active raft config: opid_index: -1 OBSOLETE_local: false peers { permanent_uuid: "73c2a85ed89249e6b502012c79a28f36" member_type: VOTER last_known_addr { host: "127.10.204.193" port: 34247 } } peers { permanent_uuid: "b009321f221f48198aa498bb1c1dbe4d" member_type: VOTER last_known_addr { host: "127.10.204.194" port: 33309 } } peers { permanent_uuid: "cc00200f617041d2a93b4b63c796e7fe" member_type: VOTER last_known_addr { host: "127.10.204.195" port: 44573 } }
I20260713 09:04:31.630402 12356 ts_tablet_manager.cc:1434] T f69e48301b8143478db4e51f23730322 P 73c2a85ed89249e6b502012c79a28f36: Time spent starting tablet: real 0.006s	user 0.006s	sys 0.000s
I20260713 09:04:31.631610 12355 ts_tablet_manager.cc:1434] T 9c1861e4d14e4d4fa4408317db22d440 P cc00200f617041d2a93b4b63c796e7fe: Time spent starting tablet: real 0.006s	user 0.005s	sys 0.000s
I20260713 09:04:31.631655 12356 tablet_bootstrap.cc:492] T 1919ded12a794936ab9dc41fd288d4f6 P 73c2a85ed89249e6b502012c79a28f36: Bootstrap starting.
I20260713 09:04:31.633257 12355 tablet_bootstrap.cc:492] T df376d712c044aae87f4360367d6fd93 P cc00200f617041d2a93b4b63c796e7fe: Bootstrap starting.
I20260713 09:04:31.637111 12357 ts_tablet_manager.cc:1434] T 9770a7dc503e4f26a832ada0ee7c4c8b P b009321f221f48198aa498bb1c1dbe4d: Time spent starting tablet: real 0.011s	user 0.005s	sys 0.000s
I20260713 09:04:31.640465 12357 tablet_bootstrap.cc:492] T 1919ded12a794936ab9dc41fd288d4f6 P b009321f221f48198aa498bb1c1dbe4d: Bootstrap starting.
I20260713 09:04:31.641391 12355 tablet_bootstrap.cc:654] T df376d712c044aae87f4360367d6fd93 P cc00200f617041d2a93b4b63c796e7fe: Neither blocks nor log segments found. Creating new log.
I20260713 09:04:31.645983 12357 tablet_bootstrap.cc:654] T 1919ded12a794936ab9dc41fd288d4f6 P b009321f221f48198aa498bb1c1dbe4d: Neither blocks nor log segments found. Creating new log.
I20260713 09:04:31.647521 12356 tablet_bootstrap.cc:654] T 1919ded12a794936ab9dc41fd288d4f6 P 73c2a85ed89249e6b502012c79a28f36: Neither blocks nor log segments found. Creating new log.
I20260713 09:04:31.657246 12356 tablet_bootstrap.cc:492] T 1919ded12a794936ab9dc41fd288d4f6 P 73c2a85ed89249e6b502012c79a28f36: No bootstrap required, opened a new log
I20260713 09:04:31.657661 12356 ts_tablet_manager.cc:1403] T 1919ded12a794936ab9dc41fd288d4f6 P 73c2a85ed89249e6b502012c79a28f36: Time spent bootstrapping tablet: real 0.026s	user 0.013s	sys 0.000s
I20260713 09:04:31.660147 12356 raft_consensus.cc:359] T 1919ded12a794936ab9dc41fd288d4f6 P 73c2a85ed89249e6b502012c79a28f36 [term 0 FOLLOWER]: Replica starting. Triggering 0 pending ops. Active config: opid_index: -1 OBSOLETE_local: false peers { permanent_uuid: "73c2a85ed89249e6b502012c79a28f36" member_type: VOTER last_known_addr { host: "127.10.204.193" port: 34247 } } peers { permanent_uuid: "b009321f221f48198aa498bb1c1dbe4d" member_type: VOTER last_known_addr { host: "127.10.204.194" port: 33309 } } peers { permanent_uuid: "cc00200f617041d2a93b4b63c796e7fe" member_type: VOTER last_known_addr { host: "127.10.204.195" port: 44573 } }
I20260713 09:04:31.660576 12357 tablet_bootstrap.cc:492] T 1919ded12a794936ab9dc41fd288d4f6 P b009321f221f48198aa498bb1c1dbe4d: No bootstrap required, opened a new log
I20260713 09:04:31.660758 12356 raft_consensus.cc:385] T 1919ded12a794936ab9dc41fd288d4f6 P 73c2a85ed89249e6b502012c79a28f36 [term 0 FOLLOWER]: Consensus starting up: Expiring failure detector timer to make a prompt election more likely
I20260713 09:04:31.660989 12357 ts_tablet_manager.cc:1403] T 1919ded12a794936ab9dc41fd288d4f6 P b009321f221f48198aa498bb1c1dbe4d: Time spent bootstrapping tablet: real 0.023s	user 0.008s	sys 0.007s
I20260713 09:04:31.661005 12356 raft_consensus.cc:740] T 1919ded12a794936ab9dc41fd288d4f6 P 73c2a85ed89249e6b502012c79a28f36 [term 0 FOLLOWER]: Becoming Follower/Learner. State: Replica: 73c2a85ed89249e6b502012c79a28f36, State: Initialized, Role: FOLLOWER
I20260713 09:04:31.661936 12356 consensus_queue.cc:260] T 1919ded12a794936ab9dc41fd288d4f6 P 73c2a85ed89249e6b502012c79a28f36 [NON_LEADER]: Queue going to NON_LEADER mode. State: All replicated index: 0, Majority replicated index: 0, Committed index: 0, Last appended: 0.0, Last appended by leader: 0, Current term: 0, Majority size: -1, State: 0, Mode: NON_LEADER, active raft config: opid_index: -1 OBSOLETE_local: false peers { permanent_uuid: "73c2a85ed89249e6b502012c79a28f36" member_type: VOTER last_known_addr { host: "127.10.204.193" port: 34247 } } peers { permanent_uuid: "b009321f221f48198aa498bb1c1dbe4d" member_type: VOTER last_known_addr { host: "127.10.204.194" port: 33309 } } peers { permanent_uuid: "cc00200f617041d2a93b4b63c796e7fe" member_type: VOTER last_known_addr { host: "127.10.204.195" port: 44573 } }
I20260713 09:04:31.666836 12356 ts_tablet_manager.cc:1434] T 1919ded12a794936ab9dc41fd288d4f6 P 73c2a85ed89249e6b502012c79a28f36: Time spent starting tablet: real 0.009s	user 0.005s	sys 0.000s
I20260713 09:04:31.667774 12356 tablet_bootstrap.cc:492] T 9770a7dc503e4f26a832ada0ee7c4c8b P 73c2a85ed89249e6b502012c79a28f36: Bootstrap starting.
I20260713 09:04:31.671314 12355 tablet_bootstrap.cc:492] T df376d712c044aae87f4360367d6fd93 P cc00200f617041d2a93b4b63c796e7fe: No bootstrap required, opened a new log
I20260713 09:04:31.671672 12355 ts_tablet_manager.cc:1403] T df376d712c044aae87f4360367d6fd93 P cc00200f617041d2a93b4b63c796e7fe: Time spent bootstrapping tablet: real 0.039s	user 0.013s	sys 0.012s
I20260713 09:04:31.673286 12356 tablet_bootstrap.cc:654] T 9770a7dc503e4f26a832ada0ee7c4c8b P 73c2a85ed89249e6b502012c79a28f36: Neither blocks nor log segments found. Creating new log.
I20260713 09:04:31.675040 12357 raft_consensus.cc:359] T 1919ded12a794936ab9dc41fd288d4f6 P b009321f221f48198aa498bb1c1dbe4d [term 0 FOLLOWER]: Replica starting. Triggering 0 pending ops. Active config: opid_index: -1 OBSOLETE_local: false peers { permanent_uuid: "73c2a85ed89249e6b502012c79a28f36" member_type: VOTER last_known_addr { host: "127.10.204.193" port: 34247 } } peers { permanent_uuid: "b009321f221f48198aa498bb1c1dbe4d" member_type: VOTER last_known_addr { host: "127.10.204.194" port: 33309 } } peers { permanent_uuid: "cc00200f617041d2a93b4b63c796e7fe" member_type: VOTER last_known_addr { host: "127.10.204.195" port: 44573 } }
I20260713 09:04:31.675233 12355 raft_consensus.cc:359] T df376d712c044aae87f4360367d6fd93 P cc00200f617041d2a93b4b63c796e7fe [term 0 FOLLOWER]: Replica starting. Triggering 0 pending ops. Active config: opid_index: -1 OBSOLETE_local: false peers { permanent_uuid: "73c2a85ed89249e6b502012c79a28f36" member_type: VOTER last_known_addr { host: "127.10.204.193" port: 34247 } } peers { permanent_uuid: "b009321f221f48198aa498bb1c1dbe4d" member_type: VOTER last_known_addr { host: "127.10.204.194" port: 33309 } } peers { permanent_uuid: "cc00200f617041d2a93b4b63c796e7fe" member_type: VOTER last_known_addr { host: "127.10.204.195" port: 44573 } }
I20260713 09:04:31.675684 12357 raft_consensus.cc:385] T 1919ded12a794936ab9dc41fd288d4f6 P b009321f221f48198aa498bb1c1dbe4d [term 0 FOLLOWER]: Consensus starting up: Expiring failure detector timer to make a prompt election more likely
I20260713 09:04:31.675885 12355 raft_consensus.cc:385] T df376d712c044aae87f4360367d6fd93 P cc00200f617041d2a93b4b63c796e7fe [term 0 FOLLOWER]: Consensus starting up: Expiring failure detector timer to make a prompt election more likely
I20260713 09:04:31.676128 12357 raft_consensus.cc:740] T 1919ded12a794936ab9dc41fd288d4f6 P b009321f221f48198aa498bb1c1dbe4d [term 0 FOLLOWER]: Becoming Follower/Learner. State: Replica: b009321f221f48198aa498bb1c1dbe4d, State: Initialized, Role: FOLLOWER
I20260713 09:04:31.676249 12355 raft_consensus.cc:740] T df376d712c044aae87f4360367d6fd93 P cc00200f617041d2a93b4b63c796e7fe [term 0 FOLLOWER]: Becoming Follower/Learner. State: Replica: cc00200f617041d2a93b4b63c796e7fe, State: Initialized, Role: FOLLOWER
I20260713 09:04:31.677147 12355 consensus_queue.cc:260] T df376d712c044aae87f4360367d6fd93 P cc00200f617041d2a93b4b63c796e7fe [NON_LEADER]: Queue going to NON_LEADER mode. State: All replicated index: 0, Majority replicated index: 0, Committed index: 0, Last appended: 0.0, Last appended by leader: 0, Current term: 0, Majority size: -1, State: 0, Mode: NON_LEADER, active raft config: opid_index: -1 OBSOLETE_local: false peers { permanent_uuid: "73c2a85ed89249e6b502012c79a28f36" member_type: VOTER last_known_addr { host: "127.10.204.193" port: 34247 } } peers { permanent_uuid: "b009321f221f48198aa498bb1c1dbe4d" member_type: VOTER last_known_addr { host: "127.10.204.194" port: 33309 } } peers { permanent_uuid: "cc00200f617041d2a93b4b63c796e7fe" member_type: VOTER last_known_addr { host: "127.10.204.195" port: 44573 } }
I20260713 09:04:31.677130 12357 consensus_queue.cc:260] T 1919ded12a794936ab9dc41fd288d4f6 P b009321f221f48198aa498bb1c1dbe4d [NON_LEADER]: Queue going to NON_LEADER mode. State: All replicated index: 0, Majority replicated index: 0, Committed index: 0, Last appended: 0.0, Last appended by leader: 0, Current term: 0, Majority size: -1, State: 0, Mode: NON_LEADER, active raft config: opid_index: -1 OBSOLETE_local: false peers { permanent_uuid: "73c2a85ed89249e6b502012c79a28f36" member_type: VOTER last_known_addr { host: "127.10.204.193" port: 34247 } } peers { permanent_uuid: "b009321f221f48198aa498bb1c1dbe4d" member_type: VOTER last_known_addr { host: "127.10.204.194" port: 33309 } } peers { permanent_uuid: "cc00200f617041d2a93b4b63c796e7fe" member_type: VOTER last_known_addr { host: "127.10.204.195" port: 44573 } }
I20260713 09:04:31.679348 12355 ts_tablet_manager.cc:1434] T df376d712c044aae87f4360367d6fd93 P cc00200f617041d2a93b4b63c796e7fe: Time spent starting tablet: real 0.007s	user 0.006s	sys 0.001s
I20260713 09:04:31.680305 12355 tablet_bootstrap.cc:492] T b8d24fd1feac4bf8bf46fd082d4fb077 P cc00200f617041d2a93b4b63c796e7fe: Bootstrap starting.
I20260713 09:04:31.684055 12356 tablet_bootstrap.cc:492] T 9770a7dc503e4f26a832ada0ee7c4c8b P 73c2a85ed89249e6b502012c79a28f36: No bootstrap required, opened a new log
I20260713 09:04:31.684136 12404 raft_consensus.cc:493] T 9c1861e4d14e4d4fa4408317db22d440 P b009321f221f48198aa498bb1c1dbe4d [term 0 FOLLOWER]: Starting pre-election (no leader contacted us within the election timeout)
I20260713 09:04:31.684518 12356 ts_tablet_manager.cc:1403] T 9770a7dc503e4f26a832ada0ee7c4c8b P 73c2a85ed89249e6b502012c79a28f36: Time spent bootstrapping tablet: real 0.017s	user 0.014s	sys 0.001s
I20260713 09:04:31.684612 12404 raft_consensus.cc:515] T 9c1861e4d14e4d4fa4408317db22d440 P b009321f221f48198aa498bb1c1dbe4d [term 0 FOLLOWER]: Starting pre-election with config: opid_index: -1 OBSOLETE_local: false peers { permanent_uuid: "73c2a85ed89249e6b502012c79a28f36" member_type: VOTER last_known_addr { host: "127.10.204.193" port: 34247 } } peers { permanent_uuid: "b009321f221f48198aa498bb1c1dbe4d" member_type: VOTER last_known_addr { host: "127.10.204.194" port: 33309 } } peers { permanent_uuid: "cc00200f617041d2a93b4b63c796e7fe" member_type: VOTER last_known_addr { host: "127.10.204.195" port: 44573 } }
I20260713 09:04:31.686455 12404 leader_election.cc:290] T 9c1861e4d14e4d4fa4408317db22d440 P b009321f221f48198aa498bb1c1dbe4d [CANDIDATE]: Term 1 pre-election: Requested pre-vote from peers 73c2a85ed89249e6b502012c79a28f36 (127.10.204.193:34247), cc00200f617041d2a93b4b63c796e7fe (127.10.204.195:44573)
I20260713 09:04:31.686883 12356 raft_consensus.cc:359] T 9770a7dc503e4f26a832ada0ee7c4c8b P 73c2a85ed89249e6b502012c79a28f36 [term 0 FOLLOWER]: Replica starting. Triggering 0 pending ops. Active config: opid_index: -1 OBSOLETE_local: false peers { permanent_uuid: "73c2a85ed89249e6b502012c79a28f36" member_type: VOTER last_known_addr { host: "127.10.204.193" port: 34247 } } peers { permanent_uuid: "b009321f221f48198aa498bb1c1dbe4d" member_type: VOTER last_known_addr { host: "127.10.204.194" port: 33309 } } peers { permanent_uuid: "cc00200f617041d2a93b4b63c796e7fe" member_type: VOTER last_known_addr { host: "127.10.204.195" port: 44573 } }
I20260713 09:04:31.687436 12356 raft_consensus.cc:385] T 9770a7dc503e4f26a832ada0ee7c4c8b P 73c2a85ed89249e6b502012c79a28f36 [term 0 FOLLOWER]: Consensus starting up: Expiring failure detector timer to make a prompt election more likely
I20260713 09:04:31.687544 12357 ts_tablet_manager.cc:1434] T 1919ded12a794936ab9dc41fd288d4f6 P b009321f221f48198aa498bb1c1dbe4d: Time spent starting tablet: real 0.026s	user 0.008s	sys 0.000s
I20260713 09:04:31.687680 12356 raft_consensus.cc:740] T 9770a7dc503e4f26a832ada0ee7c4c8b P 73c2a85ed89249e6b502012c79a28f36 [term 0 FOLLOWER]: Becoming Follower/Learner. State: Replica: 73c2a85ed89249e6b502012c79a28f36, State: Initialized, Role: FOLLOWER
I20260713 09:04:31.688483 12315 tablet_service.cc:1917] Received RequestConsensusVote() RPC: tablet_id: "9c1861e4d14e4d4fa4408317db22d440" candidate_uuid: "b009321f221f48198aa498bb1c1dbe4d" candidate_term: 1 candidate_status { last_received { term: 0 index: 0 } } ignore_live_leader: false dest_uuid: "cc00200f617041d2a93b4b63c796e7fe" is_pre_election: true
I20260713 09:04:31.688448 12356 consensus_queue.cc:260] T 9770a7dc503e4f26a832ada0ee7c4c8b P 73c2a85ed89249e6b502012c79a28f36 [NON_LEADER]: Queue going to NON_LEADER mode. State: All replicated index: 0, Majority replicated index: 0, Committed index: 0, Last appended: 0.0, Last appended by leader: 0, Current term: 0, Majority size: -1, State: 0, Mode: NON_LEADER, active raft config: opid_index: -1 OBSOLETE_local: false peers { permanent_uuid: "73c2a85ed89249e6b502012c79a28f36" member_type: VOTER last_known_addr { host: "127.10.204.193" port: 34247 } } peers { permanent_uuid: "b009321f221f48198aa498bb1c1dbe4d" member_type: VOTER last_known_addr { host: "127.10.204.194" port: 33309 } } peers { permanent_uuid: "cc00200f617041d2a93b4b63c796e7fe" member_type: VOTER last_known_addr { host: "127.10.204.195" port: 44573 } }
I20260713 09:04:31.689123 12315 raft_consensus.cc:2468] T 9c1861e4d14e4d4fa4408317db22d440 P cc00200f617041d2a93b4b63c796e7fe [term 0 FOLLOWER]: Leader pre-election vote request: Granting yes vote for candidate b009321f221f48198aa498bb1c1dbe4d in term 0.
I20260713 09:04:31.690017 12166 tablet_service.cc:1917] Received RequestConsensusVote() RPC: tablet_id: "9c1861e4d14e4d4fa4408317db22d440" candidate_uuid: "b009321f221f48198aa498bb1c1dbe4d" candidate_term: 1 candidate_status { last_received { term: 0 index: 0 } } ignore_live_leader: false dest_uuid: "73c2a85ed89249e6b502012c79a28f36" is_pre_election: true
I20260713 09:04:31.690635 12356 ts_tablet_manager.cc:1434] T 9770a7dc503e4f26a832ada0ee7c4c8b P 73c2a85ed89249e6b502012c79a28f36: Time spent starting tablet: real 0.006s	user 0.006s	sys 0.001s
I20260713 09:04:31.690577 12166 raft_consensus.cc:2468] T 9c1861e4d14e4d4fa4408317db22d440 P 73c2a85ed89249e6b502012c79a28f36 [term 0 FOLLOWER]: Leader pre-election vote request: Granting yes vote for candidate b009321f221f48198aa498bb1c1dbe4d in term 0.
I20260713 09:04:31.690826 12361 raft_consensus.cc:493] T 1919ded12a794936ab9dc41fd288d4f6 P cc00200f617041d2a93b4b63c796e7fe [term 0 FOLLOWER]: Starting pre-election (no leader contacted us within the election timeout)
I20260713 09:04:31.691274 12361 raft_consensus.cc:515] T 1919ded12a794936ab9dc41fd288d4f6 P cc00200f617041d2a93b4b63c796e7fe [term 0 FOLLOWER]: Starting pre-election with config: opid_index: -1 OBSOLETE_local: false peers { permanent_uuid: "73c2a85ed89249e6b502012c79a28f36" member_type: VOTER last_known_addr { host: "127.10.204.193" port: 34247 } } peers { permanent_uuid: "b009321f221f48198aa498bb1c1dbe4d" member_type: VOTER last_known_addr { host: "127.10.204.194" port: 33309 } } peers { permanent_uuid: "cc00200f617041d2a93b4b63c796e7fe" member_type: VOTER last_known_addr { host: "127.10.204.195" port: 44573 } }
I20260713 09:04:31.691772 12206 leader_election.cc:304] T 9c1861e4d14e4d4fa4408317db22d440 P b009321f221f48198aa498bb1c1dbe4d [CANDIDATE]: Term 1 pre-election: Election decided. Result: candidate won. Election summary: received 2 responses out of 3 voters: 2 yes votes; 0 no votes. yes voters: 73c2a85ed89249e6b502012c79a28f36, b009321f221f48198aa498bb1c1dbe4d; no voters: 
I20260713 09:04:31.693166 12357 tablet_bootstrap.cc:492] T b8d24fd1feac4bf8bf46fd082d4fb077 P b009321f221f48198aa498bb1c1dbe4d: Bootstrap starting.
I20260713 09:04:31.693209 12404 raft_consensus.cc:2804] T 9c1861e4d14e4d4fa4408317db22d440 P b009321f221f48198aa498bb1c1dbe4d [term 0 FOLLOWER]: Leader pre-election won for term 1
I20260713 09:04:31.693639 12404 raft_consensus.cc:493] T 9c1861e4d14e4d4fa4408317db22d440 P b009321f221f48198aa498bb1c1dbe4d [term 0 FOLLOWER]: Starting leader election (no leader contacted us within the election timeout)
I20260713 09:04:31.693964 12404 raft_consensus.cc:3060] T 9c1861e4d14e4d4fa4408317db22d440 P b009321f221f48198aa498bb1c1dbe4d [term 0 FOLLOWER]: Advancing to term 1
I20260713 09:04:31.693985 12239 tablet_service.cc:1917] Received RequestConsensusVote() RPC: tablet_id: "1919ded12a794936ab9dc41fd288d4f6" candidate_uuid: "cc00200f617041d2a93b4b63c796e7fe" candidate_term: 1 candidate_status { last_received { term: 0 index: 0 } } ignore_live_leader: false dest_uuid: "b009321f221f48198aa498bb1c1dbe4d" is_pre_election: true
I20260713 09:04:31.694626 12239 raft_consensus.cc:2468] T 1919ded12a794936ab9dc41fd288d4f6 P b009321f221f48198aa498bb1c1dbe4d [term 0 FOLLOWER]: Leader pre-election vote request: Granting yes vote for candidate cc00200f617041d2a93b4b63c796e7fe in term 0.
I20260713 09:04:31.694715 12166 tablet_service.cc:1917] Received RequestConsensusVote() RPC: tablet_id: "1919ded12a794936ab9dc41fd288d4f6" candidate_uuid: "cc00200f617041d2a93b4b63c796e7fe" candidate_term: 1 candidate_status { last_received { term: 0 index: 0 } } ignore_live_leader: false dest_uuid: "73c2a85ed89249e6b502012c79a28f36" is_pre_election: true
I20260713 09:04:31.695274 12166 raft_consensus.cc:2468] T 1919ded12a794936ab9dc41fd288d4f6 P 73c2a85ed89249e6b502012c79a28f36 [term 0 FOLLOWER]: Leader pre-election vote request: Granting yes vote for candidate cc00200f617041d2a93b4b63c796e7fe in term 0.
I20260713 09:04:31.696244 12280 leader_election.cc:304] T 1919ded12a794936ab9dc41fd288d4f6 P cc00200f617041d2a93b4b63c796e7fe [CANDIDATE]: Term 1 pre-election: Election decided. Result: candidate won. Election summary: received 2 responses out of 3 voters: 2 yes votes; 0 no votes. yes voters: 73c2a85ed89249e6b502012c79a28f36, cc00200f617041d2a93b4b63c796e7fe; no voters: 
I20260713 09:04:31.697060 12453 raft_consensus.cc:2804] T 1919ded12a794936ab9dc41fd288d4f6 P cc00200f617041d2a93b4b63c796e7fe [term 0 FOLLOWER]: Leader pre-election won for term 1
I20260713 09:04:31.697407 12453 raft_consensus.cc:493] T 1919ded12a794936ab9dc41fd288d4f6 P cc00200f617041d2a93b4b63c796e7fe [term 0 FOLLOWER]: Starting leader election (no leader contacted us within the election timeout)
I20260713 09:04:31.697702 12453 raft_consensus.cc:3060] T 1919ded12a794936ab9dc41fd288d4f6 P cc00200f617041d2a93b4b63c796e7fe [term 0 FOLLOWER]: Advancing to term 1
I20260713 09:04:31.698118 12361 leader_election.cc:290] T 1919ded12a794936ab9dc41fd288d4f6 P cc00200f617041d2a93b4b63c796e7fe [CANDIDATE]: Term 1 pre-election: Requested pre-vote from peers 73c2a85ed89249e6b502012c79a28f36 (127.10.204.193:34247), b009321f221f48198aa498bb1c1dbe4d (127.10.204.194:33309)
I20260713 09:04:31.704015 12471 consensus_queue.cc:1048] T 5ceee37ca9464217b792844b255a7962 P b009321f221f48198aa498bb1c1dbe4d [LEADER]: Connected to new peer: Peer: permanent_uuid: "cc00200f617041d2a93b4b63c796e7fe" member_type: VOTER last_known_addr { host: "127.10.204.195" port: 44573 }, Status: LMP_MISMATCH, Last received: 0.0, Next index: 1, Last known committed idx: 0, Time since last communication: 0.000s
I20260713 09:04:31.699649 12357 tablet_bootstrap.cc:654] T b8d24fd1feac4bf8bf46fd082d4fb077 P b009321f221f48198aa498bb1c1dbe4d: Neither blocks nor log segments found. Creating new log.
I20260713 09:04:31.707330 12482 consensus_queue.cc:1048] T f10b57ea19af4f4082f6265a8d68d5bb P 73c2a85ed89249e6b502012c79a28f36 [LEADER]: Connected to new peer: Peer: permanent_uuid: "cc00200f617041d2a93b4b63c796e7fe" member_type: VOTER last_known_addr { host: "127.10.204.195" port: 44573 }, Status: LMP_MISMATCH, Last received: 0.0, Next index: 1, Last known committed idx: 0, Time since last communication: 0.000s
I20260713 09:04:31.707494 12453 raft_consensus.cc:515] T 1919ded12a794936ab9dc41fd288d4f6 P cc00200f617041d2a93b4b63c796e7fe [term 1 FOLLOWER]: Starting leader election with config: opid_index: -1 OBSOLETE_local: false peers { permanent_uuid: "73c2a85ed89249e6b502012c79a28f36" member_type: VOTER last_known_addr { host: "127.10.204.193" port: 34247 } } peers { permanent_uuid: "b009321f221f48198aa498bb1c1dbe4d" member_type: VOTER last_known_addr { host: "127.10.204.194" port: 33309 } } peers { permanent_uuid: "cc00200f617041d2a93b4b63c796e7fe" member_type: VOTER last_known_addr { host: "127.10.204.195" port: 44573 } }
I20260713 09:04:31.711447 12239 tablet_service.cc:1917] Received RequestConsensusVote() RPC: tablet_id: "1919ded12a794936ab9dc41fd288d4f6" candidate_uuid: "cc00200f617041d2a93b4b63c796e7fe" candidate_term: 1 candidate_status { last_received { term: 0 index: 0 } } ignore_live_leader: false dest_uuid: "b009321f221f48198aa498bb1c1dbe4d"
I20260713 09:04:31.712145 12239 raft_consensus.cc:3060] T 1919ded12a794936ab9dc41fd288d4f6 P b009321f221f48198aa498bb1c1dbe4d [term 0 FOLLOWER]: Advancing to term 1
I20260713 09:04:31.715240 12404 raft_consensus.cc:515] T 9c1861e4d14e4d4fa4408317db22d440 P b009321f221f48198aa498bb1c1dbe4d [term 1 FOLLOWER]: Starting leader election with config: opid_index: -1 OBSOLETE_local: false peers { permanent_uuid: "73c2a85ed89249e6b502012c79a28f36" member_type: VOTER last_known_addr { host: "127.10.204.193" port: 34247 } } peers { permanent_uuid: "b009321f221f48198aa498bb1c1dbe4d" member_type: VOTER last_known_addr { host: "127.10.204.194" port: 33309 } } peers { permanent_uuid: "cc00200f617041d2a93b4b63c796e7fe" member_type: VOTER last_known_addr { host: "127.10.204.195" port: 44573 } }
I20260713 09:04:31.718175 12166 tablet_service.cc:1917] Received RequestConsensusVote() RPC: tablet_id: "1919ded12a794936ab9dc41fd288d4f6" candidate_uuid: "cc00200f617041d2a93b4b63c796e7fe" candidate_term: 1 candidate_status { last_received { term: 0 index: 0 } } ignore_live_leader: false dest_uuid: "73c2a85ed89249e6b502012c79a28f36"
I20260713 09:04:31.719516 12166 raft_consensus.cc:3060] T 1919ded12a794936ab9dc41fd288d4f6 P 73c2a85ed89249e6b502012c79a28f36 [term 0 FOLLOWER]: Advancing to term 1
I20260713 09:04:31.721094 12404 leader_election.cc:290] T 9c1861e4d14e4d4fa4408317db22d440 P b009321f221f48198aa498bb1c1dbe4d [CANDIDATE]: Term 1 election: Requested vote from peers 73c2a85ed89249e6b502012c79a28f36 (127.10.204.193:34247), cc00200f617041d2a93b4b63c796e7fe (127.10.204.195:44573)
I20260713 09:04:31.721782 12165 tablet_service.cc:1917] Received RequestConsensusVote() RPC: tablet_id: "9c1861e4d14e4d4fa4408317db22d440" candidate_uuid: "b009321f221f48198aa498bb1c1dbe4d" candidate_term: 1 candidate_status { last_received { term: 0 index: 0 } } ignore_live_leader: false dest_uuid: "73c2a85ed89249e6b502012c79a28f36"
I20260713 09:04:31.722028 12312 tablet_service.cc:1917] Received RequestConsensusVote() RPC: tablet_id: "9c1861e4d14e4d4fa4408317db22d440" candidate_uuid: "b009321f221f48198aa498bb1c1dbe4d" candidate_term: 1 candidate_status { last_received { term: 0 index: 0 } } ignore_live_leader: false dest_uuid: "cc00200f617041d2a93b4b63c796e7fe"
I20260713 09:04:31.722318 12165 raft_consensus.cc:3060] T 9c1861e4d14e4d4fa4408317db22d440 P 73c2a85ed89249e6b502012c79a28f36 [term 0 FOLLOWER]: Advancing to term 1
I20260713 09:04:31.722483 12312 raft_consensus.cc:3060] T 9c1861e4d14e4d4fa4408317db22d440 P cc00200f617041d2a93b4b63c796e7fe [term 0 FOLLOWER]: Advancing to term 1
I20260713 09:04:31.718775 12355 tablet_bootstrap.cc:654] T b8d24fd1feac4bf8bf46fd082d4fb077 P cc00200f617041d2a93b4b63c796e7fe: Neither blocks nor log segments found. Creating new log.
I20260713 09:04:31.728549 12312 raft_consensus.cc:2468] T 9c1861e4d14e4d4fa4408317db22d440 P cc00200f617041d2a93b4b63c796e7fe [term 1 FOLLOWER]: Leader election vote request: Granting yes vote for candidate b009321f221f48198aa498bb1c1dbe4d in term 1.
I20260713 09:04:31.728897 12165 raft_consensus.cc:2468] T 9c1861e4d14e4d4fa4408317db22d440 P 73c2a85ed89249e6b502012c79a28f36 [term 1 FOLLOWER]: Leader election vote request: Granting yes vote for candidate b009321f221f48198aa498bb1c1dbe4d in term 1.
I20260713 09:04:31.718829 12453 leader_election.cc:290] T 1919ded12a794936ab9dc41fd288d4f6 P cc00200f617041d2a93b4b63c796e7fe [CANDIDATE]: Term 1 election: Requested vote from peers 73c2a85ed89249e6b502012c79a28f36 (127.10.204.193:34247), b009321f221f48198aa498bb1c1dbe4d (127.10.204.194:33309)
I20260713 09:04:31.729671 12207 leader_election.cc:304] T 9c1861e4d14e4d4fa4408317db22d440 P b009321f221f48198aa498bb1c1dbe4d [CANDIDATE]: Term 1 election: Election decided. Result: candidate won. Election summary: received 2 responses out of 3 voters: 2 yes votes; 0 no votes. yes voters: b009321f221f48198aa498bb1c1dbe4d, cc00200f617041d2a93b4b63c796e7fe; no voters: 
I20260713 09:04:31.730688 12404 raft_consensus.cc:2804] T 9c1861e4d14e4d4fa4408317db22d440 P b009321f221f48198aa498bb1c1dbe4d [term 1 FOLLOWER]: Leader election won for term 1
I20260713 09:04:31.731029 12404 raft_consensus.cc:697] T 9c1861e4d14e4d4fa4408317db22d440 P b009321f221f48198aa498bb1c1dbe4d [term 1 LEADER]: Becoming Leader. State: Replica: b009321f221f48198aa498bb1c1dbe4d, State: Running, Role: LEADER
I20260713 09:04:31.731689 12404 consensus_queue.cc:237] T 9c1861e4d14e4d4fa4408317db22d440 P b009321f221f48198aa498bb1c1dbe4d [LEADER]: Queue going to LEADER mode. State: All replicated index: 0, Majority replicated index: 0, Committed index: 0, Last appended: 0.0, Last appended by leader: 0, Current term: 1, Majority size: 2, State: 0, Mode: LEADER, active raft config: opid_index: -1 OBSOLETE_local: false peers { permanent_uuid: "73c2a85ed89249e6b502012c79a28f36" member_type: VOTER last_known_addr { host: "127.10.204.193" port: 34247 } } peers { permanent_uuid: "b009321f221f48198aa498bb1c1dbe4d" member_type: VOTER last_known_addr { host: "127.10.204.194" port: 33309 } } peers { permanent_uuid: "cc00200f617041d2a93b4b63c796e7fe" member_type: VOTER last_known_addr { host: "127.10.204.195" port: 44573 } }
I20260713 09:04:31.736214 12471 consensus_queue.cc:1048] T ddcbc9d8071c4714bc98b6c808c69020 P b009321f221f48198aa498bb1c1dbe4d [LEADER]: Connected to new peer: Peer: permanent_uuid: "cc00200f617041d2a93b4b63c796e7fe" member_type: VOTER last_known_addr { host: "127.10.204.195" port: 44573 }, Status: LMP_MISMATCH, Last received: 0.0, Next index: 1, Last known committed idx: 0, Time since last communication: 0.000s
I20260713 09:04:31.733047 12239 raft_consensus.cc:2468] T 1919ded12a794936ab9dc41fd288d4f6 P b009321f221f48198aa498bb1c1dbe4d [term 1 FOLLOWER]: Leader election vote request: Granting yes vote for candidate cc00200f617041d2a93b4b63c796e7fe in term 1.
I20260713 09:04:31.738099 12278 leader_election.cc:304] T 1919ded12a794936ab9dc41fd288d4f6 P cc00200f617041d2a93b4b63c796e7fe [CANDIDATE]: Term 1 election: Election decided. Result: candidate won. Election summary: received 2 responses out of 3 voters: 2 yes votes; 0 no votes. yes voters: b009321f221f48198aa498bb1c1dbe4d, cc00200f617041d2a93b4b63c796e7fe; no voters: 
I20260713 09:04:31.738770 12166 raft_consensus.cc:2468] T 1919ded12a794936ab9dc41fd288d4f6 P 73c2a85ed89249e6b502012c79a28f36 [term 1 FOLLOWER]: Leader election vote request: Granting yes vote for candidate cc00200f617041d2a93b4b63c796e7fe in term 1.
I20260713 09:04:31.739919 12453 raft_consensus.cc:2804] T 1919ded12a794936ab9dc41fd288d4f6 P cc00200f617041d2a93b4b63c796e7fe [term 1 FOLLOWER]: Leader election won for term 1
I20260713 09:04:31.740542 12453 raft_consensus.cc:697] T 1919ded12a794936ab9dc41fd288d4f6 P cc00200f617041d2a93b4b63c796e7fe [term 1 LEADER]: Becoming Leader. State: Replica: cc00200f617041d2a93b4b63c796e7fe, State: Running, Role: LEADER
I20260713 09:04:31.741495 12453 consensus_queue.cc:237] T 1919ded12a794936ab9dc41fd288d4f6 P cc00200f617041d2a93b4b63c796e7fe [LEADER]: Queue going to LEADER mode. State: All replicated index: 0, Majority replicated index: 0, Committed index: 0, Last appended: 0.0, Last appended by leader: 0, Current term: 1, Majority size: 2, State: 0, Mode: LEADER, active raft config: opid_index: -1 OBSOLETE_local: false peers { permanent_uuid: "73c2a85ed89249e6b502012c79a28f36" member_type: VOTER last_known_addr { host: "127.10.204.193" port: 34247 } } peers { permanent_uuid: "b009321f221f48198aa498bb1c1dbe4d" member_type: VOTER last_known_addr { host: "127.10.204.194" port: 33309 } } peers { permanent_uuid: "cc00200f617041d2a93b4b63c796e7fe" member_type: VOTER last_known_addr { host: "127.10.204.195" port: 44573 } }
I20260713 09:04:31.748406 12355 tablet_bootstrap.cc:492] T b8d24fd1feac4bf8bf46fd082d4fb077 P cc00200f617041d2a93b4b63c796e7fe: No bootstrap required, opened a new log
I20260713 09:04:31.748872 12355 ts_tablet_manager.cc:1403] T b8d24fd1feac4bf8bf46fd082d4fb077 P cc00200f617041d2a93b4b63c796e7fe: Time spent bootstrapping tablet: real 0.069s	user 0.004s	sys 0.011s
I20260713 09:04:31.750243 12482 consensus_queue.cc:1048] T f10b57ea19af4f4082f6265a8d68d5bb P 73c2a85ed89249e6b502012c79a28f36 [LEADER]: Connected to new peer: Peer: permanent_uuid: "b009321f221f48198aa498bb1c1dbe4d" member_type: VOTER last_known_addr { host: "127.10.204.194" port: 33309 }, Status: LMP_MISMATCH, Last received: 0.0, Next index: 1, Last known committed idx: 0, Time since last communication: 0.000s
I20260713 09:04:31.751847 12357 tablet_bootstrap.cc:492] T b8d24fd1feac4bf8bf46fd082d4fb077 P b009321f221f48198aa498bb1c1dbe4d: No bootstrap required, opened a new log
I20260713 09:04:31.752339 12357 ts_tablet_manager.cc:1403] T b8d24fd1feac4bf8bf46fd082d4fb077 P b009321f221f48198aa498bb1c1dbe4d: Time spent bootstrapping tablet: real 0.059s	user 0.015s	sys 0.020s
I20260713 09:04:31.756583 12355 raft_consensus.cc:359] T b8d24fd1feac4bf8bf46fd082d4fb077 P cc00200f617041d2a93b4b63c796e7fe [term 0 FOLLOWER]: Replica starting. Triggering 0 pending ops. Active config: opid_index: -1 OBSOLETE_local: false peers { permanent_uuid: "73c2a85ed89249e6b502012c79a28f36" member_type: VOTER last_known_addr { host: "127.10.204.193" port: 34247 } } peers { permanent_uuid: "b009321f221f48198aa498bb1c1dbe4d" member_type: VOTER last_known_addr { host: "127.10.204.194" port: 33309 } } peers { permanent_uuid: "cc00200f617041d2a93b4b63c796e7fe" member_type: VOTER last_known_addr { host: "127.10.204.195" port: 44573 } }
I20260713 09:04:31.757292 12355 raft_consensus.cc:385] T b8d24fd1feac4bf8bf46fd082d4fb077 P cc00200f617041d2a93b4b63c796e7fe [term 0 FOLLOWER]: Consensus starting up: Expiring failure detector timer to make a prompt election more likely
I20260713 09:04:31.757650 12355 raft_consensus.cc:740] T b8d24fd1feac4bf8bf46fd082d4fb077 P cc00200f617041d2a93b4b63c796e7fe [term 0 FOLLOWER]: Becoming Follower/Learner. State: Replica: cc00200f617041d2a93b4b63c796e7fe, State: Initialized, Role: FOLLOWER
I20260713 09:04:31.759943 12357 raft_consensus.cc:359] T b8d24fd1feac4bf8bf46fd082d4fb077 P b009321f221f48198aa498bb1c1dbe4d [term 0 FOLLOWER]: Replica starting. Triggering 0 pending ops. Active config: opid_index: -1 OBSOLETE_local: false peers { permanent_uuid: "73c2a85ed89249e6b502012c79a28f36" member_type: VOTER last_known_addr { host: "127.10.204.193" port: 34247 } } peers { permanent_uuid: "b009321f221f48198aa498bb1c1dbe4d" member_type: VOTER last_known_addr { host: "127.10.204.194" port: 33309 } } peers { permanent_uuid: "cc00200f617041d2a93b4b63c796e7fe" member_type: VOTER last_known_addr { host: "127.10.204.195" port: 44573 } }
I20260713 09:04:31.760679 12357 raft_consensus.cc:385] T b8d24fd1feac4bf8bf46fd082d4fb077 P b009321f221f48198aa498bb1c1dbe4d [term 0 FOLLOWER]: Consensus starting up: Expiring failure detector timer to make a prompt election more likely
I20260713 09:04:31.760995 12357 raft_consensus.cc:740] T b8d24fd1feac4bf8bf46fd082d4fb077 P b009321f221f48198aa498bb1c1dbe4d [term 0 FOLLOWER]: Becoming Follower/Learner. State: Replica: b009321f221f48198aa498bb1c1dbe4d, State: Initialized, Role: FOLLOWER
I20260713 09:04:31.761677 12357 consensus_queue.cc:260] T b8d24fd1feac4bf8bf46fd082d4fb077 P b009321f221f48198aa498bb1c1dbe4d [NON_LEADER]: Queue going to NON_LEADER mode. State: All replicated index: 0, Majority replicated index: 0, Committed index: 0, Last appended: 0.0, Last appended by leader: 0, Current term: 0, Majority size: -1, State: 0, Mode: NON_LEADER, active raft config: opid_index: -1 OBSOLETE_local: false peers { permanent_uuid: "73c2a85ed89249e6b502012c79a28f36" member_type: VOTER last_known_addr { host: "127.10.204.193" port: 34247 } } peers { permanent_uuid: "b009321f221f48198aa498bb1c1dbe4d" member_type: VOTER last_known_addr { host: "127.10.204.194" port: 33309 } } peers { permanent_uuid: "cc00200f617041d2a93b4b63c796e7fe" member_type: VOTER last_known_addr { host: "127.10.204.195" port: 44573 } }
I20260713 09:04:31.762861 12355 consensus_queue.cc:260] T b8d24fd1feac4bf8bf46fd082d4fb077 P cc00200f617041d2a93b4b63c796e7fe [NON_LEADER]: Queue going to NON_LEADER mode. State: All replicated index: 0, Majority replicated index: 0, Committed index: 0, Last appended: 0.0, Last appended by leader: 0, Current term: 0, Majority size: -1, State: 0, Mode: NON_LEADER, active raft config: opid_index: -1 OBSOLETE_local: false peers { permanent_uuid: "73c2a85ed89249e6b502012c79a28f36" member_type: VOTER last_known_addr { host: "127.10.204.193" port: 34247 } } peers { permanent_uuid: "b009321f221f48198aa498bb1c1dbe4d" member_type: VOTER last_known_addr { host: "127.10.204.194" port: 33309 } } peers { permanent_uuid: "cc00200f617041d2a93b4b63c796e7fe" member_type: VOTER last_known_addr { host: "127.10.204.195" port: 44573 } }
I20260713 09:04:31.764024 12453 raft_consensus.cc:493] T b8d24fd1feac4bf8bf46fd082d4fb077 P cc00200f617041d2a93b4b63c796e7fe [term 0 FOLLOWER]: Starting pre-election (no leader contacted us within the election timeout)
I20260713 09:04:31.764438 12453 raft_consensus.cc:515] T b8d24fd1feac4bf8bf46fd082d4fb077 P cc00200f617041d2a93b4b63c796e7fe [term 0 FOLLOWER]: Starting pre-election with config: opid_index: -1 OBSOLETE_local: false peers { permanent_uuid: "73c2a85ed89249e6b502012c79a28f36" member_type: VOTER last_known_addr { host: "127.10.204.193" port: 34247 } } peers { permanent_uuid: "b009321f221f48198aa498bb1c1dbe4d" member_type: VOTER last_known_addr { host: "127.10.204.194" port: 33309 } } peers { permanent_uuid: "cc00200f617041d2a93b4b63c796e7fe" member_type: VOTER last_known_addr { host: "127.10.204.195" port: 44573 } }
I20260713 09:04:31.767557 12357 ts_tablet_manager.cc:1434] T b8d24fd1feac4bf8bf46fd082d4fb077 P b009321f221f48198aa498bb1c1dbe4d: Time spent starting tablet: real 0.015s	user 0.008s	sys 0.000s
I20260713 09:04:31.768393 12357 tablet_bootstrap.cc:492] T df376d712c044aae87f4360367d6fd93 P b009321f221f48198aa498bb1c1dbe4d: Bootstrap starting.
I20260713 09:04:31.768291 12453 leader_election.cc:290] T b8d24fd1feac4bf8bf46fd082d4fb077 P cc00200f617041d2a93b4b63c796e7fe [CANDIDATE]: Term 1 pre-election: Requested pre-vote from peers 73c2a85ed89249e6b502012c79a28f36 (127.10.204.193:34247), b009321f221f48198aa498bb1c1dbe4d (127.10.204.194:33309)
I20260713 09:04:31.769734 12165 tablet_service.cc:1917] Received RequestConsensusVote() RPC: tablet_id: "b8d24fd1feac4bf8bf46fd082d4fb077" candidate_uuid: "cc00200f617041d2a93b4b63c796e7fe" candidate_term: 1 candidate_status { last_received { term: 0 index: 0 } } ignore_live_leader: false dest_uuid: "73c2a85ed89249e6b502012c79a28f36" is_pre_election: true
I20260713 09:04:31.770295 12165 raft_consensus.cc:2468] T b8d24fd1feac4bf8bf46fd082d4fb077 P 73c2a85ed89249e6b502012c79a28f36 [term 0 FOLLOWER]: Leader pre-election vote request: Granting yes vote for candidate cc00200f617041d2a93b4b63c796e7fe in term 0.
I20260713 09:04:31.771636 12280 leader_election.cc:304] T b8d24fd1feac4bf8bf46fd082d4fb077 P cc00200f617041d2a93b4b63c796e7fe [CANDIDATE]: Term 1 pre-election: Election decided. Result: candidate won. Election summary: received 2 responses out of 3 voters: 2 yes votes; 0 no votes. yes voters: 73c2a85ed89249e6b502012c79a28f36, cc00200f617041d2a93b4b63c796e7fe; no voters: 
I20260713 09:04:31.769414 12240 tablet_service.cc:1917] Received RequestConsensusVote() RPC: tablet_id: "b8d24fd1feac4bf8bf46fd082d4fb077" candidate_uuid: "cc00200f617041d2a93b4b63c796e7fe" candidate_term: 1 candidate_status { last_received { term: 0 index: 0 } } ignore_live_leader: false dest_uuid: "b009321f221f48198aa498bb1c1dbe4d" is_pre_election: true
I20260713 09:04:31.773595 12240 raft_consensus.cc:2468] T b8d24fd1feac4bf8bf46fd082d4fb077 P b009321f221f48198aa498bb1c1dbe4d [term 0 FOLLOWER]: Leader pre-election vote request: Granting yes vote for candidate cc00200f617041d2a93b4b63c796e7fe in term 0.
I20260713 09:04:31.772959 12471 consensus_queue.cc:1048] T 5ceee37ca9464217b792844b255a7962 P b009321f221f48198aa498bb1c1dbe4d [LEADER]: Connected to new peer: Peer: permanent_uuid: "73c2a85ed89249e6b502012c79a28f36" member_type: VOTER last_known_addr { host: "127.10.204.193" port: 34247 }, Status: LMP_MISMATCH, Last received: 0.0, Next index: 1, Last known committed idx: 0, Time since last communication: 0.000s
I20260713 09:04:31.775049 12453 raft_consensus.cc:2804] T b8d24fd1feac4bf8bf46fd082d4fb077 P cc00200f617041d2a93b4b63c796e7fe [term 0 FOLLOWER]: Leader pre-election won for term 1
I20260713 09:04:31.775413 12453 raft_consensus.cc:493] T b8d24fd1feac4bf8bf46fd082d4fb077 P cc00200f617041d2a93b4b63c796e7fe [term 0 FOLLOWER]: Starting leader election (no leader contacted us within the election timeout)
I20260713 09:04:31.775740 12453 raft_consensus.cc:3060] T b8d24fd1feac4bf8bf46fd082d4fb077 P cc00200f617041d2a93b4b63c796e7fe [term 0 FOLLOWER]: Advancing to term 1
I20260713 09:04:31.776310 12357 tablet_bootstrap.cc:654] T df376d712c044aae87f4360367d6fd93 P b009321f221f48198aa498bb1c1dbe4d: Neither blocks nor log segments found. Creating new log.
