I20260713 08:59:17.237637   431 raft_consensus.cc:2272] T 8ee907dbc2d74d6aaa5132d32b9ab8fd P cc17d4906b444be3901cce53e5b9af3e [term 2 FOLLOWER]: Raft consensus is shut down!
I20260713 08:59:17.239228   431 tablet_replica.cc:333] T bf7e1924eaf445a6b5e4bc841465c5c8 P cc17d4906b444be3901cce53e5b9af3e: stopping tablet replica
I20260713 08:59:17.239684   431 raft_consensus.cc:2243] T bf7e1924eaf445a6b5e4bc841465c5c8 P cc17d4906b444be3901cce53e5b9af3e [term 5 FOLLOWER]: Raft consensus shutting down.
I20260713 08:59:17.240100   431 raft_consensus.cc:2272] T bf7e1924eaf445a6b5e4bc841465c5c8 P cc17d4906b444be3901cce53e5b9af3e [term 5 FOLLOWER]: Raft consensus is shut down!
I20260713 08:59:17.241935   431 tablet_replica.cc:333] T e1d616516c9742e7be821ee70b0d6d1a P cc17d4906b444be3901cce53e5b9af3e: stopping tablet replica
I20260713 08:59:17.242484   431 raft_consensus.cc:2243] T e1d616516c9742e7be821ee70b0d6d1a P cc17d4906b444be3901cce53e5b9af3e [term 4 FOLLOWER]: Raft consensus shutting down.
I20260713 08:59:17.242950   431 raft_consensus.cc:2272] T e1d616516c9742e7be821ee70b0d6d1a P cc17d4906b444be3901cce53e5b9af3e [term 4 FOLLOWER]: Raft consensus is shut down!
I20260713 08:59:17.244948   431 tablet_replica.cc:333] T c77bb387e1474af4bbce3aa40336bea9 P cc17d4906b444be3901cce53e5b9af3e: stopping tablet replica
I20260713 08:59:17.245674   431 raft_consensus.cc:2243] T c77bb387e1474af4bbce3aa40336bea9 P cc17d4906b444be3901cce53e5b9af3e [term 3 FOLLOWER]: Raft consensus shutting down.
I20260713 08:59:17.246147   431 raft_consensus.cc:2272] T c77bb387e1474af4bbce3aa40336bea9 P cc17d4906b444be3901cce53e5b9af3e [term 3 FOLLOWER]: Raft consensus is shut down!
I20260713 08:59:17.248358   431 tablet_replica.cc:333] T bea0979f604d4ea0b1efc536b05f0f87 P cc17d4906b444be3901cce53e5b9af3e: stopping tablet replica
I20260713 08:59:17.248857   431 raft_consensus.cc:2243] T bea0979f604d4ea0b1efc536b05f0f87 P cc17d4906b444be3901cce53e5b9af3e [term 4 LEADER]: Raft consensus shutting down.
I20260713 08:59:17.249480   431 raft_consensus.cc:2272] T bea0979f604d4ea0b1efc536b05f0f87 P cc17d4906b444be3901cce53e5b9af3e [term 4 FOLLOWER]: Raft consensus is shut down!
I20260713 08:59:17.251351   431 tablet_replica.cc:333] T 5835c96a0baf46658eadfc0d21ae782f P cc17d4906b444be3901cce53e5b9af3e: stopping tablet replica
I20260713 08:59:17.251801   431 raft_consensus.cc:2243] T 5835c96a0baf46658eadfc0d21ae782f P cc17d4906b444be3901cce53e5b9af3e [term 2 FOLLOWER]: Raft consensus shutting down.
I20260713 08:59:17.252190   431 raft_consensus.cc:2272] T 5835c96a0baf46658eadfc0d21ae782f P cc17d4906b444be3901cce53e5b9af3e [term 2 FOLLOWER]: Raft consensus is shut down!
I20260713 08:59:17.253692   431 tablet_replica.cc:333] T 9cbbf1ecc53c470cb2715e087ef73739 P cc17d4906b444be3901cce53e5b9af3e: stopping tablet replica
I20260713 08:59:17.254114   431 raft_consensus.cc:2243] T 9cbbf1ecc53c470cb2715e087ef73739 P cc17d4906b444be3901cce53e5b9af3e [term 3 LEADER]: Raft consensus shutting down.
I20260713 08:59:17.254818   431 raft_consensus.cc:2272] T 9cbbf1ecc53c470cb2715e087ef73739 P cc17d4906b444be3901cce53e5b9af3e [term 3 FOLLOWER]: Raft consensus is shut down!
W20260713 08:59:17.356997   680 proxy.cc:239] Call had error, refreshing address and retrying: Network error: Client connection negotiation failed: client connection to 127.0.107.193:46849: connect: Connection refused (error 111)
I20260713 08:59:17.358508   431 tablet_server.cc:196] TabletServer@127.0.107.193:0 shutdown complete.
W20260713 08:59:17.362352   680 consensus_peers.cc:597] T e1d616516c9742e7be821ee70b0d6d1a P 9b646d87042342e0a842d1549350693e -> Peer cc17d4906b444be3901cce53e5b9af3e (127.0.107.193:46849): Couldn't send request to peer cc17d4906b444be3901cce53e5b9af3e. Status: Network error: Client connection negotiation failed: client connection to 127.0.107.193:46849: connect: Connection refused (error 111). This is attempt 1: this message will repeat every 5th retry.
I20260713 08:59:17.378072   431 tablet_server.cc:179] TabletServer@127.0.107.194:0 shutting down...
W20260713 08:59:17.378566   680 consensus_peers.cc:597] T bf7e1924eaf445a6b5e4bc841465c5c8 P 9b646d87042342e0a842d1549350693e -> Peer cc17d4906b444be3901cce53e5b9af3e (127.0.107.193:46849): Couldn't send request to peer cc17d4906b444be3901cce53e5b9af3e. Status: Network error: Client connection negotiation failed: client connection to 127.0.107.193:46849: connect: Connection refused (error 111). This is attempt 1: this message will repeat every 5th retry.
I20260713 08:59:17.400264   431 ts_tablet_manager.cc:1507] Shutting down tablet manager...
I20260713 08:59:17.400943   431 tablet_replica.cc:333] T 8ee907dbc2d74d6aaa5132d32b9ab8fd P 9ac700f518634d3bb97560ed5174d03c: stopping tablet replica
I20260713 08:59:17.401482   431 raft_consensus.cc:2243] T 8ee907dbc2d74d6aaa5132d32b9ab8fd P 9ac700f518634d3bb97560ed5174d03c [term 2 LEADER]: Raft consensus shutting down.
I20260713 08:59:17.402206   431 raft_consensus.cc:2272] T 8ee907dbc2d74d6aaa5132d32b9ab8fd P 9ac700f518634d3bb97560ed5174d03c [term 2 FOLLOWER]: Raft consensus is shut down!
I20260713 08:59:17.403931   431 tablet_replica.cc:333] T 9cbbf1ecc53c470cb2715e087ef73739 P 9ac700f518634d3bb97560ed5174d03c: stopping tablet replica
I20260713 08:59:17.404403   431 raft_consensus.cc:2243] T 9cbbf1ecc53c470cb2715e087ef73739 P 9ac700f518634d3bb97560ed5174d03c [term 3 FOLLOWER]: Raft consensus shutting down.
I20260713 08:59:17.404778   431 raft_consensus.cc:2272] T 9cbbf1ecc53c470cb2715e087ef73739 P 9ac700f518634d3bb97560ed5174d03c [term 3 FOLLOWER]: Raft consensus is shut down!
I20260713 08:59:17.406528   431 tablet_replica.cc:333] T 5835c96a0baf46658eadfc0d21ae782f P 9ac700f518634d3bb97560ed5174d03c: stopping tablet replica
I20260713 08:59:17.407123   431 raft_consensus.cc:2243] T 5835c96a0baf46658eadfc0d21ae782f P 9ac700f518634d3bb97560ed5174d03c [term 2 LEADER]: Raft consensus shutting down.
I20260713 08:59:17.407819   431 raft_consensus.cc:2272] T 5835c96a0baf46658eadfc0d21ae782f P 9ac700f518634d3bb97560ed5174d03c [term 2 FOLLOWER]: Raft consensus is shut down!
I20260713 08:59:17.409235   431 tablet_replica.cc:333] T bf7e1924eaf445a6b5e4bc841465c5c8 P 9ac700f518634d3bb97560ed5174d03c: stopping tablet replica
I20260713 08:59:17.409691   431 raft_consensus.cc:2243] T bf7e1924eaf445a6b5e4bc841465c5c8 P 9ac700f518634d3bb97560ed5174d03c [term 5 FOLLOWER]: Raft consensus shutting down.
I20260713 08:59:17.410066   431 raft_consensus.cc:2272] T bf7e1924eaf445a6b5e4bc841465c5c8 P 9ac700f518634d3bb97560ed5174d03c [term 5 FOLLOWER]: Raft consensus is shut down!
I20260713 08:59:17.411931   431 tablet_replica.cc:333] T e1d616516c9742e7be821ee70b0d6d1a P 9ac700f518634d3bb97560ed5174d03c: stopping tablet replica
I20260713 08:59:17.412380   431 raft_consensus.cc:2243] T e1d616516c9742e7be821ee70b0d6d1a P 9ac700f518634d3bb97560ed5174d03c [term 4 FOLLOWER]: Raft consensus shutting down.
I20260713 08:59:17.412750   431 raft_consensus.cc:2272] T e1d616516c9742e7be821ee70b0d6d1a P 9ac700f518634d3bb97560ed5174d03c [term 4 FOLLOWER]: Raft consensus is shut down!
I20260713 08:59:17.414422   431 tablet_replica.cc:333] T c77bb387e1474af4bbce3aa40336bea9 P 9ac700f518634d3bb97560ed5174d03c: stopping tablet replica
I20260713 08:59:17.414947   431 raft_consensus.cc:2243] T c77bb387e1474af4bbce3aa40336bea9 P 9ac700f518634d3bb97560ed5174d03c [term 3 LEADER]: Raft consensus shutting down.
I20260713 08:59:17.415619   431 raft_consensus.cc:2272] T c77bb387e1474af4bbce3aa40336bea9 P 9ac700f518634d3bb97560ed5174d03c [term 3 FOLLOWER]: Raft consensus is shut down!
I20260713 08:59:17.417091   431 tablet_replica.cc:333] T 5b0b5c5ae54d4c469278afbdace51acc P 9ac700f518634d3bb97560ed5174d03c: stopping tablet replica
I20260713 08:59:17.417537   431 raft_consensus.cc:2243] T 5b0b5c5ae54d4c469278afbdace51acc P 9ac700f518634d3bb97560ed5174d03c [term 4 FOLLOWER]: Raft consensus shutting down.
I20260713 08:59:17.417910   431 raft_consensus.cc:2272] T 5b0b5c5ae54d4c469278afbdace51acc P 9ac700f518634d3bb97560ed5174d03c [term 4 FOLLOWER]: Raft consensus is shut down!
I20260713 08:59:17.419900   431 tablet_replica.cc:333] T bea0979f604d4ea0b1efc536b05f0f87 P 9ac700f518634d3bb97560ed5174d03c: stopping tablet replica
I20260713 08:59:17.420337   431 raft_consensus.cc:2243] T bea0979f604d4ea0b1efc536b05f0f87 P 9ac700f518634d3bb97560ed5174d03c [term 4 FOLLOWER]: Raft consensus shutting down.
I20260713 08:59:17.420696   431 raft_consensus.cc:2272] T bea0979f604d4ea0b1efc536b05f0f87 P 9ac700f518634d3bb97560ed5174d03c [term 4 FOLLOWER]: Raft consensus is shut down!
I20260713 08:59:17.422358   431 tablet_replica.cc:333] T b126b543d31f4b21ba4ecc930deb70d4 P 9ac700f518634d3bb97560ed5174d03c: stopping tablet replica
I20260713 08:59:17.422837   431 raft_consensus.cc:2243] T b126b543d31f4b21ba4ecc930deb70d4 P 9ac700f518634d3bb97560ed5174d03c [term 1 FOLLOWER]: Raft consensus shutting down.
I20260713 08:59:17.423193   431 raft_consensus.cc:2272] T b126b543d31f4b21ba4ecc930deb70d4 P 9ac700f518634d3bb97560ed5174d03c [term 1 FOLLOWER]: Raft consensus is shut down!
W20260713 08:59:17.438482   678 consensus_peers.cc:597] T bf7e1924eaf445a6b5e4bc841465c5c8 P 9b646d87042342e0a842d1549350693e -> Peer 9ac700f518634d3bb97560ed5174d03c (127.0.107.194:34127): Couldn't send request to peer 9ac700f518634d3bb97560ed5174d03c. Status: Network error: Client connection negotiation failed: client connection to 127.0.107.194:34127: connect: Connection refused (error 111). This is attempt 1: this message will repeat every 5th retry.
W20260713 08:59:17.449373   678 consensus_peers.cc:597] T b126b543d31f4b21ba4ecc930deb70d4 P 9b646d87042342e0a842d1549350693e -> Peer 9ac700f518634d3bb97560ed5174d03c (127.0.107.194:34127): Couldn't send request to peer 9ac700f518634d3bb97560ed5174d03c. Status: Network error: Client connection negotiation failed: client connection to 127.0.107.194:34127: connect: Connection refused (error 111). This is attempt 1: this message will repeat every 5th retry.
W20260713 08:59:17.450222   680 consensus_peers.cc:597] T b126b543d31f4b21ba4ecc930deb70d4 P 9b646d87042342e0a842d1549350693e -> Peer cc17d4906b444be3901cce53e5b9af3e (127.0.107.193:46849): Couldn't send request to peer cc17d4906b444be3901cce53e5b9af3e. Status: Network error: Client connection negotiation failed: client connection to 127.0.107.193:46849: connect: Connection refused (error 111). This is attempt 1: this message will repeat every 5th retry.
I20260713 08:59:17.450718   431 tablet_server.cc:196] TabletServer@127.0.107.194:0 shutdown complete.
I20260713 08:59:17.466450   431 tablet_server.cc:179] TabletServer@127.0.107.195:0 shutting down...
I20260713 08:59:17.491379   431 ts_tablet_manager.cc:1507] Shutting down tablet manager...
I20260713 08:59:17.492019   431 tablet_replica.cc:333] T b126b543d31f4b21ba4ecc930deb70d4 P 9b646d87042342e0a842d1549350693e: stopping tablet replica
I20260713 08:59:17.492759   431 raft_consensus.cc:2243] T b126b543d31f4b21ba4ecc930deb70d4 P 9b646d87042342e0a842d1549350693e [term 1 LEADER]: Raft consensus shutting down.
I20260713 08:59:17.493602   431 raft_consensus.cc:2272] T b126b543d31f4b21ba4ecc930deb70d4 P 9b646d87042342e0a842d1549350693e [term 1 FOLLOWER]: Raft consensus is shut down!
I20260713 08:59:17.495294   431 tablet_replica.cc:333] T 8ee907dbc2d74d6aaa5132d32b9ab8fd P 9b646d87042342e0a842d1549350693e: stopping tablet replica
I20260713 08:59:17.495718   431 raft_consensus.cc:2243] T 8ee907dbc2d74d6aaa5132d32b9ab8fd P 9b646d87042342e0a842d1549350693e [term 2 FOLLOWER]: Raft consensus shutting down.
I20260713 08:59:17.496074   431 raft_consensus.cc:2272] T 8ee907dbc2d74d6aaa5132d32b9ab8fd P 9b646d87042342e0a842d1549350693e [term 2 FOLLOWER]: Raft consensus is shut down!
I20260713 08:59:17.497480   431 tablet_replica.cc:333] T 5835c96a0baf46658eadfc0d21ae782f P 9b646d87042342e0a842d1549350693e: stopping tablet replica
I20260713 08:59:17.497870   431 raft_consensus.cc:2243] T 5835c96a0baf46658eadfc0d21ae782f P 9b646d87042342e0a842d1549350693e [term 2 FOLLOWER]: Raft consensus shutting down.
I20260713 08:59:17.498185   431 raft_consensus.cc:2272] T 5835c96a0baf46658eadfc0d21ae782f P 9b646d87042342e0a842d1549350693e [term 2 FOLLOWER]: Raft consensus is shut down!
I20260713 08:59:17.499841   431 tablet_replica.cc:333] T 9cbbf1ecc53c470cb2715e087ef73739 P 9b646d87042342e0a842d1549350693e: stopping tablet replica
I20260713 08:59:17.500221   431 raft_consensus.cc:2243] T 9cbbf1ecc53c470cb2715e087ef73739 P 9b646d87042342e0a842d1549350693e [term 3 FOLLOWER]: Raft consensus shutting down.
I20260713 08:59:17.500555   431 raft_consensus.cc:2272] T 9cbbf1ecc53c470cb2715e087ef73739 P 9b646d87042342e0a842d1549350693e [term 3 FOLLOWER]: Raft consensus is shut down!
I20260713 08:59:17.502213   431 tablet_replica.cc:333] T 5b0b5c5ae54d4c469278afbdace51acc P 9b646d87042342e0a842d1549350693e: stopping tablet replica
I20260713 08:59:17.502765   431 raft_consensus.cc:2243] T 5b0b5c5ae54d4c469278afbdace51acc P 9b646d87042342e0a842d1549350693e [term 4 FOLLOWER]: Raft consensus shutting down.
I20260713 08:59:17.503165   431 raft_consensus.cc:2272] T 5b0b5c5ae54d4c469278afbdace51acc P 9b646d87042342e0a842d1549350693e [term 4 FOLLOWER]: Raft consensus is shut down!
I20260713 08:59:17.505208   431 tablet_replica.cc:333] T bea0979f604d4ea0b1efc536b05f0f87 P 9b646d87042342e0a842d1549350693e: stopping tablet replica
I20260713 08:59:17.505676   431 raft_consensus.cc:2243] T bea0979f604d4ea0b1efc536b05f0f87 P 9b646d87042342e0a842d1549350693e [term 4 FOLLOWER]: Raft consensus shutting down.
I20260713 08:59:17.506052   431 raft_consensus.cc:2272] T bea0979f604d4ea0b1efc536b05f0f87 P 9b646d87042342e0a842d1549350693e [term 4 FOLLOWER]: Raft consensus is shut down!
I20260713 08:59:17.507838   431 tablet_replica.cc:333] T c77bb387e1474af4bbce3aa40336bea9 P 9b646d87042342e0a842d1549350693e: stopping tablet replica
I20260713 08:59:17.508296   431 raft_consensus.cc:2243] T c77bb387e1474af4bbce3aa40336bea9 P 9b646d87042342e0a842d1549350693e [term 3 FOLLOWER]: Raft consensus shutting down.
I20260713 08:59:17.508692   431 raft_consensus.cc:2272] T c77bb387e1474af4bbce3aa40336bea9 P 9b646d87042342e0a842d1549350693e [term 3 FOLLOWER]: Raft consensus is shut down!
I20260713 08:59:17.510095   431 tablet_replica.cc:333] T e1d616516c9742e7be821ee70b0d6d1a P 9b646d87042342e0a842d1549350693e: stopping tablet replica
I20260713 08:59:17.510521   431 raft_consensus.cc:2243] T e1d616516c9742e7be821ee70b0d6d1a P 9b646d87042342e0a842d1549350693e [term 4 LEADER]: Raft consensus shutting down.
I20260713 08:59:17.511235   431 raft_consensus.cc:2272] T e1d616516c9742e7be821ee70b0d6d1a P 9b646d87042342e0a842d1549350693e [term 4 FOLLOWER]: Raft consensus is shut down!
I20260713 08:59:17.513055   431 tablet_replica.cc:333] T bf7e1924eaf445a6b5e4bc841465c5c8 P 9b646d87042342e0a842d1549350693e: stopping tablet replica
I20260713 08:59:17.513485   431 raft_consensus.cc:2243] T bf7e1924eaf445a6b5e4bc841465c5c8 P 9b646d87042342e0a842d1549350693e [term 5 LEADER]: Raft consensus shutting down.
I20260713 08:59:17.514140   431 raft_consensus.cc:2272] T bf7e1924eaf445a6b5e4bc841465c5c8 P 9b646d87042342e0a842d1549350693e [term 5 FOLLOWER]: Raft consensus is shut down!
I20260713 08:59:17.540139   431 tablet_server.cc:196] TabletServer@127.0.107.195:0 shutdown complete.
I20260713 08:59:17.555167   431 master.cc:562] Master@127.0.107.254:39739 shutting down...
I20260713 08:59:17.768946   431 raft_consensus.cc:2243] T 00000000000000000000000000000000 P 96a2b8a45fdd48949ea0449c94084f0e [term 1 LEADER]: Raft consensus shutting down.
I20260713 08:59:17.769436   431 raft_consensus.cc:2272] T 00000000000000000000000000000000 P 96a2b8a45fdd48949ea0449c94084f0e [term 1 FOLLOWER]: Raft consensus is shut down!
I20260713 08:59:17.769706   431 tablet_replica.cc:333] T 00000000000000000000000000000000 P 96a2b8a45fdd48949ea0449c94084f0e: stopping tablet replica
I20260713 08:59:17.789105   431 master.cc:584] Master@127.0.107.254:39739 shutdown complete.
9ac700f518634d3bb97560ed5174d03c  4
9b646d87042342e0a842d1549350693e  1
cc17d4906b444be3901cce53e5b9af3e  4
[       OK ] LeaderRebalancerTest.FunctionalTestForDivided (12641 ms)
[ RUN      ] LeaderRebalancerTest.FunctionalTestForNotDivided
I20260713 08:59:17.826638   431 internal_mini_cluster.cc:156] Creating distributed mini masters. Addrs: 127.0.107.254:32839
I20260713 08:59:17.827839   431 file_cache.cc:504] Constructed file cache file cache with capacity 419430
W20260713 08:59:17.833259   924 instance_detector.cc:116] could not retrieve AWS instance metadata: Network error: curl error: HTTP response code said error: The requested URL returned error: 404
W20260713 08:59:17.833467   925 instance_detector.cc:116] could not retrieve Azure instance metadata: Network error: curl error: HTTP response code said error: The requested URL returned error: 404
W20260713 08:59:17.834803   927 instance_detector.cc:116] could not retrieve OpenStack instance metadata: Network error: curl error: HTTP response code said error: The requested URL returned error: 404
I20260713 08:59:17.835541   431 server_base.cc:1061] running on GCE node
I20260713 08:59:17.836341   431 hybrid_clock.cc:584] initializing the hybrid clock with 'system_unsync' time source
W20260713 08:59:17.836540   431 system_unsync_time.cc:38] NTP support is disabled. Clock error bounds will not be accurate. This configuration is not suitable for distributed clusters.
I20260713 08:59:17.836699   431 hybrid_clock.cc:648] HybridClock initialized: now 1783933157836665 us; error 0 us; skew 500 ppm
I20260713 08:59:17.837220   431 server_base.cc:861] Flag tcmalloc_max_total_thread_cache_bytes is not working since tcmalloc is not enabled.
I20260713 08:59:17.839641   431 webserver.cc:533] Webserver started at http://127.0.107.254:43731/ using document root <none> and password file <none>
I20260713 08:59:17.840144   431 fs_manager.cc:362] Metadata directory not provided
I20260713 08:59:17.840346   431 fs_manager.cc:368] Using write-ahead log directory (fs_wal_dir) as metadata directory
I20260713 08:59:17.840624   431 server_base.cc:909] This appears to be a new deployment of Kudu; creating new FS layout
I20260713 08:59:17.841713   431 fs_manager.cc:1068] Generated new instance metadata in path /tmp/dist-test-taskJu6S0M/test-tmp/auto_leader_rebalancer-test.0.LeaderRebalancerTest.FunctionalTestForNotDivided.1783933145021760-431-0/minicluster-data/master-0-root/instance:
uuid: "19a08f92ceed42288505983403bb534c"
format_stamp: "Formatted at 2026-07-13 08:59:17 on dist-test-slave-fgxl"
I20260713 08:59:17.846133   431 fs_manager.cc:696] Time spent creating directory manager: real 0.004s	user 0.002s	sys 0.004s
I20260713 08:59:17.849375   932 log_block_manager.cc:4127] Time spent loading block containers with low live blocks: real 0.000s	user 0.000s	sys 0.000s
I20260713 08:59:17.850103   431 fs_manager.cc:730] Time spent opening block manager: real 0.002s	user 0.002s	sys 0.000s
I20260713 08:59:17.850385   431 fs_manager.cc:647] Opened local filesystem: /tmp/dist-test-taskJu6S0M/test-tmp/auto_leader_rebalancer-test.0.LeaderRebalancerTest.FunctionalTestForNotDivided.1783933145021760-431-0/minicluster-data/master-0-root
uuid: "19a08f92ceed42288505983403bb534c"
format_stamp: "Formatted at 2026-07-13 08:59:17 on dist-test-slave-fgxl"
I20260713 08:59:17.850695   431 fs_report.cc:389] FS layout report
--------------------
wal directory: /tmp/dist-test-taskJu6S0M/test-tmp/auto_leader_rebalancer-test.0.LeaderRebalancerTest.FunctionalTestForNotDivided.1783933145021760-431-0/minicluster-data/master-0-root
metadata directory: /tmp/dist-test-taskJu6S0M/test-tmp/auto_leader_rebalancer-test.0.LeaderRebalancerTest.FunctionalTestForNotDivided.1783933145021760-431-0/minicluster-data/master-0-root
1 data directories: /tmp/dist-test-taskJu6S0M/test-tmp/auto_leader_rebalancer-test.0.LeaderRebalancerTest.FunctionalTestForNotDivided.1783933145021760-431-0/minicluster-data/master-0-root/data
Total live blocks: 0
Total live bytes: 0
Total live bytes (after alignment): 0
Total number of LBM containers: 0 (0 full)
Did not check for missing blocks
Did not check for orphaned blocks
Total full LBM containers with extra space: 0 (0 repaired)
Total full LBM container extra space in bytes: 0 (0 repaired)
Total incomplete LBM containers: 0 (0 repaired)
Total LBM partial records: 0 (0 repaired)
Total corrupted LBM metadata records in RocksDB: 0 (0 repaired)
I20260713 08:59:17.873615   431 rpc_server.cc:225] running with OpenSSL 1.1.1  11 Sep 2018
I20260713 08:59:17.874841   431 kserver.cc:163] Server-wide thread pool size limit: 3276
I20260713 08:59:17.910972   431 rpc_server.cc:307] RPC server started. Bound to: 127.0.107.254:32839
I20260713 08:59:17.911032   983 acceptor_pool.cc:272] collecting diagnostics on the listening RPC socket 127.0.107.254:32839 every 8 connection(s)
I20260713 08:59:17.914724   984 data_dirs.cc:400] Could only allocate 1 dirs of requested 3 for tablet 00000000000000000000000000000000. 1 dirs total, 0 dirs full, 0 dirs failed
I20260713 08:59:17.923494   984 tablet_bootstrap.cc:492] T 00000000000000000000000000000000 P 19a08f92ceed42288505983403bb534c: Bootstrap starting.
I20260713 08:59:17.927811   984 tablet_bootstrap.cc:654] T 00000000000000000000000000000000 P 19a08f92ceed42288505983403bb534c: Neither blocks nor log segments found. Creating new log.
I20260713 08:59:17.931752   984 tablet_bootstrap.cc:492] T 00000000000000000000000000000000 P 19a08f92ceed42288505983403bb534c: No bootstrap required, opened a new log
I20260713 08:59:17.933666   984 raft_consensus.cc:359] T 00000000000000000000000000000000 P 19a08f92ceed42288505983403bb534c [term 0 FOLLOWER]: Replica starting. Triggering 0 pending ops. Active config: opid_index: -1 OBSOLETE_local: true peers { permanent_uuid: "19a08f92ceed42288505983403bb534c" member_type: VOTER }
I20260713 08:59:17.934005   984 raft_consensus.cc:385] T 00000000000000000000000000000000 P 19a08f92ceed42288505983403bb534c [term 0 FOLLOWER]: Consensus starting up: Expiring failure detector timer to make a prompt election more likely
I20260713 08:59:17.934178   984 raft_consensus.cc:740] T 00000000000000000000000000000000 P 19a08f92ceed42288505983403bb534c [term 0 FOLLOWER]: Becoming Follower/Learner. State: Replica: 19a08f92ceed42288505983403bb534c, State: Initialized, Role: FOLLOWER
I20260713 08:59:17.934659   984 consensus_queue.cc:260] T 00000000000000000000000000000000 P 19a08f92ceed42288505983403bb534c [NON_LEADER]: Queue going to NON_LEADER mode. State: All replicated index: 0, Majority replicated index: 0, Committed index: 0, Last appended: 0.0, Last appended by leader: 0, Current term: 0, Majority size: -1, State: 0, Mode: NON_LEADER, active raft config: opid_index: -1 OBSOLETE_local: true peers { permanent_uuid: "19a08f92ceed42288505983403bb534c" member_type: VOTER }
I20260713 08:59:17.935087   984 raft_consensus.cc:399] T 00000000000000000000000000000000 P 19a08f92ceed42288505983403bb534c [term 0 FOLLOWER]: Only one voter in the Raft config. Triggering election immediately
I20260713 08:59:17.935271   984 raft_consensus.cc:493] T 00000000000000000000000000000000 P 19a08f92ceed42288505983403bb534c [term 0 FOLLOWER]: Starting leader election (initial election of a single-replica configuration)
I20260713 08:59:17.935501   984 raft_consensus.cc:3060] T 00000000000000000000000000000000 P 19a08f92ceed42288505983403bb534c [term 0 FOLLOWER]: Advancing to term 1
I20260713 08:59:17.939237   984 raft_consensus.cc:515] T 00000000000000000000000000000000 P 19a08f92ceed42288505983403bb534c [term 1 FOLLOWER]: Starting leader election with config: opid_index: -1 OBSOLETE_local: true peers { permanent_uuid: "19a08f92ceed42288505983403bb534c" member_type: VOTER }
I20260713 08:59:17.939697   984 leader_election.cc:304] T 00000000000000000000000000000000 P 19a08f92ceed42288505983403bb534c [CANDIDATE]: Term 1 election: Election decided. Result: candidate won. Election summary: received 1 responses out of 1 voters: 1 yes votes; 0 no votes. yes voters: 19a08f92ceed42288505983403bb534c; no voters: 
I20260713 08:59:17.940652   984 leader_election.cc:290] T 00000000000000000000000000000000 P 19a08f92ceed42288505983403bb534c [CANDIDATE]: Term 1 election: Requested vote from peers 
I20260713 08:59:17.941038   987 raft_consensus.cc:2804] T 00000000000000000000000000000000 P 19a08f92ceed42288505983403bb534c [term 1 FOLLOWER]: Leader election won for term 1
I20260713 08:59:17.942245   987 raft_consensus.cc:697] T 00000000000000000000000000000000 P 19a08f92ceed42288505983403bb534c [term 1 LEADER]: Becoming Leader. State: Replica: 19a08f92ceed42288505983403bb534c, State: Running, Role: LEADER
I20260713 08:59:17.942940   987 consensus_queue.cc:237] T 00000000000000000000000000000000 P 19a08f92ceed42288505983403bb534c [LEADER]: Queue going to LEADER mode. State: All replicated index: 0, Majority replicated index: 0, Committed index: 0, Last appended: 0.0, Last appended by leader: 0, Current term: 1, Majority size: 1, State: 0, Mode: LEADER, active raft config: opid_index: -1 OBSOLETE_local: true peers { permanent_uuid: "19a08f92ceed42288505983403bb534c" member_type: VOTER }
I20260713 08:59:17.943502   984 sys_catalog.cc:565] T 00000000000000000000000000000000 P 19a08f92ceed42288505983403bb534c [sys.catalog]: configured and running, proceeding with master startup.
I20260713 08:59:17.947626   988 sys_catalog.cc:455] T 00000000000000000000000000000000 P 19a08f92ceed42288505983403bb534c [sys.catalog]: SysCatalogTable state changed. Reason: RaftConsensus started. Latest consensus state: current_term: 1 leader_uuid: "19a08f92ceed42288505983403bb534c" committed_config { opid_index: -1 OBSOLETE_local: true peers { permanent_uuid: "19a08f92ceed42288505983403bb534c" member_type: VOTER } }
I20260713 08:59:17.947746   989 sys_catalog.cc:455] T 00000000000000000000000000000000 P 19a08f92ceed42288505983403bb534c [sys.catalog]: SysCatalogTable state changed. Reason: New leader 19a08f92ceed42288505983403bb534c. Latest consensus state: current_term: 1 leader_uuid: "19a08f92ceed42288505983403bb534c" committed_config { opid_index: -1 OBSOLETE_local: true peers { permanent_uuid: "19a08f92ceed42288505983403bb534c" member_type: VOTER } }
I20260713 08:59:17.948235   988 sys_catalog.cc:458] T 00000000000000000000000000000000 P 19a08f92ceed42288505983403bb534c [sys.catalog]: This master's current role is: LEADER
I20260713 08:59:17.948297   989 sys_catalog.cc:458] T 00000000000000000000000000000000 P 19a08f92ceed42288505983403bb534c [sys.catalog]: This master's current role is: LEADER
I20260713 08:59:17.953337   994 catalog_manager.cc:1511] Loading table and tablet metadata into memory...
I20260713 08:59:17.961522   994 catalog_manager.cc:1520] Initializing Kudu cluster ID...
I20260713 08:59:17.962415   431 internal_mini_cluster.cc:184] Waiting to initialize catalog manager on master 0
I20260713 08:59:17.969949   994 catalog_manager.cc:1383] Generated new cluster ID: aa89c79f0b4140f5b180065df9903242
I20260713 08:59:17.970183   994 catalog_manager.cc:1531] Initializing Kudu internal certificate authority...
I20260713 08:59:18.000852   994 catalog_manager.cc:1406] Generated new certificate authority record
I20260713 08:59:18.002009   994 catalog_manager.cc:1540] Loading token signing keys...
I20260713 08:59:18.017643   994 catalog_manager.cc:6070] T 00000000000000000000000000000000 P 19a08f92ceed42288505983403bb534c: Generated new TSK 0
I20260713 08:59:18.018188   994 catalog_manager.cc:1550] Initializing in-progress tserver states...
I20260713 08:59:18.028682   431 file_cache.cc:504] Constructed file cache file cache with capacity 419430
W20260713 08:59:18.034353  1005 instance_detector.cc:116] could not retrieve AWS instance metadata: Network error: curl error: HTTP response code said error: The requested URL returned error: 404
W20260713 08:59:18.035621  1006 instance_detector.cc:116] could not retrieve Azure instance metadata: Network error: curl error: HTTP response code said error: The requested URL returned error: 404
I20260713 08:59:18.037092   431 server_base.cc:1061] running on GCE node
W20260713 08:59:18.037039  1008 instance_detector.cc:116] could not retrieve OpenStack instance metadata: Network error: curl error: HTTP response code said error: The requested URL returned error: 404
I20260713 08:59:18.038169   431 hybrid_clock.cc:584] initializing the hybrid clock with 'system_unsync' time source
W20260713 08:59:18.038352   431 system_unsync_time.cc:38] NTP support is disabled. Clock error bounds will not be accurate. This configuration is not suitable for distributed clusters.
I20260713 08:59:18.038477   431 hybrid_clock.cc:648] HybridClock initialized: now 1783933158038461 us; error 0 us; skew 500 ppm
I20260713 08:59:18.038996   431 server_base.cc:861] Flag tcmalloc_max_total_thread_cache_bytes is not working since tcmalloc is not enabled.
I20260713 08:59:18.041150   431 webserver.cc:533] Webserver started at http://127.0.107.193:33115/ using document root <none> and password file <none>
I20260713 08:59:18.041567   431 fs_manager.cc:362] Metadata directory not provided
I20260713 08:59:18.041720   431 fs_manager.cc:368] Using write-ahead log directory (fs_wal_dir) as metadata directory
I20260713 08:59:18.041936   431 server_base.cc:909] This appears to be a new deployment of Kudu; creating new FS layout
I20260713 08:59:18.042984   431 fs_manager.cc:1068] Generated new instance metadata in path /tmp/dist-test-taskJu6S0M/test-tmp/auto_leader_rebalancer-test.0.LeaderRebalancerTest.FunctionalTestForNotDivided.1783933145021760-431-0/minicluster-data/ts-0-root/instance:
uuid: "184daf7df8e3431fb989730db3c168c9"
format_stamp: "Formatted at 2026-07-13 08:59:18 on dist-test-slave-fgxl"
I20260713 08:59:18.047703   431 fs_manager.cc:696] Time spent creating directory manager: real 0.004s	user 0.004s	sys 0.000s
I20260713 08:59:18.050689  1013 log_block_manager.cc:4127] Time spent loading block containers with low live blocks: real 0.000s	user 0.000s	sys 0.000s
I20260713 08:59:18.051393   431 fs_manager.cc:730] Time spent opening block manager: real 0.002s	user 0.002s	sys 0.001s
I20260713 08:59:18.051708   431 fs_manager.cc:647] Opened local filesystem: /tmp/dist-test-taskJu6S0M/test-tmp/auto_leader_rebalancer-test.0.LeaderRebalancerTest.FunctionalTestForNotDivided.1783933145021760-431-0/minicluster-data/ts-0-root
uuid: "184daf7df8e3431fb989730db3c168c9"
format_stamp: "Formatted at 2026-07-13 08:59:18 on dist-test-slave-fgxl"
I20260713 08:59:18.052034   431 fs_report.cc:389] FS layout report
--------------------
wal directory: /tmp/dist-test-taskJu6S0M/test-tmp/auto_leader_rebalancer-test.0.LeaderRebalancerTest.FunctionalTestForNotDivided.1783933145021760-431-0/minicluster-data/ts-0-root
metadata directory: /tmp/dist-test-taskJu6S0M/test-tmp/auto_leader_rebalancer-test.0.LeaderRebalancerTest.FunctionalTestForNotDivided.1783933145021760-431-0/minicluster-data/ts-0-root
1 data directories: /tmp/dist-test-taskJu6S0M/test-tmp/auto_leader_rebalancer-test.0.LeaderRebalancerTest.FunctionalTestForNotDivided.1783933145021760-431-0/minicluster-data/ts-0-root/data
Total live blocks: 0
Total live bytes: 0
Total live bytes (after alignment): 0
Total number of LBM containers: 0 (0 full)
Did not check for missing blocks
Did not check for orphaned blocks
Total full LBM containers with extra space: 0 (0 repaired)
Total full LBM container extra space in bytes: 0 (0 repaired)
Total incomplete LBM containers: 0 (0 repaired)
Total LBM partial records: 0 (0 repaired)
Total corrupted LBM metadata records in RocksDB: 0 (0 repaired)
I20260713 08:59:18.065968   431 rpc_server.cc:225] running with OpenSSL 1.1.1  11 Sep 2018
I20260713 08:59:18.067245   431 kserver.cc:163] Server-wide thread pool size limit: 3276
I20260713 08:59:18.068648   431 txn_system_client.cc:432] TxnSystemClient initialization is disabled...
I20260713 08:59:18.070901   431 ts_tablet_manager.cc:585] Loaded tablet metadata (0 total tablets, 0 live tablets)
I20260713 08:59:18.071126   431 ts_tablet_manager.cc:531] Time spent load tablet metadata: real 0.000s	user 0.000s	sys 0.000s
I20260713 08:59:18.071360   431 ts_tablet_manager.cc:616] Registered 0 tablets
I20260713 08:59:18.071539   431 ts_tablet_manager.cc:595] Time spent register tablets: real 0.000s	user 0.000s	sys 0.000s
I20260713 08:59:18.109973   431 rpc_server.cc:307] RPC server started. Bound to: 127.0.107.193:43667
I20260713 08:59:18.110059  1075 acceptor_pool.cc:272] collecting diagnostics on the listening RPC socket 127.0.107.193:43667 every 8 connection(s)
I20260713 08:59:18.114741   431 file_cache.cc:504] Constructed file cache file cache with capacity 419430
W20260713 08:59:18.121482  1080 instance_detector.cc:116] could not retrieve AWS instance metadata: Network error: curl error: HTTP response code said error: The requested URL returned error: 404
W20260713 08:59:18.122978  1081 instance_detector.cc:116] could not retrieve Azure instance metadata: Network error: curl error: HTTP response code said error: The requested URL returned error: 404
W20260713 08:59:18.124289  1083 instance_detector.cc:116] could not retrieve OpenStack instance metadata: Network error: curl error: HTTP response code said error: The requested URL returned error: 404
I20260713 08:59:18.125285   431 server_base.cc:1061] running on GCE node
I20260713 08:59:18.126376   431 hybrid_clock.cc:584] initializing the hybrid clock with 'system_unsync' time source
W20260713 08:59:18.126554   431 system_unsync_time.cc:38] NTP support is disabled. Clock error bounds will not be accurate. This configuration is not suitable for distributed clusters.
I20260713 08:59:18.126796   431 hybrid_clock.cc:648] HybridClock initialized: now 1783933158126767 us; error 0 us; skew 500 ppm
I20260713 08:59:18.127425   431 server_base.cc:861] Flag tcmalloc_max_total_thread_cache_bytes is not working since tcmalloc is not enabled.
I20260713 08:59:18.130007  1076 heartbeater.cc:344] Connected to a master server at 127.0.107.254:32839
I20260713 08:59:18.130374  1076 heartbeater.cc:461] Registering TS with master...
I20260713 08:59:18.131091   431 webserver.cc:533] Webserver started at http://127.0.107.194:36547/ using document root <none> and password file <none>
I20260713 08:59:18.131325  1076 heartbeater.cc:507] Master 127.0.107.254:32839 requested a full tablet report, sending...
I20260713 08:59:18.131716   431 fs_manager.cc:362] Metadata directory not provided
I20260713 08:59:18.131979   431 fs_manager.cc:368] Using write-ahead log directory (fs_wal_dir) as metadata directory
I20260713 08:59:18.132294   431 server_base.cc:909] This appears to be a new deployment of Kudu; creating new FS layout
I20260713 08:59:18.133581   949 ts_manager.cc:194] Registered new tserver with Master: 184daf7df8e3431fb989730db3c168c9 (127.0.107.193:43667)
I20260713 08:59:18.133644   431 fs_manager.cc:1068] Generated new instance metadata in path /tmp/dist-test-taskJu6S0M/test-tmp/auto_leader_rebalancer-test.0.LeaderRebalancerTest.FunctionalTestForNotDivided.1783933145021760-431-0/minicluster-data/ts-1-root/instance:
uuid: "43cceb61cd7944048cd10fe28468c26d"
format_stamp: "Formatted at 2026-07-13 08:59:18 on dist-test-slave-fgxl"
I20260713 08:59:18.136076   949 master_service.cc:502] Signed X509 certificate for tserver {username='slave'} at 127.0.0.1:52932
I20260713 08:59:18.139267   431 fs_manager.cc:696] Time spent creating directory manager: real 0.005s	user 0.008s	sys 0.000s
I20260713 08:59:18.142336  1088 log_block_manager.cc:4127] Time spent loading block containers with low live blocks: real 0.000s	user 0.000s	sys 0.000s
I20260713 08:59:18.143090   431 fs_manager.cc:730] Time spent opening block manager: real 0.002s	user 0.002s	sys 0.001s
I20260713 08:59:18.143378   431 fs_manager.cc:647] Opened local filesystem: /tmp/dist-test-taskJu6S0M/test-tmp/auto_leader_rebalancer-test.0.LeaderRebalancerTest.FunctionalTestForNotDivided.1783933145021760-431-0/minicluster-data/ts-1-root
uuid: "43cceb61cd7944048cd10fe28468c26d"
format_stamp: "Formatted at 2026-07-13 08:59:18 on dist-test-slave-fgxl"
I20260713 08:59:18.143675   431 fs_report.cc:389] FS layout report
--------------------
wal directory: /tmp/dist-test-taskJu6S0M/test-tmp/auto_leader_rebalancer-test.0.LeaderRebalancerTest.FunctionalTestForNotDivided.1783933145021760-431-0/minicluster-data/ts-1-root
metadata directory: /tmp/dist-test-taskJu6S0M/test-tmp/auto_leader_rebalancer-test.0.LeaderRebalancerTest.FunctionalTestForNotDivided.1783933145021760-431-0/minicluster-data/ts-1-root
1 data directories: /tmp/dist-test-taskJu6S0M/test-tmp/auto_leader_rebalancer-test.0.LeaderRebalancerTest.FunctionalTestForNotDivided.1783933145021760-431-0/minicluster-data/ts-1-root/data
Total live blocks: 0
Total live bytes: 0
Total live bytes (after alignment): 0
Total number of LBM containers: 0 (0 full)
Did not check for missing blocks
Did not check for orphaned blocks
Total full LBM containers with extra space: 0 (0 repaired)
Total full LBM container extra space in bytes: 0 (0 repaired)
Total incomplete LBM containers: 0 (0 repaired)
Total LBM partial records: 0 (0 repaired)
Total corrupted LBM metadata records in RocksDB: 0 (0 repaired)
I20260713 08:59:18.159519   431 rpc_server.cc:225] running with OpenSSL 1.1.1  11 Sep 2018
I20260713 08:59:18.160681   431 kserver.cc:163] Server-wide thread pool size limit: 3276
I20260713 08:59:18.162215   431 txn_system_client.cc:432] TxnSystemClient initialization is disabled...
I20260713 08:59:18.164371   431 ts_tablet_manager.cc:585] Loaded tablet metadata (0 total tablets, 0 live tablets)
I20260713 08:59:18.164582   431 ts_tablet_manager.cc:531] Time spent load tablet metadata: real 0.000s	user 0.000s	sys 0.000s
I20260713 08:59:18.164830   431 ts_tablet_manager.cc:616] Registered 0 tablets
I20260713 08:59:18.165000   431 ts_tablet_manager.cc:595] Time spent register tablets: real 0.000s	user 0.000s	sys 0.000s
I20260713 08:59:18.202256   431 rpc_server.cc:307] RPC server started. Bound to: 127.0.107.194:39013
I20260713 08:59:18.202340  1150 acceptor_pool.cc:272] collecting diagnostics on the listening RPC socket 127.0.107.194:39013 every 8 connection(s)
I20260713 08:59:18.206790   431 file_cache.cc:504] Constructed file cache file cache with capacity 419430
W20260713 08:59:18.212821  1154 instance_detector.cc:116] could not retrieve AWS instance metadata: Network error: curl error: HTTP response code said error: The requested URL returned error: 404
W20260713 08:59:18.214385  1155 instance_detector.cc:116] could not retrieve Azure instance metadata: Network error: curl error: HTTP response code said error: The requested URL returned error: 404
W20260713 08:59:18.215919  1157 instance_detector.cc:116] could not retrieve OpenStack instance metadata: Network error: curl error: HTTP response code said error: The requested URL returned error: 404
I20260713 08:59:18.216765   431 server_base.cc:1061] running on GCE node
I20260713 08:59:18.217732   431 hybrid_clock.cc:584] initializing the hybrid clock with 'system_unsync' time source
I20260713 08:59:18.217886  1151 heartbeater.cc:344] Connected to a master server at 127.0.107.254:32839
W20260713 08:59:18.218012   431 system_unsync_time.cc:38] NTP support is disabled. Clock error bounds will not be accurate. This configuration is not suitable for distributed clusters.
I20260713 08:59:18.218273   431 hybrid_clock.cc:648] HybridClock initialized: now 1783933158218253 us; error 0 us; skew 500 ppm
I20260713 08:59:18.218335  1151 heartbeater.cc:461] Registering TS with master...
I20260713 08:59:18.219107   431 server_base.cc:861] Flag tcmalloc_max_total_thread_cache_bytes is not working since tcmalloc is not enabled.
I20260713 08:59:18.219283  1151 heartbeater.cc:507] Master 127.0.107.254:32839 requested a full tablet report, sending...
I20260713 08:59:18.221508   431 webserver.cc:533] Webserver started at http://127.0.107.195:37905/ using document root <none> and password file <none>
I20260713 08:59:18.221696   949 ts_manager.cc:194] Registered new tserver with Master: 43cceb61cd7944048cd10fe28468c26d (127.0.107.194:39013)
I20260713 08:59:18.222147   431 fs_manager.cc:362] Metadata directory not provided
I20260713 08:59:18.222395   431 fs_manager.cc:368] Using write-ahead log directory (fs_wal_dir) as metadata directory
I20260713 08:59:18.222726   431 server_base.cc:909] This appears to be a new deployment of Kudu; creating new FS layout
I20260713 08:59:18.223495   949 master_service.cc:502] Signed X509 certificate for tserver {username='slave'} at 127.0.0.1:52936
I20260713 08:59:18.224215   431 fs_manager.cc:1068] Generated new instance metadata in path /tmp/dist-test-taskJu6S0M/test-tmp/auto_leader_rebalancer-test.0.LeaderRebalancerTest.FunctionalTestForNotDivided.1783933145021760-431-0/minicluster-data/ts-2-root/instance:
uuid: "5faa95258ed24004b419e535746657e8"
format_stamp: "Formatted at 2026-07-13 08:59:18 on dist-test-slave-fgxl"
I20260713 08:59:18.228919   431 fs_manager.cc:696] Time spent creating directory manager: real 0.004s	user 0.006s	sys 0.000s
I20260713 08:59:18.231981  1162 log_block_manager.cc:4127] Time spent loading block containers with low live blocks: real 0.000s	user 0.000s	sys 0.000s
I20260713 08:59:18.232671   431 fs_manager.cc:730] Time spent opening block manager: real 0.002s	user 0.003s	sys 0.000s
I20260713 08:59:18.232962   431 fs_manager.cc:647] Opened local filesystem: /tmp/dist-test-taskJu6S0M/test-tmp/auto_leader_rebalancer-test.0.LeaderRebalancerTest.FunctionalTestForNotDivided.1783933145021760-431-0/minicluster-data/ts-2-root
uuid: "5faa95258ed24004b419e535746657e8"
format_stamp: "Formatted at 2026-07-13 08:59:18 on dist-test-slave-fgxl"
I20260713 08:59:18.233240   431 fs_report.cc:389] FS layout report
--------------------
wal directory: /tmp/dist-test-taskJu6S0M/test-tmp/auto_leader_rebalancer-test.0.LeaderRebalancerTest.FunctionalTestForNotDivided.1783933145021760-431-0/minicluster-data/ts-2-root
metadata directory: /tmp/dist-test-taskJu6S0M/test-tmp/auto_leader_rebalancer-test.0.LeaderRebalancerTest.FunctionalTestForNotDivided.1783933145021760-431-0/minicluster-data/ts-2-root
1 data directories: /tmp/dist-test-taskJu6S0M/test-tmp/auto_leader_rebalancer-test.0.LeaderRebalancerTest.FunctionalTestForNotDivided.1783933145021760-431-0/minicluster-data/ts-2-root/data
Total live blocks: 0
Total live bytes: 0
Total live bytes (after alignment): 0
Total number of LBM containers: 0 (0 full)
Did not check for missing blocks
Did not check for orphaned blocks
Total full LBM containers with extra space: 0 (0 repaired)
Total full LBM container extra space in bytes: 0 (0 repaired)
Total incomplete LBM containers: 0 (0 repaired)
Total LBM partial records: 0 (0 repaired)
Total corrupted LBM metadata records in RocksDB: 0 (0 repaired)
I20260713 08:59:18.252806   431 rpc_server.cc:225] running with OpenSSL 1.1.1  11 Sep 2018
I20260713 08:59:18.254071   431 kserver.cc:163] Server-wide thread pool size limit: 3276
I20260713 08:59:18.255668   431 txn_system_client.cc:432] TxnSystemClient initialization is disabled...
I20260713 08:59:18.257701   431 ts_tablet_manager.cc:585] Loaded tablet metadata (0 total tablets, 0 live tablets)
I20260713 08:59:18.257931   431 ts_tablet_manager.cc:531] Time spent load tablet metadata: real 0.000s	user 0.000s	sys 0.000s
I20260713 08:59:18.258177   431 ts_tablet_manager.cc:616] Registered 0 tablets
I20260713 08:59:18.258351   431 ts_tablet_manager.cc:595] Time spent register tablets: real 0.000s	user 0.000s	sys 0.000s
I20260713 08:59:18.299224   431 rpc_server.cc:307] RPC server started. Bound to: 127.0.107.195:34791
I20260713 08:59:18.299314  1224 acceptor_pool.cc:272] collecting diagnostics on the listening RPC socket 127.0.107.195:34791 every 8 connection(s)
I20260713 08:59:18.311940  1225 heartbeater.cc:344] Connected to a master server at 127.0.107.254:32839
I20260713 08:59:18.312317  1225 heartbeater.cc:461] Registering TS with master...
I20260713 08:59:18.312945  1225 heartbeater.cc:507] Master 127.0.107.254:32839 requested a full tablet report, sending...
I20260713 08:59:18.314810   949 ts_manager.cc:194] Registered new tserver with Master: 5faa95258ed24004b419e535746657e8 (127.0.107.195:34791)
I20260713 08:59:18.315629   431 internal_mini_cluster.cc:371] 3 TS(s) registered with all masters after 0.013377643s
I20260713 08:59:18.316107   949 master_service.cc:502] Signed X509 certificate for tserver {username='slave'} at 127.0.0.1:52944
I20260713 08:59:18.339635   949 catalog_manager.cc:2283] Servicing CreateTable request from {username='slave'} at 127.0.0.1:52950:
name: "test-workload"
schema {
  columns {
    name: "key"
    type: INT32
    is_key: true
    is_nullable: false
    encoding: AUTO_ENCODING
    compression: DEFAULT_COMPRESSION
    cfile_block_size: 0
    immutable: false
  }
  columns {
    name: "int_val"
    type: INT32
    is_key: false
    is_nullable: false
    encoding: AUTO_ENCODING
    compression: DEFAULT_COMPRESSION
    cfile_block_size: 0
    immutable: false
  }
  columns {
    name: "string_val"
    type: STRING
    is_key: false
    is_nullable: true
    encoding: AUTO_ENCODING
    compression: DEFAULT_COMPRESSION
    cfile_block_size: 0
    immutable: false
  }
}
num_replicas: 3
split_rows_range_bounds {
  rows: "\004\001\000\314\314\314\014\004\001\000\230\231\231\031\004\001\000dff&\004\001\0000333\004\001\000\374\377\377?\004\001\000\310\314\314L\004\001\000\224\231\231Y\004\001\000`fff\004\001\000,33s""\004\001\000\314\314\314\014\004\001\000\230\231\231\031\004\001\000dff&\004\001\0000333\004\001\000\374\377\377?\004\001\000\310\314\314L\004\001\000\224\231\231Y\004\001\000`fff\004\001\000,33s"
  indirect_data: """"
}
partition_schema {
  range_schema {
    columns {
      name: "key"
    }
  }
}
W20260713 08:59:18.342396   949 catalog_manager.cc:7077] The number of live tablet servers is not enough to re-replicate a tablet replica of the newly created table test-workload in case of a server failure: 4 tablet servers would be needed, 3 are available. Consider bringing up more tablet servers.
I20260713 08:59:18.422257  1041 tablet_service.cc:1511] Processing CreateTablet for tablet c0aaedd9018c4e65806daafda416fe7a (DEFAULT_TABLE table=test-workload [id=190d39f77d324d28a336d8802aabf251]), partition=RANGE (key) PARTITION VALUES < 214748364
I20260713 08:59:18.423751  1041 data_dirs.cc:400] Could only allocate 1 dirs of requested 3 for tablet c0aaedd9018c4e65806daafda416fe7a. 1 dirs total, 0 dirs full, 0 dirs failed
I20260713 08:59:18.424197  1039 tablet_service.cc:1511] Processing CreateTablet for tablet 06b833c9642743d6b854ff92ade75a90 (DEFAULT_TABLE table=test-workload [id=190d39f77d324d28a336d8802aabf251]), partition=RANGE (key) PARTITION 429496728 <= VALUES < 644245092
I20260713 08:59:18.425508  1039 data_dirs.cc:400] Could only allocate 1 dirs of requested 3 for tablet 06b833c9642743d6b854ff92ade75a90. 1 dirs total, 0 dirs full, 0 dirs failed
I20260713 08:59:18.427814  1040 tablet_service.cc:1511] Processing CreateTablet for tablet 1d0aab3ff6ea49ea8dedd303790967b1 (DEFAULT_TABLE table=test-workload [id=190d39f77d324d28a336d8802aabf251]), partition=RANGE (key) PARTITION 214748364 <= VALUES < 429496728
I20260713 08:59:18.429116  1040 data_dirs.cc:400] Could only allocate 1 dirs of requested 3 for tablet 1d0aab3ff6ea49ea8dedd303790967b1. 1 dirs total, 0 dirs full, 0 dirs failed
I20260713 08:59:18.429668  1038 tablet_service.cc:1511] Processing CreateTablet for tablet 07765557df77419d92562ee15d065b0b (DEFAULT_TABLE table=test-workload [id=190d39f77d324d28a336d8802aabf251]), partition=RANGE (key) PARTITION 644245092 <= VALUES < 858993456
I20260713 08:59:18.430972  1038 data_dirs.cc:400] Could only allocate 1 dirs of requested 3 for tablet 07765557df77419d92562ee15d065b0b. 1 dirs total, 0 dirs full, 0 dirs failed
I20260713 08:59:18.434304  1037 tablet_service.cc:1511] Processing CreateTablet for tablet 209acaee90824d2bb42f6d23e319108f (DEFAULT_TABLE table=test-workload [id=190d39f77d324d28a336d8802aabf251]), partition=RANGE (key) PARTITION 858993456 <= VALUES < 1073741820
I20260713 08:59:18.435853  1037 data_dirs.cc:400] Could only allocate 1 dirs of requested 3 for tablet 209acaee90824d2bb42f6d23e319108f. 1 dirs total, 0 dirs full, 0 dirs failed
I20260713 08:59:18.444339  1036 tablet_service.cc:1511] Processing CreateTablet for tablet 64212589fa864c4a9c8882c68d85a00e (DEFAULT_TABLE table=test-workload [id=190d39f77d324d28a336d8802aabf251]), partition=RANGE (key) PARTITION 1073741820 <= VALUES < 1288490184
I20260713 08:59:18.445740  1036 data_dirs.cc:400] Could only allocate 1 dirs of requested 3 for tablet 64212589fa864c4a9c8882c68d85a00e. 1 dirs total, 0 dirs full, 0 dirs failed
I20260713 08:59:18.450721  1240 tablet_bootstrap.cc:492] T 06b833c9642743d6b854ff92ade75a90 P 184daf7df8e3431fb989730db3c168c9: Bootstrap starting.
I20260713 08:59:18.452975  1040 tablet_service.cc:1511] Processing CreateTablet for tablet c349ea01d2214260ab48fbe6783e8491 (DEFAULT_TABLE table=test-workload [id=190d39f77d324d28a336d8802aabf251]), partition=RANGE (key) PARTITION 1288490184 <= VALUES < 1503238548
I20260713 08:59:18.454274  1040 data_dirs.cc:400] Could only allocate 1 dirs of requested 3 for tablet c349ea01d2214260ab48fbe6783e8491. 1 dirs total, 0 dirs full, 0 dirs failed
I20260713 08:59:18.457492  1240 tablet_bootstrap.cc:654] T 06b833c9642743d6b854ff92ade75a90 P 184daf7df8e3431fb989730db3c168c9: Neither blocks nor log segments found. Creating new log.
I20260713 08:59:18.465310  1035 tablet_service.cc:1511] Processing CreateTablet for tablet 1f3179e21cb94b96955c7fd579f7c18e (DEFAULT_TABLE table=test-workload [id=190d39f77d324d28a336d8802aabf251]), partition=RANGE (key) PARTITION 1503238548 <= VALUES < 1717986912
