I20260713 09:04:19.980906  6965 raft_consensus.cc:697] T 3764ed9699df4df7a48e922add70f8a6 P 84b3396302f64044b09c9e26b4f539a2 [term 3 LEADER]: Becoming Leader. State: Replica: 84b3396302f64044b09c9e26b4f539a2, State: Running, Role: LEADER
I20260713 09:04:19.982295  6965 consensus_queue.cc:237] T 3764ed9699df4df7a48e922add70f8a6 P 84b3396302f64044b09c9e26b4f539a2 [LEADER]: Queue going to LEADER mode. State: All replicated index: 0, Majority replicated index: 2, Committed index: 2, Last appended: 2.2, Last appended by leader: 2, Current term: 3, Majority size: 2, State: 0, Mode: LEADER, active raft config: opid_index: -1 OBSOLETE_local: false peers { permanent_uuid: "84b3396302f64044b09c9e26b4f539a2" member_type: VOTER last_known_addr { host: "127.5.219.129" port: 36539 } } peers { permanent_uuid: "827a3fc18a6342028c5842df3759a3a2" member_type: VOTER last_known_addr { host: "127.5.219.130" port: 45729 } } peers { permanent_uuid: "2d798b704e8d48bfa252bae731d6151e" member_type: VOTER last_known_addr { host: "127.5.219.131" port: 36105 } }
I20260713 09:04:19.997941  6531 catalog_manager.cc:5697] T 3764ed9699df4df7a48e922add70f8a6 P 84b3396302f64044b09c9e26b4f539a2 reported cstate change: term changed from 2 to 3, leader changed from 827a3fc18a6342028c5842df3759a3a2 (127.5.219.130) to 84b3396302f64044b09c9e26b4f539a2 (127.5.219.129). New cstate: current_term: 3 leader_uuid: "84b3396302f64044b09c9e26b4f539a2" committed_config { opid_index: -1 OBSOLETE_local: false peers { permanent_uuid: "84b3396302f64044b09c9e26b4f539a2" member_type: VOTER last_known_addr { host: "127.5.219.129" port: 36539 } health_report { overall_health: HEALTHY } } peers { permanent_uuid: "827a3fc18a6342028c5842df3759a3a2" member_type: VOTER last_known_addr { host: "127.5.219.130" port: 45729 } health_report { overall_health: UNKNOWN } } peers { permanent_uuid: "2d798b704e8d48bfa252bae731d6151e" member_type: VOTER last_known_addr { host: "127.5.219.131" port: 36105 } health_report { overall_health: UNKNOWN } } }
I20260713 09:04:20.016261  6951 raft_consensus.cc:993] T 3d0954dfdc9f49daaf7d6c8e36888d6b P 2d798b704e8d48bfa252bae731d6151e: : Instructing follower 84b3396302f64044b09c9e26b4f539a2 to start an election
I20260713 09:04:20.016741  6969 raft_consensus.cc:1081] T 3d0954dfdc9f49daaf7d6c8e36888d6b P 2d798b704e8d48bfa252bae731d6151e [term 3 LEADER]: Signalling peer 84b3396302f64044b09c9e26b4f539a2 to start an election
I20260713 09:04:20.018293  6636 tablet_service.cc:2044] Received Run Leader Election RPC: tablet_id: "3d0954dfdc9f49daaf7d6c8e36888d6b"
dest_uuid: "84b3396302f64044b09c9e26b4f539a2"
 from {username='slave'} at 127.0.0.1:52870
I20260713 09:04:20.018715  6636 raft_consensus.cc:493] T 3d0954dfdc9f49daaf7d6c8e36888d6b P 84b3396302f64044b09c9e26b4f539a2 [term 3 FOLLOWER]: Starting forced leader election (received explicit request)
I20260713 09:04:20.018944  6636 raft_consensus.cc:3060] T 3d0954dfdc9f49daaf7d6c8e36888d6b P 84b3396302f64044b09c9e26b4f539a2 [term 3 FOLLOWER]: Advancing to term 4
I20260713 09:04:20.023612  6636 raft_consensus.cc:515] T 3d0954dfdc9f49daaf7d6c8e36888d6b P 84b3396302f64044b09c9e26b4f539a2 [term 4 FOLLOWER]: Starting forced leader election with config: opid_index: -1 OBSOLETE_local: false peers { permanent_uuid: "84b3396302f64044b09c9e26b4f539a2" member_type: VOTER last_known_addr { host: "127.5.219.129" port: 36539 } } peers { permanent_uuid: "827a3fc18a6342028c5842df3759a3a2" member_type: VOTER last_known_addr { host: "127.5.219.130" port: 45729 } } peers { permanent_uuid: "2d798b704e8d48bfa252bae731d6151e" member_type: VOTER last_known_addr { host: "127.5.219.131" port: 36105 } }
I20260713 09:04:20.025141  6636 leader_election.cc:290] T 3d0954dfdc9f49daaf7d6c8e36888d6b P 84b3396302f64044b09c9e26b4f539a2 [CANDIDATE]: Term 4 election: Requested vote from peers 827a3fc18a6342028c5842df3759a3a2 (127.5.219.130:45729), 2d798b704e8d48bfa252bae731d6151e (127.5.219.131:36105)
I20260713 09:04:20.026175  6709 tablet_service.cc:1917] Received RequestConsensusVote() RPC: tablet_id: "3d0954dfdc9f49daaf7d6c8e36888d6b" candidate_uuid: "84b3396302f64044b09c9e26b4f539a2" candidate_term: 4 candidate_status { last_received { term: 3 index: 3 } } ignore_live_leader: true dest_uuid: "827a3fc18a6342028c5842df3759a3a2"
I20260713 09:04:20.026305  6785 tablet_service.cc:1917] Received RequestConsensusVote() RPC: tablet_id: "3d0954dfdc9f49daaf7d6c8e36888d6b" candidate_uuid: "84b3396302f64044b09c9e26b4f539a2" candidate_term: 4 candidate_status { last_received { term: 3 index: 3 } } ignore_live_leader: true dest_uuid: "2d798b704e8d48bfa252bae731d6151e"
I20260713 09:04:20.026705  6709 raft_consensus.cc:3060] T 3d0954dfdc9f49daaf7d6c8e36888d6b P 827a3fc18a6342028c5842df3759a3a2 [term 3 FOLLOWER]: Advancing to term 4
I20260713 09:04:20.026775  6785 raft_consensus.cc:3055] T 3d0954dfdc9f49daaf7d6c8e36888d6b P 2d798b704e8d48bfa252bae731d6151e [term 3 LEADER]: Stepping down as leader of term 3
I20260713 09:04:20.027070  6785 raft_consensus.cc:740] T 3d0954dfdc9f49daaf7d6c8e36888d6b P 2d798b704e8d48bfa252bae731d6151e [term 3 LEADER]: Becoming Follower/Learner. State: Replica: 2d798b704e8d48bfa252bae731d6151e, State: Running, Role: LEADER
I20260713 09:04:20.027700  6785 consensus_queue.cc:260] T 3d0954dfdc9f49daaf7d6c8e36888d6b P 2d798b704e8d48bfa252bae731d6151e [NON_LEADER]: Queue going to NON_LEADER mode. State: All replicated index: 0, Majority replicated index: 3, Committed index: 3, Last appended: 3.3, Last appended by leader: 3, Current term: 3, Majority size: -1, State: 0, Mode: NON_LEADER, active raft config: opid_index: -1 OBSOLETE_local: false peers { permanent_uuid: "84b3396302f64044b09c9e26b4f539a2" member_type: VOTER last_known_addr { host: "127.5.219.129" port: 36539 } } peers { permanent_uuid: "827a3fc18a6342028c5842df3759a3a2" member_type: VOTER last_known_addr { host: "127.5.219.130" port: 45729 } } peers { permanent_uuid: "2d798b704e8d48bfa252bae731d6151e" member_type: VOTER last_known_addr { host: "127.5.219.131" port: 36105 } }
I20260713 09:04:20.028618  6785 raft_consensus.cc:3060] T 3d0954dfdc9f49daaf7d6c8e36888d6b P 2d798b704e8d48bfa252bae731d6151e [term 3 FOLLOWER]: Advancing to term 4
I20260713 09:04:20.032269  6709 raft_consensus.cc:2468] T 3d0954dfdc9f49daaf7d6c8e36888d6b P 827a3fc18a6342028c5842df3759a3a2 [term 4 FOLLOWER]: Leader election vote request: Granting yes vote for candidate 84b3396302f64044b09c9e26b4f539a2 in term 4.
I20260713 09:04:20.033156  6785 raft_consensus.cc:2468] T 3d0954dfdc9f49daaf7d6c8e36888d6b P 2d798b704e8d48bfa252bae731d6151e [term 4 FOLLOWER]: Leader election vote request: Granting yes vote for candidate 84b3396302f64044b09c9e26b4f539a2 in term 4.
I20260713 09:04:20.033456  6599 leader_election.cc:304] T 3d0954dfdc9f49daaf7d6c8e36888d6b P 84b3396302f64044b09c9e26b4f539a2 [CANDIDATE]: Term 4 election: Election decided. Result: candidate won. Election summary: received 2 responses out of 3 voters: 2 yes votes; 0 no votes. yes voters: 827a3fc18a6342028c5842df3759a3a2, 84b3396302f64044b09c9e26b4f539a2; no voters: 
I20260713 09:04:20.034216  6965 raft_consensus.cc:2804] T 3d0954dfdc9f49daaf7d6c8e36888d6b P 84b3396302f64044b09c9e26b4f539a2 [term 4 FOLLOWER]: Leader election won for term 4
I20260713 09:04:20.034565  6965 raft_consensus.cc:697] T 3d0954dfdc9f49daaf7d6c8e36888d6b P 84b3396302f64044b09c9e26b4f539a2 [term 4 LEADER]: Becoming Leader. State: Replica: 84b3396302f64044b09c9e26b4f539a2, State: Running, Role: LEADER
I20260713 09:04:20.035425  6965 consensus_queue.cc:237] T 3d0954dfdc9f49daaf7d6c8e36888d6b P 84b3396302f64044b09c9e26b4f539a2 [LEADER]: Queue going to LEADER mode. State: All replicated index: 0, Majority replicated index: 3, Committed index: 3, Last appended: 3.3, Last appended by leader: 3, Current term: 4, Majority size: 2, State: 0, Mode: LEADER, active raft config: opid_index: -1 OBSOLETE_local: false peers { permanent_uuid: "84b3396302f64044b09c9e26b4f539a2" member_type: VOTER last_known_addr { host: "127.5.219.129" port: 36539 } } peers { permanent_uuid: "827a3fc18a6342028c5842df3759a3a2" member_type: VOTER last_known_addr { host: "127.5.219.130" port: 45729 } } peers { permanent_uuid: "2d798b704e8d48bfa252bae731d6151e" member_type: VOTER last_known_addr { host: "127.5.219.131" port: 36105 } }
I20260713 09:04:20.041759  6531 catalog_manager.cc:5697] T 3d0954dfdc9f49daaf7d6c8e36888d6b P 84b3396302f64044b09c9e26b4f539a2 reported cstate change: term changed from 3 to 4, leader changed from 2d798b704e8d48bfa252bae731d6151e (127.5.219.131) to 84b3396302f64044b09c9e26b4f539a2 (127.5.219.129). New cstate: current_term: 4 leader_uuid: "84b3396302f64044b09c9e26b4f539a2" committed_config { opid_index: -1 OBSOLETE_local: false peers { permanent_uuid: "84b3396302f64044b09c9e26b4f539a2" member_type: VOTER last_known_addr { host: "127.5.219.129" port: 36539 } health_report { overall_health: HEALTHY } } peers { permanent_uuid: "827a3fc18a6342028c5842df3759a3a2" member_type: VOTER last_known_addr { host: "127.5.219.130" port: 45729 } health_report { overall_health: UNKNOWN } } peers { permanent_uuid: "2d798b704e8d48bfa252bae731d6151e" member_type: VOTER last_known_addr { host: "127.5.219.131" port: 36105 } health_report { overall_health: UNKNOWN } } }
I20260713 09:04:20.222143  6964 raft_consensus.cc:993] T 2814d2f23632486fa91afe9fe018b7e5 P 827a3fc18a6342028c5842df3759a3a2: : Instructing follower 84b3396302f64044b09c9e26b4f539a2 to start an election
I20260713 09:04:20.222731  6952 raft_consensus.cc:1081] T 2814d2f23632486fa91afe9fe018b7e5 P 827a3fc18a6342028c5842df3759a3a2 [term 2 LEADER]: Signalling peer 84b3396302f64044b09c9e26b4f539a2 to start an election
I20260713 09:04:20.224331  6636 tablet_service.cc:2044] Received Run Leader Election RPC: tablet_id: "2814d2f23632486fa91afe9fe018b7e5"
dest_uuid: "84b3396302f64044b09c9e26b4f539a2"
 from {username='slave'} at 127.0.0.1:52856
I20260713 09:04:20.224885  6636 raft_consensus.cc:493] T 2814d2f23632486fa91afe9fe018b7e5 P 84b3396302f64044b09c9e26b4f539a2 [term 2 FOLLOWER]: Starting forced leader election (received explicit request)
I20260713 09:04:20.225173  6636 raft_consensus.cc:3060] T 2814d2f23632486fa91afe9fe018b7e5 P 84b3396302f64044b09c9e26b4f539a2 [term 2 FOLLOWER]: Advancing to term 3
I20260713 09:04:20.230213  6636 raft_consensus.cc:515] T 2814d2f23632486fa91afe9fe018b7e5 P 84b3396302f64044b09c9e26b4f539a2 [term 3 FOLLOWER]: Starting forced leader election with config: opid_index: -1 OBSOLETE_local: false peers { permanent_uuid: "84b3396302f64044b09c9e26b4f539a2" member_type: VOTER last_known_addr { host: "127.5.219.129" port: 36539 } } peers { permanent_uuid: "827a3fc18a6342028c5842df3759a3a2" member_type: VOTER last_known_addr { host: "127.5.219.130" port: 45729 } } peers { permanent_uuid: "2d798b704e8d48bfa252bae731d6151e" member_type: VOTER last_known_addr { host: "127.5.219.131" port: 36105 } }
I20260713 09:04:20.231670  6636 leader_election.cc:290] T 2814d2f23632486fa91afe9fe018b7e5 P 84b3396302f64044b09c9e26b4f539a2 [CANDIDATE]: Term 3 election: Requested vote from peers 827a3fc18a6342028c5842df3759a3a2 (127.5.219.130:45729), 2d798b704e8d48bfa252bae731d6151e (127.5.219.131:36105)
I20260713 09:04:20.232692  6785 tablet_service.cc:1917] Received RequestConsensusVote() RPC: tablet_id: "2814d2f23632486fa91afe9fe018b7e5" candidate_uuid: "84b3396302f64044b09c9e26b4f539a2" candidate_term: 3 candidate_status { last_received { term: 2 index: 2 } } ignore_live_leader: true dest_uuid: "2d798b704e8d48bfa252bae731d6151e"
I20260713 09:04:20.232730  6709 tablet_service.cc:1917] Received RequestConsensusVote() RPC: tablet_id: "2814d2f23632486fa91afe9fe018b7e5" candidate_uuid: "84b3396302f64044b09c9e26b4f539a2" candidate_term: 3 candidate_status { last_received { term: 2 index: 2 } } ignore_live_leader: true dest_uuid: "827a3fc18a6342028c5842df3759a3a2"
I20260713 09:04:20.233443  6785 raft_consensus.cc:3060] T 2814d2f23632486fa91afe9fe018b7e5 P 2d798b704e8d48bfa252bae731d6151e [term 2 FOLLOWER]: Advancing to term 3
I20260713 09:04:20.233542  6709 raft_consensus.cc:3055] T 2814d2f23632486fa91afe9fe018b7e5 P 827a3fc18a6342028c5842df3759a3a2 [term 2 LEADER]: Stepping down as leader of term 2
I20260713 09:04:20.233973  6709 raft_consensus.cc:740] T 2814d2f23632486fa91afe9fe018b7e5 P 827a3fc18a6342028c5842df3759a3a2 [term 2 LEADER]: Becoming Follower/Learner. State: Replica: 827a3fc18a6342028c5842df3759a3a2, State: Running, Role: LEADER
I20260713 09:04:20.234730  6709 consensus_queue.cc:260] T 2814d2f23632486fa91afe9fe018b7e5 P 827a3fc18a6342028c5842df3759a3a2 [NON_LEADER]: Queue going to NON_LEADER mode. State: All replicated index: 0, Majority replicated index: 2, Committed index: 2, Last appended: 2.2, Last appended by leader: 2, Current term: 2, Majority size: -1, State: 0, Mode: NON_LEADER, active raft config: opid_index: -1 OBSOLETE_local: false peers { permanent_uuid: "84b3396302f64044b09c9e26b4f539a2" member_type: VOTER last_known_addr { host: "127.5.219.129" port: 36539 } } peers { permanent_uuid: "827a3fc18a6342028c5842df3759a3a2" member_type: VOTER last_known_addr { host: "127.5.219.130" port: 45729 } } peers { permanent_uuid: "2d798b704e8d48bfa252bae731d6151e" member_type: VOTER last_known_addr { host: "127.5.219.131" port: 36105 } }
I20260713 09:04:20.235720  6709 raft_consensus.cc:3060] T 2814d2f23632486fa91afe9fe018b7e5 P 827a3fc18a6342028c5842df3759a3a2 [term 2 FOLLOWER]: Advancing to term 3
I20260713 09:04:20.239127  6785 raft_consensus.cc:2468] T 2814d2f23632486fa91afe9fe018b7e5 P 2d798b704e8d48bfa252bae731d6151e [term 3 FOLLOWER]: Leader election vote request: Granting yes vote for candidate 84b3396302f64044b09c9e26b4f539a2 in term 3.
I20260713 09:04:20.240170  6600 leader_election.cc:304] T 2814d2f23632486fa91afe9fe018b7e5 P 84b3396302f64044b09c9e26b4f539a2 [CANDIDATE]: Term 3 election: Election decided. Result: candidate won. Election summary: received 2 responses out of 3 voters: 2 yes votes; 0 no votes. yes voters: 2d798b704e8d48bfa252bae731d6151e, 84b3396302f64044b09c9e26b4f539a2; no voters: 
I20260713 09:04:20.240899  6965 raft_consensus.cc:2804] T 2814d2f23632486fa91afe9fe018b7e5 P 84b3396302f64044b09c9e26b4f539a2 [term 3 FOLLOWER]: Leader election won for term 3
I20260713 09:04:20.241020  6709 raft_consensus.cc:2468] T 2814d2f23632486fa91afe9fe018b7e5 P 827a3fc18a6342028c5842df3759a3a2 [term 3 FOLLOWER]: Leader election vote request: Granting yes vote for candidate 84b3396302f64044b09c9e26b4f539a2 in term 3.
I20260713 09:04:20.241302  6965 raft_consensus.cc:697] T 2814d2f23632486fa91afe9fe018b7e5 P 84b3396302f64044b09c9e26b4f539a2 [term 3 LEADER]: Becoming Leader. State: Replica: 84b3396302f64044b09c9e26b4f539a2, State: Running, Role: LEADER
I20260713 09:04:20.242311  6965 consensus_queue.cc:237] T 2814d2f23632486fa91afe9fe018b7e5 P 84b3396302f64044b09c9e26b4f539a2 [LEADER]: Queue going to LEADER mode. State: All replicated index: 0, Majority replicated index: 2, Committed index: 2, Last appended: 2.2, Last appended by leader: 2, Current term: 3, Majority size: 2, State: 0, Mode: LEADER, active raft config: opid_index: -1 OBSOLETE_local: false peers { permanent_uuid: "84b3396302f64044b09c9e26b4f539a2" member_type: VOTER last_known_addr { host: "127.5.219.129" port: 36539 } } peers { permanent_uuid: "827a3fc18a6342028c5842df3759a3a2" member_type: VOTER last_known_addr { host: "127.5.219.130" port: 45729 } } peers { permanent_uuid: "2d798b704e8d48bfa252bae731d6151e" member_type: VOTER last_known_addr { host: "127.5.219.131" port: 36105 } }
I20260713 09:04:20.250242  6531 catalog_manager.cc:5697] T 2814d2f23632486fa91afe9fe018b7e5 P 84b3396302f64044b09c9e26b4f539a2 reported cstate change: term changed from 2 to 3, leader changed from 827a3fc18a6342028c5842df3759a3a2 (127.5.219.130) to 84b3396302f64044b09c9e26b4f539a2 (127.5.219.129). New cstate: current_term: 3 leader_uuid: "84b3396302f64044b09c9e26b4f539a2" committed_config { opid_index: -1 OBSOLETE_local: false peers { permanent_uuid: "84b3396302f64044b09c9e26b4f539a2" member_type: VOTER last_known_addr { host: "127.5.219.129" port: 36539 } health_report { overall_health: HEALTHY } } peers { permanent_uuid: "827a3fc18a6342028c5842df3759a3a2" member_type: VOTER last_known_addr { host: "127.5.219.130" port: 45729 } health_report { overall_health: UNKNOWN } } peers { permanent_uuid: "2d798b704e8d48bfa252bae731d6151e" member_type: VOTER last_known_addr { host: "127.5.219.131" port: 36105 } health_report { overall_health: UNKNOWN } } }
I20260713 09:04:20.387892  6964 raft_consensus.cc:993] T f9a28e738eee4f97a59bf6ac6b68db08 P 827a3fc18a6342028c5842df3759a3a2: : Instructing follower 84b3396302f64044b09c9e26b4f539a2 to start an election
I20260713 09:04:20.388511  6952 raft_consensus.cc:1081] T f9a28e738eee4f97a59bf6ac6b68db08 P 827a3fc18a6342028c5842df3759a3a2 [term 1 LEADER]: Signalling peer 84b3396302f64044b09c9e26b4f539a2 to start an election
I20260713 09:04:20.390339  6636 tablet_service.cc:2044] Received Run Leader Election RPC: tablet_id: "f9a28e738eee4f97a59bf6ac6b68db08"
dest_uuid: "84b3396302f64044b09c9e26b4f539a2"
 from {username='slave'} at 127.0.0.1:52856
I20260713 09:04:20.390874  6636 raft_consensus.cc:493] T f9a28e738eee4f97a59bf6ac6b68db08 P 84b3396302f64044b09c9e26b4f539a2 [term 1 FOLLOWER]: Starting forced leader election (received explicit request)
I20260713 09:04:20.391149  6636 raft_consensus.cc:3060] T f9a28e738eee4f97a59bf6ac6b68db08 P 84b3396302f64044b09c9e26b4f539a2 [term 1 FOLLOWER]: Advancing to term 2
I20260713 09:04:20.396546  6636 raft_consensus.cc:515] T f9a28e738eee4f97a59bf6ac6b68db08 P 84b3396302f64044b09c9e26b4f539a2 [term 2 FOLLOWER]: Starting forced leader election with config: opid_index: -1 OBSOLETE_local: false peers { permanent_uuid: "84b3396302f64044b09c9e26b4f539a2" member_type: VOTER last_known_addr { host: "127.5.219.129" port: 36539 } } peers { permanent_uuid: "827a3fc18a6342028c5842df3759a3a2" member_type: VOTER last_known_addr { host: "127.5.219.130" port: 45729 } } peers { permanent_uuid: "2d798b704e8d48bfa252bae731d6151e" member_type: VOTER last_known_addr { host: "127.5.219.131" port: 36105 } }
I20260713 09:04:20.398542  6636 leader_election.cc:290] T f9a28e738eee4f97a59bf6ac6b68db08 P 84b3396302f64044b09c9e26b4f539a2 [CANDIDATE]: Term 2 election: Requested vote from peers 827a3fc18a6342028c5842df3759a3a2 (127.5.219.130:45729), 2d798b704e8d48bfa252bae731d6151e (127.5.219.131:36105)
I20260713 09:04:20.399644  6709 tablet_service.cc:1917] Received RequestConsensusVote() RPC: tablet_id: "f9a28e738eee4f97a59bf6ac6b68db08" candidate_uuid: "84b3396302f64044b09c9e26b4f539a2" candidate_term: 2 candidate_status { last_received { term: 1 index: 1 } } ignore_live_leader: true dest_uuid: "827a3fc18a6342028c5842df3759a3a2"
I20260713 09:04:20.399683  6785 tablet_service.cc:1917] Received RequestConsensusVote() RPC: tablet_id: "f9a28e738eee4f97a59bf6ac6b68db08" candidate_uuid: "84b3396302f64044b09c9e26b4f539a2" candidate_term: 2 candidate_status { last_received { term: 1 index: 1 } } ignore_live_leader: true dest_uuid: "2d798b704e8d48bfa252bae731d6151e"
I20260713 09:04:20.400290  6709 raft_consensus.cc:3055] T f9a28e738eee4f97a59bf6ac6b68db08 P 827a3fc18a6342028c5842df3759a3a2 [term 1 LEADER]: Stepping down as leader of term 1
I20260713 09:04:20.400315  6785 raft_consensus.cc:3060] T f9a28e738eee4f97a59bf6ac6b68db08 P 2d798b704e8d48bfa252bae731d6151e [term 1 FOLLOWER]: Advancing to term 2
I20260713 09:04:20.400784  6709 raft_consensus.cc:740] T f9a28e738eee4f97a59bf6ac6b68db08 P 827a3fc18a6342028c5842df3759a3a2 [term 1 LEADER]: Becoming Follower/Learner. State: Replica: 827a3fc18a6342028c5842df3759a3a2, State: Running, Role: LEADER
I20260713 09:04:20.401645  6709 consensus_queue.cc:260] T f9a28e738eee4f97a59bf6ac6b68db08 P 827a3fc18a6342028c5842df3759a3a2 [NON_LEADER]: Queue going to NON_LEADER mode. State: All replicated index: 0, Majority replicated index: 1, Committed index: 1, Last appended: 1.1, Last appended by leader: 1, Current term: 1, Majority size: -1, State: 0, Mode: NON_LEADER, active raft config: opid_index: -1 OBSOLETE_local: false peers { permanent_uuid: "84b3396302f64044b09c9e26b4f539a2" member_type: VOTER last_known_addr { host: "127.5.219.129" port: 36539 } } peers { permanent_uuid: "827a3fc18a6342028c5842df3759a3a2" member_type: VOTER last_known_addr { host: "127.5.219.130" port: 45729 } } peers { permanent_uuid: "2d798b704e8d48bfa252bae731d6151e" member_type: VOTER last_known_addr { host: "127.5.219.131" port: 36105 } }
I20260713 09:04:20.402947  6709 raft_consensus.cc:3060] T f9a28e738eee4f97a59bf6ac6b68db08 P 827a3fc18a6342028c5842df3759a3a2 [term 1 FOLLOWER]: Advancing to term 2
I20260713 09:04:20.408629  6785 raft_consensus.cc:2468] T f9a28e738eee4f97a59bf6ac6b68db08 P 2d798b704e8d48bfa252bae731d6151e [term 2 FOLLOWER]: Leader election vote request: Granting yes vote for candidate 84b3396302f64044b09c9e26b4f539a2 in term 2.
I20260713 09:04:20.410418  6709 raft_consensus.cc:2468] T f9a28e738eee4f97a59bf6ac6b68db08 P 827a3fc18a6342028c5842df3759a3a2 [term 2 FOLLOWER]: Leader election vote request: Granting yes vote for candidate 84b3396302f64044b09c9e26b4f539a2 in term 2.
I20260713 09:04:20.410282  6600 leader_election.cc:304] T f9a28e738eee4f97a59bf6ac6b68db08 P 84b3396302f64044b09c9e26b4f539a2 [CANDIDATE]: Term 2 election: Election decided. Result: candidate won. Election summary: received 2 responses out of 3 voters: 2 yes votes; 0 no votes. yes voters: 2d798b704e8d48bfa252bae731d6151e, 84b3396302f64044b09c9e26b4f539a2; no voters: 
I20260713 09:04:20.411345  6965 raft_consensus.cc:2804] T f9a28e738eee4f97a59bf6ac6b68db08 P 84b3396302f64044b09c9e26b4f539a2 [term 2 FOLLOWER]: Leader election won for term 2
I20260713 09:04:20.411859  6965 raft_consensus.cc:697] T f9a28e738eee4f97a59bf6ac6b68db08 P 84b3396302f64044b09c9e26b4f539a2 [term 2 LEADER]: Becoming Leader. State: Replica: 84b3396302f64044b09c9e26b4f539a2, State: Running, Role: LEADER
I20260713 09:04:20.413146  6965 consensus_queue.cc:237] T f9a28e738eee4f97a59bf6ac6b68db08 P 84b3396302f64044b09c9e26b4f539a2 [LEADER]: Queue going to LEADER mode. State: All replicated index: 0, Majority replicated index: 1, Committed index: 1, Last appended: 1.1, Last appended by leader: 1, Current term: 2, Majority size: 2, State: 0, Mode: LEADER, active raft config: opid_index: -1 OBSOLETE_local: false peers { permanent_uuid: "84b3396302f64044b09c9e26b4f539a2" member_type: VOTER last_known_addr { host: "127.5.219.129" port: 36539 } } peers { permanent_uuid: "827a3fc18a6342028c5842df3759a3a2" member_type: VOTER last_known_addr { host: "127.5.219.130" port: 45729 } } peers { permanent_uuid: "2d798b704e8d48bfa252bae731d6151e" member_type: VOTER last_known_addr { host: "127.5.219.131" port: 36105 } }
I20260713 09:04:20.420274  6531 catalog_manager.cc:5697] T f9a28e738eee4f97a59bf6ac6b68db08 P 84b3396302f64044b09c9e26b4f539a2 reported cstate change: term changed from 1 to 2, leader changed from 827a3fc18a6342028c5842df3759a3a2 (127.5.219.130) to 84b3396302f64044b09c9e26b4f539a2 (127.5.219.129). New cstate: current_term: 2 leader_uuid: "84b3396302f64044b09c9e26b4f539a2" committed_config { opid_index: -1 OBSOLETE_local: false peers { permanent_uuid: "84b3396302f64044b09c9e26b4f539a2" member_type: VOTER last_known_addr { host: "127.5.219.129" port: 36539 } health_report { overall_health: HEALTHY } } peers { permanent_uuid: "827a3fc18a6342028c5842df3759a3a2" member_type: VOTER last_known_addr { host: "127.5.219.130" port: 45729 } health_report { overall_health: UNKNOWN } } peers { permanent_uuid: "2d798b704e8d48bfa252bae731d6151e" member_type: VOTER last_known_addr { host: "127.5.219.131" port: 36105 } health_report { overall_health: UNKNOWN } } }
I20260713 09:04:20.451928  6709 raft_consensus.cc:1275] T 3d0954dfdc9f49daaf7d6c8e36888d6b P 827a3fc18a6342028c5842df3759a3a2 [term 4 FOLLOWER]: Refusing update from remote peer 84b3396302f64044b09c9e26b4f539a2: Log matching property violated. Preceding OpId in replica: term: 3 index: 3. Preceding OpId from leader: term: 4 index: 4. (index mismatch)
I20260713 09:04:20.453251  6965 consensus_queue.cc:1048] T 3d0954dfdc9f49daaf7d6c8e36888d6b P 84b3396302f64044b09c9e26b4f539a2 [LEADER]: Connected to new peer: Peer: permanent_uuid: "827a3fc18a6342028c5842df3759a3a2" member_type: VOTER last_known_addr { host: "127.5.219.130" port: 45729 }, Status: LMP_MISMATCH, Last received: 0.0, Next index: 4, Last known committed idx: 3, Time since last communication: 0.000s
I20260713 09:04:20.462956  6785 raft_consensus.cc:1275] T 3d0954dfdc9f49daaf7d6c8e36888d6b P 2d798b704e8d48bfa252bae731d6151e [term 4 FOLLOWER]: Refusing update from remote peer 84b3396302f64044b09c9e26b4f539a2: Log matching property violated. Preceding OpId in replica: term: 3 index: 3. Preceding OpId from leader: term: 4 index: 4. (index mismatch)
I20260713 09:04:20.464704  6975 consensus_queue.cc:1048] T 3d0954dfdc9f49daaf7d6c8e36888d6b P 84b3396302f64044b09c9e26b4f539a2 [LEADER]: Connected to new peer: Peer: permanent_uuid: "2d798b704e8d48bfa252bae731d6151e" member_type: VOTER last_known_addr { host: "127.5.219.131" port: 36105 }, Status: LMP_MISMATCH, Last received: 0.0, Next index: 4, Last known committed idx: 3, Time since last communication: 0.000s
I20260713 09:04:20.471459  6785 raft_consensus.cc:1275] T d1ba3e1ffa33496baa9289d48a211880 P 2d798b704e8d48bfa252bae731d6151e [term 4 FOLLOWER]: Refusing update from remote peer 84b3396302f64044b09c9e26b4f539a2: Log matching property violated. Preceding OpId in replica: term: 3 index: 3. Preceding OpId from leader: term: 4 index: 4. (index mismatch)
I20260713 09:04:20.472684  6975 consensus_queue.cc:1048] T d1ba3e1ffa33496baa9289d48a211880 P 84b3396302f64044b09c9e26b4f539a2 [LEADER]: Connected to new peer: Peer: permanent_uuid: "2d798b704e8d48bfa252bae731d6151e" member_type: VOTER last_known_addr { host: "127.5.219.131" port: 36105 }, Status: LMP_MISMATCH, Last received: 0.0, Next index: 4, Last known committed idx: 3, Time since last communication: 0.000s
I20260713 09:04:20.480211  6709 raft_consensus.cc:1275] T d1ba3e1ffa33496baa9289d48a211880 P 827a3fc18a6342028c5842df3759a3a2 [term 4 FOLLOWER]: Refusing update from remote peer 84b3396302f64044b09c9e26b4f539a2: Log matching property violated. Preceding OpId in replica: term: 3 index: 3. Preceding OpId from leader: term: 4 index: 4. (index mismatch)
I20260713 09:04:20.481936  6976 consensus_queue.cc:1048] T d1ba3e1ffa33496baa9289d48a211880 P 84b3396302f64044b09c9e26b4f539a2 [LEADER]: Connected to new peer: Peer: permanent_uuid: "827a3fc18a6342028c5842df3759a3a2" member_type: VOTER last_known_addr { host: "127.5.219.130" port: 45729 }, Status: LMP_MISMATCH, Last received: 0.0, Next index: 4, Last known committed idx: 3, Time since last communication: 0.000s
I20260713 09:04:20.554894  6785 raft_consensus.cc:1275] T 3764ed9699df4df7a48e922add70f8a6 P 2d798b704e8d48bfa252bae731d6151e [term 3 FOLLOWER]: Refusing update from remote peer 84b3396302f64044b09c9e26b4f539a2: Log matching property violated. Preceding OpId in replica: term: 2 index: 2. Preceding OpId from leader: term: 3 index: 3. (index mismatch)
I20260713 09:04:20.556273  6976 consensus_queue.cc:1048] T 3764ed9699df4df7a48e922add70f8a6 P 84b3396302f64044b09c9e26b4f539a2 [LEADER]: Connected to new peer: Peer: permanent_uuid: "2d798b704e8d48bfa252bae731d6151e" member_type: VOTER last_known_addr { host: "127.5.219.131" port: 36105 }, Status: LMP_MISMATCH, Last received: 0.0, Next index: 3, Last known committed idx: 2, Time since last communication: 0.000s
I20260713 09:04:20.568989  6709 raft_consensus.cc:1275] T 3764ed9699df4df7a48e922add70f8a6 P 827a3fc18a6342028c5842df3759a3a2 [term 3 FOLLOWER]: Refusing update from remote peer 84b3396302f64044b09c9e26b4f539a2: Log matching property violated. Preceding OpId in replica: term: 2 index: 2. Preceding OpId from leader: term: 3 index: 3. (index mismatch)
I20260713 09:04:20.570534  6975 consensus_queue.cc:1048] T 3764ed9699df4df7a48e922add70f8a6 P 84b3396302f64044b09c9e26b4f539a2 [LEADER]: Connected to new peer: Peer: permanent_uuid: "827a3fc18a6342028c5842df3759a3a2" member_type: VOTER last_known_addr { host: "127.5.219.130" port: 45729 }, Status: LMP_MISMATCH, Last received: 0.0, Next index: 3, Last known committed idx: 2, Time since last communication: 0.000s
I20260713 09:04:20.628878  6785 raft_consensus.cc:1275] T 2814d2f23632486fa91afe9fe018b7e5 P 2d798b704e8d48bfa252bae731d6151e [term 3 FOLLOWER]: Refusing update from remote peer 84b3396302f64044b09c9e26b4f539a2: Log matching property violated. Preceding OpId in replica: term: 2 index: 2. Preceding OpId from leader: term: 3 index: 3. (index mismatch)
I20260713 09:04:20.630257  6975 consensus_queue.cc:1048] T 2814d2f23632486fa91afe9fe018b7e5 P 84b3396302f64044b09c9e26b4f539a2 [LEADER]: Connected to new peer: Peer: permanent_uuid: "2d798b704e8d48bfa252bae731d6151e" member_type: VOTER last_known_addr { host: "127.5.219.131" port: 36105 }, Status: LMP_MISMATCH, Last received: 0.0, Next index: 3, Last known committed idx: 2, Time since last communication: 0.000s
I20260713 09:04:20.640152  6709 raft_consensus.cc:1275] T 2814d2f23632486fa91afe9fe018b7e5 P 827a3fc18a6342028c5842df3759a3a2 [term 3 FOLLOWER]: Refusing update from remote peer 84b3396302f64044b09c9e26b4f539a2: Log matching property violated. Preceding OpId in replica: term: 2 index: 2. Preceding OpId from leader: term: 3 index: 3. (index mismatch)
I20260713 09:04:20.642463  6976 consensus_queue.cc:1048] T 2814d2f23632486fa91afe9fe018b7e5 P 84b3396302f64044b09c9e26b4f539a2 [LEADER]: Connected to new peer: Peer: permanent_uuid: "827a3fc18a6342028c5842df3759a3a2" member_type: VOTER last_known_addr { host: "127.5.219.130" port: 45729 }, Status: LMP_MISMATCH, Last received: 0.0, Next index: 3, Last known committed idx: 2, Time since last communication: 0.001s
I20260713 09:04:20.811363  6709 raft_consensus.cc:1275] T f9a28e738eee4f97a59bf6ac6b68db08 P 827a3fc18a6342028c5842df3759a3a2 [term 2 FOLLOWER]: Refusing update from remote peer 84b3396302f64044b09c9e26b4f539a2: Log matching property violated. Preceding OpId in replica: term: 1 index: 1. Preceding OpId from leader: term: 2 index: 2. (index mismatch)
I20260713 09:04:20.812448  6976 consensus_queue.cc:1048] T f9a28e738eee4f97a59bf6ac6b68db08 P 84b3396302f64044b09c9e26b4f539a2 [LEADER]: Connected to new peer: Peer: permanent_uuid: "827a3fc18a6342028c5842df3759a3a2" member_type: VOTER last_known_addr { host: "127.5.219.130" port: 45729 }, Status: LMP_MISMATCH, Last received: 0.0, Next index: 2, Last known committed idx: 1, Time since last communication: 0.000s
I20260713 09:04:20.821909  6785 raft_consensus.cc:1275] T f9a28e738eee4f97a59bf6ac6b68db08 P 2d798b704e8d48bfa252bae731d6151e [term 2 FOLLOWER]: Refusing update from remote peer 84b3396302f64044b09c9e26b4f539a2: Log matching property violated. Preceding OpId in replica: term: 1 index: 1. Preceding OpId from leader: term: 2 index: 2. (index mismatch)
I20260713 09:04:20.823982  6987 consensus_queue.cc:1048] T f9a28e738eee4f97a59bf6ac6b68db08 P 84b3396302f64044b09c9e26b4f539a2 [LEADER]: Connected to new peer: Peer: permanent_uuid: "2d798b704e8d48bfa252bae731d6151e" member_type: VOTER last_known_addr { host: "127.5.219.131" port: 36105 }, Status: LMP_MISMATCH, Last received: 0.0, Next index: 2, Last known committed idx: 1, Time since last communication: 0.000s
I20260713 09:04:22.977480  5998 auto_leader_rebalancer.cc:141] leader rebalance for table test-workload
I20260713 09:04:22.985199  6636 tablet_service.cc:2072] Received LeaderStepDown RPC: tablet_id: "3d0954dfdc9f49daaf7d6c8e36888d6b"
dest_uuid: "84b3396302f64044b09c9e26b4f539a2"
mode: GRACEFUL
new_leader_uuid: "827a3fc18a6342028c5842df3759a3a2"
 from {username='slave'} at 127.0.0.1:34358
I20260713 09:04:22.985714  6636 raft_consensus.cc:606] T 3d0954dfdc9f49daaf7d6c8e36888d6b P 84b3396302f64044b09c9e26b4f539a2 [term 4 LEADER]: Received request to transfer leadership to TS 827a3fc18a6342028c5842df3759a3a2
I20260713 09:04:22.988497  6636 tablet_service.cc:2072] Received LeaderStepDown RPC: tablet_id: "6409690f3228489789ffc0579ae50f67"
dest_uuid: "84b3396302f64044b09c9e26b4f539a2"
mode: GRACEFUL
new_leader_uuid: "2d798b704e8d48bfa252bae731d6151e"
 from {username='slave'} at 127.0.0.1:34358
I20260713 09:04:22.988966  6636 raft_consensus.cc:606] T 6409690f3228489789ffc0579ae50f67 P 84b3396302f64044b09c9e26b4f539a2 [term 2 LEADER]: Received request to transfer leadership to TS 2d798b704e8d48bfa252bae731d6151e
I20260713 09:04:22.991451  6636 tablet_service.cc:2072] Received LeaderStepDown RPC: tablet_id: "d1ba3e1ffa33496baa9289d48a211880"
dest_uuid: "84b3396302f64044b09c9e26b4f539a2"
mode: GRACEFUL
new_leader_uuid: "2d798b704e8d48bfa252bae731d6151e"
 from {username='slave'} at 127.0.0.1:34358
I20260713 09:04:22.991941  6636 raft_consensus.cc:606] T d1ba3e1ffa33496baa9289d48a211880 P 84b3396302f64044b09c9e26b4f539a2 [term 4 LEADER]: Received request to transfer leadership to TS 2d798b704e8d48bfa252bae731d6151e
I20260713 09:04:22.994273  6636 tablet_service.cc:2072] Received LeaderStepDown RPC: tablet_id: "fb6239f8c8254b8a98ae9ad3a80a55da"
dest_uuid: "84b3396302f64044b09c9e26b4f539a2"
mode: GRACEFUL
new_leader_uuid: "827a3fc18a6342028c5842df3759a3a2"
 from {username='slave'} at 127.0.0.1:34358
I20260713 09:04:22.994715  6636 raft_consensus.cc:606] T fb6239f8c8254b8a98ae9ad3a80a55da P 84b3396302f64044b09c9e26b4f539a2 [term 2 LEADER]: Received request to transfer leadership to TS 827a3fc18a6342028c5842df3759a3a2
I20260713 09:04:22.995644  5998 auto_leader_rebalancer.cc:479] table: test-workload, leader rebalance finish, leader transfer count: 4
I20260713 09:04:22.996098  5998 auto_leader_rebalancer.cc:554] All tables' leader rebalancing finished this round
I20260713 09:04:23.206785  6976 raft_consensus.cc:993] T d1ba3e1ffa33496baa9289d48a211880 P 84b3396302f64044b09c9e26b4f539a2: : Instructing follower 2d798b704e8d48bfa252bae731d6151e to start an election
I20260713 09:04:23.207248  6987 raft_consensus.cc:1081] T d1ba3e1ffa33496baa9289d48a211880 P 84b3396302f64044b09c9e26b4f539a2 [term 4 LEADER]: Signalling peer 2d798b704e8d48bfa252bae731d6151e to start an election
I20260713 09:04:23.208664  6784 tablet_service.cc:2044] Received Run Leader Election RPC: tablet_id: "d1ba3e1ffa33496baa9289d48a211880"
dest_uuid: "2d798b704e8d48bfa252bae731d6151e"
 from {username='slave'} at 127.0.0.1:34890
I20260713 09:04:23.209189  6784 raft_consensus.cc:493] T d1ba3e1ffa33496baa9289d48a211880 P 2d798b704e8d48bfa252bae731d6151e [term 4 FOLLOWER]: Starting forced leader election (received explicit request)
I20260713 09:04:23.209436  6784 raft_consensus.cc:3060] T d1ba3e1ffa33496baa9289d48a211880 P 2d798b704e8d48bfa252bae731d6151e [term 4 FOLLOWER]: Advancing to term 5
I20260713 09:04:23.214583  6784 raft_consensus.cc:515] T d1ba3e1ffa33496baa9289d48a211880 P 2d798b704e8d48bfa252bae731d6151e [term 5 FOLLOWER]: Starting forced leader election with config: opid_index: -1 OBSOLETE_local: false peers { permanent_uuid: "84b3396302f64044b09c9e26b4f539a2" member_type: VOTER last_known_addr { host: "127.5.219.129" port: 36539 } } peers { permanent_uuid: "827a3fc18a6342028c5842df3759a3a2" member_type: VOTER last_known_addr { host: "127.5.219.130" port: 45729 } } peers { permanent_uuid: "2d798b704e8d48bfa252bae731d6151e" member_type: VOTER last_known_addr { host: "127.5.219.131" port: 36105 } }
I20260713 09:04:23.216233  6784 leader_election.cc:290] T d1ba3e1ffa33496baa9289d48a211880 P 2d798b704e8d48bfa252bae731d6151e [CANDIDATE]: Term 5 election: Requested vote from peers 84b3396302f64044b09c9e26b4f539a2 (127.5.219.129:36539), 827a3fc18a6342028c5842df3759a3a2 (127.5.219.130:45729)
I20260713 09:04:23.217149  6636 tablet_service.cc:1917] Received RequestConsensusVote() RPC: tablet_id: "d1ba3e1ffa33496baa9289d48a211880" candidate_uuid: "2d798b704e8d48bfa252bae731d6151e" candidate_term: 5 candidate_status { last_received { term: 4 index: 4 } } ignore_live_leader: true dest_uuid: "84b3396302f64044b09c9e26b4f539a2"
I20260713 09:04:23.217283  6710 tablet_service.cc:1917] Received RequestConsensusVote() RPC: tablet_id: "d1ba3e1ffa33496baa9289d48a211880" candidate_uuid: "2d798b704e8d48bfa252bae731d6151e" candidate_term: 5 candidate_status { last_received { term: 4 index: 4 } } ignore_live_leader: true dest_uuid: "827a3fc18a6342028c5842df3759a3a2"
I20260713 09:04:23.217710  6636 raft_consensus.cc:3055] T d1ba3e1ffa33496baa9289d48a211880 P 84b3396302f64044b09c9e26b4f539a2 [term 4 LEADER]: Stepping down as leader of term 4
I20260713 09:04:23.217800  6710 raft_consensus.cc:3060] T d1ba3e1ffa33496baa9289d48a211880 P 827a3fc18a6342028c5842df3759a3a2 [term 4 FOLLOWER]: Advancing to term 5
I20260713 09:04:23.218030  6636 raft_consensus.cc:740] T d1ba3e1ffa33496baa9289d48a211880 P 84b3396302f64044b09c9e26b4f539a2 [term 4 LEADER]: Becoming Follower/Learner. State: Replica: 84b3396302f64044b09c9e26b4f539a2, State: Running, Role: LEADER
I20260713 09:04:23.218743  6636 consensus_queue.cc:260] T d1ba3e1ffa33496baa9289d48a211880 P 84b3396302f64044b09c9e26b4f539a2 [NON_LEADER]: Queue going to NON_LEADER mode. State: All replicated index: 0, Majority replicated index: 4, Committed index: 4, Last appended: 4.4, Last appended by leader: 4, Current term: 4, Majority size: -1, State: 0, Mode: NON_LEADER, active raft config: opid_index: -1 OBSOLETE_local: false peers { permanent_uuid: "84b3396302f64044b09c9e26b4f539a2" member_type: VOTER last_known_addr { host: "127.5.219.129" port: 36539 } } peers { permanent_uuid: "827a3fc18a6342028c5842df3759a3a2" member_type: VOTER last_known_addr { host: "127.5.219.130" port: 45729 } } peers { permanent_uuid: "2d798b704e8d48bfa252bae731d6151e" member_type: VOTER last_known_addr { host: "127.5.219.131" port: 36105 } }
I20260713 09:04:23.219841  6636 raft_consensus.cc:3060] T d1ba3e1ffa33496baa9289d48a211880 P 84b3396302f64044b09c9e26b4f539a2 [term 4 FOLLOWER]: Advancing to term 5
I20260713 09:04:23.223596  6710 raft_consensus.cc:2468] T d1ba3e1ffa33496baa9289d48a211880 P 827a3fc18a6342028c5842df3759a3a2 [term 5 FOLLOWER]: Leader election vote request: Granting yes vote for candidate 2d798b704e8d48bfa252bae731d6151e in term 5.
I20260713 09:04:23.224807  6748 leader_election.cc:304] T d1ba3e1ffa33496baa9289d48a211880 P 2d798b704e8d48bfa252bae731d6151e [CANDIDATE]: Term 5 election: Election decided. Result: candidate won. Election summary: received 2 responses out of 3 voters: 2 yes votes; 0 no votes. yes voters: 2d798b704e8d48bfa252bae731d6151e, 827a3fc18a6342028c5842df3759a3a2; no voters: 
I20260713 09:04:23.225564  6969 raft_consensus.cc:2804] T d1ba3e1ffa33496baa9289d48a211880 P 2d798b704e8d48bfa252bae731d6151e [term 5 FOLLOWER]: Leader election won for term 5
I20260713 09:04:23.225948  6636 raft_consensus.cc:2468] T d1ba3e1ffa33496baa9289d48a211880 P 84b3396302f64044b09c9e26b4f539a2 [term 5 FOLLOWER]: Leader election vote request: Granting yes vote for candidate 2d798b704e8d48bfa252bae731d6151e in term 5.
I20260713 09:04:23.226739  6969 raft_consensus.cc:697] T d1ba3e1ffa33496baa9289d48a211880 P 2d798b704e8d48bfa252bae731d6151e [term 5 LEADER]: Becoming Leader. State: Replica: 2d798b704e8d48bfa252bae731d6151e, State: Running, Role: LEADER
I20260713 09:04:23.227608  6969 consensus_queue.cc:237] T d1ba3e1ffa33496baa9289d48a211880 P 2d798b704e8d48bfa252bae731d6151e [LEADER]: Queue going to LEADER mode. State: All replicated index: 0, Majority replicated index: 4, Committed index: 4, Last appended: 4.4, Last appended by leader: 4, Current term: 5, Majority size: 2, State: 0, Mode: LEADER, active raft config: opid_index: -1 OBSOLETE_local: false peers { permanent_uuid: "84b3396302f64044b09c9e26b4f539a2" member_type: VOTER last_known_addr { host: "127.5.219.129" port: 36539 } } peers { permanent_uuid: "827a3fc18a6342028c5842df3759a3a2" member_type: VOTER last_known_addr { host: "127.5.219.130" port: 45729 } } peers { permanent_uuid: "2d798b704e8d48bfa252bae731d6151e" member_type: VOTER last_known_addr { host: "127.5.219.131" port: 36105 } }
I20260713 09:04:23.236193  6993 raft_consensus.cc:993] T 3d0954dfdc9f49daaf7d6c8e36888d6b P 84b3396302f64044b09c9e26b4f539a2: : Instructing follower 827a3fc18a6342028c5842df3759a3a2 to start an election
I20260713 09:04:23.236665  6987 raft_consensus.cc:1081] T 3d0954dfdc9f49daaf7d6c8e36888d6b P 84b3396302f64044b09c9e26b4f539a2 [term 4 LEADER]: Signalling peer 827a3fc18a6342028c5842df3759a3a2 to start an election
I20260713 09:04:23.238191  6710 tablet_service.cc:2044] Received Run Leader Election RPC: tablet_id: "3d0954dfdc9f49daaf7d6c8e36888d6b"
dest_uuid: "827a3fc18a6342028c5842df3759a3a2"
 from {username='slave'} at 127.0.0.1:44436
I20260713 09:04:23.237977  6532 catalog_manager.cc:5697] T d1ba3e1ffa33496baa9289d48a211880 P 2d798b704e8d48bfa252bae731d6151e reported cstate change: term changed from 4 to 5, leader changed from 84b3396302f64044b09c9e26b4f539a2 (127.5.219.129) to 2d798b704e8d48bfa252bae731d6151e (127.5.219.131). New cstate: current_term: 5 leader_uuid: "2d798b704e8d48bfa252bae731d6151e" committed_config { opid_index: -1 OBSOLETE_local: false peers { permanent_uuid: "84b3396302f64044b09c9e26b4f539a2" member_type: VOTER last_known_addr { host: "127.5.219.129" port: 36539 } health_report { overall_health: UNKNOWN } } peers { permanent_uuid: "827a3fc18a6342028c5842df3759a3a2" member_type: VOTER last_known_addr { host: "127.5.219.130" port: 45729 } health_report { overall_health: UNKNOWN } } peers { permanent_uuid: "2d798b704e8d48bfa252bae731d6151e" member_type: VOTER last_known_addr { host: "127.5.219.131" port: 36105 } health_report { overall_health: HEALTHY } } }
I20260713 09:04:23.238651  6710 raft_consensus.cc:493] T 3d0954dfdc9f49daaf7d6c8e36888d6b P 827a3fc18a6342028c5842df3759a3a2 [term 4 FOLLOWER]: Starting forced leader election (received explicit request)
I20260713 09:04:23.239001  6710 raft_consensus.cc:3060] T 3d0954dfdc9f49daaf7d6c8e36888d6b P 827a3fc18a6342028c5842df3759a3a2 [term 4 FOLLOWER]: Advancing to term 5
I20260713 09:04:23.244112  6710 raft_consensus.cc:515] T 3d0954dfdc9f49daaf7d6c8e36888d6b P 827a3fc18a6342028c5842df3759a3a2 [term 5 FOLLOWER]: Starting forced leader election with config: opid_index: -1 OBSOLETE_local: false peers { permanent_uuid: "84b3396302f64044b09c9e26b4f539a2" member_type: VOTER last_known_addr { host: "127.5.219.129" port: 36539 } } peers { permanent_uuid: "827a3fc18a6342028c5842df3759a3a2" member_type: VOTER last_known_addr { host: "127.5.219.130" port: 45729 } } peers { permanent_uuid: "2d798b704e8d48bfa252bae731d6151e" member_type: VOTER last_known_addr { host: "127.5.219.131" port: 36105 } }
I20260713 09:04:23.246428  6710 leader_election.cc:290] T 3d0954dfdc9f49daaf7d6c8e36888d6b P 827a3fc18a6342028c5842df3759a3a2 [CANDIDATE]: Term 5 election: Requested vote from peers 84b3396302f64044b09c9e26b4f539a2 (127.5.219.129:36539), 2d798b704e8d48bfa252bae731d6151e (127.5.219.131:36105)
I20260713 09:04:23.247336  6636 tablet_service.cc:1917] Received RequestConsensusVote() RPC: tablet_id: "3d0954dfdc9f49daaf7d6c8e36888d6b" candidate_uuid: "827a3fc18a6342028c5842df3759a3a2" candidate_term: 5 candidate_status { last_received { term: 4 index: 4 } } ignore_live_leader: true dest_uuid: "84b3396302f64044b09c9e26b4f539a2"
I20260713 09:04:23.247969  6636 raft_consensus.cc:3055] T 3d0954dfdc9f49daaf7d6c8e36888d6b P 84b3396302f64044b09c9e26b4f539a2 [term 4 LEADER]: Stepping down as leader of term 4
I20260713 09:04:23.248006  6784 tablet_service.cc:1917] Received RequestConsensusVote() RPC: tablet_id: "3d0954dfdc9f49daaf7d6c8e36888d6b" candidate_uuid: "827a3fc18a6342028c5842df3759a3a2" candidate_term: 5 candidate_status { last_received { term: 4 index: 4 } } ignore_live_leader: true dest_uuid: "2d798b704e8d48bfa252bae731d6151e"
I20260713 09:04:23.248411  6636 raft_consensus.cc:740] T 3d0954dfdc9f49daaf7d6c8e36888d6b P 84b3396302f64044b09c9e26b4f539a2 [term 4 LEADER]: Becoming Follower/Learner. State: Replica: 84b3396302f64044b09c9e26b4f539a2, State: Running, Role: LEADER
I20260713 09:04:23.248636  6784 raft_consensus.cc:3060] T 3d0954dfdc9f49daaf7d6c8e36888d6b P 2d798b704e8d48bfa252bae731d6151e [term 4 FOLLOWER]: Advancing to term 5
I20260713 09:04:23.249280  6636 consensus_queue.cc:260] T 3d0954dfdc9f49daaf7d6c8e36888d6b P 84b3396302f64044b09c9e26b4f539a2 [NON_LEADER]: Queue going to NON_LEADER mode. State: All replicated index: 0, Majority replicated index: 4, Committed index: 4, Last appended: 4.4, Last appended by leader: 4, Current term: 4, Majority size: -1, State: 0, Mode: NON_LEADER, active raft config: opid_index: -1 OBSOLETE_local: false peers { permanent_uuid: "84b3396302f64044b09c9e26b4f539a2" member_type: VOTER last_known_addr { host: "127.5.219.129" port: 36539 } } peers { permanent_uuid: "827a3fc18a6342028c5842df3759a3a2" member_type: VOTER last_known_addr { host: "127.5.219.130" port: 45729 } } peers { permanent_uuid: "2d798b704e8d48bfa252bae731d6151e" member_type: VOTER last_known_addr { host: "127.5.219.131" port: 36105 } }
I20260713 09:04:23.250377  6636 raft_consensus.cc:3060] T 3d0954dfdc9f49daaf7d6c8e36888d6b P 84b3396302f64044b09c9e26b4f539a2 [term 4 FOLLOWER]: Advancing to term 5
I20260713 09:04:23.255095  6636 raft_consensus.cc:2468] T 3d0954dfdc9f49daaf7d6c8e36888d6b P 84b3396302f64044b09c9e26b4f539a2 [term 5 FOLLOWER]: Leader election vote request: Granting yes vote for candidate 827a3fc18a6342028c5842df3759a3a2 in term 5.
I20260713 09:04:23.255097  6784 raft_consensus.cc:2468] T 3d0954dfdc9f49daaf7d6c8e36888d6b P 2d798b704e8d48bfa252bae731d6151e [term 5 FOLLOWER]: Leader election vote request: Granting yes vote for candidate 827a3fc18a6342028c5842df3759a3a2 in term 5.
I20260713 09:04:23.256140  6676 leader_election.cc:304] T 3d0954dfdc9f49daaf7d6c8e36888d6b P 827a3fc18a6342028c5842df3759a3a2 [CANDIDATE]: Term 5 election: Election decided. Result: candidate won. Election summary: received 2 responses out of 3 voters: 2 yes votes; 0 no votes. yes voters: 827a3fc18a6342028c5842df3759a3a2, 84b3396302f64044b09c9e26b4f539a2; no voters: 
I20260713 09:04:23.256925  6952 raft_consensus.cc:2804] T 3d0954dfdc9f49daaf7d6c8e36888d6b P 827a3fc18a6342028c5842df3759a3a2 [term 5 FOLLOWER]: Leader election won for term 5
I20260713 09:04:23.258001  6952 raft_consensus.cc:697] T 3d0954dfdc9f49daaf7d6c8e36888d6b P 827a3fc18a6342028c5842df3759a3a2 [term 5 LEADER]: Becoming Leader. State: Replica: 827a3fc18a6342028c5842df3759a3a2, State: Running, Role: LEADER
I20260713 09:04:23.259137  6952 consensus_queue.cc:237] T 3d0954dfdc9f49daaf7d6c8e36888d6b P 827a3fc18a6342028c5842df3759a3a2 [LEADER]: Queue going to LEADER mode. State: All replicated index: 0, Majority replicated index: 4, Committed index: 4, Last appended: 4.4, Last appended by leader: 4, Current term: 5, Majority size: 2, State: 0, Mode: LEADER, active raft config: opid_index: -1 OBSOLETE_local: false peers { permanent_uuid: "84b3396302f64044b09c9e26b4f539a2" member_type: VOTER last_known_addr { host: "127.5.219.129" port: 36539 } } peers { permanent_uuid: "827a3fc18a6342028c5842df3759a3a2" member_type: VOTER last_known_addr { host: "127.5.219.130" port: 45729 } } peers { permanent_uuid: "2d798b704e8d48bfa252bae731d6151e" member_type: VOTER last_known_addr { host: "127.5.219.131" port: 36105 } }
I20260713 09:04:23.267189  6532 catalog_manager.cc:5697] T 3d0954dfdc9f49daaf7d6c8e36888d6b P 827a3fc18a6342028c5842df3759a3a2 reported cstate change: term changed from 4 to 5, leader changed from 84b3396302f64044b09c9e26b4f539a2 (127.5.219.129) to 827a3fc18a6342028c5842df3759a3a2 (127.5.219.130). New cstate: current_term: 5 leader_uuid: "827a3fc18a6342028c5842df3759a3a2" committed_config { opid_index: -1 OBSOLETE_local: false peers { permanent_uuid: "84b3396302f64044b09c9e26b4f539a2" member_type: VOTER last_known_addr { host: "127.5.219.129" port: 36539 } health_report { overall_health: UNKNOWN } } peers { permanent_uuid: "827a3fc18a6342028c5842df3759a3a2" member_type: VOTER last_known_addr { host: "127.5.219.130" port: 45729 } health_report { overall_health: HEALTHY } } peers { permanent_uuid: "2d798b704e8d48bfa252bae731d6151e" member_type: VOTER last_known_addr { host: "127.5.219.131" port: 36105 } health_report { overall_health: UNKNOWN } } }
I20260713 09:04:23.367622  6993 raft_consensus.cc:993] T fb6239f8c8254b8a98ae9ad3a80a55da P 84b3396302f64044b09c9e26b4f539a2: : Instructing follower 827a3fc18a6342028c5842df3759a3a2 to start an election
I20260713 09:04:23.368247  6987 raft_consensus.cc:1081] T fb6239f8c8254b8a98ae9ad3a80a55da P 84b3396302f64044b09c9e26b4f539a2 [term 2 LEADER]: Signalling peer 827a3fc18a6342028c5842df3759a3a2 to start an election
I20260713 09:04:23.369740  6710 tablet_service.cc:2044] Received Run Leader Election RPC: tablet_id: "fb6239f8c8254b8a98ae9ad3a80a55da"
dest_uuid: "827a3fc18a6342028c5842df3759a3a2"
 from {username='slave'} at 127.0.0.1:44436
I20260713 09:04:23.370204  6710 raft_consensus.cc:493] T fb6239f8c8254b8a98ae9ad3a80a55da P 827a3fc18a6342028c5842df3759a3a2 [term 2 FOLLOWER]: Starting forced leader election (received explicit request)
I20260713 09:04:23.370488  6710 raft_consensus.cc:3060] T fb6239f8c8254b8a98ae9ad3a80a55da P 827a3fc18a6342028c5842df3759a3a2 [term 2 FOLLOWER]: Advancing to term 3
I20260713 09:04:23.375056  6710 raft_consensus.cc:515] T fb6239f8c8254b8a98ae9ad3a80a55da P 827a3fc18a6342028c5842df3759a3a2 [term 3 FOLLOWER]: Starting forced leader election with config: opid_index: -1 OBSOLETE_local: false peers { permanent_uuid: "84b3396302f64044b09c9e26b4f539a2" member_type: VOTER last_known_addr { host: "127.5.219.129" port: 36539 } } peers { permanent_uuid: "827a3fc18a6342028c5842df3759a3a2" member_type: VOTER last_known_addr { host: "127.5.219.130" port: 45729 } } peers { permanent_uuid: "2d798b704e8d48bfa252bae731d6151e" member_type: VOTER last_known_addr { host: "127.5.219.131" port: 36105 } }
