I20260713 09:04:22.482103  7174 raft_consensus.cc:740] T 133a63499fc64ee8beabe68baeca5d08 P a53f141d50284c9e81838d761c69a7e4 [term 0 FOLLOWER]: Becoming Follower/Learner. State: Replica: a53f141d50284c9e81838d761c69a7e4, State: Initialized, Role: FOLLOWER
I20260713 09:04:22.485035  7022 leader_election.cc:304] T f25e08d31f984b818004fa1df60ff133 P 0edce7a59f974007a0f24818550c0715 [CANDIDATE]: Term 1 election: Election decided. Result: candidate won. Election summary: received 2 responses out of 3 voters: 2 yes votes; 0 no votes. yes voters: 0edce7a59f974007a0f24818550c0715, a53f141d50284c9e81838d761c69a7e4; no voters: 
I20260713 09:04:22.486069  7274 raft_consensus.cc:2804] T f25e08d31f984b818004fa1df60ff133 P 0edce7a59f974007a0f24818550c0715 [term 1 FOLLOWER]: Leader election won for term 1
I20260713 09:04:22.486764  7274 raft_consensus.cc:697] T f25e08d31f984b818004fa1df60ff133 P 0edce7a59f974007a0f24818550c0715 [term 1 LEADER]: Becoming Leader. State: Replica: 0edce7a59f974007a0f24818550c0715, State: Running, Role: LEADER
I20260713 09:04:22.487138  7171 tablet_bootstrap.cc:492] T 00ced52e40f54aaf8c12fb625b8f179c P 0edce7a59f974007a0f24818550c0715: No bootstrap required, opened a new log
I20260713 09:04:22.487546  7171 ts_tablet_manager.cc:1403] T 00ced52e40f54aaf8c12fb625b8f179c P 0edce7a59f974007a0f24818550c0715: Time spent bootstrapping tablet: real 0.185s	user 0.013s	sys 0.010s
I20260713 09:04:22.489641  7171 raft_consensus.cc:359] T 00ced52e40f54aaf8c12fb625b8f179c P 0edce7a59f974007a0f24818550c0715 [term 0 FOLLOWER]: Replica starting. Triggering 0 pending ops. Active config: opid_index: -1 OBSOLETE_local: false peers { permanent_uuid: "a53f141d50284c9e81838d761c69a7e4" member_type: VOTER last_known_addr { host: "127.5.187.129" port: 42531 } } peers { permanent_uuid: "0edce7a59f974007a0f24818550c0715" member_type: VOTER last_known_addr { host: "127.5.187.130" port: 45321 } } peers { permanent_uuid: "c78af5dd19c14f4ba7a0739c4a02f6ea" member_type: VOTER last_known_addr { host: "127.5.187.131" port: 37459 } }
I20260713 09:04:22.490142  7171 raft_consensus.cc:385] T 00ced52e40f54aaf8c12fb625b8f179c P 0edce7a59f974007a0f24818550c0715 [term 0 FOLLOWER]: Consensus starting up: Expiring failure detector timer to make a prompt election more likely
I20260713 09:04:22.490361  7171 raft_consensus.cc:740] T 00ced52e40f54aaf8c12fb625b8f179c P 0edce7a59f974007a0f24818550c0715 [term 0 FOLLOWER]: Becoming Follower/Learner. State: Replica: 0edce7a59f974007a0f24818550c0715, State: Initialized, Role: FOLLOWER
I20260713 09:04:22.490935  7171 consensus_queue.cc:260] T 00ced52e40f54aaf8c12fb625b8f179c P 0edce7a59f974007a0f24818550c0715 [NON_LEADER]: Queue going to NON_LEADER mode. State: All replicated index: 0, Majority replicated index: 0, Committed index: 0, Last appended: 0.0, Last appended by leader: 0, Current term: 0, Majority size: -1, State: 0, Mode: NON_LEADER, active raft config: opid_index: -1 OBSOLETE_local: false peers { permanent_uuid: "a53f141d50284c9e81838d761c69a7e4" member_type: VOTER last_known_addr { host: "127.5.187.129" port: 42531 } } peers { permanent_uuid: "0edce7a59f974007a0f24818550c0715" member_type: VOTER last_known_addr { host: "127.5.187.130" port: 45321 } } peers { permanent_uuid: "c78af5dd19c14f4ba7a0739c4a02f6ea" member_type: VOTER last_known_addr { host: "127.5.187.131" port: 37459 } }
I20260713 09:04:22.492751  7174 consensus_queue.cc:260] T 133a63499fc64ee8beabe68baeca5d08 P a53f141d50284c9e81838d761c69a7e4 [NON_LEADER]: Queue going to NON_LEADER mode. State: All replicated index: 0, Majority replicated index: 0, Committed index: 0, Last appended: 0.0, Last appended by leader: 0, Current term: 0, Majority size: -1, State: 0, Mode: NON_LEADER, active raft config: opid_index: -1 OBSOLETE_local: false peers { permanent_uuid: "a53f141d50284c9e81838d761c69a7e4" member_type: VOTER last_known_addr { host: "127.5.187.129" port: 42531 } } peers { permanent_uuid: "0edce7a59f974007a0f24818550c0715" member_type: VOTER last_known_addr { host: "127.5.187.130" port: 45321 } } peers { permanent_uuid: "c78af5dd19c14f4ba7a0739c4a02f6ea" member_type: VOTER last_known_addr { host: "127.5.187.131" port: 37459 } }
I20260713 09:04:22.496176  7171 ts_tablet_manager.cc:1434] T 00ced52e40f54aaf8c12fb625b8f179c P 0edce7a59f974007a0f24818550c0715: Time spent starting tablet: real 0.008s	user 0.005s	sys 0.001s
I20260713 09:04:22.497095  7171 tablet_bootstrap.cc:492] T 133a63499fc64ee8beabe68baeca5d08 P 0edce7a59f974007a0f24818550c0715: Bootstrap starting.
I20260713 09:04:22.496937  7057 tablet_service.cc:1917] Received RequestConsensusVote() RPC: tablet_id: "00ced52e40f54aaf8c12fb625b8f179c" candidate_uuid: "c78af5dd19c14f4ba7a0739c4a02f6ea" candidate_term: 1 candidate_status { last_received { term: 0 index: 0 } } ignore_live_leader: false dest_uuid: "0edce7a59f974007a0f24818550c0715"
I20260713 09:04:22.497562  7057 raft_consensus.cc:3060] T 00ced52e40f54aaf8c12fb625b8f179c P 0edce7a59f974007a0f24818550c0715 [term 0 FOLLOWER]: Advancing to term 1
I20260713 09:04:22.484326  7219 leader_election.cc:290] T f25e08d31f984b818004fa1df60ff133 P 0edce7a59f974007a0f24818550c0715 [CANDIDATE]: Term 1 election: Requested vote from peers a53f141d50284c9e81838d761c69a7e4 (127.5.187.129:42531), c78af5dd19c14f4ba7a0739c4a02f6ea (127.5.187.131:37459)
I20260713 09:04:22.499325  7130 tablet_service.cc:1917] Received RequestConsensusVote() RPC: tablet_id: "f25e08d31f984b818004fa1df60ff133" candidate_uuid: "0edce7a59f974007a0f24818550c0715" candidate_term: 1 candidate_status { last_received { term: 0 index: 0 } } ignore_live_leader: false dest_uuid: "c78af5dd19c14f4ba7a0739c4a02f6ea"
I20260713 09:04:22.501191  7130 raft_consensus.cc:3060] T f25e08d31f984b818004fa1df60ff133 P c78af5dd19c14f4ba7a0739c4a02f6ea [term 0 FOLLOWER]: Advancing to term 1
I20260713 09:04:22.501675  7174 ts_tablet_manager.cc:1434] T 133a63499fc64ee8beabe68baeca5d08 P a53f141d50284c9e81838d761c69a7e4: Time spent starting tablet: real 0.058s	user 0.007s	sys 0.002s
I20260713 09:04:22.502560  7174 tablet_bootstrap.cc:492] T a6267ffe403748c4ac86655aca31a401 P a53f141d50284c9e81838d761c69a7e4: Bootstrap starting.
I20260713 09:04:22.506323  7172 tablet_bootstrap.cc:492] T 3becaef123ef482eaa0be51e08624360 P c78af5dd19c14f4ba7a0739c4a02f6ea: No bootstrap required, opened a new log
I20260713 09:04:22.506709  7172 ts_tablet_manager.cc:1403] T 3becaef123ef482eaa0be51e08624360 P c78af5dd19c14f4ba7a0739c4a02f6ea: Time spent bootstrapping tablet: real 0.048s	user 0.017s	sys 0.013s
I20260713 09:04:22.510299  7172 raft_consensus.cc:359] T 3becaef123ef482eaa0be51e08624360 P c78af5dd19c14f4ba7a0739c4a02f6ea [term 0 FOLLOWER]: Replica starting. Triggering 0 pending ops. Active config: opid_index: -1 OBSOLETE_local: false peers { permanent_uuid: "a53f141d50284c9e81838d761c69a7e4" member_type: VOTER last_known_addr { host: "127.5.187.129" port: 42531 } } peers { permanent_uuid: "0edce7a59f974007a0f24818550c0715" member_type: VOTER last_known_addr { host: "127.5.187.130" port: 45321 } } peers { permanent_uuid: "c78af5dd19c14f4ba7a0739c4a02f6ea" member_type: VOTER last_known_addr { host: "127.5.187.131" port: 37459 } }
I20260713 09:04:22.510922  7172 raft_consensus.cc:385] T 3becaef123ef482eaa0be51e08624360 P c78af5dd19c14f4ba7a0739c4a02f6ea [term 0 FOLLOWER]: Consensus starting up: Expiring failure detector timer to make a prompt election more likely
I20260713 09:04:22.511188  7172 raft_consensus.cc:740] T 3becaef123ef482eaa0be51e08624360 P c78af5dd19c14f4ba7a0739c4a02f6ea [term 0 FOLLOWER]: Becoming Follower/Learner. State: Replica: c78af5dd19c14f4ba7a0739c4a02f6ea, State: Initialized, Role: FOLLOWER
I20260713 09:04:22.511356  7057 raft_consensus.cc:2468] T 00ced52e40f54aaf8c12fb625b8f179c P 0edce7a59f974007a0f24818550c0715 [term 1 FOLLOWER]: Leader election vote request: Granting yes vote for candidate c78af5dd19c14f4ba7a0739c4a02f6ea in term 1.
I20260713 09:04:22.511582  7130 raft_consensus.cc:2468] T f25e08d31f984b818004fa1df60ff133 P c78af5dd19c14f4ba7a0739c4a02f6ea [term 1 FOLLOWER]: Leader election vote request: Granting yes vote for candidate 0edce7a59f974007a0f24818550c0715 in term 1.
I20260713 09:04:22.511974  7172 consensus_queue.cc:260] T 3becaef123ef482eaa0be51e08624360 P c78af5dd19c14f4ba7a0739c4a02f6ea [NON_LEADER]: Queue going to NON_LEADER mode. State: All replicated index: 0, Majority replicated index: 0, Committed index: 0, Last appended: 0.0, Last appended by leader: 0, Current term: 0, Majority size: -1, State: 0, Mode: NON_LEADER, active raft config: opid_index: -1 OBSOLETE_local: false peers { permanent_uuid: "a53f141d50284c9e81838d761c69a7e4" member_type: VOTER last_known_addr { host: "127.5.187.129" port: 42531 } } peers { permanent_uuid: "0edce7a59f974007a0f24818550c0715" member_type: VOTER last_known_addr { host: "127.5.187.130" port: 45321 } } peers { permanent_uuid: "c78af5dd19c14f4ba7a0739c4a02f6ea" member_type: VOTER last_known_addr { host: "127.5.187.131" port: 37459 } }
I20260713 09:04:22.514570  7172 ts_tablet_manager.cc:1434] T 3becaef123ef482eaa0be51e08624360 P c78af5dd19c14f4ba7a0739c4a02f6ea: Time spent starting tablet: real 0.008s	user 0.007s	sys 0.000s
I20260713 09:04:22.515555  7172 tablet_bootstrap.cc:492] T ea9ed80d96154c70bf482e7cae658596 P c78af5dd19c14f4ba7a0739c4a02f6ea: Bootstrap starting.
I20260713 09:04:22.515189  7274 consensus_queue.cc:237] T f25e08d31f984b818004fa1df60ff133 P 0edce7a59f974007a0f24818550c0715 [LEADER]: Queue going to LEADER mode. State: All replicated index: 0, Majority replicated index: 0, Committed index: 0, Last appended: 0.0, Last appended by leader: 0, Current term: 1, Majority size: 2, State: 0, Mode: LEADER, active raft config: opid_index: -1 OBSOLETE_local: false peers { permanent_uuid: "a53f141d50284c9e81838d761c69a7e4" member_type: VOTER last_known_addr { host: "127.5.187.129" port: 42531 } } peers { permanent_uuid: "0edce7a59f974007a0f24818550c0715" member_type: VOTER last_known_addr { host: "127.5.187.130" port: 45321 } } peers { permanent_uuid: "c78af5dd19c14f4ba7a0739c4a02f6ea" member_type: VOTER last_known_addr { host: "127.5.187.131" port: 37459 } }
I20260713 09:04:22.521448  7174 tablet_bootstrap.cc:654] T a6267ffe403748c4ac86655aca31a401 P a53f141d50284c9e81838d761c69a7e4: Neither blocks nor log segments found. Creating new log.
I20260713 09:04:22.522343  7172 tablet_bootstrap.cc:654] T ea9ed80d96154c70bf482e7cae658596 P c78af5dd19c14f4ba7a0739c4a02f6ea: Neither blocks nor log segments found. Creating new log.
I20260713 09:04:22.527828  7171 tablet_bootstrap.cc:654] T 133a63499fc64ee8beabe68baeca5d08 P 0edce7a59f974007a0f24818550c0715: Neither blocks nor log segments found. Creating new log.
I20260713 09:04:22.528733  6877 catalog_manager.cc:5697] T 00ced52e40f54aaf8c12fb625b8f179c P c78af5dd19c14f4ba7a0739c4a02f6ea reported cstate change: term changed from 0 to 1, leader changed from <none> to c78af5dd19c14f4ba7a0739c4a02f6ea (127.5.187.131). New cstate: current_term: 1 leader_uuid: "c78af5dd19c14f4ba7a0739c4a02f6ea" committed_config { opid_index: -1 OBSOLETE_local: false peers { permanent_uuid: "a53f141d50284c9e81838d761c69a7e4" member_type: VOTER last_known_addr { host: "127.5.187.129" port: 42531 } health_report { overall_health: UNKNOWN } } peers { permanent_uuid: "0edce7a59f974007a0f24818550c0715" member_type: VOTER last_known_addr { host: "127.5.187.130" port: 45321 } health_report { overall_health: UNKNOWN } } peers { permanent_uuid: "c78af5dd19c14f4ba7a0739c4a02f6ea" member_type: VOTER last_known_addr { host: "127.5.187.131" port: 37459 } health_report { overall_health: HEALTHY } } }
I20260713 09:04:22.532547  7174 tablet_bootstrap.cc:492] T a6267ffe403748c4ac86655aca31a401 P a53f141d50284c9e81838d761c69a7e4: No bootstrap required, opened a new log
W20260713 09:04:22.532406  7094 consensus_peers.cc:597] T 59a7e31af9654146ac3e8ed21bc9dc6c P c78af5dd19c14f4ba7a0739c4a02f6ea -> Peer 0edce7a59f974007a0f24818550c0715 (127.5.187.130:45321): Couldn't send request to peer 0edce7a59f974007a0f24818550c0715. Error code: TABLET_NOT_RUNNING (12). Status: Illegal state: Tablet not RUNNING: INITIALIZED. This is attempt 1: this message will repeat every 5th retry.
I20260713 09:04:22.533103  7174 ts_tablet_manager.cc:1403] T a6267ffe403748c4ac86655aca31a401 P a53f141d50284c9e81838d761c69a7e4: Time spent bootstrapping tablet: real 0.031s	user 0.008s	sys 0.002s
I20260713 09:04:22.539248  7174 raft_consensus.cc:359] T a6267ffe403748c4ac86655aca31a401 P a53f141d50284c9e81838d761c69a7e4 [term 0 FOLLOWER]: Replica starting. Triggering 0 pending ops. Active config: opid_index: -1 OBSOLETE_local: false peers { permanent_uuid: "a53f141d50284c9e81838d761c69a7e4" member_type: VOTER last_known_addr { host: "127.5.187.129" port: 42531 } } peers { permanent_uuid: "0edce7a59f974007a0f24818550c0715" member_type: VOTER last_known_addr { host: "127.5.187.130" port: 45321 } } peers { permanent_uuid: "c78af5dd19c14f4ba7a0739c4a02f6ea" member_type: VOTER last_known_addr { host: "127.5.187.131" port: 37459 } }
I20260713 09:04:22.540131  7174 raft_consensus.cc:385] T a6267ffe403748c4ac86655aca31a401 P a53f141d50284c9e81838d761c69a7e4 [term 0 FOLLOWER]: Consensus starting up: Expiring failure detector timer to make a prompt election more likely
I20260713 09:04:22.540714  7174 raft_consensus.cc:740] T a6267ffe403748c4ac86655aca31a401 P a53f141d50284c9e81838d761c69a7e4 [term 0 FOLLOWER]: Becoming Follower/Learner. State: Replica: a53f141d50284c9e81838d761c69a7e4, State: Initialized, Role: FOLLOWER
I20260713 09:04:22.541417  7174 consensus_queue.cc:260] T a6267ffe403748c4ac86655aca31a401 P a53f141d50284c9e81838d761c69a7e4 [NON_LEADER]: Queue going to NON_LEADER mode. State: All replicated index: 0, Majority replicated index: 0, Committed index: 0, Last appended: 0.0, Last appended by leader: 0, Current term: 0, Majority size: -1, State: 0, Mode: NON_LEADER, active raft config: opid_index: -1 OBSOLETE_local: false peers { permanent_uuid: "a53f141d50284c9e81838d761c69a7e4" member_type: VOTER last_known_addr { host: "127.5.187.129" port: 42531 } } peers { permanent_uuid: "0edce7a59f974007a0f24818550c0715" member_type: VOTER last_known_addr { host: "127.5.187.130" port: 45321 } } peers { permanent_uuid: "c78af5dd19c14f4ba7a0739c4a02f6ea" member_type: VOTER last_known_addr { host: "127.5.187.131" port: 37459 } }
I20260713 09:04:22.544334  7174 ts_tablet_manager.cc:1434] T a6267ffe403748c4ac86655aca31a401 P a53f141d50284c9e81838d761c69a7e4: Time spent starting tablet: real 0.009s	user 0.004s	sys 0.001s
I20260713 09:04:22.545895  7224 raft_consensus.cc:493] T 00fe68e24f3f41089a4ff48b80362e2c P c78af5dd19c14f4ba7a0739c4a02f6ea [term 0 FOLLOWER]: Starting pre-election (no leader contacted us within the election timeout)
I20260713 09:04:22.546583  7174 tablet_bootstrap.cc:492] T d5568fdaefa047fc902ac49b6fed486c P a53f141d50284c9e81838d761c69a7e4: Bootstrap starting.
I20260713 09:04:22.546542  7224 raft_consensus.cc:515] T 00fe68e24f3f41089a4ff48b80362e2c P c78af5dd19c14f4ba7a0739c4a02f6ea [term 0 FOLLOWER]: Starting pre-election with config: opid_index: -1 OBSOLETE_local: false peers { permanent_uuid: "a53f141d50284c9e81838d761c69a7e4" member_type: VOTER last_known_addr { host: "127.5.187.129" port: 42531 } } peers { permanent_uuid: "0edce7a59f974007a0f24818550c0715" member_type: VOTER last_known_addr { host: "127.5.187.130" port: 45321 } } peers { permanent_uuid: "c78af5dd19c14f4ba7a0739c4a02f6ea" member_type: VOTER last_known_addr { host: "127.5.187.131" port: 37459 } }
I20260713 09:04:22.550644  7055 tablet_service.cc:1917] Received RequestConsensusVote() RPC: tablet_id: "00fe68e24f3f41089a4ff48b80362e2c" candidate_uuid: "c78af5dd19c14f4ba7a0739c4a02f6ea" candidate_term: 1 candidate_status { last_received { term: 0 index: 0 } } ignore_live_leader: false dest_uuid: "0edce7a59f974007a0f24818550c0715" is_pre_election: true
W20260713 09:04:22.552084  7094 leader_election.cc:343] T 00fe68e24f3f41089a4ff48b80362e2c P c78af5dd19c14f4ba7a0739c4a02f6ea [CANDIDATE]: Term 1 pre-election: Tablet error from VoteRequest() call to peer 0edce7a59f974007a0f24818550c0715 (127.5.187.130:45321): Illegal state: must be running to vote when last-logged opid is not known
I20260713 09:04:22.554435  7224 leader_election.cc:290] T 00fe68e24f3f41089a4ff48b80362e2c P c78af5dd19c14f4ba7a0739c4a02f6ea [CANDIDATE]: Term 1 pre-election: Requested pre-vote from peers a53f141d50284c9e81838d761c69a7e4 (127.5.187.129:42531), 0edce7a59f974007a0f24818550c0715 (127.5.187.130:45321)
I20260713 09:04:22.556074  7174 tablet_bootstrap.cc:654] T d5568fdaefa047fc902ac49b6fed486c P a53f141d50284c9e81838d761c69a7e4: Neither blocks nor log segments found. Creating new log.
I20260713 09:04:22.556766  7171 tablet_bootstrap.cc:492] T 133a63499fc64ee8beabe68baeca5d08 P 0edce7a59f974007a0f24818550c0715: No bootstrap required, opened a new log
I20260713 09:04:22.557222  7171 ts_tablet_manager.cc:1403] T 133a63499fc64ee8beabe68baeca5d08 P 0edce7a59f974007a0f24818550c0715: Time spent bootstrapping tablet: real 0.060s	user 0.009s	sys 0.009s
I20260713 09:04:22.562194  7171 raft_consensus.cc:359] T 133a63499fc64ee8beabe68baeca5d08 P 0edce7a59f974007a0f24818550c0715 [term 0 FOLLOWER]: Replica starting. Triggering 0 pending ops. Active config: opid_index: -1 OBSOLETE_local: false peers { permanent_uuid: "a53f141d50284c9e81838d761c69a7e4" member_type: VOTER last_known_addr { host: "127.5.187.129" port: 42531 } } peers { permanent_uuid: "0edce7a59f974007a0f24818550c0715" member_type: VOTER last_known_addr { host: "127.5.187.130" port: 45321 } } peers { permanent_uuid: "c78af5dd19c14f4ba7a0739c4a02f6ea" member_type: VOTER last_known_addr { host: "127.5.187.131" port: 37459 } }
I20260713 09:04:22.562999  7171 raft_consensus.cc:385] T 133a63499fc64ee8beabe68baeca5d08 P 0edce7a59f974007a0f24818550c0715 [term 0 FOLLOWER]: Consensus starting up: Expiring failure detector timer to make a prompt election more likely
I20260713 09:04:22.563303  7171 raft_consensus.cc:740] T 133a63499fc64ee8beabe68baeca5d08 P 0edce7a59f974007a0f24818550c0715 [term 0 FOLLOWER]: Becoming Follower/Learner. State: Replica: 0edce7a59f974007a0f24818550c0715, State: Initialized, Role: FOLLOWER
I20260713 09:04:22.563964  7171 consensus_queue.cc:260] T 133a63499fc64ee8beabe68baeca5d08 P 0edce7a59f974007a0f24818550c0715 [NON_LEADER]: Queue going to NON_LEADER mode. State: All replicated index: 0, Majority replicated index: 0, Committed index: 0, Last appended: 0.0, Last appended by leader: 0, Current term: 0, Majority size: -1, State: 0, Mode: NON_LEADER, active raft config: opid_index: -1 OBSOLETE_local: false peers { permanent_uuid: "a53f141d50284c9e81838d761c69a7e4" member_type: VOTER last_known_addr { host: "127.5.187.129" port: 42531 } } peers { permanent_uuid: "0edce7a59f974007a0f24818550c0715" member_type: VOTER last_known_addr { host: "127.5.187.130" port: 45321 } } peers { permanent_uuid: "c78af5dd19c14f4ba7a0739c4a02f6ea" member_type: VOTER last_known_addr { host: "127.5.187.131" port: 37459 } }
I20260713 09:04:22.566001  7174 tablet_bootstrap.cc:492] T d5568fdaefa047fc902ac49b6fed486c P a53f141d50284c9e81838d761c69a7e4: No bootstrap required, opened a new log
I20260713 09:04:22.566177  7171 ts_tablet_manager.cc:1434] T 133a63499fc64ee8beabe68baeca5d08 P 0edce7a59f974007a0f24818550c0715: Time spent starting tablet: real 0.009s	user 0.006s	sys 0.000s
I20260713 09:04:22.566512  7174 ts_tablet_manager.cc:1403] T d5568fdaefa047fc902ac49b6fed486c P a53f141d50284c9e81838d761c69a7e4: Time spent bootstrapping tablet: real 0.020s	user 0.014s	sys 0.000s
I20260713 09:04:22.567021  7171 tablet_bootstrap.cc:492] T 00fe68e24f3f41089a4ff48b80362e2c P 0edce7a59f974007a0f24818550c0715: Bootstrap starting.
I20260713 09:04:22.568894  7174 raft_consensus.cc:359] T d5568fdaefa047fc902ac49b6fed486c P a53f141d50284c9e81838d761c69a7e4 [term 0 FOLLOWER]: Replica starting. Triggering 0 pending ops. Active config: opid_index: -1 OBSOLETE_local: false peers { permanent_uuid: "a53f141d50284c9e81838d761c69a7e4" member_type: VOTER last_known_addr { host: "127.5.187.129" port: 42531 } } peers { permanent_uuid: "0edce7a59f974007a0f24818550c0715" member_type: VOTER last_known_addr { host: "127.5.187.130" port: 45321 } } peers { permanent_uuid: "c78af5dd19c14f4ba7a0739c4a02f6ea" member_type: VOTER last_known_addr { host: "127.5.187.131" port: 37459 } }
I20260713 09:04:22.569679  7174 raft_consensus.cc:385] T d5568fdaefa047fc902ac49b6fed486c P a53f141d50284c9e81838d761c69a7e4 [term 0 FOLLOWER]: Consensus starting up: Expiring failure detector timer to make a prompt election more likely
I20260713 09:04:22.570017  7174 raft_consensus.cc:740] T d5568fdaefa047fc902ac49b6fed486c P a53f141d50284c9e81838d761c69a7e4 [term 0 FOLLOWER]: Becoming Follower/Learner. State: Replica: a53f141d50284c9e81838d761c69a7e4, State: Initialized, Role: FOLLOWER
I20260713 09:04:22.570999  7174 consensus_queue.cc:260] T d5568fdaefa047fc902ac49b6fed486c P a53f141d50284c9e81838d761c69a7e4 [NON_LEADER]: Queue going to NON_LEADER mode. State: All replicated index: 0, Majority replicated index: 0, Committed index: 0, Last appended: 0.0, Last appended by leader: 0, Current term: 0, Majority size: -1, State: 0, Mode: NON_LEADER, active raft config: opid_index: -1 OBSOLETE_local: false peers { permanent_uuid: "a53f141d50284c9e81838d761c69a7e4" member_type: VOTER last_known_addr { host: "127.5.187.129" port: 42531 } } peers { permanent_uuid: "0edce7a59f974007a0f24818550c0715" member_type: VOTER last_known_addr { host: "127.5.187.130" port: 45321 } } peers { permanent_uuid: "c78af5dd19c14f4ba7a0739c4a02f6ea" member_type: VOTER last_known_addr { host: "127.5.187.131" port: 37459 } }
I20260713 09:04:22.574775  6981 tablet_service.cc:1917] Received RequestConsensusVote() RPC: tablet_id: "00fe68e24f3f41089a4ff48b80362e2c" candidate_uuid: "c78af5dd19c14f4ba7a0739c4a02f6ea" candidate_term: 1 candidate_status { last_received { term: 0 index: 0 } } ignore_live_leader: false dest_uuid: "a53f141d50284c9e81838d761c69a7e4" is_pre_election: true
I20260713 09:04:22.575073  6982 raft_consensus.cc:3060] T d5568fdaefa047fc902ac49b6fed486c P a53f141d50284c9e81838d761c69a7e4 [term 0 FOLLOWER]: Advancing to term 1
I20260713 09:04:22.576167  7174 ts_tablet_manager.cc:1434] T d5568fdaefa047fc902ac49b6fed486c P a53f141d50284c9e81838d761c69a7e4: Time spent starting tablet: real 0.009s	user 0.005s	sys 0.000s
I20260713 09:04:22.577204  7174 tablet_bootstrap.cc:492] T b801d031b97d4ede8587524c1273c812 P a53f141d50284c9e81838d761c69a7e4: Bootstrap starting.
I20260713 09:04:22.583910  7174 tablet_bootstrap.cc:654] T b801d031b97d4ede8587524c1273c812 P a53f141d50284c9e81838d761c69a7e4: Neither blocks nor log segments found. Creating new log.
I20260713 09:04:22.572742  7171 tablet_bootstrap.cc:654] T 00fe68e24f3f41089a4ff48b80362e2c P 0edce7a59f974007a0f24818550c0715: Neither blocks nor log segments found. Creating new log.
I20260713 09:04:22.591795  7274 consensus_queue.cc:1048] T d5568fdaefa047fc902ac49b6fed486c P 0edce7a59f974007a0f24818550c0715 [LEADER]: Connected to new peer: Peer: permanent_uuid: "a53f141d50284c9e81838d761c69a7e4" member_type: VOTER last_known_addr { host: "127.5.187.129" port: 42531 }, Status: LMP_MISMATCH, Last received: 0.0, Next index: 1, Last known committed idx: 0, Time since last communication: 0.001s
W20260713 09:04:22.594558  7096 leader_election.cc:343] T 00fe68e24f3f41089a4ff48b80362e2c P c78af5dd19c14f4ba7a0739c4a02f6ea [CANDIDATE]: Term 1 pre-election: Tablet error from VoteRequest() call to peer a53f141d50284c9e81838d761c69a7e4 (127.5.187.129:42531): Illegal state: must be running to vote when last-logged opid is not known
I20260713 09:04:22.597393  7096 leader_election.cc:304] T 00fe68e24f3f41089a4ff48b80362e2c P c78af5dd19c14f4ba7a0739c4a02f6ea [CANDIDATE]: Term 1 pre-election: Election decided. Result: candidate lost. Election summary: received 3 responses out of 3 voters: 1 yes votes; 2 no votes. yes voters: c78af5dd19c14f4ba7a0739c4a02f6ea; no voters: 0edce7a59f974007a0f24818550c0715, a53f141d50284c9e81838d761c69a7e4
I20260713 09:04:22.601302  7180 raft_consensus.cc:2749] T 00fe68e24f3f41089a4ff48b80362e2c P c78af5dd19c14f4ba7a0739c4a02f6ea [term 0 FOLLOWER]: Leader pre-election lost for term 1. Reason: could not achieve majority
I20260713 09:04:22.607197  6880 catalog_manager.cc:5697] T f25e08d31f984b818004fa1df60ff133 P 0edce7a59f974007a0f24818550c0715 reported cstate change: term changed from 0 to 1, leader changed from <none> to 0edce7a59f974007a0f24818550c0715 (127.5.187.130). New cstate: current_term: 1 leader_uuid: "0edce7a59f974007a0f24818550c0715" committed_config { opid_index: -1 OBSOLETE_local: false peers { permanent_uuid: "a53f141d50284c9e81838d761c69a7e4" member_type: VOTER last_known_addr { host: "127.5.187.129" port: 42531 } health_report { overall_health: UNKNOWN } } peers { permanent_uuid: "0edce7a59f974007a0f24818550c0715" member_type: VOTER last_known_addr { host: "127.5.187.130" port: 45321 } health_report { overall_health: HEALTHY } } peers { permanent_uuid: "c78af5dd19c14f4ba7a0739c4a02f6ea" member_type: VOTER last_known_addr { host: "127.5.187.131" port: 37459 } health_report { overall_health: UNKNOWN } } }
I20260713 09:04:22.612604  7263 consensus_queue.cc:1048] T d5568fdaefa047fc902ac49b6fed486c P 0edce7a59f974007a0f24818550c0715 [LEADER]: Connected to new peer: Peer: permanent_uuid: "c78af5dd19c14f4ba7a0739c4a02f6ea" member_type: VOTER last_known_addr { host: "127.5.187.131" port: 37459 }, Status: LMP_MISMATCH, Last received: 0.0, Next index: 1, Last known committed idx: 0, Time since last communication: 0.000s
I20260713 09:04:22.629426  7171 tablet_bootstrap.cc:492] T 00fe68e24f3f41089a4ff48b80362e2c P 0edce7a59f974007a0f24818550c0715: No bootstrap required, opened a new log
I20260713 09:04:22.629837  7171 ts_tablet_manager.cc:1403] T 00fe68e24f3f41089a4ff48b80362e2c P 0edce7a59f974007a0f24818550c0715: Time spent bootstrapping tablet: real 0.063s	user 0.013s	sys 0.010s
I20260713 09:04:22.630084  7205 consensus_queue.cc:1048] T 6ab8db51c7a448dab251c322b3781e79 P a53f141d50284c9e81838d761c69a7e4 [LEADER]: Connected to new peer: Peer: permanent_uuid: "0edce7a59f974007a0f24818550c0715" member_type: VOTER last_known_addr { host: "127.5.187.130" port: 45321 }, Status: LMP_MISMATCH, Last received: 0.0, Next index: 1, Last known committed idx: 0, Time since last communication: 0.000s
I20260713 09:04:22.632956  7172 tablet_bootstrap.cc:492] T ea9ed80d96154c70bf482e7cae658596 P c78af5dd19c14f4ba7a0739c4a02f6ea: No bootstrap required, opened a new log
I20260713 09:04:22.633289  7174 tablet_bootstrap.cc:492] T b801d031b97d4ede8587524c1273c812 P a53f141d50284c9e81838d761c69a7e4: No bootstrap required, opened a new log
I20260713 09:04:22.633458  7172 ts_tablet_manager.cc:1403] T ea9ed80d96154c70bf482e7cae658596 P c78af5dd19c14f4ba7a0739c4a02f6ea: Time spent bootstrapping tablet: real 0.118s	user 0.038s	sys 0.045s
I20260713 09:04:22.633740  7174 ts_tablet_manager.cc:1403] T b801d031b97d4ede8587524c1273c812 P a53f141d50284c9e81838d761c69a7e4: Time spent bootstrapping tablet: real 0.057s	user 0.010s	sys 0.000s
I20260713 09:04:22.635573  7172 raft_consensus.cc:359] T ea9ed80d96154c70bf482e7cae658596 P c78af5dd19c14f4ba7a0739c4a02f6ea [term 0 FOLLOWER]: Replica starting. Triggering 0 pending ops. Active config: opid_index: -1 OBSOLETE_local: false peers { permanent_uuid: "a53f141d50284c9e81838d761c69a7e4" member_type: VOTER last_known_addr { host: "127.5.187.129" port: 42531 } } peers { permanent_uuid: "0edce7a59f974007a0f24818550c0715" member_type: VOTER last_known_addr { host: "127.5.187.130" port: 45321 } } peers { permanent_uuid: "c78af5dd19c14f4ba7a0739c4a02f6ea" member_type: VOTER last_known_addr { host: "127.5.187.131" port: 37459 } }
I20260713 09:04:22.632268  7171 raft_consensus.cc:359] T 00fe68e24f3f41089a4ff48b80362e2c P 0edce7a59f974007a0f24818550c0715 [term 0 FOLLOWER]: Replica starting. Triggering 0 pending ops. Active config: opid_index: -1 OBSOLETE_local: false peers { permanent_uuid: "a53f141d50284c9e81838d761c69a7e4" member_type: VOTER last_known_addr { host: "127.5.187.129" port: 42531 } } peers { permanent_uuid: "0edce7a59f974007a0f24818550c0715" member_type: VOTER last_known_addr { host: "127.5.187.130" port: 45321 } } peers { permanent_uuid: "c78af5dd19c14f4ba7a0739c4a02f6ea" member_type: VOTER last_known_addr { host: "127.5.187.131" port: 37459 } }
I20260713 09:04:22.636252  7174 raft_consensus.cc:359] T b801d031b97d4ede8587524c1273c812 P a53f141d50284c9e81838d761c69a7e4 [term 0 FOLLOWER]: Replica starting. Triggering 0 pending ops. Active config: opid_index: -1 OBSOLETE_local: false peers { permanent_uuid: "a53f141d50284c9e81838d761c69a7e4" member_type: VOTER last_known_addr { host: "127.5.187.129" port: 42531 } } peers { permanent_uuid: "0edce7a59f974007a0f24818550c0715" member_type: VOTER last_known_addr { host: "127.5.187.130" port: 45321 } } peers { permanent_uuid: "c78af5dd19c14f4ba7a0739c4a02f6ea" member_type: VOTER last_known_addr { host: "127.5.187.131" port: 37459 } }
I20260713 09:04:22.636881  7171 raft_consensus.cc:385] T 00fe68e24f3f41089a4ff48b80362e2c P 0edce7a59f974007a0f24818550c0715 [term 0 FOLLOWER]: Consensus starting up: Expiring failure detector timer to make a prompt election more likely
I20260713 09:04:22.637004  7174 raft_consensus.cc:385] T b801d031b97d4ede8587524c1273c812 P a53f141d50284c9e81838d761c69a7e4 [term 0 FOLLOWER]: Consensus starting up: Expiring failure detector timer to make a prompt election more likely
I20260713 09:04:22.637259  7171 raft_consensus.cc:740] T 00fe68e24f3f41089a4ff48b80362e2c P 0edce7a59f974007a0f24818550c0715 [term 0 FOLLOWER]: Becoming Follower/Learner. State: Replica: 0edce7a59f974007a0f24818550c0715, State: Initialized, Role: FOLLOWER
I20260713 09:04:22.637359  7174 raft_consensus.cc:740] T b801d031b97d4ede8587524c1273c812 P a53f141d50284c9e81838d761c69a7e4 [term 0 FOLLOWER]: Becoming Follower/Learner. State: Replica: a53f141d50284c9e81838d761c69a7e4, State: Initialized, Role: FOLLOWER
I20260713 09:04:22.638052  7174 consensus_queue.cc:260] T b801d031b97d4ede8587524c1273c812 P a53f141d50284c9e81838d761c69a7e4 [NON_LEADER]: Queue going to NON_LEADER mode. State: All replicated index: 0, Majority replicated index: 0, Committed index: 0, Last appended: 0.0, Last appended by leader: 0, Current term: 0, Majority size: -1, State: 0, Mode: NON_LEADER, active raft config: opid_index: -1 OBSOLETE_local: false peers { permanent_uuid: "a53f141d50284c9e81838d761c69a7e4" member_type: VOTER last_known_addr { host: "127.5.187.129" port: 42531 } } peers { permanent_uuid: "0edce7a59f974007a0f24818550c0715" member_type: VOTER last_known_addr { host: "127.5.187.130" port: 45321 } } peers { permanent_uuid: "c78af5dd19c14f4ba7a0739c4a02f6ea" member_type: VOTER last_known_addr { host: "127.5.187.131" port: 37459 } }
I20260713 09:04:22.638074  7171 consensus_queue.cc:260] T 00fe68e24f3f41089a4ff48b80362e2c P 0edce7a59f974007a0f24818550c0715 [NON_LEADER]: Queue going to NON_LEADER mode. State: All replicated index: 0, Majority replicated index: 0, Committed index: 0, Last appended: 0.0, Last appended by leader: 0, Current term: 0, Majority size: -1, State: 0, Mode: NON_LEADER, active raft config: opid_index: -1 OBSOLETE_local: false peers { permanent_uuid: "a53f141d50284c9e81838d761c69a7e4" member_type: VOTER last_known_addr { host: "127.5.187.129" port: 42531 } } peers { permanent_uuid: "0edce7a59f974007a0f24818550c0715" member_type: VOTER last_known_addr { host: "127.5.187.130" port: 45321 } } peers { permanent_uuid: "c78af5dd19c14f4ba7a0739c4a02f6ea" member_type: VOTER last_known_addr { host: "127.5.187.131" port: 37459 } }
I20260713 09:04:22.640295  7174 ts_tablet_manager.cc:1434] T b801d031b97d4ede8587524c1273c812 P a53f141d50284c9e81838d761c69a7e4: Time spent starting tablet: real 0.006s	user 0.002s	sys 0.005s
I20260713 09:04:22.640519  7171 ts_tablet_manager.cc:1434] T 00fe68e24f3f41089a4ff48b80362e2c P 0edce7a59f974007a0f24818550c0715: Time spent starting tablet: real 0.010s	user 0.008s	sys 0.000s
I20260713 09:04:22.636250  7172 raft_consensus.cc:385] T ea9ed80d96154c70bf482e7cae658596 P c78af5dd19c14f4ba7a0739c4a02f6ea [term 0 FOLLOWER]: Consensus starting up: Expiring failure detector timer to make a prompt election more likely
I20260713 09:04:22.641321  7172 raft_consensus.cc:740] T ea9ed80d96154c70bf482e7cae658596 P c78af5dd19c14f4ba7a0739c4a02f6ea [term 0 FOLLOWER]: Becoming Follower/Learner. State: Replica: c78af5dd19c14f4ba7a0739c4a02f6ea, State: Initialized, Role: FOLLOWER
I20260713 09:04:22.641396  7171 tablet_bootstrap.cc:492] T b801d031b97d4ede8587524c1273c812 P 0edce7a59f974007a0f24818550c0715: Bootstrap starting.
I20260713 09:04:22.642215  7174 tablet_bootstrap.cc:492] T 6ea0702dfd8d45f588fd6951ab50ce88 P a53f141d50284c9e81838d761c69a7e4: Bootstrap starting.
I20260713 09:04:22.644412  7172 consensus_queue.cc:260] T ea9ed80d96154c70bf482e7cae658596 P c78af5dd19c14f4ba7a0739c4a02f6ea [NON_LEADER]: Queue going to NON_LEADER mode. State: All replicated index: 0, Majority replicated index: 0, Committed index: 0, Last appended: 0.0, Last appended by leader: 0, Current term: 0, Majority size: -1, State: 0, Mode: NON_LEADER, active raft config: opid_index: -1 OBSOLETE_local: false peers { permanent_uuid: "a53f141d50284c9e81838d761c69a7e4" member_type: VOTER last_known_addr { host: "127.5.187.129" port: 42531 } } peers { permanent_uuid: "0edce7a59f974007a0f24818550c0715" member_type: VOTER last_known_addr { host: "127.5.187.130" port: 45321 } } peers { permanent_uuid: "c78af5dd19c14f4ba7a0739c4a02f6ea" member_type: VOTER last_known_addr { host: "127.5.187.131" port: 37459 } }
I20260713 09:04:22.646095  7172 ts_tablet_manager.cc:1434] T ea9ed80d96154c70bf482e7cae658596 P c78af5dd19c14f4ba7a0739c4a02f6ea: Time spent starting tablet: real 0.012s	user 0.004s	sys 0.000s
I20260713 09:04:22.654417  7172 tablet_bootstrap.cc:492] T b801d031b97d4ede8587524c1273c812 P c78af5dd19c14f4ba7a0739c4a02f6ea: Bootstrap starting.
I20260713 09:04:22.657436  7171 tablet_bootstrap.cc:654] T b801d031b97d4ede8587524c1273c812 P 0edce7a59f974007a0f24818550c0715: Neither blocks nor log segments found. Creating new log.
I20260713 09:04:22.658210  7174 tablet_bootstrap.cc:654] T 6ea0702dfd8d45f588fd6951ab50ce88 P a53f141d50284c9e81838d761c69a7e4: Neither blocks nor log segments found. Creating new log.
I20260713 09:04:22.659760  7172 tablet_bootstrap.cc:654] T b801d031b97d4ede8587524c1273c812 P c78af5dd19c14f4ba7a0739c4a02f6ea: Neither blocks nor log segments found. Creating new log.
I20260713 09:04:22.661016  7205 consensus_queue.cc:1048] T 6ab8db51c7a448dab251c322b3781e79 P a53f141d50284c9e81838d761c69a7e4 [LEADER]: Connected to new peer: Peer: permanent_uuid: "c78af5dd19c14f4ba7a0739c4a02f6ea" member_type: VOTER last_known_addr { host: "127.5.187.131" port: 37459 }, Status: LMP_MISMATCH, Last received: 0.0, Next index: 1, Last known committed idx: 0, Time since last communication: 0.001s
I20260713 09:04:22.676214  7172 tablet_bootstrap.cc:492] T b801d031b97d4ede8587524c1273c812 P c78af5dd19c14f4ba7a0739c4a02f6ea: No bootstrap required, opened a new log
I20260713 09:04:22.676904  7172 ts_tablet_manager.cc:1403] T b801d031b97d4ede8587524c1273c812 P c78af5dd19c14f4ba7a0739c4a02f6ea: Time spent bootstrapping tablet: real 0.023s	user 0.006s	sys 0.009s
I20260713 09:04:22.678376  7174 tablet_bootstrap.cc:492] T 6ea0702dfd8d45f588fd6951ab50ce88 P a53f141d50284c9e81838d761c69a7e4: No bootstrap required, opened a new log
I20260713 09:04:22.678825  7174 ts_tablet_manager.cc:1403] T 6ea0702dfd8d45f588fd6951ab50ce88 P a53f141d50284c9e81838d761c69a7e4: Time spent bootstrapping tablet: real 0.037s	user 0.021s	sys 0.004s
I20260713 09:04:22.680465  7172 raft_consensus.cc:359] T b801d031b97d4ede8587524c1273c812 P c78af5dd19c14f4ba7a0739c4a02f6ea [term 0 FOLLOWER]: Replica starting. Triggering 0 pending ops. Active config: opid_index: -1 OBSOLETE_local: false peers { permanent_uuid: "a53f141d50284c9e81838d761c69a7e4" member_type: VOTER last_known_addr { host: "127.5.187.129" port: 42531 } } peers { permanent_uuid: "0edce7a59f974007a0f24818550c0715" member_type: VOTER last_known_addr { host: "127.5.187.130" port: 45321 } } peers { permanent_uuid: "c78af5dd19c14f4ba7a0739c4a02f6ea" member_type: VOTER last_known_addr { host: "127.5.187.131" port: 37459 } }
I20260713 09:04:22.681553  7172 raft_consensus.cc:385] T b801d031b97d4ede8587524c1273c812 P c78af5dd19c14f4ba7a0739c4a02f6ea [term 0 FOLLOWER]: Consensus starting up: Expiring failure detector timer to make a prompt election more likely
I20260713 09:04:22.681948  7172 raft_consensus.cc:740] T b801d031b97d4ede8587524c1273c812 P c78af5dd19c14f4ba7a0739c4a02f6ea [term 0 FOLLOWER]: Becoming Follower/Learner. State: Replica: c78af5dd19c14f4ba7a0739c4a02f6ea, State: Initialized, Role: FOLLOWER
I20260713 09:04:22.682864  7172 consensus_queue.cc:260] T b801d031b97d4ede8587524c1273c812 P c78af5dd19c14f4ba7a0739c4a02f6ea [NON_LEADER]: Queue going to NON_LEADER mode. State: All replicated index: 0, Majority replicated index: 0, Committed index: 0, Last appended: 0.0, Last appended by leader: 0, Current term: 0, Majority size: -1, State: 0, Mode: NON_LEADER, active raft config: opid_index: -1 OBSOLETE_local: false peers { permanent_uuid: "a53f141d50284c9e81838d761c69a7e4" member_type: VOTER last_known_addr { host: "127.5.187.129" port: 42531 } } peers { permanent_uuid: "0edce7a59f974007a0f24818550c0715" member_type: VOTER last_known_addr { host: "127.5.187.130" port: 45321 } } peers { permanent_uuid: "c78af5dd19c14f4ba7a0739c4a02f6ea" member_type: VOTER last_known_addr { host: "127.5.187.131" port: 37459 } }
I20260713 09:04:22.685436  7172 ts_tablet_manager.cc:1434] T b801d031b97d4ede8587524c1273c812 P c78af5dd19c14f4ba7a0739c4a02f6ea: Time spent starting tablet: real 0.008s	user 0.005s	sys 0.001s
I20260713 09:04:22.686240  7172 tablet_bootstrap.cc:492] T 6ea0702dfd8d45f588fd6951ab50ce88 P c78af5dd19c14f4ba7a0739c4a02f6ea: Bootstrap starting.
I20260713 09:04:22.686522  7171 tablet_bootstrap.cc:492] T b801d031b97d4ede8587524c1273c812 P 0edce7a59f974007a0f24818550c0715: No bootstrap required, opened a new log
I20260713 09:04:22.686956  7171 ts_tablet_manager.cc:1403] T b801d031b97d4ede8587524c1273c812 P 0edce7a59f974007a0f24818550c0715: Time spent bootstrapping tablet: real 0.046s	user 0.015s	sys 0.011s
I20260713 09:04:22.683344  7174 raft_consensus.cc:359] T 6ea0702dfd8d45f588fd6951ab50ce88 P a53f141d50284c9e81838d761c69a7e4 [term 0 FOLLOWER]: Replica starting. Triggering 0 pending ops. Active config: opid_index: -1 OBSOLETE_local: false peers { permanent_uuid: "a53f141d50284c9e81838d761c69a7e4" member_type: VOTER last_known_addr { host: "127.5.187.129" port: 42531 } } peers { permanent_uuid: "0edce7a59f974007a0f24818550c0715" member_type: VOTER last_known_addr { host: "127.5.187.130" port: 45321 } } peers { permanent_uuid: "c78af5dd19c14f4ba7a0739c4a02f6ea" member_type: VOTER last_known_addr { host: "127.5.187.131" port: 37459 } }
I20260713 09:04:22.688817  7174 raft_consensus.cc:385] T 6ea0702dfd8d45f588fd6951ab50ce88 P a53f141d50284c9e81838d761c69a7e4 [term 0 FOLLOWER]: Consensus starting up: Expiring failure detector timer to make a prompt election more likely
I20260713 09:04:22.689092  7174 raft_consensus.cc:740] T 6ea0702dfd8d45f588fd6951ab50ce88 P a53f141d50284c9e81838d761c69a7e4 [term 0 FOLLOWER]: Becoming Follower/Learner. State: Replica: a53f141d50284c9e81838d761c69a7e4, State: Initialized, Role: FOLLOWER
I20260713 09:04:22.689703  7171 raft_consensus.cc:359] T b801d031b97d4ede8587524c1273c812 P 0edce7a59f974007a0f24818550c0715 [term 0 FOLLOWER]: Replica starting. Triggering 0 pending ops. Active config: opid_index: -1 OBSOLETE_local: false peers { permanent_uuid: "a53f141d50284c9e81838d761c69a7e4" member_type: VOTER last_known_addr { host: "127.5.187.129" port: 42531 } } peers { permanent_uuid: "0edce7a59f974007a0f24818550c0715" member_type: VOTER last_known_addr { host: "127.5.187.130" port: 45321 } } peers { permanent_uuid: "c78af5dd19c14f4ba7a0739c4a02f6ea" member_type: VOTER last_known_addr { host: "127.5.187.131" port: 37459 } }
I20260713 09:04:22.690438  7171 raft_consensus.cc:385] T b801d031b97d4ede8587524c1273c812 P 0edce7a59f974007a0f24818550c0715 [term 0 FOLLOWER]: Consensus starting up: Expiring failure detector timer to make a prompt election more likely
I20260713 09:04:22.690258  7174 consensus_queue.cc:260] T 6ea0702dfd8d45f588fd6951ab50ce88 P a53f141d50284c9e81838d761c69a7e4 [NON_LEADER]: Queue going to NON_LEADER mode. State: All replicated index: 0, Majority replicated index: 0, Committed index: 0, Last appended: 0.0, Last appended by leader: 0, Current term: 0, Majority size: -1, State: 0, Mode: NON_LEADER, active raft config: opid_index: -1 OBSOLETE_local: false peers { permanent_uuid: "a53f141d50284c9e81838d761c69a7e4" member_type: VOTER last_known_addr { host: "127.5.187.129" port: 42531 } } peers { permanent_uuid: "0edce7a59f974007a0f24818550c0715" member_type: VOTER last_known_addr { host: "127.5.187.130" port: 45321 } } peers { permanent_uuid: "c78af5dd19c14f4ba7a0739c4a02f6ea" member_type: VOTER last_known_addr { host: "127.5.187.131" port: 37459 } }
I20260713 09:04:22.690771  7171 raft_consensus.cc:740] T b801d031b97d4ede8587524c1273c812 P 0edce7a59f974007a0f24818550c0715 [term 0 FOLLOWER]: Becoming Follower/Learner. State: Replica: 0edce7a59f974007a0f24818550c0715, State: Initialized, Role: FOLLOWER
I20260713 09:04:22.691987  7172 tablet_bootstrap.cc:654] T 6ea0702dfd8d45f588fd6951ab50ce88 P c78af5dd19c14f4ba7a0739c4a02f6ea: Neither blocks nor log segments found. Creating new log.
I20260713 09:04:22.691593  7171 consensus_queue.cc:260] T b801d031b97d4ede8587524c1273c812 P 0edce7a59f974007a0f24818550c0715 [NON_LEADER]: Queue going to NON_LEADER mode. State: All replicated index: 0, Majority replicated index: 0, Committed index: 0, Last appended: 0.0, Last appended by leader: 0, Current term: 0, Majority size: -1, State: 0, Mode: NON_LEADER, active raft config: opid_index: -1 OBSOLETE_local: false peers { permanent_uuid: "a53f141d50284c9e81838d761c69a7e4" member_type: VOTER last_known_addr { host: "127.5.187.129" port: 42531 } } peers { permanent_uuid: "0edce7a59f974007a0f24818550c0715" member_type: VOTER last_known_addr { host: "127.5.187.130" port: 45321 } } peers { permanent_uuid: "c78af5dd19c14f4ba7a0739c4a02f6ea" member_type: VOTER last_known_addr { host: "127.5.187.131" port: 37459 } }
I20260713 09:04:22.693670  7171 ts_tablet_manager.cc:1434] T b801d031b97d4ede8587524c1273c812 P 0edce7a59f974007a0f24818550c0715: Time spent starting tablet: real 0.006s	user 0.002s	sys 0.002s
I20260713 09:04:22.694352  7225 raft_consensus.cc:493] T 3becaef123ef482eaa0be51e08624360 P c78af5dd19c14f4ba7a0739c4a02f6ea [term 0 FOLLOWER]: Starting pre-election (no leader contacted us within the election timeout)
I20260713 09:04:22.694808  7225 raft_consensus.cc:515] T 3becaef123ef482eaa0be51e08624360 P c78af5dd19c14f4ba7a0739c4a02f6ea [term 0 FOLLOWER]: Starting pre-election with config: opid_index: -1 OBSOLETE_local: false peers { permanent_uuid: "a53f141d50284c9e81838d761c69a7e4" member_type: VOTER last_known_addr { host: "127.5.187.129" port: 42531 } } peers { permanent_uuid: "0edce7a59f974007a0f24818550c0715" member_type: VOTER last_known_addr { host: "127.5.187.130" port: 45321 } } peers { permanent_uuid: "c78af5dd19c14f4ba7a0739c4a02f6ea" member_type: VOTER last_known_addr { host: "127.5.187.131" port: 37459 } }
I20260713 09:04:22.696806  7225 leader_election.cc:290] T 3becaef123ef482eaa0be51e08624360 P c78af5dd19c14f4ba7a0739c4a02f6ea [CANDIDATE]: Term 1 pre-election: Requested pre-vote from peers a53f141d50284c9e81838d761c69a7e4 (127.5.187.129:42531), 0edce7a59f974007a0f24818550c0715 (127.5.187.130:45321)
I20260713 09:04:22.698118  6980 tablet_service.cc:1917] Received RequestConsensusVote() RPC: tablet_id: "3becaef123ef482eaa0be51e08624360" candidate_uuid: "c78af5dd19c14f4ba7a0739c4a02f6ea" candidate_term: 1 candidate_status { last_received { term: 0 index: 0 } } ignore_live_leader: false dest_uuid: "a53f141d50284c9e81838d761c69a7e4" is_pre_election: true
I20260713 09:04:22.698433  7057 tablet_service.cc:1917] Received RequestConsensusVote() RPC: tablet_id: "3becaef123ef482eaa0be51e08624360" candidate_uuid: "c78af5dd19c14f4ba7a0739c4a02f6ea" candidate_term: 1 candidate_status { last_received { term: 0 index: 0 } } ignore_live_leader: false dest_uuid: "0edce7a59f974007a0f24818550c0715" is_pre_election: true
I20260713 09:04:22.698873  7171 tablet_bootstrap.cc:492] T 59a7e31af9654146ac3e8ed21bc9dc6c P 0edce7a59f974007a0f24818550c0715: Bootstrap starting.
W20260713 09:04:22.699411  7096 leader_election.cc:343] T 3becaef123ef482eaa0be51e08624360 P c78af5dd19c14f4ba7a0739c4a02f6ea [CANDIDATE]: Term 1 pre-election: Tablet error from VoteRequest() call to peer a53f141d50284c9e81838d761c69a7e4 (127.5.187.129:42531): Illegal state: must be running to vote when last-logged opid is not known
W20260713 09:04:22.699862  7094 leader_election.cc:343] T 3becaef123ef482eaa0be51e08624360 P c78af5dd19c14f4ba7a0739c4a02f6ea [CANDIDATE]: Term 1 pre-election: Tablet error from VoteRequest() call to peer 0edce7a59f974007a0f24818550c0715 (127.5.187.130:45321): Illegal state: must be running to vote when last-logged opid is not known
I20260713 09:04:22.700263  7094 leader_election.cc:304] T 3becaef123ef482eaa0be51e08624360 P c78af5dd19c14f4ba7a0739c4a02f6ea [CANDIDATE]: Term 1 pre-election: Election decided. Result: candidate lost. Election summary: received 3 responses out of 3 voters: 1 yes votes; 2 no votes. yes voters: c78af5dd19c14f4ba7a0739c4a02f6ea; no voters: 0edce7a59f974007a0f24818550c0715, a53f141d50284c9e81838d761c69a7e4
I20260713 09:04:22.700698  7174 ts_tablet_manager.cc:1434] T 6ea0702dfd8d45f588fd6951ab50ce88 P a53f141d50284c9e81838d761c69a7e4: Time spent starting tablet: real 0.022s	user 0.008s	sys 0.001s
I20260713 09:04:22.701231  7225 raft_consensus.cc:2749] T 3becaef123ef482eaa0be51e08624360 P c78af5dd19c14f4ba7a0739c4a02f6ea [term 0 FOLLOWER]: Leader pre-election lost for term 1. Reason: could not achieve majority
I20260713 09:04:22.701574  7174 tablet_bootstrap.cc:492] T 3becaef123ef482eaa0be51e08624360 P a53f141d50284c9e81838d761c69a7e4: Bootstrap starting.
I20260713 09:04:22.704717  7171 tablet_bootstrap.cc:654] T 59a7e31af9654146ac3e8ed21bc9dc6c P 0edce7a59f974007a0f24818550c0715: Neither blocks nor log segments found. Creating new log.
I20260713 09:04:22.708034  7174 tablet_bootstrap.cc:654] T 3becaef123ef482eaa0be51e08624360 P a53f141d50284c9e81838d761c69a7e4: Neither blocks nor log segments found. Creating new log.
I20260713 09:04:22.709364  7172 tablet_bootstrap.cc:492] T 6ea0702dfd8d45f588fd6951ab50ce88 P c78af5dd19c14f4ba7a0739c4a02f6ea: No bootstrap required, opened a new log
I20260713 09:04:22.709774  7172 ts_tablet_manager.cc:1403] T 6ea0702dfd8d45f588fd6951ab50ce88 P c78af5dd19c14f4ba7a0739c4a02f6ea: Time spent bootstrapping tablet: real 0.024s	user 0.009s	sys 0.006s
I20260713 09:04:22.712308  7172 raft_consensus.cc:359] T 6ea0702dfd8d45f588fd6951ab50ce88 P c78af5dd19c14f4ba7a0739c4a02f6ea [term 0 FOLLOWER]: Replica starting. Triggering 0 pending ops. Active config: opid_index: -1 OBSOLETE_local: false peers { permanent_uuid: "a53f141d50284c9e81838d761c69a7e4" member_type: VOTER last_known_addr { host: "127.5.187.129" port: 42531 } } peers { permanent_uuid: "0edce7a59f974007a0f24818550c0715" member_type: VOTER last_known_addr { host: "127.5.187.130" port: 45321 } } peers { permanent_uuid: "c78af5dd19c14f4ba7a0739c4a02f6ea" member_type: VOTER last_known_addr { host: "127.5.187.131" port: 37459 } }
I20260713 09:04:22.712960  7172 raft_consensus.cc:385] T 6ea0702dfd8d45f588fd6951ab50ce88 P c78af5dd19c14f4ba7a0739c4a02f6ea [term 0 FOLLOWER]: Consensus starting up: Expiring failure detector timer to make a prompt election more likely
I20260713 09:04:22.713208  7172 raft_consensus.cc:740] T 6ea0702dfd8d45f588fd6951ab50ce88 P c78af5dd19c14f4ba7a0739c4a02f6ea [term 0 FOLLOWER]: Becoming Follower/Learner. State: Replica: c78af5dd19c14f4ba7a0739c4a02f6ea, State: Initialized, Role: FOLLOWER
I20260713 09:04:22.714023  7172 consensus_queue.cc:260] T 6ea0702dfd8d45f588fd6951ab50ce88 P c78af5dd19c14f4ba7a0739c4a02f6ea [NON_LEADER]: Queue going to NON_LEADER mode. State: All replicated index: 0, Majority replicated index: 0, Committed index: 0, Last appended: 0.0, Last appended by leader: 0, Current term: 0, Majority size: -1, State: 0, Mode: NON_LEADER, active raft config: opid_index: -1 OBSOLETE_local: false peers { permanent_uuid: "a53f141d50284c9e81838d761c69a7e4" member_type: VOTER last_known_addr { host: "127.5.187.129" port: 42531 } } peers { permanent_uuid: "0edce7a59f974007a0f24818550c0715" member_type: VOTER last_known_addr { host: "127.5.187.130" port: 45321 } } peers { permanent_uuid: "c78af5dd19c14f4ba7a0739c4a02f6ea" member_type: VOTER last_known_addr { host: "127.5.187.131" port: 37459 } }
I20260713 09:04:22.716233  7172 ts_tablet_manager.cc:1434] T 6ea0702dfd8d45f588fd6951ab50ce88 P c78af5dd19c14f4ba7a0739c4a02f6ea: Time spent starting tablet: real 0.006s	user 0.003s	sys 0.003s
I20260713 09:04:22.720136  7174 tablet_bootstrap.cc:492] T 3becaef123ef482eaa0be51e08624360 P a53f141d50284c9e81838d761c69a7e4: No bootstrap required, opened a new log
I20260713 09:04:22.720583  7174 ts_tablet_manager.cc:1403] T 3becaef123ef482eaa0be51e08624360 P a53f141d50284c9e81838d761c69a7e4: Time spent bootstrapping tablet: real 0.019s	user 0.011s	sys 0.007s
I20260713 09:04:22.721323  7171 tablet_bootstrap.cc:492] T 59a7e31af9654146ac3e8ed21bc9dc6c P 0edce7a59f974007a0f24818550c0715: No bootstrap required, opened a new log
I20260713 09:04:22.722251  7171 ts_tablet_manager.cc:1403] T 59a7e31af9654146ac3e8ed21bc9dc6c P 0edce7a59f974007a0f24818550c0715: Time spent bootstrapping tablet: real 0.024s	user 0.010s	sys 0.012s
