I20260713 09:04:24.963709 17963 ts_tablet_manager.cc:1916] T 79ed85e20b4b4f018cd6709e5a21e8e1 P 568f6aa36a484e16a82165b4bbc48bf2: Deleting tablet data with delete state TABLET_DATA_TOMBSTONED
I20260713 09:04:24.964664 17600 raft_consensus.cc:1275] T 9743fb5d04c547e390e23cabda799ed7 P e756101eeebb401e8b1ec4cd0c156935 [term 1 FOLLOWER]: Refusing update from remote peer 568f6aa36a484e16a82165b4bbc48bf2: Log matching property violated. Preceding OpId in replica: term: 1 index: 3. Preceding OpId from leader: term: 1 index: 4. (index mismatch)
I20260713 09:04:24.965165 17866 raft_consensus.cc:1275] T 9743fb5d04c547e390e23cabda799ed7 P c2d2bace62bf43e8976acb48f999ad43 [term 1 FOLLOWER]: Refusing update from remote peer 568f6aa36a484e16a82165b4bbc48bf2: Log matching property violated. Preceding OpId in replica: term: 1 index: 3. Preceding OpId from leader: term: 1 index: 4. (index mismatch)
I20260713 09:04:24.966410 17912 consensus_queue.cc:1048] T 9743fb5d04c547e390e23cabda799ed7 P 568f6aa36a484e16a82165b4bbc48bf2 [LEADER]: Connected to new peer: Peer: permanent_uuid: "e756101eeebb401e8b1ec4cd0c156935" member_type: VOTER last_known_addr { host: "127.15.242.131" port: 39681 }, Status: LMP_MISMATCH, Last received: 0.0, Next index: 4, Last known committed idx: 3, Time since last communication: 0.000s
I20260713 09:04:24.967188 17952 consensus_queue.cc:1048] T 9743fb5d04c547e390e23cabda799ed7 P 568f6aa36a484e16a82165b4bbc48bf2 [LEADER]: Connected to new peer: Peer: permanent_uuid: "c2d2bace62bf43e8976acb48f999ad43" member_type: VOTER last_known_addr { host: "127.15.242.132" port: 44983 } attrs { promote: false }, Status: LMP_MISMATCH, Last received: 0.0, Next index: 4, Last known committed idx: 3, Time since last communication: 0.000s
I20260713 09:04:24.980942 17963 ts_tablet_manager.cc:1929] T 79ed85e20b4b4f018cd6709e5a21e8e1 P 568f6aa36a484e16a82165b4bbc48bf2: tablet deleted with delete type TABLET_DATA_TOMBSTONED: last-logged OpId 1.3
I20260713 09:04:24.980742 17525 consensus_queue.cc:237] T 2c35cf17851e45e9aee9753b095206b7 P 568f6aa36a484e16a82165b4bbc48bf2 [LEADER]: Queue going to LEADER mode. State: All replicated index: 0, Majority replicated index: 3, Committed index: 3, Last appended: 1.3, Last appended by leader: 0, Current term: 1, Majority size: 2, State: 0, Mode: LEADER, active raft config: opid_index: 4 OBSOLETE_local: false peers { permanent_uuid: "568f6aa36a484e16a82165b4bbc48bf2" member_type: VOTER last_known_addr { host: "127.15.242.130" port: 38185 } } peers { permanent_uuid: "e756101eeebb401e8b1ec4cd0c156935" member_type: VOTER last_known_addr { host: "127.15.242.131" port: 39681 } } peers { permanent_uuid: "c2d2bace62bf43e8976acb48f999ad43" member_type: VOTER last_known_addr { host: "127.15.242.132" port: 44983 } attrs { promote: false } }
I20260713 09:04:24.981449 17963 log.cc:1199] T 79ed85e20b4b4f018cd6709e5a21e8e1 P 568f6aa36a484e16a82165b4bbc48bf2: Deleting WAL directory at /tmp/dist-test-taskzXLSGw/test-tmp/auto_leader_rebalancer-test.0.LeaderRebalancerTest.AddTserver.1783933435704973-16330-0/minicluster-data/ts-1-root/wals/79ed85e20b4b4f018cd6709e5a21e8e1
I20260713 09:04:24.981671 17950 raft_consensus.cc:2955] T 9743fb5d04c547e390e23cabda799ed7 P 568f6aa36a484e16a82165b4bbc48bf2 [term 1 LEADER]: Committing config change with OpId 1.4: config changed from index 3 to 4, VOTER eadf744d007c431785341c8ccb461ea4 (127.15.242.129) evicted. New config: { opid_index: 4 OBSOLETE_local: false peers { permanent_uuid: "568f6aa36a484e16a82165b4bbc48bf2" member_type: VOTER last_known_addr { host: "127.15.242.130" port: 38185 } } peers { permanent_uuid: "e756101eeebb401e8b1ec4cd0c156935" member_type: VOTER last_known_addr { host: "127.15.242.131" port: 39681 } } peers { permanent_uuid: "c2d2bace62bf43e8976acb48f999ad43" member_type: VOTER last_known_addr { host: "127.15.242.132" port: 44983 } attrs { promote: false } } }
I20260713 09:04:24.983251 17338 catalog_manager.cc:5028] TS 568f6aa36a484e16a82165b4bbc48bf2 (127.15.242.130:38185): tablet 79ed85e20b4b4f018cd6709e5a21e8e1 (table test-workload [id=0a7664b094d34cb0ba4c154bd58cf0d2]) successfully deleted
I20260713 09:04:24.985630 17866 raft_consensus.cc:1275] T 2c35cf17851e45e9aee9753b095206b7 P c2d2bace62bf43e8976acb48f999ad43 [term 1 FOLLOWER]: Refusing update from remote peer 568f6aa36a484e16a82165b4bbc48bf2: Log matching property violated. Preceding OpId in replica: term: 1 index: 3. Preceding OpId from leader: term: 1 index: 4. (index mismatch)
I20260713 09:04:24.986217 17600 raft_consensus.cc:1275] T 2c35cf17851e45e9aee9753b095206b7 P e756101eeebb401e8b1ec4cd0c156935 [term 1 FOLLOWER]: Refusing update from remote peer 568f6aa36a484e16a82165b4bbc48bf2: Log matching property violated. Preceding OpId in replica: term: 1 index: 3. Preceding OpId from leader: term: 1 index: 4. (index mismatch)
I20260713 09:04:24.987653 17912 consensus_queue.cc:1048] T 2c35cf17851e45e9aee9753b095206b7 P 568f6aa36a484e16a82165b4bbc48bf2 [LEADER]: Connected to new peer: Peer: permanent_uuid: "c2d2bace62bf43e8976acb48f999ad43" member_type: VOTER last_known_addr { host: "127.15.242.132" port: 44983 } attrs { promote: false }, Status: LMP_MISMATCH, Last received: 0.0, Next index: 4, Last known committed idx: 3, Time since last communication: 0.000s
I20260713 09:04:24.988632 17961 consensus_queue.cc:1048] T 2c35cf17851e45e9aee9753b095206b7 P 568f6aa36a484e16a82165b4bbc48bf2 [LEADER]: Connected to new peer: Peer: permanent_uuid: "e756101eeebb401e8b1ec4cd0c156935" member_type: VOTER last_known_addr { host: "127.15.242.131" port: 39681 }, Status: LMP_MISMATCH, Last received: 0.0, Next index: 4, Last known committed idx: 3, Time since last communication: 0.000s
I20260713 09:04:24.993652 17601 raft_consensus.cc:2955] T 9743fb5d04c547e390e23cabda799ed7 P e756101eeebb401e8b1ec4cd0c156935 [term 1 FOLLOWER]: Committing config change with OpId 1.4: config changed from index 3 to 4, VOTER eadf744d007c431785341c8ccb461ea4 (127.15.242.129) evicted. New config: { opid_index: 4 OBSOLETE_local: false peers { permanent_uuid: "568f6aa36a484e16a82165b4bbc48bf2" member_type: VOTER last_known_addr { host: "127.15.242.130" port: 38185 } } peers { permanent_uuid: "e756101eeebb401e8b1ec4cd0c156935" member_type: VOTER last_known_addr { host: "127.15.242.131" port: 39681 } } peers { permanent_uuid: "c2d2bace62bf43e8976acb48f999ad43" member_type: VOTER last_known_addr { host: "127.15.242.132" port: 44983 } attrs { promote: false } } }
I20260713 09:04:24.994629 17934 raft_consensus.cc:2955] T 2c35cf17851e45e9aee9753b095206b7 P 568f6aa36a484e16a82165b4bbc48bf2 [term 1 LEADER]: Committing config change with OpId 1.4: config changed from index 3 to 4, VOTER eadf744d007c431785341c8ccb461ea4 (127.15.242.129) evicted. New config: { opid_index: 4 OBSOLETE_local: false peers { permanent_uuid: "568f6aa36a484e16a82165b4bbc48bf2" member_type: VOTER last_known_addr { host: "127.15.242.130" port: 38185 } } peers { permanent_uuid: "e756101eeebb401e8b1ec4cd0c156935" member_type: VOTER last_known_addr { host: "127.15.242.131" port: 39681 } } peers { permanent_uuid: "c2d2bace62bf43e8976acb48f999ad43" member_type: VOTER last_known_addr { host: "127.15.242.132" port: 44983 } attrs { promote: false } } }
I20260713 09:04:24.999104 17338 catalog_manager.cc:5210] ChangeConfig:REMOVE_PEER RPC for tablet 9743fb5d04c547e390e23cabda799ed7 with cas_config_opid_index 3: ChangeConfig:REMOVE_PEER succeeded (attempt 1)
I20260713 09:04:24.999838 17868 raft_consensus.cc:2955] T 9743fb5d04c547e390e23cabda799ed7 P c2d2bace62bf43e8976acb48f999ad43 [term 1 FOLLOWER]: Committing config change with OpId 1.4: config changed from index 3 to 4, VOTER eadf744d007c431785341c8ccb461ea4 (127.15.242.129) evicted. New config: { opid_index: 4 OBSOLETE_local: false peers { permanent_uuid: "568f6aa36a484e16a82165b4bbc48bf2" member_type: VOTER last_known_addr { host: "127.15.242.130" port: 38185 } } peers { permanent_uuid: "e756101eeebb401e8b1ec4cd0c156935" member_type: VOTER last_known_addr { host: "127.15.242.131" port: 39681 } } peers { permanent_uuid: "c2d2bace62bf43e8976acb48f999ad43" member_type: VOTER last_known_addr { host: "127.15.242.132" port: 44983 } attrs { promote: false } } }
I20260713 09:04:25.002511 17600 raft_consensus.cc:2955] T 2c35cf17851e45e9aee9753b095206b7 P e756101eeebb401e8b1ec4cd0c156935 [term 1 FOLLOWER]: Committing config change with OpId 1.4: config changed from index 3 to 4, VOTER eadf744d007c431785341c8ccb461ea4 (127.15.242.129) evicted. New config: { opid_index: 4 OBSOLETE_local: false peers { permanent_uuid: "568f6aa36a484e16a82165b4bbc48bf2" member_type: VOTER last_known_addr { host: "127.15.242.130" port: 38185 } } peers { permanent_uuid: "e756101eeebb401e8b1ec4cd0c156935" member_type: VOTER last_known_addr { host: "127.15.242.131" port: 39681 } } peers { permanent_uuid: "c2d2bace62bf43e8976acb48f999ad43" member_type: VOTER last_known_addr { host: "127.15.242.132" port: 44983 } attrs { promote: false } } }
I20260713 09:04:25.003937 17338 catalog_manager.cc:5210] ChangeConfig:REMOVE_PEER RPC for tablet 2c35cf17851e45e9aee9753b095206b7 with cas_config_opid_index 3: ChangeConfig:REMOVE_PEER succeeded (attempt 1)
I20260713 09:04:25.013599 17349 catalog_manager.cc:5697] T 9743fb5d04c547e390e23cabda799ed7 P e756101eeebb401e8b1ec4cd0c156935 reported cstate change: config changed from index 3 to 4, VOTER eadf744d007c431785341c8ccb461ea4 (127.15.242.129) evicted. New cstate: current_term: 1 leader_uuid: "568f6aa36a484e16a82165b4bbc48bf2" committed_config { opid_index: 4 OBSOLETE_local: false peers { permanent_uuid: "568f6aa36a484e16a82165b4bbc48bf2" member_type: VOTER last_known_addr { host: "127.15.242.130" port: 38185 } } peers { permanent_uuid: "e756101eeebb401e8b1ec4cd0c156935" member_type: VOTER last_known_addr { host: "127.15.242.131" port: 39681 } } peers { permanent_uuid: "c2d2bace62bf43e8976acb48f999ad43" member_type: VOTER last_known_addr { host: "127.15.242.132" port: 44983 } attrs { promote: false } } }
I20260713 09:04:25.014463 17867 raft_consensus.cc:2955] T 2c35cf17851e45e9aee9753b095206b7 P c2d2bace62bf43e8976acb48f999ad43 [term 1 FOLLOWER]: Committing config change with OpId 1.4: config changed from index 3 to 4, VOTER eadf744d007c431785341c8ccb461ea4 (127.15.242.129) evicted. New config: { opid_index: 4 OBSOLETE_local: false peers { permanent_uuid: "568f6aa36a484e16a82165b4bbc48bf2" member_type: VOTER last_known_addr { host: "127.15.242.130" port: 38185 } } peers { permanent_uuid: "e756101eeebb401e8b1ec4cd0c156935" member_type: VOTER last_known_addr { host: "127.15.242.131" port: 39681 } } peers { permanent_uuid: "c2d2bace62bf43e8976acb48f999ad43" member_type: VOTER last_known_addr { host: "127.15.242.132" port: 44983 } attrs { promote: false } } }
I20260713 09:04:25.024132 17436 tablet_service.cc:1558] Processing DeleteTablet for tablet 9743fb5d04c547e390e23cabda799ed7 with delete_type TABLET_DATA_TOMBSTONED (TS eadf744d007c431785341c8ccb461ea4 not found in new config with opid_index 4) from {username='slave'} at 127.0.0.1:46506
I20260713 09:04:25.025771 17964 tablet_replica.cc:333] T 9743fb5d04c547e390e23cabda799ed7 P eadf744d007c431785341c8ccb461ea4: stopping tablet replica
I20260713 09:04:25.026731 17964 raft_consensus.cc:2243] T 9743fb5d04c547e390e23cabda799ed7 P eadf744d007c431785341c8ccb461ea4 [term 1 FOLLOWER]: Raft consensus shutting down.
I20260713 09:04:25.027408 17964 raft_consensus.cc:2272] T 9743fb5d04c547e390e23cabda799ed7 P eadf744d007c431785341c8ccb461ea4 [term 1 FOLLOWER]: Raft consensus is shut down!
I20260713 09:04:25.030442 17348 catalog_manager.cc:5697] T 2c35cf17851e45e9aee9753b095206b7 P e756101eeebb401e8b1ec4cd0c156935 reported cstate change: config changed from index 3 to 4, VOTER eadf744d007c431785341c8ccb461ea4 (127.15.242.129) evicted. New cstate: current_term: 1 leader_uuid: "568f6aa36a484e16a82165b4bbc48bf2" committed_config { opid_index: 4 OBSOLETE_local: false peers { permanent_uuid: "568f6aa36a484e16a82165b4bbc48bf2" member_type: VOTER last_known_addr { host: "127.15.242.130" port: 38185 } } peers { permanent_uuid: "e756101eeebb401e8b1ec4cd0c156935" member_type: VOTER last_known_addr { host: "127.15.242.131" port: 39681 } } peers { permanent_uuid: "c2d2bace62bf43e8976acb48f999ad43" member_type: VOTER last_known_addr { host: "127.15.242.132" port: 44983 } attrs { promote: false } } }
I20260713 09:04:25.038265 17964 ts_tablet_manager.cc:1916] T 9743fb5d04c547e390e23cabda799ed7 P eadf744d007c431785341c8ccb461ea4: Deleting tablet data with delete state TABLET_DATA_TOMBSTONED
I20260713 09:04:25.043011 17436 tablet_service.cc:1558] Processing DeleteTablet for tablet 2c35cf17851e45e9aee9753b095206b7 with delete_type TABLET_DATA_TOMBSTONED (TS eadf744d007c431785341c8ccb461ea4 not found in new config with opid_index 4) from {username='slave'} at 127.0.0.1:46506
I20260713 09:04:25.052141 17964 ts_tablet_manager.cc:1929] T 9743fb5d04c547e390e23cabda799ed7 P eadf744d007c431785341c8ccb461ea4: tablet deleted with delete type TABLET_DATA_TOMBSTONED: last-logged OpId 1.3
I20260713 09:04:25.052488 17964 log.cc:1199] T 9743fb5d04c547e390e23cabda799ed7 P eadf744d007c431785341c8ccb461ea4: Deleting WAL directory at /tmp/dist-test-taskzXLSGw/test-tmp/auto_leader_rebalancer-test.0.LeaderRebalancerTest.AddTserver.1783933435704973-16330-0/minicluster-data/ts-0-root/wals/9743fb5d04c547e390e23cabda799ed7
I20260713 09:04:25.053709 17964 tablet_replica.cc:333] T 2c35cf17851e45e9aee9753b095206b7 P eadf744d007c431785341c8ccb461ea4: stopping tablet replica
I20260713 09:04:25.053653 17338 catalog_manager.cc:5028] TS eadf744d007c431785341c8ccb461ea4 (127.15.242.129:45635): tablet 9743fb5d04c547e390e23cabda799ed7 (table test-workload [id=0a7664b094d34cb0ba4c154bd58cf0d2]) successfully deleted
I20260713 09:04:25.054384 17964 raft_consensus.cc:2243] T 2c35cf17851e45e9aee9753b095206b7 P eadf744d007c431785341c8ccb461ea4 [term 1 FOLLOWER]: Raft consensus shutting down.
I20260713 09:04:25.054886 17964 raft_consensus.cc:2272] T 2c35cf17851e45e9aee9753b095206b7 P eadf744d007c431785341c8ccb461ea4 [term 1 FOLLOWER]: Raft consensus is shut down!
I20260713 09:04:25.057092 17964 ts_tablet_manager.cc:1916] T 2c35cf17851e45e9aee9753b095206b7 P eadf744d007c431785341c8ccb461ea4: Deleting tablet data with delete state TABLET_DATA_TOMBSTONED
I20260713 09:04:25.065960 17964 ts_tablet_manager.cc:1929] T 2c35cf17851e45e9aee9753b095206b7 P eadf744d007c431785341c8ccb461ea4: tablet deleted with delete type TABLET_DATA_TOMBSTONED: last-logged OpId 1.3
I20260713 09:04:25.066293 17964 log.cc:1199] T 2c35cf17851e45e9aee9753b095206b7 P eadf744d007c431785341c8ccb461ea4: Deleting WAL directory at /tmp/dist-test-taskzXLSGw/test-tmp/auto_leader_rebalancer-test.0.LeaderRebalancerTest.AddTserver.1783933435704973-16330-0/minicluster-data/ts-0-root/wals/2c35cf17851e45e9aee9753b095206b7
I20260713 09:04:25.067461 17338 catalog_manager.cc:5028] TS eadf744d007c431785341c8ccb461ea4 (127.15.242.129:45635): tablet 2c35cf17851e45e9aee9753b095206b7 (table test-workload [id=0a7664b094d34cb0ba4c154bd58cf0d2]) successfully deleted
W20260713 09:04:25.872154 17623 debug-util.cc:398] Leaking SignalData structure 0x7b080014a820 after lost signal to thread 16333
W20260713 09:04:25.872884 17623 debug-util.cc:398] Leaking SignalData structure 0x7b08000de2c0 after lost signal to thread 17385
W20260713 09:04:25.873688 17623 debug-util.cc:398] Leaking SignalData structure 0x7b0800245ea0 after lost signal to thread 17477
W20260713 09:04:25.874440 17623 debug-util.cc:398] Leaking SignalData structure 0x7b080026aaa0 after lost signal to thread 17552
W20260713 09:04:25.875138 17623 debug-util.cc:398] Leaking SignalData structure 0x7b080026a7e0 after lost signal to thread 17626
W20260713 09:04:25.875892 17623 debug-util.cc:398] Leaking SignalData structure 0x7b0800145720 after lost signal to thread 17892
I20260713 09:04:26.101017 17600 consensus_queue.cc:237] T c458b2433e4445a687b71e3a016428d0 P e756101eeebb401e8b1ec4cd0c156935 [LEADER]: Queue going to LEADER mode. State: All replicated index: 0, Majority replicated index: 1, Committed index: 1, Last appended: 1.1, Last appended by leader: 0, Current term: 1, Majority size: 2, State: 0, Mode: LEADER, active raft config: opid_index: 2 OBSOLETE_local: false peers { permanent_uuid: "eadf744d007c431785341c8ccb461ea4" member_type: VOTER last_known_addr { host: "127.15.242.129" port: 45635 } } peers { permanent_uuid: "568f6aa36a484e16a82165b4bbc48bf2" member_type: VOTER last_known_addr { host: "127.15.242.130" port: 38185 } attrs { replace: true } } peers { permanent_uuid: "e756101eeebb401e8b1ec4cd0c156935" member_type: VOTER last_known_addr { host: "127.15.242.131" port: 39681 } } peers { permanent_uuid: "c2d2bace62bf43e8976acb48f999ad43" member_type: NON_VOTER last_known_addr { host: "127.15.242.132" port: 44983 } attrs { promote: true } }
I20260713 09:04:26.110441 17527 raft_consensus.cc:1275] T c458b2433e4445a687b71e3a016428d0 P 568f6aa36a484e16a82165b4bbc48bf2 [term 1 FOLLOWER]: Refusing update from remote peer e756101eeebb401e8b1ec4cd0c156935: Log matching property violated. Preceding OpId in replica: term: 1 index: 1. Preceding OpId from leader: term: 1 index: 2. (index mismatch)
I20260713 09:04:26.110725 17450 raft_consensus.cc:1275] T c458b2433e4445a687b71e3a016428d0 P eadf744d007c431785341c8ccb461ea4 [term 1 FOLLOWER]: Refusing update from remote peer e756101eeebb401e8b1ec4cd0c156935: Log matching property violated. Preceding OpId in replica: term: 1 index: 1. Preceding OpId from leader: term: 1 index: 2. (index mismatch)
W20260713 09:04:26.111171 17568 consensus_peers.cc:597] T c458b2433e4445a687b71e3a016428d0 P e756101eeebb401e8b1ec4cd0c156935 -> Peer c2d2bace62bf43e8976acb48f999ad43 (127.15.242.132:44983): Couldn't send request to peer c2d2bace62bf43e8976acb48f999ad43. Error code: TABLET_NOT_FOUND (6). Status: Not found: Tablet not found: c458b2433e4445a687b71e3a016428d0. This is attempt 1: this message will repeat every 5th retry.
I20260713 09:04:26.112157 17951 consensus_queue.cc:1048] T c458b2433e4445a687b71e3a016428d0 P e756101eeebb401e8b1ec4cd0c156935 [LEADER]: Connected to new peer: Peer: permanent_uuid: "eadf744d007c431785341c8ccb461ea4" member_type: VOTER last_known_addr { host: "127.15.242.129" port: 45635 }, Status: LMP_MISMATCH, Last received: 0.0, Next index: 2, Last known committed idx: 1, Time since last communication: 0.001s
I20260713 09:04:26.123798 17968 consensus_queue.cc:1048] T c458b2433e4445a687b71e3a016428d0 P e756101eeebb401e8b1ec4cd0c156935 [LEADER]: Connected to new peer: Peer: permanent_uuid: "568f6aa36a484e16a82165b4bbc48bf2" member_type: VOTER last_known_addr { host: "127.15.242.130" port: 38185 } attrs { replace: true }, Status: LMP_MISMATCH, Last received: 0.0, Next index: 2, Last known committed idx: 1, Time since last communication: 0.010s
I20260713 09:04:26.129812 17965 raft_consensus.cc:2955] T c458b2433e4445a687b71e3a016428d0 P e756101eeebb401e8b1ec4cd0c156935 [term 1 LEADER]: Committing config change with OpId 1.2: config changed from index -1 to 2, NON_VOTER c2d2bace62bf43e8976acb48f999ad43 (127.15.242.132) added. New config: { opid_index: 2 OBSOLETE_local: false peers { permanent_uuid: "eadf744d007c431785341c8ccb461ea4" member_type: VOTER last_known_addr { host: "127.15.242.129" port: 45635 } } peers { permanent_uuid: "568f6aa36a484e16a82165b4bbc48bf2" member_type: VOTER last_known_addr { host: "127.15.242.130" port: 38185 } attrs { replace: true } } peers { permanent_uuid: "e756101eeebb401e8b1ec4cd0c156935" member_type: VOTER last_known_addr { host: "127.15.242.131" port: 39681 } } peers { permanent_uuid: "c2d2bace62bf43e8976acb48f999ad43" member_type: NON_VOTER last_known_addr { host: "127.15.242.132" port: 44983 } attrs { promote: true } } }
I20260713 09:04:26.135270 17450 raft_consensus.cc:2955] T c458b2433e4445a687b71e3a016428d0 P eadf744d007c431785341c8ccb461ea4 [term 1 FOLLOWER]: Committing config change with OpId 1.2: config changed from index -1 to 2, NON_VOTER c2d2bace62bf43e8976acb48f999ad43 (127.15.242.132) added. New config: { opid_index: 2 OBSOLETE_local: false peers { permanent_uuid: "eadf744d007c431785341c8ccb461ea4" member_type: VOTER last_known_addr { host: "127.15.242.129" port: 45635 } } peers { permanent_uuid: "568f6aa36a484e16a82165b4bbc48bf2" member_type: VOTER last_known_addr { host: "127.15.242.130" port: 38185 } attrs { replace: true } } peers { permanent_uuid: "e756101eeebb401e8b1ec4cd0c156935" member_type: VOTER last_known_addr { host: "127.15.242.131" port: 39681 } } peers { permanent_uuid: "c2d2bace62bf43e8976acb48f999ad43" member_type: NON_VOTER last_known_addr { host: "127.15.242.132" port: 44983 } attrs { promote: true } } }
I20260713 09:04:26.144816 17525 consensus_queue.cc:237] T ec1f6e48cbc94f2488bbcb059d13d3f7 P 568f6aa36a484e16a82165b4bbc48bf2 [LEADER]: Queue going to LEADER mode. State: All replicated index: 0, Majority replicated index: 1, Committed index: 1, Last appended: 1.1, Last appended by leader: 0, Current term: 1, Majority size: 2, State: 0, Mode: LEADER, active raft config: opid_index: 2 OBSOLETE_local: false peers { permanent_uuid: "eadf744d007c431785341c8ccb461ea4" member_type: VOTER last_known_addr { host: "127.15.242.129" port: 45635 } } peers { permanent_uuid: "568f6aa36a484e16a82165b4bbc48bf2" member_type: VOTER last_known_addr { host: "127.15.242.130" port: 38185 } } peers { permanent_uuid: "e756101eeebb401e8b1ec4cd0c156935" member_type: VOTER last_known_addr { host: "127.15.242.131" port: 39681 } attrs { replace: true } } peers { permanent_uuid: "c2d2bace62bf43e8976acb48f999ad43" member_type: NON_VOTER last_known_addr { host: "127.15.242.132" port: 44983 } attrs { promote: true } }
I20260713 09:04:26.145365 17527 raft_consensus.cc:2955] T c458b2433e4445a687b71e3a016428d0 P 568f6aa36a484e16a82165b4bbc48bf2 [term 1 FOLLOWER]: Committing config change with OpId 1.2: config changed from index -1 to 2, NON_VOTER c2d2bace62bf43e8976acb48f999ad43 (127.15.242.132) added. New config: { opid_index: 2 OBSOLETE_local: false peers { permanent_uuid: "eadf744d007c431785341c8ccb461ea4" member_type: VOTER last_known_addr { host: "127.15.242.129" port: 45635 } } peers { permanent_uuid: "568f6aa36a484e16a82165b4bbc48bf2" member_type: VOTER last_known_addr { host: "127.15.242.130" port: 38185 } attrs { replace: true } } peers { permanent_uuid: "e756101eeebb401e8b1ec4cd0c156935" member_type: VOTER last_known_addr { host: "127.15.242.131" port: 39681 } } peers { permanent_uuid: "c2d2bace62bf43e8976acb48f999ad43" member_type: NON_VOTER last_known_addr { host: "127.15.242.132" port: 44983 } attrs { promote: true } } }
I20260713 09:04:26.155575 17347 catalog_manager.cc:5697] T c458b2433e4445a687b71e3a016428d0 P eadf744d007c431785341c8ccb461ea4 reported cstate change: config changed from index -1 to 2, NON_VOTER c2d2bace62bf43e8976acb48f999ad43 (127.15.242.132) added. New cstate: current_term: 1 leader_uuid: "e756101eeebb401e8b1ec4cd0c156935" committed_config { opid_index: 2 OBSOLETE_local: false peers { permanent_uuid: "eadf744d007c431785341c8ccb461ea4" member_type: VOTER last_known_addr { host: "127.15.242.129" port: 45635 } } peers { permanent_uuid: "568f6aa36a484e16a82165b4bbc48bf2" member_type: VOTER last_known_addr { host: "127.15.242.130" port: 38185 } attrs { replace: true } } peers { permanent_uuid: "e756101eeebb401e8b1ec4cd0c156935" member_type: VOTER last_known_addr { host: "127.15.242.131" port: 39681 } } peers { permanent_uuid: "c2d2bace62bf43e8976acb48f999ad43" member_type: NON_VOTER last_known_addr { host: "127.15.242.132" port: 44983 } attrs { promote: true } } }
W20260713 09:04:26.165201 17494 consensus_peers.cc:597] T ec1f6e48cbc94f2488bbcb059d13d3f7 P 568f6aa36a484e16a82165b4bbc48bf2 -> Peer c2d2bace62bf43e8976acb48f999ad43 (127.15.242.132:44983): Couldn't send request to peer c2d2bace62bf43e8976acb48f999ad43. Error code: TABLET_NOT_FOUND (6). Status: Not found: Tablet not found: ec1f6e48cbc94f2488bbcb059d13d3f7. This is attempt 1: this message will repeat every 5th retry.
I20260713 09:04:26.166993 17450 raft_consensus.cc:1275] T ec1f6e48cbc94f2488bbcb059d13d3f7 P eadf744d007c431785341c8ccb461ea4 [term 1 FOLLOWER]: Refusing update from remote peer 568f6aa36a484e16a82165b4bbc48bf2: Log matching property violated. Preceding OpId in replica: term: 1 index: 1. Preceding OpId from leader: term: 1 index: 2. (index mismatch)
I20260713 09:04:26.166973 17600 raft_consensus.cc:1275] T ec1f6e48cbc94f2488bbcb059d13d3f7 P e756101eeebb401e8b1ec4cd0c156935 [term 1 FOLLOWER]: Refusing update from remote peer 568f6aa36a484e16a82165b4bbc48bf2: Log matching property violated. Preceding OpId in replica: term: 1 index: 1. Preceding OpId from leader: term: 1 index: 2. (index mismatch)
I20260713 09:04:26.168267 17961 consensus_queue.cc:1048] T ec1f6e48cbc94f2488bbcb059d13d3f7 P 568f6aa36a484e16a82165b4bbc48bf2 [LEADER]: Connected to new peer: Peer: permanent_uuid: "eadf744d007c431785341c8ccb461ea4" member_type: VOTER last_known_addr { host: "127.15.242.129" port: 45635 }, Status: LMP_MISMATCH, Last received: 0.0, Next index: 2, Last known committed idx: 1, Time since last communication: 0.000s
I20260713 09:04:26.169064 17967 consensus_queue.cc:1048] T ec1f6e48cbc94f2488bbcb059d13d3f7 P 568f6aa36a484e16a82165b4bbc48bf2 [LEADER]: Connected to new peer: Peer: permanent_uuid: "e756101eeebb401e8b1ec4cd0c156935" member_type: VOTER last_known_addr { host: "127.15.242.131" port: 39681 } attrs { replace: true }, Status: LMP_MISMATCH, Last received: 0.0, Next index: 2, Last known committed idx: 1, Time since last communication: 0.000s
I20260713 09:04:26.188437 17967 raft_consensus.cc:2955] T ec1f6e48cbc94f2488bbcb059d13d3f7 P 568f6aa36a484e16a82165b4bbc48bf2 [term 1 LEADER]: Committing config change with OpId 1.2: config changed from index -1 to 2, NON_VOTER c2d2bace62bf43e8976acb48f999ad43 (127.15.242.132) added. New config: { opid_index: 2 OBSOLETE_local: false peers { permanent_uuid: "eadf744d007c431785341c8ccb461ea4" member_type: VOTER last_known_addr { host: "127.15.242.129" port: 45635 } } peers { permanent_uuid: "568f6aa36a484e16a82165b4bbc48bf2" member_type: VOTER last_known_addr { host: "127.15.242.130" port: 38185 } } peers { permanent_uuid: "e756101eeebb401e8b1ec4cd0c156935" member_type: VOTER last_known_addr { host: "127.15.242.131" port: 39681 } attrs { replace: true } } peers { permanent_uuid: "c2d2bace62bf43e8976acb48f999ad43" member_type: NON_VOTER last_known_addr { host: "127.15.242.132" port: 44983 } attrs { promote: true } } }
I20260713 09:04:26.191572 17452 raft_consensus.cc:2955] T ec1f6e48cbc94f2488bbcb059d13d3f7 P eadf744d007c431785341c8ccb461ea4 [term 1 FOLLOWER]: Committing config change with OpId 1.2: config changed from index -1 to 2, NON_VOTER c2d2bace62bf43e8976acb48f999ad43 (127.15.242.132) added. New config: { opid_index: 2 OBSOLETE_local: false peers { permanent_uuid: "eadf744d007c431785341c8ccb461ea4" member_type: VOTER last_known_addr { host: "127.15.242.129" port: 45635 } } peers { permanent_uuid: "568f6aa36a484e16a82165b4bbc48bf2" member_type: VOTER last_known_addr { host: "127.15.242.130" port: 38185 } } peers { permanent_uuid: "e756101eeebb401e8b1ec4cd0c156935" member_type: VOTER last_known_addr { host: "127.15.242.131" port: 39681 } attrs { replace: true } } peers { permanent_uuid: "c2d2bace62bf43e8976acb48f999ad43" member_type: NON_VOTER last_known_addr { host: "127.15.242.132" port: 44983 } attrs { promote: true } } }
I20260713 09:04:26.219909 17351 catalog_manager.cc:5697] T ec1f6e48cbc94f2488bbcb059d13d3f7 P eadf744d007c431785341c8ccb461ea4 reported cstate change: config changed from index -1 to 2, NON_VOTER c2d2bace62bf43e8976acb48f999ad43 (127.15.242.132) added. New cstate: current_term: 1 leader_uuid: "568f6aa36a484e16a82165b4bbc48bf2" committed_config { opid_index: 2 OBSOLETE_local: false peers { permanent_uuid: "eadf744d007c431785341c8ccb461ea4" member_type: VOTER last_known_addr { host: "127.15.242.129" port: 45635 } } peers { permanent_uuid: "568f6aa36a484e16a82165b4bbc48bf2" member_type: VOTER last_known_addr { host: "127.15.242.130" port: 38185 } } peers { permanent_uuid: "e756101eeebb401e8b1ec4cd0c156935" member_type: VOTER last_known_addr { host: "127.15.242.131" port: 39681 } attrs { replace: true } } peers { permanent_uuid: "c2d2bace62bf43e8976acb48f999ad43" member_type: NON_VOTER last_known_addr { host: "127.15.242.132" port: 44983 } attrs { promote: true } } }
I20260713 09:04:26.224200 17601 consensus_queue.cc:237] T 8b2d0f89ba5c4374b84375636bf24cf2 P e756101eeebb401e8b1ec4cd0c156935 [LEADER]: Queue going to LEADER mode. State: All replicated index: 0, Majority replicated index: 1, Committed index: 1, Last appended: 1.1, Last appended by leader: 0, Current term: 1, Majority size: 2, State: 0, Mode: LEADER, active raft config: opid_index: 2 OBSOLETE_local: false peers { permanent_uuid: "eadf744d007c431785341c8ccb461ea4" member_type: VOTER last_known_addr { host: "127.15.242.129" port: 45635 } attrs { replace: true } } peers { permanent_uuid: "568f6aa36a484e16a82165b4bbc48bf2" member_type: VOTER last_known_addr { host: "127.15.242.130" port: 38185 } } peers { permanent_uuid: "e756101eeebb401e8b1ec4cd0c156935" member_type: VOTER last_known_addr { host: "127.15.242.131" port: 39681 } } peers { permanent_uuid: "c2d2bace62bf43e8976acb48f999ad43" member_type: NON_VOTER last_known_addr { host: "127.15.242.132" port: 44983 } attrs { promote: true } }
I20260713 09:04:26.237413 17600 raft_consensus.cc:2955] T ec1f6e48cbc94f2488bbcb059d13d3f7 P e756101eeebb401e8b1ec4cd0c156935 [term 1 FOLLOWER]: Committing config change with OpId 1.2: config changed from index -1 to 2, NON_VOTER c2d2bace62bf43e8976acb48f999ad43 (127.15.242.132) added. New config: { opid_index: 2 OBSOLETE_local: false peers { permanent_uuid: "eadf744d007c431785341c8ccb461ea4" member_type: VOTER last_known_addr { host: "127.15.242.129" port: 45635 } } peers { permanent_uuid: "568f6aa36a484e16a82165b4bbc48bf2" member_type: VOTER last_known_addr { host: "127.15.242.130" port: 38185 } } peers { permanent_uuid: "e756101eeebb401e8b1ec4cd0c156935" member_type: VOTER last_known_addr { host: "127.15.242.131" port: 39681 } attrs { replace: true } } peers { permanent_uuid: "c2d2bace62bf43e8976acb48f999ad43" member_type: NON_VOTER last_known_addr { host: "127.15.242.132" port: 44983 } attrs { promote: true } } }
W20260713 09:04:26.242966 17568 consensus_peers.cc:597] T 8b2d0f89ba5c4374b84375636bf24cf2 P e756101eeebb401e8b1ec4cd0c156935 -> Peer c2d2bace62bf43e8976acb48f999ad43 (127.15.242.132:44983): Couldn't send request to peer c2d2bace62bf43e8976acb48f999ad43. Error code: TABLET_NOT_FOUND (6). Status: Not found: Tablet not found: 8b2d0f89ba5c4374b84375636bf24cf2. This is attempt 1: this message will repeat every 5th retry.
I20260713 09:04:26.245726 17525 raft_consensus.cc:1275] T 8b2d0f89ba5c4374b84375636bf24cf2 P 568f6aa36a484e16a82165b4bbc48bf2 [term 1 FOLLOWER]: Refusing update from remote peer e756101eeebb401e8b1ec4cd0c156935: Log matching property violated. Preceding OpId in replica: term: 1 index: 1. Preceding OpId from leader: term: 1 index: 2. (index mismatch)
I20260713 09:04:26.247156 17965 consensus_queue.cc:1048] T 8b2d0f89ba5c4374b84375636bf24cf2 P e756101eeebb401e8b1ec4cd0c156935 [LEADER]: Connected to new peer: Peer: permanent_uuid: "568f6aa36a484e16a82165b4bbc48bf2" member_type: VOTER last_known_addr { host: "127.15.242.130" port: 38185 }, Status: LMP_MISMATCH, Last received: 0.0, Next index: 2, Last known committed idx: 1, Time since last communication: 0.000s
I20260713 09:04:26.252949 17452 raft_consensus.cc:1275] T 8b2d0f89ba5c4374b84375636bf24cf2 P eadf744d007c431785341c8ccb461ea4 [term 1 FOLLOWER]: Refusing update from remote peer e756101eeebb401e8b1ec4cd0c156935: Log matching property violated. Preceding OpId in replica: term: 1 index: 1. Preceding OpId from leader: term: 1 index: 2. (index mismatch)
I20260713 09:04:26.254427 17965 consensus_queue.cc:1048] T 8b2d0f89ba5c4374b84375636bf24cf2 P e756101eeebb401e8b1ec4cd0c156935 [LEADER]: Connected to new peer: Peer: permanent_uuid: "eadf744d007c431785341c8ccb461ea4" member_type: VOTER last_known_addr { host: "127.15.242.129" port: 45635 } attrs { replace: true }, Status: LMP_MISMATCH, Last received: 0.0, Next index: 2, Last known committed idx: 1, Time since last communication: 0.000s
I20260713 09:04:26.263604 17968 raft_consensus.cc:2955] T 8b2d0f89ba5c4374b84375636bf24cf2 P e756101eeebb401e8b1ec4cd0c156935 [term 1 LEADER]: Committing config change with OpId 1.2: config changed from index -1 to 2, NON_VOTER c2d2bace62bf43e8976acb48f999ad43 (127.15.242.132) added. New config: { opid_index: 2 OBSOLETE_local: false peers { permanent_uuid: "eadf744d007c431785341c8ccb461ea4" member_type: VOTER last_known_addr { host: "127.15.242.129" port: 45635 } attrs { replace: true } } peers { permanent_uuid: "568f6aa36a484e16a82165b4bbc48bf2" member_type: VOTER last_known_addr { host: "127.15.242.130" port: 38185 } } peers { permanent_uuid: "e756101eeebb401e8b1ec4cd0c156935" member_type: VOTER last_known_addr { host: "127.15.242.131" port: 39681 } } peers { permanent_uuid: "c2d2bace62bf43e8976acb48f999ad43" member_type: NON_VOTER last_known_addr { host: "127.15.242.132" port: 44983 } attrs { promote: true } } }
I20260713 09:04:26.265233 17525 raft_consensus.cc:2955] T 8b2d0f89ba5c4374b84375636bf24cf2 P 568f6aa36a484e16a82165b4bbc48bf2 [term 1 FOLLOWER]: Committing config change with OpId 1.2: config changed from index -1 to 2, NON_VOTER c2d2bace62bf43e8976acb48f999ad43 (127.15.242.132) added. New config: { opid_index: 2 OBSOLETE_local: false peers { permanent_uuid: "eadf744d007c431785341c8ccb461ea4" member_type: VOTER last_known_addr { host: "127.15.242.129" port: 45635 } attrs { replace: true } } peers { permanent_uuid: "568f6aa36a484e16a82165b4bbc48bf2" member_type: VOTER last_known_addr { host: "127.15.242.130" port: 38185 } } peers { permanent_uuid: "e756101eeebb401e8b1ec4cd0c156935" member_type: VOTER last_known_addr { host: "127.15.242.131" port: 39681 } } peers { permanent_uuid: "c2d2bace62bf43e8976acb48f999ad43" member_type: NON_VOTER last_known_addr { host: "127.15.242.132" port: 44983 } attrs { promote: true } } }
I20260713 09:04:26.267447 17450 raft_consensus.cc:2955] T 8b2d0f89ba5c4374b84375636bf24cf2 P eadf744d007c431785341c8ccb461ea4 [term 1 FOLLOWER]: Committing config change with OpId 1.2: config changed from index -1 to 2, NON_VOTER c2d2bace62bf43e8976acb48f999ad43 (127.15.242.132) added. New config: { opid_index: 2 OBSOLETE_local: false peers { permanent_uuid: "eadf744d007c431785341c8ccb461ea4" member_type: VOTER last_known_addr { host: "127.15.242.129" port: 45635 } attrs { replace: true } } peers { permanent_uuid: "568f6aa36a484e16a82165b4bbc48bf2" member_type: VOTER last_known_addr { host: "127.15.242.130" port: 38185 } } peers { permanent_uuid: "e756101eeebb401e8b1ec4cd0c156935" member_type: VOTER last_known_addr { host: "127.15.242.131" port: 39681 } } peers { permanent_uuid: "c2d2bace62bf43e8976acb48f999ad43" member_type: NON_VOTER last_known_addr { host: "127.15.242.132" port: 44983 } attrs { promote: true } } }
I20260713 09:04:26.280489 17351 catalog_manager.cc:5697] T 8b2d0f89ba5c4374b84375636bf24cf2 P 568f6aa36a484e16a82165b4bbc48bf2 reported cstate change: config changed from index -1 to 2, NON_VOTER c2d2bace62bf43e8976acb48f999ad43 (127.15.242.132) added. New cstate: current_term: 1 leader_uuid: "e756101eeebb401e8b1ec4cd0c156935" committed_config { opid_index: 2 OBSOLETE_local: false peers { permanent_uuid: "eadf744d007c431785341c8ccb461ea4" member_type: VOTER last_known_addr { host: "127.15.242.129" port: 45635 } attrs { replace: true } } peers { permanent_uuid: "568f6aa36a484e16a82165b4bbc48bf2" member_type: VOTER last_known_addr { host: "127.15.242.130" port: 38185 } } peers { permanent_uuid: "e756101eeebb401e8b1ec4cd0c156935" member_type: VOTER last_known_addr { host: "127.15.242.131" port: 39681 } } peers { permanent_uuid: "c2d2bace62bf43e8976acb48f999ad43" member_type: NON_VOTER last_known_addr { host: "127.15.242.132" port: 44983 } attrs { promote: true } } }
I20260713 09:04:26.292402 17450 consensus_queue.cc:237] T 98bf7729cc4c44a0a8510ab2d9a968b5 P eadf744d007c431785341c8ccb461ea4 [LEADER]: Queue going to LEADER mode. State: All replicated index: 0, Majority replicated index: 1, Committed index: 1, Last appended: 1.1, Last appended by leader: 0, Current term: 1, Majority size: 2, State: 0, Mode: LEADER, active raft config: opid_index: 2 OBSOLETE_local: false peers { permanent_uuid: "eadf744d007c431785341c8ccb461ea4" member_type: VOTER last_known_addr { host: "127.15.242.129" port: 45635 } } peers { permanent_uuid: "568f6aa36a484e16a82165b4bbc48bf2" member_type: VOTER last_known_addr { host: "127.15.242.130" port: 38185 } attrs { replace: true } } peers { permanent_uuid: "e756101eeebb401e8b1ec4cd0c156935" member_type: VOTER last_known_addr { host: "127.15.242.131" port: 39681 } } peers { permanent_uuid: "c2d2bace62bf43e8976acb48f999ad43" member_type: NON_VOTER last_known_addr { host: "127.15.242.132" port: 44983 } attrs { promote: true } }
I20260713 09:04:26.302907 17525 raft_consensus.cc:1275] T 98bf7729cc4c44a0a8510ab2d9a968b5 P 568f6aa36a484e16a82165b4bbc48bf2 [term 1 FOLLOWER]: Refusing update from remote peer eadf744d007c431785341c8ccb461ea4: Log matching property violated. Preceding OpId in replica: term: 1 index: 1. Preceding OpId from leader: term: 1 index: 2. (index mismatch)
I20260713 09:04:26.304495 17601 raft_consensus.cc:1275] T 98bf7729cc4c44a0a8510ab2d9a968b5 P e756101eeebb401e8b1ec4cd0c156935 [term 1 FOLLOWER]: Refusing update from remote peer eadf744d007c431785341c8ccb461ea4: Log matching property violated. Preceding OpId in replica: term: 1 index: 1. Preceding OpId from leader: term: 1 index: 2. (index mismatch)
I20260713 09:04:26.305749 17958 consensus_queue.cc:1048] T 98bf7729cc4c44a0a8510ab2d9a968b5 P eadf744d007c431785341c8ccb461ea4 [LEADER]: Connected to new peer: Peer: permanent_uuid: "568f6aa36a484e16a82165b4bbc48bf2" member_type: VOTER last_known_addr { host: "127.15.242.130" port: 38185 } attrs { replace: true }, Status: LMP_MISMATCH, Last received: 0.0, Next index: 2, Last known committed idx: 1, Time since last communication: 0.001s
I20260713 09:04:26.307278 17970 consensus_queue.cc:1048] T 98bf7729cc4c44a0a8510ab2d9a968b5 P eadf744d007c431785341c8ccb461ea4 [LEADER]: Connected to new peer: Peer: permanent_uuid: "e756101eeebb401e8b1ec4cd0c156935" member_type: VOTER last_known_addr { host: "127.15.242.131" port: 39681 }, Status: LMP_MISMATCH, Last received: 0.0, Next index: 2, Last known committed idx: 1, Time since last communication: 0.000s
W20260713 09:04:26.326269 17419 consensus_peers.cc:597] T 98bf7729cc4c44a0a8510ab2d9a968b5 P eadf744d007c431785341c8ccb461ea4 -> Peer c2d2bace62bf43e8976acb48f999ad43 (127.15.242.132:44983): Couldn't send request to peer c2d2bace62bf43e8976acb48f999ad43. Error code: TABLET_NOT_FOUND (6). Status: Not found: Tablet not found: 98bf7729cc4c44a0a8510ab2d9a968b5. This is attempt 1: this message will repeat every 5th retry.
I20260713 09:04:26.328826 17970 raft_consensus.cc:2955] T 98bf7729cc4c44a0a8510ab2d9a968b5 P eadf744d007c431785341c8ccb461ea4 [term 1 LEADER]: Committing config change with OpId 1.2: config changed from index -1 to 2, NON_VOTER c2d2bace62bf43e8976acb48f999ad43 (127.15.242.132) added. New config: { opid_index: 2 OBSOLETE_local: false peers { permanent_uuid: "eadf744d007c431785341c8ccb461ea4" member_type: VOTER last_known_addr { host: "127.15.242.129" port: 45635 } } peers { permanent_uuid: "568f6aa36a484e16a82165b4bbc48bf2" member_type: VOTER last_known_addr { host: "127.15.242.130" port: 38185 } attrs { replace: true } } peers { permanent_uuid: "e756101eeebb401e8b1ec4cd0c156935" member_type: VOTER last_known_addr { host: "127.15.242.131" port: 39681 } } peers { permanent_uuid: "c2d2bace62bf43e8976acb48f999ad43" member_type: NON_VOTER last_known_addr { host: "127.15.242.132" port: 44983 } attrs { promote: true } } }
I20260713 09:04:26.334173 17601 raft_consensus.cc:2955] T 98bf7729cc4c44a0a8510ab2d9a968b5 P e756101eeebb401e8b1ec4cd0c156935 [term 1 FOLLOWER]: Committing config change with OpId 1.2: config changed from index -1 to 2, NON_VOTER c2d2bace62bf43e8976acb48f999ad43 (127.15.242.132) added. New config: { opid_index: 2 OBSOLETE_local: false peers { permanent_uuid: "eadf744d007c431785341c8ccb461ea4" member_type: VOTER last_known_addr { host: "127.15.242.129" port: 45635 } } peers { permanent_uuid: "568f6aa36a484e16a82165b4bbc48bf2" member_type: VOTER last_known_addr { host: "127.15.242.130" port: 38185 } attrs { replace: true } } peers { permanent_uuid: "e756101eeebb401e8b1ec4cd0c156935" member_type: VOTER last_known_addr { host: "127.15.242.131" port: 39681 } } peers { permanent_uuid: "c2d2bace62bf43e8976acb48f999ad43" member_type: NON_VOTER last_known_addr { host: "127.15.242.132" port: 44983 } attrs { promote: true } } }
I20260713 09:04:26.358296 17348 catalog_manager.cc:5697] T 98bf7729cc4c44a0a8510ab2d9a968b5 P eadf744d007c431785341c8ccb461ea4 reported cstate change: config changed from index -1 to 2, NON_VOTER c2d2bace62bf43e8976acb48f999ad43 (127.15.242.132) added. New cstate: current_term: 1 leader_uuid: "eadf744d007c431785341c8ccb461ea4" committed_config { opid_index: 2 OBSOLETE_local: false peers { permanent_uuid: "eadf744d007c431785341c8ccb461ea4" member_type: VOTER last_known_addr { host: "127.15.242.129" port: 45635 } health_report { overall_health: HEALTHY } } peers { permanent_uuid: "568f6aa36a484e16a82165b4bbc48bf2" member_type: VOTER last_known_addr { host: "127.15.242.130" port: 38185 } attrs { replace: true } health_report { overall_health: UNKNOWN } } peers { permanent_uuid: "e756101eeebb401e8b1ec4cd0c156935" member_type: VOTER last_known_addr { host: "127.15.242.131" port: 39681 } health_report { overall_health: HEALTHY } } peers { permanent_uuid: "c2d2bace62bf43e8976acb48f999ad43" member_type: NON_VOTER last_known_addr { host: "127.15.242.132" port: 44983 } attrs { promote: true } health_report { overall_health: UNKNOWN } } }
I20260713 09:04:26.374025 17525 raft_consensus.cc:2955] T 98bf7729cc4c44a0a8510ab2d9a968b5 P 568f6aa36a484e16a82165b4bbc48bf2 [term 1 FOLLOWER]: Committing config change with OpId 1.2: config changed from index -1 to 2, NON_VOTER c2d2bace62bf43e8976acb48f999ad43 (127.15.242.132) added. New config: { opid_index: 2 OBSOLETE_local: false peers { permanent_uuid: "eadf744d007c431785341c8ccb461ea4" member_type: VOTER last_known_addr { host: "127.15.242.129" port: 45635 } } peers { permanent_uuid: "568f6aa36a484e16a82165b4bbc48bf2" member_type: VOTER last_known_addr { host: "127.15.242.130" port: 38185 } attrs { replace: true } } peers { permanent_uuid: "e756101eeebb401e8b1ec4cd0c156935" member_type: VOTER last_known_addr { host: "127.15.242.131" port: 39681 } } peers { permanent_uuid: "c2d2bace62bf43e8976acb48f999ad43" member_type: NON_VOTER last_known_addr { host: "127.15.242.132" port: 44983 } attrs { promote: true } } }
I20260713 09:04:26.644183 17994 ts_tablet_manager.cc:933] T ec1f6e48cbc94f2488bbcb059d13d3f7 P c2d2bace62bf43e8976acb48f999ad43: Initiating tablet copy from peer 568f6aa36a484e16a82165b4bbc48bf2 (127.15.242.130:38185)
I20260713 09:04:26.646332 17994 tablet_copy_client.cc:323] T ec1f6e48cbc94f2488bbcb059d13d3f7 P c2d2bace62bf43e8976acb48f999ad43: tablet copy: Beginning tablet copy session from remote peer at address 127.15.242.130:38185
I20260713 09:04:26.648566 17538 tablet_copy_service.cc:140] P 568f6aa36a484e16a82165b4bbc48bf2: Received BeginTabletCopySession request for tablet ec1f6e48cbc94f2488bbcb059d13d3f7 from peer c2d2bace62bf43e8976acb48f999ad43 ({username='slave'} at 127.0.0.1:38394)
I20260713 09:04:26.649159 17538 tablet_copy_service.cc:161] P 568f6aa36a484e16a82165b4bbc48bf2: Beginning new tablet copy session on tablet ec1f6e48cbc94f2488bbcb059d13d3f7 from peer c2d2bace62bf43e8976acb48f999ad43 at {username='slave'} at 127.0.0.1:38394: session id = c2d2bace62bf43e8976acb48f999ad43-ec1f6e48cbc94f2488bbcb059d13d3f7
I20260713 09:04:26.657065 17538 tablet_copy_source_session.cc:215] T ec1f6e48cbc94f2488bbcb059d13d3f7 P 568f6aa36a484e16a82165b4bbc48bf2: Tablet Copy: opened 0 blocks and 1 log segments
I20260713 09:04:26.660185 17994 data_dirs.cc:400] Could only allocate 1 dirs of requested 3 for tablet ec1f6e48cbc94f2488bbcb059d13d3f7. 1 dirs total, 0 dirs full, 0 dirs failed
I20260713 09:04:26.674890 17994 tablet_copy_client.cc:806] T ec1f6e48cbc94f2488bbcb059d13d3f7 P c2d2bace62bf43e8976acb48f999ad43: tablet copy: Starting download of 0 data blocks...
I20260713 09:04:26.675514 17994 tablet_copy_client.cc:670] T ec1f6e48cbc94f2488bbcb059d13d3f7 P c2d2bace62bf43e8976acb48f999ad43: tablet copy: Starting download of 1 WAL segments...
I20260713 09:04:26.679510 17994 tablet_copy_client.cc:538] T ec1f6e48cbc94f2488bbcb059d13d3f7 P c2d2bace62bf43e8976acb48f999ad43: tablet copy: Tablet Copy complete. Replacing tablet superblock.
I20260713 09:04:26.687719 17994 tablet_bootstrap.cc:492] T ec1f6e48cbc94f2488bbcb059d13d3f7 P c2d2bace62bf43e8976acb48f999ad43: Bootstrap starting.
I20260713 09:04:26.712632 17994 tablet_bootstrap.cc:492] T ec1f6e48cbc94f2488bbcb059d13d3f7 P c2d2bace62bf43e8976acb48f999ad43: Bootstrap replayed 1/1 log segments. Stats: ops{read=2 overwritten=0 applied=2 ignored=0} inserts{seen=0 ignored=0} mutations{seen=0 ignored=0} orphaned_commits=0. Pending: 0 replicates
I20260713 09:04:26.713613 17994 tablet_bootstrap.cc:492] T ec1f6e48cbc94f2488bbcb059d13d3f7 P c2d2bace62bf43e8976acb48f999ad43: Bootstrap complete.
I20260713 09:04:26.714332 17994 ts_tablet_manager.cc:1403] T ec1f6e48cbc94f2488bbcb059d13d3f7 P c2d2bace62bf43e8976acb48f999ad43: Time spent bootstrapping tablet: real 0.027s	user 0.018s	sys 0.008s
I20260713 09:04:26.717383 17994 raft_consensus.cc:359] T ec1f6e48cbc94f2488bbcb059d13d3f7 P c2d2bace62bf43e8976acb48f999ad43 [term 1 LEARNER]: Replica starting. Triggering 0 pending ops. Active config: opid_index: 2 OBSOLETE_local: false peers { permanent_uuid: "eadf744d007c431785341c8ccb461ea4" member_type: VOTER last_known_addr { host: "127.15.242.129" port: 45635 } } peers { permanent_uuid: "568f6aa36a484e16a82165b4bbc48bf2" member_type: VOTER last_known_addr { host: "127.15.242.130" port: 38185 } } peers { permanent_uuid: "e756101eeebb401e8b1ec4cd0c156935" member_type: VOTER last_known_addr { host: "127.15.242.131" port: 39681 } attrs { replace: true } } peers { permanent_uuid: "c2d2bace62bf43e8976acb48f999ad43" member_type: NON_VOTER last_known_addr { host: "127.15.242.132" port: 44983 } attrs { promote: true } }
I20260713 09:04:26.718241 17994 raft_consensus.cc:740] T ec1f6e48cbc94f2488bbcb059d13d3f7 P c2d2bace62bf43e8976acb48f999ad43 [term 1 LEARNER]: Becoming Follower/Learner. State: Replica: c2d2bace62bf43e8976acb48f999ad43, State: Initialized, Role: LEARNER
I20260713 09:04:26.718900 17994 consensus_queue.cc:260] T ec1f6e48cbc94f2488bbcb059d13d3f7 P c2d2bace62bf43e8976acb48f999ad43 [NON_LEADER]: Queue going to NON_LEADER mode. State: All replicated index: 0, Majority replicated index: 0, Committed index: 2, Last appended: 1.2, Last appended by leader: 2, Current term: 0, Majority size: -1, State: 0, Mode: NON_LEADER, active raft config: opid_index: 2 OBSOLETE_local: false peers { permanent_uuid: "eadf744d007c431785341c8ccb461ea4" member_type: VOTER last_known_addr { host: "127.15.242.129" port: 45635 } } peers { permanent_uuid: "568f6aa36a484e16a82165b4bbc48bf2" member_type: VOTER last_known_addr { host: "127.15.242.130" port: 38185 } } peers { permanent_uuid: "e756101eeebb401e8b1ec4cd0c156935" member_type: VOTER last_known_addr { host: "127.15.242.131" port: 39681 } attrs { replace: true } } peers { permanent_uuid: "c2d2bace62bf43e8976acb48f999ad43" member_type: NON_VOTER last_known_addr { host: "127.15.242.132" port: 44983 } attrs { promote: true } }
I20260713 09:04:26.722548 17994 ts_tablet_manager.cc:1434] T ec1f6e48cbc94f2488bbcb059d13d3f7 P c2d2bace62bf43e8976acb48f999ad43: Time spent starting tablet: real 0.008s	user 0.007s	sys 0.001s
I20260713 09:04:26.725731 17538 tablet_copy_service.cc:342] P 568f6aa36a484e16a82165b4bbc48bf2: Request end of tablet copy session c2d2bace62bf43e8976acb48f999ad43-ec1f6e48cbc94f2488bbcb059d13d3f7 received from {username='slave'} at 127.0.0.1:38394
I20260713 09:04:26.726225 17538 tablet_copy_service.cc:434] P 568f6aa36a484e16a82165b4bbc48bf2: ending tablet copy session c2d2bace62bf43e8976acb48f999ad43-ec1f6e48cbc94f2488bbcb059d13d3f7 on tablet ec1f6e48cbc94f2488bbcb059d13d3f7 with peer c2d2bace62bf43e8976acb48f999ad43
I20260713 09:04:26.726866 17998 ts_tablet_manager.cc:933] T c458b2433e4445a687b71e3a016428d0 P c2d2bace62bf43e8976acb48f999ad43: Initiating tablet copy from peer e756101eeebb401e8b1ec4cd0c156935 (127.15.242.131:39681)
I20260713 09:04:26.734678 17998 tablet_copy_client.cc:323] T c458b2433e4445a687b71e3a016428d0 P c2d2bace62bf43e8976acb48f999ad43: tablet copy: Beginning tablet copy session from remote peer at address 127.15.242.131:39681
I20260713 09:04:26.737351 17612 tablet_copy_service.cc:140] P e756101eeebb401e8b1ec4cd0c156935: Received BeginTabletCopySession request for tablet c458b2433e4445a687b71e3a016428d0 from peer c2d2bace62bf43e8976acb48f999ad43 ({username='slave'} at 127.0.0.1:38740)
I20260713 09:04:26.737847 17612 tablet_copy_service.cc:161] P e756101eeebb401e8b1ec4cd0c156935: Beginning new tablet copy session on tablet c458b2433e4445a687b71e3a016428d0 from peer c2d2bace62bf43e8976acb48f999ad43 at {username='slave'} at 127.0.0.1:38740: session id = c2d2bace62bf43e8976acb48f999ad43-c458b2433e4445a687b71e3a016428d0
I20260713 09:04:26.747120 17612 tablet_copy_source_session.cc:215] T c458b2433e4445a687b71e3a016428d0 P e756101eeebb401e8b1ec4cd0c156935: Tablet Copy: opened 0 blocks and 1 log segments
I20260713 09:04:26.750109 17998 data_dirs.cc:400] Could only allocate 1 dirs of requested 3 for tablet c458b2433e4445a687b71e3a016428d0. 1 dirs total, 0 dirs full, 0 dirs failed
