I20260713 09:04:32.610275 12634 raft_consensus.cc:1275] T 1b373b37d68d43908309610def5e72ae P 863a2f3ae76c48e98a697401c5b85d11 [term 1 FOLLOWER]: Refusing update from remote peer 19e690fc9cd940f1907c26e27b10f4fb: Log matching property violated. Preceding OpId in replica: term: 1 index: 3. Preceding OpId from leader: term: 1 index: 4. (index mismatch)
I20260713 09:04:32.610112 12899 consensus_queue.cc:1048] T 92b2caf741eb456488c5f78efc664edb P d9d6473fa2384251af27f77a514654ad [LEADER]: Connected to new peer: Peer: permanent_uuid: "19e690fc9cd940f1907c26e27b10f4fb" member_type: VOTER last_known_addr { host: "127.10.209.131" port: 37199 }, Status: LMP_MISMATCH, Last received: 0.0, Next index: 4, Last known committed idx: 3, Time since last communication: 0.000s
I20260713 09:04:32.615617 12903 consensus_queue.cc:1048] T 1b373b37d68d43908309610def5e72ae P 19e690fc9cd940f1907c26e27b10f4fb [LEADER]: Connected to new peer: Peer: permanent_uuid: "863a2f3ae76c48e98a697401c5b85d11" member_type: VOTER last_known_addr { host: "127.10.209.132" port: 40503 } attrs { promote: false }, Status: LMP_MISMATCH, Last received: 0.0, Next index: 4, Last known committed idx: 2, Time since last communication: 0.000s
I20260713 09:04:32.617538 12298 raft_consensus.cc:1275] T 1b373b37d68d43908309610def5e72ae P db7bc591e76a42d1818864be72186119 [term 1 FOLLOWER]: Refusing update from remote peer 19e690fc9cd940f1907c26e27b10f4fb: Log matching property violated. Preceding OpId in replica: term: 1 index: 3. Preceding OpId from leader: term: 1 index: 4. (index mismatch)
I20260713 09:04:32.619050 12300 raft_consensus.cc:1275] T 4a1698919a264aeebde1ac5ff6ab7aed P db7bc591e76a42d1818864be72186119 [term 1 FOLLOWER]: Refusing update from remote peer d9d6473fa2384251af27f77a514654ad: Log matching property violated. Preceding OpId in replica: term: 1 index: 3. Preceding OpId from leader: term: 1 index: 4. (index mismatch)
I20260713 09:04:32.620098 12899 consensus_queue.cc:1048] T 4a1698919a264aeebde1ac5ff6ab7aed P d9d6473fa2384251af27f77a514654ad [LEADER]: Connected to new peer: Peer: permanent_uuid: "863a2f3ae76c48e98a697401c5b85d11" member_type: VOTER last_known_addr { host: "127.10.209.132" port: 40503 } attrs { promote: false }, Status: LMP_MISMATCH, Last received: 0.0, Next index: 4, Last known committed idx: 3, Time since last communication: 0.000s
I20260713 09:04:32.619201 12635 raft_consensus.cc:2955] T 1b373b37d68d43908309610def5e72ae P 863a2f3ae76c48e98a697401c5b85d11 [term 1 FOLLOWER]: Committing config change with OpId 1.3: config changed from index 2 to 3, 863a2f3ae76c48e98a697401c5b85d11 (127.10.209.132) changed from NON_VOTER to VOTER. New config: { opid_index: 3 OBSOLETE_local: false peers { permanent_uuid: "d9d6473fa2384251af27f77a514654ad" member_type: VOTER last_known_addr { host: "127.10.209.129" port: 39933 } attrs { replace: true } } peers { permanent_uuid: "db7bc591e76a42d1818864be72186119" member_type: VOTER last_known_addr { host: "127.10.209.130" port: 41603 } } peers { permanent_uuid: "19e690fc9cd940f1907c26e27b10f4fb" member_type: VOTER last_known_addr { host: "127.10.209.131" port: 37199 } } peers { permanent_uuid: "863a2f3ae76c48e98a697401c5b85d11" member_type: VOTER last_known_addr { host: "127.10.209.132" port: 40503 } attrs { promote: false } } }
I20260713 09:04:32.621109 12897 raft_consensus.cc:2955] T 92b2caf741eb456488c5f78efc664edb P d9d6473fa2384251af27f77a514654ad [term 1 LEADER]: Committing config change with OpId 1.4: config changed from index 3 to 4, VOTER db7bc591e76a42d1818864be72186119 (127.10.209.130) evicted. New config: { opid_index: 4 OBSOLETE_local: false peers { permanent_uuid: "d9d6473fa2384251af27f77a514654ad" member_type: VOTER last_known_addr { host: "127.10.209.129" port: 39933 } } peers { permanent_uuid: "19e690fc9cd940f1907c26e27b10f4fb" member_type: VOTER last_known_addr { host: "127.10.209.131" port: 37199 } } peers { permanent_uuid: "863a2f3ae76c48e98a697401c5b85d11" member_type: VOTER last_known_addr { host: "127.10.209.132" port: 40503 } attrs { promote: false } } }
I20260713 09:04:32.628479 12903 consensus_queue.cc:1048] T 1b373b37d68d43908309610def5e72ae P 19e690fc9cd940f1907c26e27b10f4fb [LEADER]: Connected to new peer: Peer: permanent_uuid: "db7bc591e76a42d1818864be72186119" member_type: VOTER last_known_addr { host: "127.10.209.130" port: 41603 }, Status: LMP_MISMATCH, Last received: 0.0, Next index: 4, Last known committed idx: 3, Time since last communication: 0.000s
I20260713 09:04:32.623464 12632 raft_consensus.cc:2955] T c39841a7d61541fcaf32970c5a588200 P 863a2f3ae76c48e98a697401c5b85d11 [term 1 FOLLOWER]: Committing config change with OpId 1.4: config changed from index 3 to 4, VOTER d9d6473fa2384251af27f77a514654ad (127.10.209.129) evicted. New config: { opid_index: 4 OBSOLETE_local: false peers { permanent_uuid: "db7bc591e76a42d1818864be72186119" member_type: VOTER last_known_addr { host: "127.10.209.130" port: 41603 } } peers { permanent_uuid: "19e690fc9cd940f1907c26e27b10f4fb" member_type: VOTER last_known_addr { host: "127.10.209.131" port: 37199 } } peers { permanent_uuid: "863a2f3ae76c48e98a697401c5b85d11" member_type: VOTER last_known_addr { host: "127.10.209.132" port: 40503 } attrs { promote: false } } }
I20260713 09:04:32.647528 12898 raft_consensus.cc:2955] T 1b373b37d68d43908309610def5e72ae P 19e690fc9cd940f1907c26e27b10f4fb [term 1 LEADER]: Committing config change with OpId 1.4: config changed from index 3 to 4, VOTER d9d6473fa2384251af27f77a514654ad (127.10.209.129) evicted. New config: { opid_index: 4 OBSOLETE_local: false peers { permanent_uuid: "db7bc591e76a42d1818864be72186119" member_type: VOTER last_known_addr { host: "127.10.209.130" port: 41603 } } peers { permanent_uuid: "19e690fc9cd940f1907c26e27b10f4fb" member_type: VOTER last_known_addr { host: "127.10.209.131" port: 37199 } } peers { permanent_uuid: "863a2f3ae76c48e98a697401c5b85d11" member_type: VOTER last_known_addr { host: "127.10.209.132" port: 40503 } attrs { promote: false } } }
I20260713 09:04:32.654490 12123 catalog_manager.cc:5697] T c39841a7d61541fcaf32970c5a588200 P 863a2f3ae76c48e98a697401c5b85d11 reported cstate change: config changed from index 3 to 4, VOTER d9d6473fa2384251af27f77a514654ad (127.10.209.129) evicted. New cstate: current_term: 1 leader_uuid: "19e690fc9cd940f1907c26e27b10f4fb" committed_config { opid_index: 4 OBSOLETE_local: false peers { permanent_uuid: "db7bc591e76a42d1818864be72186119" member_type: VOTER last_known_addr { host: "127.10.209.130" port: 41603 } } peers { permanent_uuid: "19e690fc9cd940f1907c26e27b10f4fb" member_type: VOTER last_known_addr { host: "127.10.209.131" port: 37199 } } peers { permanent_uuid: "863a2f3ae76c48e98a697401c5b85d11" member_type: VOTER last_known_addr { host: "127.10.209.132" port: 40503 } attrs { promote: false } } }
I20260713 09:04:32.661139 12119 catalog_manager.cc:5697] T 92b2caf741eb456488c5f78efc664edb P d9d6473fa2384251af27f77a514654ad reported cstate change: config changed from index 3 to 4, VOTER db7bc591e76a42d1818864be72186119 (127.10.209.130) evicted. New cstate: current_term: 1 leader_uuid: "d9d6473fa2384251af27f77a514654ad" committed_config { opid_index: 4 OBSOLETE_local: false peers { permanent_uuid: "d9d6473fa2384251af27f77a514654ad" member_type: VOTER last_known_addr { host: "127.10.209.129" port: 39933 } health_report { overall_health: HEALTHY } } peers { permanent_uuid: "19e690fc9cd940f1907c26e27b10f4fb" member_type: VOTER last_known_addr { host: "127.10.209.131" port: 37199 } health_report { overall_health: UNKNOWN } } peers { permanent_uuid: "863a2f3ae76c48e98a697401c5b85d11" member_type: VOTER last_known_addr { host: "127.10.209.132" port: 40503 } attrs { promote: false } health_report { overall_health: HEALTHY } } }
I20260713 09:04:32.662250 12110 catalog_manager.cc:5210] ChangeConfig:REMOVE_PEER RPC for tablet 1b373b37d68d43908309610def5e72ae with cas_config_opid_index 3: ChangeConfig:REMOVE_PEER succeeded (attempt 1)
I20260713 09:04:32.666457 12300 raft_consensus.cc:2955] T 1b373b37d68d43908309610def5e72ae P db7bc591e76a42d1818864be72186119 [term 1 FOLLOWER]: Committing config change with OpId 1.4: config changed from index 3 to 4, VOTER d9d6473fa2384251af27f77a514654ad (127.10.209.129) evicted. New config: { opid_index: 4 OBSOLETE_local: false peers { permanent_uuid: "db7bc591e76a42d1818864be72186119" member_type: VOTER last_known_addr { host: "127.10.209.130" port: 41603 } } peers { permanent_uuid: "19e690fc9cd940f1907c26e27b10f4fb" member_type: VOTER last_known_addr { host: "127.10.209.131" port: 37199 } } peers { permanent_uuid: "863a2f3ae76c48e98a697401c5b85d11" member_type: VOTER last_known_addr { host: "127.10.209.132" port: 40503 } attrs { promote: false } } }
I20260713 09:04:32.667390 12632 raft_consensus.cc:2955] T 92b2caf741eb456488c5f78efc664edb P 863a2f3ae76c48e98a697401c5b85d11 [term 1 FOLLOWER]: Committing config change with OpId 1.4: config changed from index 3 to 4, VOTER db7bc591e76a42d1818864be72186119 (127.10.209.130) evicted. New config: { opid_index: 4 OBSOLETE_local: false peers { permanent_uuid: "d9d6473fa2384251af27f77a514654ad" member_type: VOTER last_known_addr { host: "127.10.209.129" port: 39933 } } peers { permanent_uuid: "19e690fc9cd940f1907c26e27b10f4fb" member_type: VOTER last_known_addr { host: "127.10.209.131" port: 37199 } } peers { permanent_uuid: "863a2f3ae76c48e98a697401c5b85d11" member_type: VOTER last_known_addr { host: "127.10.209.132" port: 40503 } attrs { promote: false } } }
I20260713 09:04:32.673193 12635 raft_consensus.cc:2955] T 1b373b37d68d43908309610def5e72ae P 863a2f3ae76c48e98a697401c5b85d11 [term 1 FOLLOWER]: Committing config change with OpId 1.4: config changed from index 3 to 4, VOTER d9d6473fa2384251af27f77a514654ad (127.10.209.129) evicted. New config: { opid_index: 4 OBSOLETE_local: false peers { permanent_uuid: "db7bc591e76a42d1818864be72186119" member_type: VOTER last_known_addr { host: "127.10.209.130" port: 41603 } } peers { permanent_uuid: "19e690fc9cd940f1907c26e27b10f4fb" member_type: VOTER last_known_addr { host: "127.10.209.131" port: 37199 } } peers { permanent_uuid: "863a2f3ae76c48e98a697401c5b85d11" member_type: VOTER last_known_addr { host: "127.10.209.132" port: 40503 } attrs { promote: false } } }
I20260713 09:04:32.676126 12110 catalog_manager.cc:5210] ChangeConfig:REMOVE_PEER RPC for tablet 92b2caf741eb456488c5f78efc664edb with cas_config_opid_index 3: ChangeConfig:REMOVE_PEER succeeded (attempt 1)
I20260713 09:04:32.680186 12909 consensus_queue.cc:1048] T 4a1698919a264aeebde1ac5ff6ab7aed P d9d6473fa2384251af27f77a514654ad [LEADER]: Connected to new peer: Peer: permanent_uuid: "db7bc591e76a42d1818864be72186119" member_type: VOTER last_known_addr { host: "127.10.209.130" port: 41603 }, Status: LMP_MISMATCH, Last received: 0.0, Next index: 4, Last known committed idx: 3, Time since last communication: 0.001s
I20260713 09:04:32.692001 12110 catalog_manager.cc:5210] ChangeConfig:REMOVE_PEER RPC for tablet c39841a7d61541fcaf32970c5a588200 with cas_config_opid_index 3: ChangeConfig:REMOVE_PEER succeeded (attempt 1)
I20260713 09:04:32.681015 12208 tablet_service.cc:1558] Processing DeleteTablet for tablet c39841a7d61541fcaf32970c5a588200 with delete_type TABLET_DATA_TOMBSTONED (TS d9d6473fa2384251af27f77a514654ad not found in new config with opid_index 4) from {username='slave'} at 127.0.0.1:39036
I20260713 09:04:32.693687 12287 tablet_service.cc:1558] Processing DeleteTablet for tablet 92b2caf741eb456488c5f78efc664edb with delete_type TABLET_DATA_TOMBSTONED (TS db7bc591e76a42d1818864be72186119 not found in new config with opid_index 4) from {username='slave'} at 127.0.0.1:46582
I20260713 09:04:32.705422 12795 raft_consensus.cc:2955] T 4a1698919a264aeebde1ac5ff6ab7aed P d9d6473fa2384251af27f77a514654ad [term 1 LEADER]: Committing config change with OpId 1.4: config changed from index 3 to 4, VOTER 19e690fc9cd940f1907c26e27b10f4fb (127.10.209.131) evicted. New config: { opid_index: 4 OBSOLETE_local: false peers { permanent_uuid: "d9d6473fa2384251af27f77a514654ad" member_type: VOTER last_known_addr { host: "127.10.209.129" port: 39933 } } peers { permanent_uuid: "db7bc591e76a42d1818864be72186119" member_type: VOTER last_known_addr { host: "127.10.209.130" port: 41603 } } peers { permanent_uuid: "863a2f3ae76c48e98a697401c5b85d11" member_type: VOTER last_known_addr { host: "127.10.209.132" port: 40503 } attrs { promote: false } } }
I20260713 09:04:32.712133 12931 tablet_replica.cc:333] T c39841a7d61541fcaf32970c5a588200 P d9d6473fa2384251af27f77a514654ad: stopping tablet replica
I20260713 09:04:32.714876 12932 tablet_replica.cc:333] T 92b2caf741eb456488c5f78efc664edb P db7bc591e76a42d1818864be72186119: stopping tablet replica
I20260713 09:04:32.715987 12932 raft_consensus.cc:2243] T 92b2caf741eb456488c5f78efc664edb P db7bc591e76a42d1818864be72186119 [term 1 FOLLOWER]: Raft consensus shutting down.
I20260713 09:04:32.715811 12635 raft_consensus.cc:2955] T 4a1698919a264aeebde1ac5ff6ab7aed P 863a2f3ae76c48e98a697401c5b85d11 [term 1 FOLLOWER]: Committing config change with OpId 1.4: config changed from index 3 to 4, VOTER 19e690fc9cd940f1907c26e27b10f4fb (127.10.209.131) evicted. New config: { opid_index: 4 OBSOLETE_local: false peers { permanent_uuid: "d9d6473fa2384251af27f77a514654ad" member_type: VOTER last_known_addr { host: "127.10.209.129" port: 39933 } } peers { permanent_uuid: "db7bc591e76a42d1818864be72186119" member_type: VOTER last_known_addr { host: "127.10.209.130" port: 41603 } } peers { permanent_uuid: "863a2f3ae76c48e98a697401c5b85d11" member_type: VOTER last_known_addr { host: "127.10.209.132" port: 40503 } attrs { promote: false } } }
I20260713 09:04:32.717164 12932 raft_consensus.cc:2272] T 92b2caf741eb456488c5f78efc664edb P db7bc591e76a42d1818864be72186119 [term 1 FOLLOWER]: Raft consensus is shut down!
I20260713 09:04:32.716506 12931 raft_consensus.cc:2243] T c39841a7d61541fcaf32970c5a588200 P d9d6473fa2384251af27f77a514654ad [term 1 FOLLOWER]: Raft consensus shutting down.
I20260713 09:04:32.718261 12931 raft_consensus.cc:2272] T c39841a7d61541fcaf32970c5a588200 P d9d6473fa2384251af27f77a514654ad [term 1 FOLLOWER]: Raft consensus is shut down!
I20260713 09:04:32.724517 12372 raft_consensus.cc:2955] T 92b2caf741eb456488c5f78efc664edb P 19e690fc9cd940f1907c26e27b10f4fb [term 1 FOLLOWER]: Committing config change with OpId 1.4: config changed from index 3 to 4, VOTER db7bc591e76a42d1818864be72186119 (127.10.209.130) evicted. New config: { opid_index: 4 OBSOLETE_local: false peers { permanent_uuid: "d9d6473fa2384251af27f77a514654ad" member_type: VOTER last_known_addr { host: "127.10.209.129" port: 39933 } } peers { permanent_uuid: "19e690fc9cd940f1907c26e27b10f4fb" member_type: VOTER last_known_addr { host: "127.10.209.131" port: 37199 } } peers { permanent_uuid: "863a2f3ae76c48e98a697401c5b85d11" member_type: VOTER last_known_addr { host: "127.10.209.132" port: 40503 } attrs { promote: false } } }
I20260713 09:04:32.726313 12110 catalog_manager.cc:5210] ChangeConfig:REMOVE_PEER RPC for tablet 4a1698919a264aeebde1ac5ff6ab7aed with cas_config_opid_index 3: ChangeConfig:REMOVE_PEER succeeded (attempt 1)
I20260713 09:04:32.727267 12932 ts_tablet_manager.cc:1916] T 92b2caf741eb456488c5f78efc664edb P db7bc591e76a42d1818864be72186119: Deleting tablet data with delete state TABLET_DATA_TOMBSTONED
I20260713 09:04:32.729732 12122 catalog_manager.cc:5697] T 1b373b37d68d43908309610def5e72ae P 19e690fc9cd940f1907c26e27b10f4fb reported cstate change: config changed from index 3 to 4, VOTER d9d6473fa2384251af27f77a514654ad (127.10.209.129) evicted. New cstate: current_term: 1 leader_uuid: "19e690fc9cd940f1907c26e27b10f4fb" committed_config { opid_index: 4 OBSOLETE_local: false peers { permanent_uuid: "db7bc591e76a42d1818864be72186119" member_type: VOTER last_known_addr { host: "127.10.209.130" port: 41603 } health_report { overall_health: HEALTHY } } peers { permanent_uuid: "19e690fc9cd940f1907c26e27b10f4fb" member_type: VOTER last_known_addr { host: "127.10.209.131" port: 37199 } health_report { overall_health: HEALTHY } } peers { permanent_uuid: "863a2f3ae76c48e98a697401c5b85d11" member_type: VOTER last_known_addr { host: "127.10.209.132" port: 40503 } attrs { promote: false } health_report { overall_health: UNKNOWN } } }
I20260713 09:04:32.738768 12931 ts_tablet_manager.cc:1916] T c39841a7d61541fcaf32970c5a588200 P d9d6473fa2384251af27f77a514654ad: Deleting tablet data with delete state TABLET_DATA_TOMBSTONED
I20260713 09:04:32.740013 12300 raft_consensus.cc:2955] T 4a1698919a264aeebde1ac5ff6ab7aed P db7bc591e76a42d1818864be72186119 [term 1 FOLLOWER]: Committing config change with OpId 1.4: config changed from index 3 to 4, VOTER 19e690fc9cd940f1907c26e27b10f4fb (127.10.209.131) evicted. New config: { opid_index: 4 OBSOLETE_local: false peers { permanent_uuid: "d9d6473fa2384251af27f77a514654ad" member_type: VOTER last_known_addr { host: "127.10.209.129" port: 39933 } } peers { permanent_uuid: "db7bc591e76a42d1818864be72186119" member_type: VOTER last_known_addr { host: "127.10.209.130" port: 41603 } } peers { permanent_uuid: "863a2f3ae76c48e98a697401c5b85d11" member_type: VOTER last_known_addr { host: "127.10.209.132" port: 40503 } attrs { promote: false } } }
I20260713 09:04:32.753893 12932 ts_tablet_manager.cc:1929] T 92b2caf741eb456488c5f78efc664edb P db7bc591e76a42d1818864be72186119: tablet deleted with delete type TABLET_DATA_TOMBSTONED: last-logged OpId 1.3
I20260713 09:04:32.754426 12932 log.cc:1199] T 92b2caf741eb456488c5f78efc664edb P db7bc591e76a42d1818864be72186119: Deleting WAL directory at /tmp/dist-test-taskLJYHiv/test-tmp/auto_leader_rebalancer-test.0.LeaderRebalancerTest.AddTserver.1783933434337971-11078-0/minicluster-data/ts-1-root/wals/92b2caf741eb456488c5f78efc664edb
I20260713 09:04:32.754963 12931 ts_tablet_manager.cc:1929] T c39841a7d61541fcaf32970c5a588200 P d9d6473fa2384251af27f77a514654ad: tablet deleted with delete type TABLET_DATA_TOMBSTONED: last-logged OpId 1.3
I20260713 09:04:32.755492 12931 log.cc:1199] T c39841a7d61541fcaf32970c5a588200 P d9d6473fa2384251af27f77a514654ad: Deleting WAL directory at /tmp/dist-test-taskLJYHiv/test-tmp/auto_leader_rebalancer-test.0.LeaderRebalancerTest.AddTserver.1783933434337971-11078-0/minicluster-data/ts-0-root/wals/c39841a7d61541fcaf32970c5a588200
I20260713 09:04:32.750320 12121 catalog_manager.cc:5697] T 4a1698919a264aeebde1ac5ff6ab7aed P d9d6473fa2384251af27f77a514654ad reported cstate change: config changed from index 3 to 4, VOTER 19e690fc9cd940f1907c26e27b10f4fb (127.10.209.131) evicted. New cstate: current_term: 1 leader_uuid: "d9d6473fa2384251af27f77a514654ad" committed_config { opid_index: 4 OBSOLETE_local: false peers { permanent_uuid: "d9d6473fa2384251af27f77a514654ad" member_type: VOTER last_known_addr { host: "127.10.209.129" port: 39933 } health_report { overall_health: HEALTHY } } peers { permanent_uuid: "db7bc591e76a42d1818864be72186119" member_type: VOTER last_known_addr { host: "127.10.209.130" port: 41603 } health_report { overall_health: HEALTHY } } peers { permanent_uuid: "863a2f3ae76c48e98a697401c5b85d11" member_type: VOTER last_known_addr { host: "127.10.209.132" port: 40503 } attrs { promote: false } health_report { overall_health: HEALTHY } } }
I20260713 09:04:32.757493 12110 catalog_manager.cc:5028] TS d9d6473fa2384251af27f77a514654ad (127.10.209.129:39933): tablet c39841a7d61541fcaf32970c5a588200 (table test-workload [id=0d47a944521241938b215311b5348f99]) successfully deleted
I20260713 09:04:32.757524 12208 tablet_service.cc:1558] Processing DeleteTablet for tablet 1b373b37d68d43908309610def5e72ae with delete_type TABLET_DATA_TOMBSTONED (TS d9d6473fa2384251af27f77a514654ad not found in new config with opid_index 4) from {username='slave'} at 127.0.0.1:39036
I20260713 09:04:32.759035 12110 catalog_manager.cc:5028] TS db7bc591e76a42d1818864be72186119 (127.10.209.130:41603): tablet 92b2caf741eb456488c5f78efc664edb (table test-workload [id=0d47a944521241938b215311b5348f99]) successfully deleted
I20260713 09:04:32.759814 12931 tablet_replica.cc:333] T 1b373b37d68d43908309610def5e72ae P d9d6473fa2384251af27f77a514654ad: stopping tablet replica
I20260713 09:04:32.760794 12931 raft_consensus.cc:2243] T 1b373b37d68d43908309610def5e72ae P d9d6473fa2384251af27f77a514654ad [term 1 FOLLOWER]: Raft consensus shutting down.
I20260713 09:04:32.764428 12931 raft_consensus.cc:2272] T 1b373b37d68d43908309610def5e72ae P d9d6473fa2384251af27f77a514654ad [term 1 FOLLOWER]: Raft consensus is shut down!
I20260713 09:04:32.767709 12931 ts_tablet_manager.cc:1916] T 1b373b37d68d43908309610def5e72ae P d9d6473fa2384251af27f77a514654ad: Deleting tablet data with delete state TABLET_DATA_TOMBSTONED
I20260713 09:04:32.772202 12360 tablet_service.cc:1558] Processing DeleteTablet for tablet 4a1698919a264aeebde1ac5ff6ab7aed with delete_type TABLET_DATA_TOMBSTONED (TS 19e690fc9cd940f1907c26e27b10f4fb not found in new config with opid_index 4) from {username='slave'} at 127.0.0.1:54902
I20260713 09:04:32.774112 12936 tablet_replica.cc:333] T 4a1698919a264aeebde1ac5ff6ab7aed P 19e690fc9cd940f1907c26e27b10f4fb: stopping tablet replica
I20260713 09:04:32.775106 12936 raft_consensus.cc:2243] T 4a1698919a264aeebde1ac5ff6ab7aed P 19e690fc9cd940f1907c26e27b10f4fb [term 1 FOLLOWER]: Raft consensus shutting down.
I20260713 09:04:32.775925 12936 raft_consensus.cc:2272] T 4a1698919a264aeebde1ac5ff6ab7aed P 19e690fc9cd940f1907c26e27b10f4fb [term 1 FOLLOWER]: Raft consensus is shut down!
I20260713 09:04:32.779410 12936 ts_tablet_manager.cc:1916] T 4a1698919a264aeebde1ac5ff6ab7aed P 19e690fc9cd940f1907c26e27b10f4fb: Deleting tablet data with delete state TABLET_DATA_TOMBSTONED
I20260713 09:04:32.783103 12931 ts_tablet_manager.cc:1929] T 1b373b37d68d43908309610def5e72ae P d9d6473fa2384251af27f77a514654ad: tablet deleted with delete type TABLET_DATA_TOMBSTONED: last-logged OpId 1.3
I20260713 09:04:32.783478 12931 log.cc:1199] T 1b373b37d68d43908309610def5e72ae P d9d6473fa2384251af27f77a514654ad: Deleting WAL directory at /tmp/dist-test-taskLJYHiv/test-tmp/auto_leader_rebalancer-test.0.LeaderRebalancerTest.AddTserver.1783933434337971-11078-0/minicluster-data/ts-0-root/wals/1b373b37d68d43908309610def5e72ae
I20260713 09:04:32.784890 12110 catalog_manager.cc:5028] TS d9d6473fa2384251af27f77a514654ad (127.10.209.129:39933): tablet 1b373b37d68d43908309610def5e72ae (table test-workload [id=0d47a944521241938b215311b5348f99]) successfully deleted
I20260713 09:04:32.790444 12936 ts_tablet_manager.cc:1929] T 4a1698919a264aeebde1ac5ff6ab7aed P 19e690fc9cd940f1907c26e27b10f4fb: tablet deleted with delete type TABLET_DATA_TOMBSTONED: last-logged OpId 1.3
I20260713 09:04:32.790858 12936 log.cc:1199] T 4a1698919a264aeebde1ac5ff6ab7aed P 19e690fc9cd940f1907c26e27b10f4fb: Deleting WAL directory at /tmp/dist-test-taskLJYHiv/test-tmp/auto_leader_rebalancer-test.0.LeaderRebalancerTest.AddTserver.1783933434337971-11078-0/minicluster-data/ts-2-root/wals/4a1698919a264aeebde1ac5ff6ab7aed
I20260713 09:04:32.792069 12110 catalog_manager.cc:5028] TS 19e690fc9cd940f1907c26e27b10f4fb (127.10.209.131:37199): tablet 4a1698919a264aeebde1ac5ff6ab7aed (table test-workload [id=0d47a944521241938b215311b5348f99]) successfully deleted
I20260713 09:04:33.800563 12371 consensus_queue.cc:237] T 0099c5afd84a4301900f94ed92b501df P 19e690fc9cd940f1907c26e27b10f4fb [LEADER]: Queue going to LEADER mode. State: All replicated index: 0, Majority replicated index: 1, Committed index: 1, Last appended: 1.1, Last appended by leader: 0, Current term: 1, Majority size: 2, State: 0, Mode: LEADER, active raft config: opid_index: 2 OBSOLETE_local: false peers { permanent_uuid: "d9d6473fa2384251af27f77a514654ad" member_type: VOTER last_known_addr { host: "127.10.209.129" port: 39933 } } peers { permanent_uuid: "db7bc591e76a42d1818864be72186119" member_type: VOTER last_known_addr { host: "127.10.209.130" port: 41603 } attrs { replace: true } } peers { permanent_uuid: "19e690fc9cd940f1907c26e27b10f4fb" member_type: VOTER last_known_addr { host: "127.10.209.131" port: 37199 } } peers { permanent_uuid: "863a2f3ae76c48e98a697401c5b85d11" member_type: NON_VOTER last_known_addr { host: "127.10.209.132" port: 40503 } attrs { promote: true } }
I20260713 09:04:33.806372 12299 raft_consensus.cc:1275] T 0099c5afd84a4301900f94ed92b501df P db7bc591e76a42d1818864be72186119 [term 1 FOLLOWER]: Refusing update from remote peer 19e690fc9cd940f1907c26e27b10f4fb: Log matching property violated. Preceding OpId in replica: term: 1 index: 1. Preceding OpId from leader: term: 1 index: 2. (index mismatch)
I20260713 09:04:33.814100 12224 raft_consensus.cc:1275] T 0099c5afd84a4301900f94ed92b501df P d9d6473fa2384251af27f77a514654ad [term 1 FOLLOWER]: Refusing update from remote peer 19e690fc9cd940f1907c26e27b10f4fb: Log matching property violated. Preceding OpId in replica: term: 1 index: 1. Preceding OpId from leader: term: 1 index: 2. (index mismatch)
I20260713 09:04:33.814913 12903 consensus_queue.cc:1048] T 0099c5afd84a4301900f94ed92b501df P 19e690fc9cd940f1907c26e27b10f4fb [LEADER]: Connected to new peer: Peer: permanent_uuid: "db7bc591e76a42d1818864be72186119" member_type: VOTER last_known_addr { host: "127.10.209.130" port: 41603 } attrs { replace: true }, Status: LMP_MISMATCH, Last received: 0.0, Next index: 2, Last known committed idx: 1, Time since last communication: 0.000s
W20260713 09:04:33.815945 12340 consensus_peers.cc:597] T 0099c5afd84a4301900f94ed92b501df P 19e690fc9cd940f1907c26e27b10f4fb -> Peer 863a2f3ae76c48e98a697401c5b85d11 (127.10.209.132:40503): Couldn't send request to peer 863a2f3ae76c48e98a697401c5b85d11. Error code: TABLET_NOT_FOUND (6). Status: Not found: Tablet not found: 0099c5afd84a4301900f94ed92b501df. This is attempt 1: this message will repeat every 5th retry.
I20260713 09:04:33.816782 12941 consensus_queue.cc:1048] T 0099c5afd84a4301900f94ed92b501df P 19e690fc9cd940f1907c26e27b10f4fb [LEADER]: Connected to new peer: Peer: permanent_uuid: "d9d6473fa2384251af27f77a514654ad" member_type: VOTER last_known_addr { host: "127.10.209.129" port: 39933 }, Status: LMP_MISMATCH, Last received: 0.0, Next index: 2, Last known committed idx: 1, Time since last communication: 0.000s
I20260713 09:04:33.824546 12940 raft_consensus.cc:2955] T 0099c5afd84a4301900f94ed92b501df P 19e690fc9cd940f1907c26e27b10f4fb [term 1 LEADER]: Committing config change with OpId 1.2: config changed from index -1 to 2, NON_VOTER 863a2f3ae76c48e98a697401c5b85d11 (127.10.209.132) added. New config: { opid_index: 2 OBSOLETE_local: false peers { permanent_uuid: "d9d6473fa2384251af27f77a514654ad" member_type: VOTER last_known_addr { host: "127.10.209.129" port: 39933 } } peers { permanent_uuid: "db7bc591e76a42d1818864be72186119" member_type: VOTER last_known_addr { host: "127.10.209.130" port: 41603 } attrs { replace: true } } peers { permanent_uuid: "19e690fc9cd940f1907c26e27b10f4fb" member_type: VOTER last_known_addr { host: "127.10.209.131" port: 37199 } } peers { permanent_uuid: "863a2f3ae76c48e98a697401c5b85d11" member_type: NON_VOTER last_known_addr { host: "127.10.209.132" port: 40503 } attrs { promote: true } } }
I20260713 09:04:33.826292 12299 raft_consensus.cc:2955] T 0099c5afd84a4301900f94ed92b501df P db7bc591e76a42d1818864be72186119 [term 1 FOLLOWER]: Committing config change with OpId 1.2: config changed from index -1 to 2, NON_VOTER 863a2f3ae76c48e98a697401c5b85d11 (127.10.209.132) added. New config: { opid_index: 2 OBSOLETE_local: false peers { permanent_uuid: "d9d6473fa2384251af27f77a514654ad" member_type: VOTER last_known_addr { host: "127.10.209.129" port: 39933 } } peers { permanent_uuid: "db7bc591e76a42d1818864be72186119" member_type: VOTER last_known_addr { host: "127.10.209.130" port: 41603 } attrs { replace: true } } peers { permanent_uuid: "19e690fc9cd940f1907c26e27b10f4fb" member_type: VOTER last_known_addr { host: "127.10.209.131" port: 37199 } } peers { permanent_uuid: "863a2f3ae76c48e98a697401c5b85d11" member_type: NON_VOTER last_known_addr { host: "127.10.209.132" port: 40503 } attrs { promote: true } } }
I20260713 09:04:33.826515 12224 raft_consensus.cc:2955] T 0099c5afd84a4301900f94ed92b501df P d9d6473fa2384251af27f77a514654ad [term 1 FOLLOWER]: Committing config change with OpId 1.2: config changed from index -1 to 2, NON_VOTER 863a2f3ae76c48e98a697401c5b85d11 (127.10.209.132) added. New config: { opid_index: 2 OBSOLETE_local: false peers { permanent_uuid: "d9d6473fa2384251af27f77a514654ad" member_type: VOTER last_known_addr { host: "127.10.209.129" port: 39933 } } peers { permanent_uuid: "db7bc591e76a42d1818864be72186119" member_type: VOTER last_known_addr { host: "127.10.209.130" port: 41603 } attrs { replace: true } } peers { permanent_uuid: "19e690fc9cd940f1907c26e27b10f4fb" member_type: VOTER last_known_addr { host: "127.10.209.131" port: 37199 } } peers { permanent_uuid: "863a2f3ae76c48e98a697401c5b85d11" member_type: NON_VOTER last_known_addr { host: "127.10.209.132" port: 40503 } attrs { promote: true } } }
I20260713 09:04:33.839107 12119 catalog_manager.cc:5697] T 0099c5afd84a4301900f94ed92b501df P db7bc591e76a42d1818864be72186119 reported cstate change: config changed from index -1 to 2, NON_VOTER 863a2f3ae76c48e98a697401c5b85d11 (127.10.209.132) added. New cstate: current_term: 1 leader_uuid: "19e690fc9cd940f1907c26e27b10f4fb" committed_config { opid_index: 2 OBSOLETE_local: false peers { permanent_uuid: "d9d6473fa2384251af27f77a514654ad" member_type: VOTER last_known_addr { host: "127.10.209.129" port: 39933 } } peers { permanent_uuid: "db7bc591e76a42d1818864be72186119" member_type: VOTER last_known_addr { host: "127.10.209.130" port: 41603 } attrs { replace: true } } peers { permanent_uuid: "19e690fc9cd940f1907c26e27b10f4fb" member_type: VOTER last_known_addr { host: "127.10.209.131" port: 37199 } } peers { permanent_uuid: "863a2f3ae76c48e98a697401c5b85d11" member_type: NON_VOTER last_known_addr { host: "127.10.209.132" port: 40503 } attrs { promote: true } } }
I20260713 09:04:33.842454 12299 consensus_queue.cc:237] T 5b73d7a7a437407ba249d2f98a304a10 P db7bc591e76a42d1818864be72186119 [LEADER]: Queue going to LEADER mode. State: All replicated index: 0, Majority replicated index: 1, Committed index: 1, Last appended: 1.1, Last appended by leader: 0, Current term: 1, Majority size: 2, State: 0, Mode: LEADER, active raft config: opid_index: 2 OBSOLETE_local: false peers { permanent_uuid: "d9d6473fa2384251af27f77a514654ad" member_type: VOTER last_known_addr { host: "127.10.209.129" port: 39933 } } peers { permanent_uuid: "db7bc591e76a42d1818864be72186119" member_type: VOTER last_known_addr { host: "127.10.209.130" port: 41603 } } peers { permanent_uuid: "19e690fc9cd940f1907c26e27b10f4fb" member_type: VOTER last_known_addr { host: "127.10.209.131" port: 37199 } attrs { replace: true } } peers { permanent_uuid: "863a2f3ae76c48e98a697401c5b85d11" member_type: NON_VOTER last_known_addr { host: "127.10.209.132" port: 40503 } attrs { promote: true } }
W20260713 09:04:33.850145 12266 consensus_peers.cc:597] T 5b73d7a7a437407ba249d2f98a304a10 P db7bc591e76a42d1818864be72186119 -> Peer 863a2f3ae76c48e98a697401c5b85d11 (127.10.209.132:40503): Couldn't send request to peer 863a2f3ae76c48e98a697401c5b85d11. Error code: TABLET_NOT_FOUND (6). Status: Not found: Tablet not found: 5b73d7a7a437407ba249d2f98a304a10. This is attempt 1: this message will repeat every 5th retry.
I20260713 09:04:33.850162 12371 raft_consensus.cc:1275] T 5b73d7a7a437407ba249d2f98a304a10 P 19e690fc9cd940f1907c26e27b10f4fb [term 1 FOLLOWER]: Refusing update from remote peer db7bc591e76a42d1818864be72186119: Log matching property violated. Preceding OpId in replica: term: 1 index: 1. Preceding OpId from leader: term: 1 index: 2. (index mismatch)
I20260713 09:04:33.851748 12224 raft_consensus.cc:1275] T 5b73d7a7a437407ba249d2f98a304a10 P d9d6473fa2384251af27f77a514654ad [term 1 FOLLOWER]: Refusing update from remote peer db7bc591e76a42d1818864be72186119: Log matching property violated. Preceding OpId in replica: term: 1 index: 1. Preceding OpId from leader: term: 1 index: 2. (index mismatch)
I20260713 09:04:33.852344 12937 consensus_queue.cc:1048] T 5b73d7a7a437407ba249d2f98a304a10 P db7bc591e76a42d1818864be72186119 [LEADER]: Connected to new peer: Peer: permanent_uuid: "19e690fc9cd940f1907c26e27b10f4fb" member_type: VOTER last_known_addr { host: "127.10.209.131" port: 37199 } attrs { replace: true }, Status: LMP_MISMATCH, Last received: 0.0, Next index: 2, Last known committed idx: 1, Time since last communication: 0.001s
I20260713 09:04:33.854015 12836 consensus_queue.cc:1048] T 5b73d7a7a437407ba249d2f98a304a10 P db7bc591e76a42d1818864be72186119 [LEADER]: Connected to new peer: Peer: permanent_uuid: "d9d6473fa2384251af27f77a514654ad" member_type: VOTER last_known_addr { host: "127.10.209.129" port: 39933 }, Status: LMP_MISMATCH, Last received: 0.0, Next index: 2, Last known committed idx: 1, Time since last communication: 0.000s
I20260713 09:04:33.860788 12937 raft_consensus.cc:2955] T 5b73d7a7a437407ba249d2f98a304a10 P db7bc591e76a42d1818864be72186119 [term 1 LEADER]: Committing config change with OpId 1.2: config changed from index -1 to 2, NON_VOTER 863a2f3ae76c48e98a697401c5b85d11 (127.10.209.132) added. New config: { opid_index: 2 OBSOLETE_local: false peers { permanent_uuid: "d9d6473fa2384251af27f77a514654ad" member_type: VOTER last_known_addr { host: "127.10.209.129" port: 39933 } } peers { permanent_uuid: "db7bc591e76a42d1818864be72186119" member_type: VOTER last_known_addr { host: "127.10.209.130" port: 41603 } } peers { permanent_uuid: "19e690fc9cd940f1907c26e27b10f4fb" member_type: VOTER last_known_addr { host: "127.10.209.131" port: 37199 } attrs { replace: true } } peers { permanent_uuid: "863a2f3ae76c48e98a697401c5b85d11" member_type: NON_VOTER last_known_addr { host: "127.10.209.132" port: 40503 } attrs { promote: true } } }
I20260713 09:04:33.862465 12371 raft_consensus.cc:2955] T 5b73d7a7a437407ba249d2f98a304a10 P 19e690fc9cd940f1907c26e27b10f4fb [term 1 FOLLOWER]: Committing config change with OpId 1.2: config changed from index -1 to 2, NON_VOTER 863a2f3ae76c48e98a697401c5b85d11 (127.10.209.132) added. New config: { opid_index: 2 OBSOLETE_local: false peers { permanent_uuid: "d9d6473fa2384251af27f77a514654ad" member_type: VOTER last_known_addr { host: "127.10.209.129" port: 39933 } } peers { permanent_uuid: "db7bc591e76a42d1818864be72186119" member_type: VOTER last_known_addr { host: "127.10.209.130" port: 41603 } } peers { permanent_uuid: "19e690fc9cd940f1907c26e27b10f4fb" member_type: VOTER last_known_addr { host: "127.10.209.131" port: 37199 } attrs { replace: true } } peers { permanent_uuid: "863a2f3ae76c48e98a697401c5b85d11" member_type: NON_VOTER last_known_addr { host: "127.10.209.132" port: 40503 } attrs { promote: true } } }
I20260713 09:04:33.882419 12122 catalog_manager.cc:5697] T 5b73d7a7a437407ba249d2f98a304a10 P db7bc591e76a42d1818864be72186119 reported cstate change: config changed from index -1 to 2, NON_VOTER 863a2f3ae76c48e98a697401c5b85d11 (127.10.209.132) added. New cstate: current_term: 1 leader_uuid: "db7bc591e76a42d1818864be72186119" committed_config { opid_index: 2 OBSOLETE_local: false peers { permanent_uuid: "d9d6473fa2384251af27f77a514654ad" member_type: VOTER last_known_addr { host: "127.10.209.129" port: 39933 } health_report { overall_health: UNKNOWN } } peers { permanent_uuid: "db7bc591e76a42d1818864be72186119" member_type: VOTER last_known_addr { host: "127.10.209.130" port: 41603 } health_report { overall_health: HEALTHY } } peers { permanent_uuid: "19e690fc9cd940f1907c26e27b10f4fb" member_type: VOTER last_known_addr { host: "127.10.209.131" port: 37199 } attrs { replace: true } health_report { overall_health: HEALTHY } } peers { permanent_uuid: "863a2f3ae76c48e98a697401c5b85d11" member_type: NON_VOTER last_known_addr { host: "127.10.209.132" port: 40503 } attrs { promote: true } health_report { overall_health: UNKNOWN } } }
I20260713 09:04:33.892189 12224 raft_consensus.cc:2955] T 5b73d7a7a437407ba249d2f98a304a10 P d9d6473fa2384251af27f77a514654ad [term 1 FOLLOWER]: Committing config change with OpId 1.2: config changed from index -1 to 2, NON_VOTER 863a2f3ae76c48e98a697401c5b85d11 (127.10.209.132) added. New config: { opid_index: 2 OBSOLETE_local: false peers { permanent_uuid: "d9d6473fa2384251af27f77a514654ad" member_type: VOTER last_known_addr { host: "127.10.209.129" port: 39933 } } peers { permanent_uuid: "db7bc591e76a42d1818864be72186119" member_type: VOTER last_known_addr { host: "127.10.209.130" port: 41603 } } peers { permanent_uuid: "19e690fc9cd940f1907c26e27b10f4fb" member_type: VOTER last_known_addr { host: "127.10.209.131" port: 37199 } attrs { replace: true } } peers { permanent_uuid: "863a2f3ae76c48e98a697401c5b85d11" member_type: NON_VOTER last_known_addr { host: "127.10.209.132" port: 40503 } attrs { promote: true } } }
I20260713 09:04:34.250037 12953 ts_tablet_manager.cc:933] T 0099c5afd84a4301900f94ed92b501df P 863a2f3ae76c48e98a697401c5b85d11: Initiating tablet copy from peer 19e690fc9cd940f1907c26e27b10f4fb (127.10.209.131:37199)
I20260713 09:04:34.251924 12953 tablet_copy_client.cc:323] T 0099c5afd84a4301900f94ed92b501df P 863a2f3ae76c48e98a697401c5b85d11: tablet copy: Beginning tablet copy session from remote peer at address 127.10.209.131:37199
I20260713 09:04:34.253412 12384 tablet_copy_service.cc:140] P 19e690fc9cd940f1907c26e27b10f4fb: Received BeginTabletCopySession request for tablet 0099c5afd84a4301900f94ed92b501df from peer 863a2f3ae76c48e98a697401c5b85d11 ({username='slave'} at 127.0.0.1:54938)
I20260713 09:04:34.253947 12384 tablet_copy_service.cc:161] P 19e690fc9cd940f1907c26e27b10f4fb: Beginning new tablet copy session on tablet 0099c5afd84a4301900f94ed92b501df from peer 863a2f3ae76c48e98a697401c5b85d11 at {username='slave'} at 127.0.0.1:54938: session id = 863a2f3ae76c48e98a697401c5b85d11-0099c5afd84a4301900f94ed92b501df
I20260713 09:04:34.261371 12384 tablet_copy_source_session.cc:215] T 0099c5afd84a4301900f94ed92b501df P 19e690fc9cd940f1907c26e27b10f4fb: Tablet Copy: opened 0 blocks and 1 log segments
I20260713 09:04:34.264360 12953 data_dirs.cc:400] Could only allocate 1 dirs of requested 3 for tablet 0099c5afd84a4301900f94ed92b501df. 1 dirs total, 0 dirs full, 0 dirs failed
I20260713 09:04:34.276106 12953 tablet_copy_client.cc:806] T 0099c5afd84a4301900f94ed92b501df P 863a2f3ae76c48e98a697401c5b85d11: tablet copy: Starting download of 0 data blocks...
I20260713 09:04:34.276682 12953 tablet_copy_client.cc:670] T 0099c5afd84a4301900f94ed92b501df P 863a2f3ae76c48e98a697401c5b85d11: tablet copy: Starting download of 1 WAL segments...
I20260713 09:04:34.280139 12953 tablet_copy_client.cc:538] T 0099c5afd84a4301900f94ed92b501df P 863a2f3ae76c48e98a697401c5b85d11: tablet copy: Tablet Copy complete. Replacing tablet superblock.
I20260713 09:04:34.285872 12953 tablet_bootstrap.cc:492] T 0099c5afd84a4301900f94ed92b501df P 863a2f3ae76c48e98a697401c5b85d11: Bootstrap starting.
I20260713 09:04:34.306420 12953 tablet_bootstrap.cc:492] T 0099c5afd84a4301900f94ed92b501df P 863a2f3ae76c48e98a697401c5b85d11: Bootstrap replayed 1/1 log segments. Stats: ops{read=2 overwritten=0 applied=2 ignored=0} inserts{seen=0 ignored=0} mutations{seen=0 ignored=0} orphaned_commits=0. Pending: 0 replicates
I20260713 09:04:34.307382 12953 tablet_bootstrap.cc:492] T 0099c5afd84a4301900f94ed92b501df P 863a2f3ae76c48e98a697401c5b85d11: Bootstrap complete.
I20260713 09:04:34.307999 12953 ts_tablet_manager.cc:1403] T 0099c5afd84a4301900f94ed92b501df P 863a2f3ae76c48e98a697401c5b85d11: Time spent bootstrapping tablet: real 0.022s	user 0.019s	sys 0.005s
I20260713 09:04:34.310128 12953 raft_consensus.cc:359] T 0099c5afd84a4301900f94ed92b501df P 863a2f3ae76c48e98a697401c5b85d11 [term 1 LEARNER]: Replica starting. Triggering 0 pending ops. Active config: opid_index: 2 OBSOLETE_local: false peers { permanent_uuid: "d9d6473fa2384251af27f77a514654ad" member_type: VOTER last_known_addr { host: "127.10.209.129" port: 39933 } } peers { permanent_uuid: "db7bc591e76a42d1818864be72186119" member_type: VOTER last_known_addr { host: "127.10.209.130" port: 41603 } attrs { replace: true } } peers { permanent_uuid: "19e690fc9cd940f1907c26e27b10f4fb" member_type: VOTER last_known_addr { host: "127.10.209.131" port: 37199 } } peers { permanent_uuid: "863a2f3ae76c48e98a697401c5b85d11" member_type: NON_VOTER last_known_addr { host: "127.10.209.132" port: 40503 } attrs { promote: true } }
I20260713 09:04:34.310843 12953 raft_consensus.cc:740] T 0099c5afd84a4301900f94ed92b501df P 863a2f3ae76c48e98a697401c5b85d11 [term 1 LEARNER]: Becoming Follower/Learner. State: Replica: 863a2f3ae76c48e98a697401c5b85d11, State: Initialized, Role: LEARNER
I20260713 09:04:34.311350 12953 consensus_queue.cc:260] T 0099c5afd84a4301900f94ed92b501df P 863a2f3ae76c48e98a697401c5b85d11 [NON_LEADER]: Queue going to NON_LEADER mode. State: All replicated index: 0, Majority replicated index: 0, Committed index: 2, Last appended: 1.2, Last appended by leader: 2, Current term: 0, Majority size: -1, State: 0, Mode: NON_LEADER, active raft config: opid_index: 2 OBSOLETE_local: false peers { permanent_uuid: "d9d6473fa2384251af27f77a514654ad" member_type: VOTER last_known_addr { host: "127.10.209.129" port: 39933 } } peers { permanent_uuid: "db7bc591e76a42d1818864be72186119" member_type: VOTER last_known_addr { host: "127.10.209.130" port: 41603 } attrs { replace: true } } peers { permanent_uuid: "19e690fc9cd940f1907c26e27b10f4fb" member_type: VOTER last_known_addr { host: "127.10.209.131" port: 37199 } } peers { permanent_uuid: "863a2f3ae76c48e98a697401c5b85d11" member_type: NON_VOTER last_known_addr { host: "127.10.209.132" port: 40503 } attrs { promote: true } }
I20260713 09:04:34.315419 12953 ts_tablet_manager.cc:1434] T 0099c5afd84a4301900f94ed92b501df P 863a2f3ae76c48e98a697401c5b85d11: Time spent starting tablet: real 0.007s	user 0.007s	sys 0.001s
I20260713 09:04:34.317735 12384 tablet_copy_service.cc:342] P 19e690fc9cd940f1907c26e27b10f4fb: Request end of tablet copy session 863a2f3ae76c48e98a697401c5b85d11-0099c5afd84a4301900f94ed92b501df received from {username='slave'} at 127.0.0.1:54938
I20260713 09:04:34.318153 12384 tablet_copy_service.cc:434] P 19e690fc9cd940f1907c26e27b10f4fb: ending tablet copy session 863a2f3ae76c48e98a697401c5b85d11-0099c5afd84a4301900f94ed92b501df on tablet 0099c5afd84a4301900f94ed92b501df with peer 863a2f3ae76c48e98a697401c5b85d11
I20260713 09:04:34.342490 12953 ts_tablet_manager.cc:933] T 5b73d7a7a437407ba249d2f98a304a10 P 863a2f3ae76c48e98a697401c5b85d11: Initiating tablet copy from peer db7bc591e76a42d1818864be72186119 (127.10.209.130:41603)
I20260713 09:04:34.344112 12953 tablet_copy_client.cc:323] T 5b73d7a7a437407ba249d2f98a304a10 P 863a2f3ae76c48e98a697401c5b85d11: tablet copy: Beginning tablet copy session from remote peer at address 127.10.209.130:41603
I20260713 09:04:34.345764 12310 tablet_copy_service.cc:140] P db7bc591e76a42d1818864be72186119: Received BeginTabletCopySession request for tablet 5b73d7a7a437407ba249d2f98a304a10 from peer 863a2f3ae76c48e98a697401c5b85d11 ({username='slave'} at 127.0.0.1:46628)
I20260713 09:04:34.346293 12310 tablet_copy_service.cc:161] P db7bc591e76a42d1818864be72186119: Beginning new tablet copy session on tablet 5b73d7a7a437407ba249d2f98a304a10 from peer 863a2f3ae76c48e98a697401c5b85d11 at {username='slave'} at 127.0.0.1:46628: session id = 863a2f3ae76c48e98a697401c5b85d11-5b73d7a7a437407ba249d2f98a304a10
I20260713 09:04:34.351696 12310 tablet_copy_source_session.cc:215] T 5b73d7a7a437407ba249d2f98a304a10 P db7bc591e76a42d1818864be72186119: Tablet Copy: opened 0 blocks and 1 log segments
I20260713 09:04:34.354357 12953 data_dirs.cc:400] Could only allocate 1 dirs of requested 3 for tablet 5b73d7a7a437407ba249d2f98a304a10. 1 dirs total, 0 dirs full, 0 dirs failed
I20260713 09:04:34.366508 12953 tablet_copy_client.cc:806] T 5b73d7a7a437407ba249d2f98a304a10 P 863a2f3ae76c48e98a697401c5b85d11: tablet copy: Starting download of 0 data blocks...
I20260713 09:04:34.367132 12953 tablet_copy_client.cc:670] T 5b73d7a7a437407ba249d2f98a304a10 P 863a2f3ae76c48e98a697401c5b85d11: tablet copy: Starting download of 1 WAL segments...
I20260713 09:04:34.370831 12953 tablet_copy_client.cc:538] T 5b73d7a7a437407ba249d2f98a304a10 P 863a2f3ae76c48e98a697401c5b85d11: tablet copy: Tablet Copy complete. Replacing tablet superblock.
I20260713 09:04:34.377128 12953 tablet_bootstrap.cc:492] T 5b73d7a7a437407ba249d2f98a304a10 P 863a2f3ae76c48e98a697401c5b85d11: Bootstrap starting.
I20260713 09:04:34.393656 12953 tablet_bootstrap.cc:492] T 5b73d7a7a437407ba249d2f98a304a10 P 863a2f3ae76c48e98a697401c5b85d11: Bootstrap replayed 1/1 log segments. Stats: ops{read=2 overwritten=0 applied=2 ignored=0} inserts{seen=0 ignored=0} mutations{seen=0 ignored=0} orphaned_commits=0. Pending: 0 replicates
I20260713 09:04:34.394372 12953 tablet_bootstrap.cc:492] T 5b73d7a7a437407ba249d2f98a304a10 P 863a2f3ae76c48e98a697401c5b85d11: Bootstrap complete.
I20260713 09:04:34.394986 12953 ts_tablet_manager.cc:1403] T 5b73d7a7a437407ba249d2f98a304a10 P 863a2f3ae76c48e98a697401c5b85d11: Time spent bootstrapping tablet: real 0.018s	user 0.011s	sys 0.008s
I20260713 09:04:34.397194 12953 raft_consensus.cc:359] T 5b73d7a7a437407ba249d2f98a304a10 P 863a2f3ae76c48e98a697401c5b85d11 [term 1 LEARNER]: Replica starting. Triggering 0 pending ops. Active config: opid_index: 2 OBSOLETE_local: false peers { permanent_uuid: "d9d6473fa2384251af27f77a514654ad" member_type: VOTER last_known_addr { host: "127.10.209.129" port: 39933 } } peers { permanent_uuid: "db7bc591e76a42d1818864be72186119" member_type: VOTER last_known_addr { host: "127.10.209.130" port: 41603 } } peers { permanent_uuid: "19e690fc9cd940f1907c26e27b10f4fb" member_type: VOTER last_known_addr { host: "127.10.209.131" port: 37199 } attrs { replace: true } } peers { permanent_uuid: "863a2f3ae76c48e98a697401c5b85d11" member_type: NON_VOTER last_known_addr { host: "127.10.209.132" port: 40503 } attrs { promote: true } }
I20260713 09:04:34.397856 12953 raft_consensus.cc:740] T 5b73d7a7a437407ba249d2f98a304a10 P 863a2f3ae76c48e98a697401c5b85d11 [term 1 LEARNER]: Becoming Follower/Learner. State: Replica: 863a2f3ae76c48e98a697401c5b85d11, State: Initialized, Role: LEARNER
I20260713 09:04:34.398407 12953 consensus_queue.cc:260] T 5b73d7a7a437407ba249d2f98a304a10 P 863a2f3ae76c48e98a697401c5b85d11 [NON_LEADER]: Queue going to NON_LEADER mode. State: All replicated index: 0, Majority replicated index: 0, Committed index: 2, Last appended: 1.2, Last appended by leader: 2, Current term: 0, Majority size: -1, State: 0, Mode: NON_LEADER, active raft config: opid_index: 2 OBSOLETE_local: false peers { permanent_uuid: "d9d6473fa2384251af27f77a514654ad" member_type: VOTER last_known_addr { host: "127.10.209.129" port: 39933 } } peers { permanent_uuid: "db7bc591e76a42d1818864be72186119" member_type: VOTER last_known_addr { host: "127.10.209.130" port: 41603 } } peers { permanent_uuid: "19e690fc9cd940f1907c26e27b10f4fb" member_type: VOTER last_known_addr { host: "127.10.209.131" port: 37199 } attrs { replace: true } } peers { permanent_uuid: "863a2f3ae76c48e98a697401c5b85d11" member_type: NON_VOTER last_known_addr { host: "127.10.209.132" port: 40503 } attrs { promote: true } }
I20260713 09:04:34.400599 12953 ts_tablet_manager.cc:1434] T 5b73d7a7a437407ba249d2f98a304a10 P 863a2f3ae76c48e98a697401c5b85d11: Time spent starting tablet: real 0.005s	user 0.004s	sys 0.000s
I20260713 09:04:34.402520 12310 tablet_copy_service.cc:342] P db7bc591e76a42d1818864be72186119: Request end of tablet copy session 863a2f3ae76c48e98a697401c5b85d11-5b73d7a7a437407ba249d2f98a304a10 received from {username='slave'} at 127.0.0.1:46628
I20260713 09:04:34.402971 12310 tablet_copy_service.cc:434] P db7bc591e76a42d1818864be72186119: ending tablet copy session 863a2f3ae76c48e98a697401c5b85d11-5b73d7a7a437407ba249d2f98a304a10 on tablet 5b73d7a7a437407ba249d2f98a304a10 with peer 863a2f3ae76c48e98a697401c5b85d11
I20260713 09:04:34.663481 12635 raft_consensus.cc:1217] T 0099c5afd84a4301900f94ed92b501df P 863a2f3ae76c48e98a697401c5b85d11 [term 1 LEARNER]: Deduplicated request from leader. Original: 1.1->[1.2-1.2]   Dedup: 1.2->[]
I20260713 09:04:34.750190 12635 raft_consensus.cc:1217] T 5b73d7a7a437407ba249d2f98a304a10 P 863a2f3ae76c48e98a697401c5b85d11 [term 1 LEARNER]: Deduplicated request from leader. Original: 1.1->[1.2-1.2]   Dedup: 1.2->[]
I20260713 09:04:35.213733 12961 raft_consensus.cc:1064] T 0099c5afd84a4301900f94ed92b501df P 19e690fc9cd940f1907c26e27b10f4fb: attempting to promote NON_VOTER 863a2f3ae76c48e98a697401c5b85d11 to VOTER
I20260713 09:04:35.216920 12961 consensus_queue.cc:237] T 0099c5afd84a4301900f94ed92b501df P 19e690fc9cd940f1907c26e27b10f4fb [LEADER]: Queue going to LEADER mode. State: All replicated index: 0, Majority replicated index: 2, Committed index: 2, Last appended: 1.2, Last appended by leader: 0, Current term: 1, Majority size: 3, State: 0, Mode: LEADER, active raft config: opid_index: 3 OBSOLETE_local: false peers { permanent_uuid: "d9d6473fa2384251af27f77a514654ad" member_type: VOTER last_known_addr { host: "127.10.209.129" port: 39933 } } peers { permanent_uuid: "db7bc591e76a42d1818864be72186119" member_type: VOTER last_known_addr { host: "127.10.209.130" port: 41603 } attrs { replace: true } } peers { permanent_uuid: "19e690fc9cd940f1907c26e27b10f4fb" member_type: VOTER last_known_addr { host: "127.10.209.131" port: 37199 } } peers { permanent_uuid: "863a2f3ae76c48e98a697401c5b85d11" member_type: VOTER last_known_addr { host: "127.10.209.132" port: 40503 } attrs { promote: false } }
