I20260713 09:04:18.015617  6888 tablet_service.cc:1511] Processing CreateTablet for tablet 6cccbaac908847849669ca653491d83c (DEFAULT_TABLE table=test-workload [id=738ce82ee39a4d3d8eea352883da6bd2]), partition=RANGE (key) PARTITION 1252698790 <= VALUES < 1342177275
I20260713 09:04:18.049366  6888 data_dirs.cc:400] Could only allocate 1 dirs of requested 3 for tablet 6cccbaac908847849669ca653491d83c. 1 dirs total, 0 dirs full, 0 dirs failed
I20260713 09:04:18.038789  6893 tablet_service.cc:1511] Processing CreateTablet for tablet 9b66e3cb85b7476b966ec514407b39b8 (DEFAULT_TABLE table=test-workload [id=738ce82ee39a4d3d8eea352883da6bd2]), partition=RANGE (key) PARTITION 1431655760 <= VALUES < 1521134245
I20260713 09:04:18.049710  7043 tablet_service.cc:1511] Processing CreateTablet for tablet 28091ac448514934a7a1140be7c50516 (DEFAULT_TABLE table=test-workload [id=738ce82ee39a4d3d8eea352883da6bd2]), partition=RANGE (key) PARTITION 1073741820 <= VALUES < 1163220305
I20260713 09:04:18.043455  7045 tablet_service.cc:1511] Processing CreateTablet for tablet 42926e069dcc4ec99b02f65f1abe7143 (DEFAULT_TABLE table=test-workload [id=738ce82ee39a4d3d8eea352883da6bd2]), partition=RANGE (key) PARTITION 984263335 <= VALUES < 1073741820
I20260713 09:04:18.053172  6966 data_dirs.cc:400] Could only allocate 1 dirs of requested 3 for tablet f8d6f06c82434eff8a8a25ddb2b12e3e. 1 dirs total, 0 dirs full, 0 dirs failed
I20260713 09:04:18.057744  6970 data_dirs.cc:400] Could only allocate 1 dirs of requested 3 for tablet 3679fcae27784647992604b15c218a29. 1 dirs total, 0 dirs full, 0 dirs failed
I20260713 09:04:18.062618  6887 tablet_service.cc:1511] Processing CreateTablet for tablet 3a00f8f644e7492c9f6587beaa229d1a (DEFAULT_TABLE table=test-workload [id=738ce82ee39a4d3d8eea352883da6bd2]), partition=RANGE (key) PARTITION 1789569700 <= VALUES < 1879048185
I20260713 09:04:18.064469  6967 data_dirs.cc:400] Could only allocate 1 dirs of requested 3 for tablet faba313c8a3648c590257334f0fb21d7. 1 dirs total, 0 dirs full, 0 dirs failed
I20260713 09:04:18.067190  6964 data_dirs.cc:400] Could only allocate 1 dirs of requested 3 for tablet 01538166d8264df082c512cff7988fe8. 1 dirs total, 0 dirs full, 0 dirs failed
I20260713 09:04:18.067961  6965 data_dirs.cc:400] Could only allocate 1 dirs of requested 3 for tablet 9c6aedc3c0da4516a3bfb0bd1478e8d6. 1 dirs total, 0 dirs full, 0 dirs failed
I20260713 09:04:18.071702  6969 data_dirs.cc:400] Could only allocate 1 dirs of requested 3 for tablet e0572f83e42f4fc296ae21e548ab0e9a. 1 dirs total, 0 dirs full, 0 dirs failed
I20260713 09:04:18.073614  6968 data_dirs.cc:400] Could only allocate 1 dirs of requested 3 for tablet 485edd6ca2ca47a495049b09d7295daf. 1 dirs total, 0 dirs full, 0 dirs failed
I20260713 09:04:18.074188  6963 data_dirs.cc:400] Could only allocate 1 dirs of requested 3 for tablet 357ef0d88c8e4f3da0d1cab388c9add4. 1 dirs total, 0 dirs full, 0 dirs failed
I20260713 09:04:18.079963  6962 data_dirs.cc:400] Could only allocate 1 dirs of requested 3 for tablet 7a5006bfcc314383bbf37ea244bdb6e8. 1 dirs total, 0 dirs full, 0 dirs failed
I20260713 09:04:18.080430  7040 tablet_service.cc:1511] Processing CreateTablet for tablet 6cccbaac908847849669ca653491d83c (DEFAULT_TABLE table=test-workload [id=738ce82ee39a4d3d8eea352883da6bd2]), partition=RANGE (key) PARTITION 1252698790 <= VALUES < 1342177275
I20260713 09:04:18.080763  6890 tablet_service.cc:1511] Processing CreateTablet for tablet 13fa887a7f43415ca3e4e22dc484ed5a (DEFAULT_TABLE table=test-workload [id=738ce82ee39a4d3d8eea352883da6bd2]), partition=RANGE (key) PARTITION 1879048185 <= VALUES < 1968526670
I20260713 09:04:18.082824  7042 data_dirs.cc:400] Could only allocate 1 dirs of requested 3 for tablet 68e3721db4124530af02e8f6c59aad62. 1 dirs total, 0 dirs full, 0 dirs failed
I20260713 09:04:18.091734  7038 tablet_service.cc:1511] Processing CreateTablet for tablet cb5db7dd338c46298eacfc81579cdb47 (DEFAULT_TABLE table=test-workload [id=738ce82ee39a4d3d8eea352883da6bd2]), partition=RANGE (key) PARTITION 1342177275 <= VALUES < 1431655760
I20260713 09:04:18.095041  6889 tablet_service.cc:1511] Processing CreateTablet for tablet 974ebf1c639c4cfe880c4b993cbbc45f (DEFAULT_TABLE table=test-workload [id=738ce82ee39a4d3d8eea352883da6bd2]), partition=RANGE (key) PARTITION 1968526670 <= VALUES < 2058005155
I20260713 09:04:18.024163  6891 tablet_service.cc:1511] Processing CreateTablet for tablet cb5db7dd338c46298eacfc81579cdb47 (DEFAULT_TABLE table=test-workload [id=738ce82ee39a4d3d8eea352883da6bd2]), partition=RANGE (key) PARTITION 1342177275 <= VALUES < 1431655760
I20260713 09:04:18.102205  7041 tablet_service.cc:1511] Processing CreateTablet for tablet 9b66e3cb85b7476b966ec514407b39b8 (DEFAULT_TABLE table=test-workload [id=738ce82ee39a4d3d8eea352883da6bd2]), partition=RANGE (key) PARTITION 1431655760 <= VALUES < 1521134245
I20260713 09:04:18.104259  7096 tablet_bootstrap.cc:654] T e0572f83e42f4fc296ae21e548ab0e9a P 083e8dc574b14957bb1038d7b81caeb9: Neither blocks nor log segments found. Creating new log.
I20260713 09:04:18.107621  7044 tablet_service.cc:1511] Processing CreateTablet for tablet 8d765b06d54847d5aa18487e2aed7ee0 (DEFAULT_TABLE table=test-workload [id=738ce82ee39a4d3d8eea352883da6bd2]), partition=RANGE (key) PARTITION 1163220305 <= VALUES < 1252698790
I20260713 09:04:18.109010  7043 data_dirs.cc:400] Could only allocate 1 dirs of requested 3 for tablet 28091ac448514934a7a1140be7c50516. 1 dirs total, 0 dirs full, 0 dirs failed
I20260713 09:04:18.109645  7045 data_dirs.cc:400] Could only allocate 1 dirs of requested 3 for tablet 42926e069dcc4ec99b02f65f1abe7143. 1 dirs total, 0 dirs full, 0 dirs failed
I20260713 09:04:18.115782  6894 tablet_service.cc:1511] Processing CreateTablet for tablet 84593094cd85419d9dea4c07c68e09ec (DEFAULT_TABLE table=test-workload [id=738ce82ee39a4d3d8eea352883da6bd2]), partition=RANGE (key) PARTITION 1700091215 <= VALUES < 1789569700
I20260713 09:04:18.117439  6893 data_dirs.cc:400] Could only allocate 1 dirs of requested 3 for tablet 9b66e3cb85b7476b966ec514407b39b8. 1 dirs total, 0 dirs full, 0 dirs failed
I20260713 09:04:18.118014  6887 data_dirs.cc:400] Could only allocate 1 dirs of requested 3 for tablet 3a00f8f644e7492c9f6587beaa229d1a. 1 dirs total, 0 dirs full, 0 dirs failed
I20260713 09:04:18.120021  6892 data_dirs.cc:400] Could only allocate 1 dirs of requested 3 for tablet e654c55bb0e440fc8d0f30c5bc7909ac. 1 dirs total, 0 dirs full, 0 dirs failed
I20260713 09:04:18.123224  7036 tablet_service.cc:1511] Processing CreateTablet for tablet e654c55bb0e440fc8d0f30c5bc7909ac (DEFAULT_TABLE table=test-workload [id=738ce82ee39a4d3d8eea352883da6bd2]), partition=RANGE (key) PARTITION 1521134245 <= VALUES < 1610612730
I20260713 09:04:18.128513  6971 tablet_service.cc:1511] Processing CreateTablet for tablet 68e3721db4124530af02e8f6c59aad62 (DEFAULT_TABLE table=test-workload [id=738ce82ee39a4d3d8eea352883da6bd2]), partition=RANGE (key) PARTITION 894784850 <= VALUES < 984263335
I20260713 09:04:18.129693  6971 data_dirs.cc:400] Could only allocate 1 dirs of requested 3 for tablet 68e3721db4124530af02e8f6c59aad62. 1 dirs total, 0 dirs full, 0 dirs failed
I20260713 09:04:18.131968  7097 tablet_bootstrap.cc:492] T f96efee04f63487c8d5449e39a39fa1e P 26eae2debea14a9a88cd1dbaad3160b0: Bootstrap starting.
I20260713 09:04:18.136104  6970 tablet_service.cc:1511] Processing CreateTablet for tablet 42926e069dcc4ec99b02f65f1abe7143 (DEFAULT_TABLE table=test-workload [id=738ce82ee39a4d3d8eea352883da6bd2]), partition=RANGE (key) PARTITION 984263335 <= VALUES < 1073741820
I20260713 09:04:18.137279  6970 data_dirs.cc:400] Could only allocate 1 dirs of requested 3 for tablet 42926e069dcc4ec99b02f65f1abe7143. 1 dirs total, 0 dirs full, 0 dirs failed
I20260713 09:04:18.137372  7041 data_dirs.cc:400] Could only allocate 1 dirs of requested 3 for tablet 9b66e3cb85b7476b966ec514407b39b8. 1 dirs total, 0 dirs full, 0 dirs failed
I20260713 09:04:18.138427  7040 data_dirs.cc:400] Could only allocate 1 dirs of requested 3 for tablet 6cccbaac908847849669ca653491d83c. 1 dirs total, 0 dirs full, 0 dirs failed
I20260713 09:04:18.125509  7037 tablet_service.cc:1511] Processing CreateTablet for tablet 13fa887a7f43415ca3e4e22dc484ed5a (DEFAULT_TABLE table=test-workload [id=738ce82ee39a4d3d8eea352883da6bd2]), partition=RANGE (key) PARTITION 1879048185 <= VALUES < 1968526670
I20260713 09:04:18.126319  6889 data_dirs.cc:400] Could only allocate 1 dirs of requested 3 for tablet 974ebf1c639c4cfe880c4b993cbbc45f. 1 dirs total, 0 dirs full, 0 dirs failed
I20260713 09:04:18.139870  6890 data_dirs.cc:400] Could only allocate 1 dirs of requested 3 for tablet 13fa887a7f43415ca3e4e22dc484ed5a. 1 dirs total, 0 dirs full, 0 dirs failed
I20260713 09:04:18.126741  7095 tablet_bootstrap.cc:654] T f96efee04f63487c8d5449e39a39fa1e P e6e1c1e6bffd4cdab85b1cae048fbc68: Neither blocks nor log segments found. Creating new log.
I20260713 09:04:18.141196  7044 data_dirs.cc:400] Could only allocate 1 dirs of requested 3 for tablet 8d765b06d54847d5aa18487e2aed7ee0. 1 dirs total, 0 dirs full, 0 dirs failed
I20260713 09:04:18.146270  6964 tablet_service.cc:1511] Processing CreateTablet for tablet 28091ac448514934a7a1140be7c50516 (DEFAULT_TABLE table=test-workload [id=738ce82ee39a4d3d8eea352883da6bd2]), partition=RANGE (key) PARTITION 1073741820 <= VALUES < 1163220305
I20260713 09:04:18.146879  6891 data_dirs.cc:400] Could only allocate 1 dirs of requested 3 for tablet cb5db7dd338c46298eacfc81579cdb47. 1 dirs total, 0 dirs full, 0 dirs failed
I20260713 09:04:18.147465  6964 data_dirs.cc:400] Could only allocate 1 dirs of requested 3 for tablet 28091ac448514934a7a1140be7c50516. 1 dirs total, 0 dirs full, 0 dirs failed
I20260713 09:04:18.150640  6896 tablet_service.cc:1511] Processing CreateTablet for tablet 24bae46f9f09490da5d385d0587a0356 (DEFAULT_TABLE table=test-workload [id=738ce82ee39a4d3d8eea352883da6bd2]), partition=RANGE (key) PARTITION 2058005155 <= VALUES
I20260713 09:04:18.151870  6896 data_dirs.cc:400] Could only allocate 1 dirs of requested 3 for tablet 24bae46f9f09490da5d385d0587a0356. 1 dirs total, 0 dirs full, 0 dirs failed
I20260713 09:04:18.154893  7036 data_dirs.cc:400] Could only allocate 1 dirs of requested 3 for tablet e654c55bb0e440fc8d0f30c5bc7909ac. 1 dirs total, 0 dirs full, 0 dirs failed
I20260713 09:04:18.162837  6894 data_dirs.cc:400] Could only allocate 1 dirs of requested 3 for tablet 84593094cd85419d9dea4c07c68e09ec. 1 dirs total, 0 dirs full, 0 dirs failed
I20260713 09:04:18.166841  7037 data_dirs.cc:400] Could only allocate 1 dirs of requested 3 for tablet 13fa887a7f43415ca3e4e22dc484ed5a. 1 dirs total, 0 dirs full, 0 dirs failed
I20260713 09:04:18.171268  6968 tablet_service.cc:1511] Processing CreateTablet for tablet 8d765b06d54847d5aa18487e2aed7ee0 (DEFAULT_TABLE table=test-workload [id=738ce82ee39a4d3d8eea352883da6bd2]), partition=RANGE (key) PARTITION 1163220305 <= VALUES < 1252698790
I20260713 09:04:18.172425  6968 data_dirs.cc:400] Could only allocate 1 dirs of requested 3 for tablet 8d765b06d54847d5aa18487e2aed7ee0. 1 dirs total, 0 dirs full, 0 dirs failed
I20260713 09:04:18.173278  7038 data_dirs.cc:400] Could only allocate 1 dirs of requested 3 for tablet cb5db7dd338c46298eacfc81579cdb47. 1 dirs total, 0 dirs full, 0 dirs failed
I20260713 09:04:18.177065  6967 tablet_service.cc:1511] Processing CreateTablet for tablet 6cccbaac908847849669ca653491d83c (DEFAULT_TABLE table=test-workload [id=738ce82ee39a4d3d8eea352883da6bd2]), partition=RANGE (key) PARTITION 1252698790 <= VALUES < 1342177275
I20260713 09:04:18.177158  6963 tablet_service.cc:1511] Processing CreateTablet for tablet cb5db7dd338c46298eacfc81579cdb47 (DEFAULT_TABLE table=test-workload [id=738ce82ee39a4d3d8eea352883da6bd2]), partition=RANGE (key) PARTITION 1342177275 <= VALUES < 1431655760
I20260713 09:04:18.178491  6967 data_dirs.cc:400] Could only allocate 1 dirs of requested 3 for tablet 6cccbaac908847849669ca653491d83c. 1 dirs total, 0 dirs full, 0 dirs failed
I20260713 09:04:18.178215  7039 tablet_service.cc:1511] Processing CreateTablet for tablet 2098cfabde894c989c7108ad2e851380 (DEFAULT_TABLE table=test-workload [id=738ce82ee39a4d3d8eea352883da6bd2]), partition=RANGE (key) PARTITION 1610612730 <= VALUES < 1700091215
I20260713 09:04:18.182682  6963 data_dirs.cc:400] Could only allocate 1 dirs of requested 3 for tablet cb5db7dd338c46298eacfc81579cdb47. 1 dirs total, 0 dirs full, 0 dirs failed
I20260713 09:04:18.182160  6966 tablet_service.cc:1511] Processing CreateTablet for tablet 9b66e3cb85b7476b966ec514407b39b8 (DEFAULT_TABLE table=test-workload [id=738ce82ee39a4d3d8eea352883da6bd2]), partition=RANGE (key) PARTITION 1431655760 <= VALUES < 1521134245
I20260713 09:04:18.185110  6966 data_dirs.cc:400] Could only allocate 1 dirs of requested 3 for tablet 9b66e3cb85b7476b966ec514407b39b8. 1 dirs total, 0 dirs full, 0 dirs failed
I20260713 09:04:18.199023  7039 data_dirs.cc:400] Could only allocate 1 dirs of requested 3 for tablet 2098cfabde894c989c7108ad2e851380. 1 dirs total, 0 dirs full, 0 dirs failed
I20260713 09:04:18.228847  7041 tablet_service.cc:1511] Processing CreateTablet for tablet 84593094cd85419d9dea4c07c68e09ec (DEFAULT_TABLE table=test-workload [id=738ce82ee39a4d3d8eea352883da6bd2]), partition=RANGE (key) PARTITION 1700091215 <= VALUES < 1789569700
I20260713 09:04:18.231074  7041 data_dirs.cc:400] Could only allocate 1 dirs of requested 3 for tablet 84593094cd85419d9dea4c07c68e09ec. 1 dirs total, 0 dirs full, 0 dirs failed
I20260713 09:04:18.238737  7097 tablet_bootstrap.cc:654] T f96efee04f63487c8d5449e39a39fa1e P 26eae2debea14a9a88cd1dbaad3160b0: Neither blocks nor log segments found. Creating new log.
I20260713 09:04:18.241148  6971 tablet_service.cc:1511] Processing CreateTablet for tablet 13fa887a7f43415ca3e4e22dc484ed5a (DEFAULT_TABLE table=test-workload [id=738ce82ee39a4d3d8eea352883da6bd2]), partition=RANGE (key) PARTITION 1879048185 <= VALUES < 1968526670
I20260713 09:04:18.242281  6971 data_dirs.cc:400] Could only allocate 1 dirs of requested 3 for tablet 13fa887a7f43415ca3e4e22dc484ed5a. 1 dirs total, 0 dirs full, 0 dirs failed
I20260713 09:04:18.243670  7043 tablet_service.cc:1511] Processing CreateTablet for tablet 3a00f8f644e7492c9f6587beaa229d1a (DEFAULT_TABLE table=test-workload [id=738ce82ee39a4d3d8eea352883da6bd2]), partition=RANGE (key) PARTITION 1789569700 <= VALUES < 1879048185
I20260713 09:04:18.244845  7043 data_dirs.cc:400] Could only allocate 1 dirs of requested 3 for tablet 3a00f8f644e7492c9f6587beaa229d1a. 1 dirs total, 0 dirs full, 0 dirs failed
I20260713 09:04:18.244791  6964 tablet_service.cc:1511] Processing CreateTablet for tablet 2098cfabde894c989c7108ad2e851380 (DEFAULT_TABLE table=test-workload [id=738ce82ee39a4d3d8eea352883da6bd2]), partition=RANGE (key) PARTITION 1610612730 <= VALUES < 1700091215
I20260713 09:04:18.246933  7036 tablet_service.cc:1511] Processing CreateTablet for tablet 974ebf1c639c4cfe880c4b993cbbc45f (DEFAULT_TABLE table=test-workload [id=738ce82ee39a4d3d8eea352883da6bd2]), partition=RANGE (key) PARTITION 1968526670 <= VALUES < 2058005155
I20260713 09:04:18.250769  7096 tablet_bootstrap.cc:492] T e0572f83e42f4fc296ae21e548ab0e9a P 083e8dc574b14957bb1038d7b81caeb9: No bootstrap required, opened a new log
I20260713 09:04:18.251158  7096 ts_tablet_manager.cc:1403] T e0572f83e42f4fc296ae21e548ab0e9a P 083e8dc574b14957bb1038d7b81caeb9: Time spent bootstrapping tablet: real 0.227s	user 0.005s	sys 0.013s
I20260713 09:04:18.253569  7096 raft_consensus.cc:359] T e0572f83e42f4fc296ae21e548ab0e9a P 083e8dc574b14957bb1038d7b81caeb9 [term 0 FOLLOWER]: Replica starting. Triggering 0 pending ops. Active config: opid_index: -1 OBSOLETE_local: false peers { permanent_uuid: "083e8dc574b14957bb1038d7b81caeb9" member_type: VOTER last_known_addr { host: "127.5.163.129" port: 35271 } } peers { permanent_uuid: "26eae2debea14a9a88cd1dbaad3160b0" member_type: VOTER last_known_addr { host: "127.5.163.130" port: 42321 } } peers { permanent_uuid: "e6e1c1e6bffd4cdab85b1cae048fbc68" member_type: VOTER last_known_addr { host: "127.5.163.131" port: 35875 } }
I20260713 09:04:18.253841  7042 tablet_service.cc:1511] Processing CreateTablet for tablet 24bae46f9f09490da5d385d0587a0356 (DEFAULT_TABLE table=test-workload [id=738ce82ee39a4d3d8eea352883da6bd2]), partition=RANGE (key) PARTITION 2058005155 <= VALUES
I20260713 09:04:18.254253  7096 raft_consensus.cc:385] T e0572f83e42f4fc296ae21e548ab0e9a P 083e8dc574b14957bb1038d7b81caeb9 [term 0 FOLLOWER]: Consensus starting up: Expiring failure detector timer to make a prompt election more likely
I20260713 09:04:18.255151  6965 tablet_service.cc:1511] Processing CreateTablet for tablet e654c55bb0e440fc8d0f30c5bc7909ac (DEFAULT_TABLE table=test-workload [id=738ce82ee39a4d3d8eea352883da6bd2]), partition=RANGE (key) PARTITION 1521134245 <= VALUES < 1610612730
I20260713 09:04:18.255487  7096 raft_consensus.cc:740] T e0572f83e42f4fc296ae21e548ab0e9a P 083e8dc574b14957bb1038d7b81caeb9 [term 0 FOLLOWER]: Becoming Follower/Learner. State: Replica: 083e8dc574b14957bb1038d7b81caeb9, State: Initialized, Role: FOLLOWER
I20260713 09:04:18.256340  6964 data_dirs.cc:400] Could only allocate 1 dirs of requested 3 for tablet 2098cfabde894c989c7108ad2e851380. 1 dirs total, 0 dirs full, 0 dirs failed
I20260713 09:04:18.256222  7096 consensus_queue.cc:260] T e0572f83e42f4fc296ae21e548ab0e9a P 083e8dc574b14957bb1038d7b81caeb9 [NON_LEADER]: Queue going to NON_LEADER mode. State: All replicated index: 0, Majority replicated index: 0, Committed index: 0, Last appended: 0.0, Last appended by leader: 0, Current term: 0, Majority size: -1, State: 0, Mode: NON_LEADER, active raft config: opid_index: -1 OBSOLETE_local: false peers { permanent_uuid: "083e8dc574b14957bb1038d7b81caeb9" member_type: VOTER last_known_addr { host: "127.5.163.129" port: 35271 } } peers { permanent_uuid: "26eae2debea14a9a88cd1dbaad3160b0" member_type: VOTER last_known_addr { host: "127.5.163.130" port: 42321 } } peers { permanent_uuid: "e6e1c1e6bffd4cdab85b1cae048fbc68" member_type: VOTER last_known_addr { host: "127.5.163.131" port: 35875 } }
I20260713 09:04:18.258857  6965 data_dirs.cc:400] Could only allocate 1 dirs of requested 3 for tablet e654c55bb0e440fc8d0f30c5bc7909ac. 1 dirs total, 0 dirs full, 0 dirs failed
I20260713 09:04:18.261020  6969 tablet_service.cc:1511] Processing CreateTablet for tablet 84593094cd85419d9dea4c07c68e09ec (DEFAULT_TABLE table=test-workload [id=738ce82ee39a4d3d8eea352883da6bd2]), partition=RANGE (key) PARTITION 1700091215 <= VALUES < 1789569700
I20260713 09:04:18.264701  6963 tablet_service.cc:1511] Processing CreateTablet for tablet 3a00f8f644e7492c9f6587beaa229d1a (DEFAULT_TABLE table=test-workload [id=738ce82ee39a4d3d8eea352883da6bd2]), partition=RANGE (key) PARTITION 1789569700 <= VALUES < 1879048185
I20260713 09:04:18.271919  7095 tablet_bootstrap.cc:492] T f96efee04f63487c8d5449e39a39fa1e P e6e1c1e6bffd4cdab85b1cae048fbc68: No bootstrap required, opened a new log
I20260713 09:04:18.272451  7095 ts_tablet_manager.cc:1403] T f96efee04f63487c8d5449e39a39fa1e P e6e1c1e6bffd4cdab85b1cae048fbc68: Time spent bootstrapping tablet: real 0.246s	user 0.011s	sys 0.020s
I20260713 09:04:18.274792  6966 tablet_service.cc:1511] Processing CreateTablet for tablet 24bae46f9f09490da5d385d0587a0356 (DEFAULT_TABLE table=test-workload [id=738ce82ee39a4d3d8eea352883da6bd2]), partition=RANGE (key) PARTITION 2058005155 <= VALUES
I20260713 09:04:18.268440  6962 tablet_service.cc:1511] Processing CreateTablet for tablet 974ebf1c639c4cfe880c4b993cbbc45f (DEFAULT_TABLE table=test-workload [id=738ce82ee39a4d3d8eea352883da6bd2]), partition=RANGE (key) PARTITION 1968526670 <= VALUES < 2058005155
I20260713 09:04:18.276640  7095 raft_consensus.cc:359] T f96efee04f63487c8d5449e39a39fa1e P e6e1c1e6bffd4cdab85b1cae048fbc68 [term 0 FOLLOWER]: Replica starting. Triggering 0 pending ops. Active config: opid_index: -1 OBSOLETE_local: false peers { permanent_uuid: "e6e1c1e6bffd4cdab85b1cae048fbc68" member_type: VOTER last_known_addr { host: "127.5.163.131" port: 35875 } } peers { permanent_uuid: "26eae2debea14a9a88cd1dbaad3160b0" member_type: VOTER last_known_addr { host: "127.5.163.130" port: 42321 } } peers { permanent_uuid: "083e8dc574b14957bb1038d7b81caeb9" member_type: VOTER last_known_addr { host: "127.5.163.129" port: 35271 } }
I20260713 09:04:18.277737  7095 raft_consensus.cc:385] T f96efee04f63487c8d5449e39a39fa1e P e6e1c1e6bffd4cdab85b1cae048fbc68 [term 0 FOLLOWER]: Consensus starting up: Expiring failure detector timer to make a prompt election more likely
I20260713 09:04:18.278090  7095 raft_consensus.cc:740] T f96efee04f63487c8d5449e39a39fa1e P e6e1c1e6bffd4cdab85b1cae048fbc68 [term 0 FOLLOWER]: Becoming Follower/Learner. State: Replica: e6e1c1e6bffd4cdab85b1cae048fbc68, State: Initialized, Role: FOLLOWER
I20260713 09:04:18.278560  6963 data_dirs.cc:400] Could only allocate 1 dirs of requested 3 for tablet 3a00f8f644e7492c9f6587beaa229d1a. 1 dirs total, 0 dirs full, 0 dirs failed
I20260713 09:04:18.278952  7095 consensus_queue.cc:260] T f96efee04f63487c8d5449e39a39fa1e P e6e1c1e6bffd4cdab85b1cae048fbc68 [NON_LEADER]: Queue going to NON_LEADER mode. State: All replicated index: 0, Majority replicated index: 0, Committed index: 0, Last appended: 0.0, Last appended by leader: 0, Current term: 0, Majority size: -1, State: 0, Mode: NON_LEADER, active raft config: opid_index: -1 OBSOLETE_local: false peers { permanent_uuid: "e6e1c1e6bffd4cdab85b1cae048fbc68" member_type: VOTER last_known_addr { host: "127.5.163.131" port: 35875 } } peers { permanent_uuid: "26eae2debea14a9a88cd1dbaad3160b0" member_type: VOTER last_known_addr { host: "127.5.163.130" port: 42321 } } peers { permanent_uuid: "083e8dc574b14957bb1038d7b81caeb9" member_type: VOTER last_known_addr { host: "127.5.163.129" port: 35271 } }
I20260713 09:04:18.282920  6969 data_dirs.cc:400] Could only allocate 1 dirs of requested 3 for tablet 84593094cd85419d9dea4c07c68e09ec. 1 dirs total, 0 dirs full, 0 dirs failed
I20260713 09:04:18.298995  6966 data_dirs.cc:400] Could only allocate 1 dirs of requested 3 for tablet 24bae46f9f09490da5d385d0587a0356. 1 dirs total, 0 dirs full, 0 dirs failed
I20260713 09:04:18.302929  7036 data_dirs.cc:400] Could only allocate 1 dirs of requested 3 for tablet 974ebf1c639c4cfe880c4b993cbbc45f. 1 dirs total, 0 dirs full, 0 dirs failed
I20260713 09:04:18.303566  6962 data_dirs.cc:400] Could only allocate 1 dirs of requested 3 for tablet 974ebf1c639c4cfe880c4b993cbbc45f. 1 dirs total, 0 dirs full, 0 dirs failed
I20260713 09:04:18.323339  7042 data_dirs.cc:400] Could only allocate 1 dirs of requested 3 for tablet 24bae46f9f09490da5d385d0587a0356. 1 dirs total, 0 dirs full, 0 dirs failed
I20260713 09:04:18.343214  7080 heartbeater.cc:499] Master 127.5.163.190:33447 was elected leader, sending a full tablet report...
I20260713 09:04:18.346740  6931 heartbeater.cc:499] Master 127.5.163.190:33447 was elected leader, sending a full tablet report...
I20260713 09:04:18.347748  7096 ts_tablet_manager.cc:1434] T e0572f83e42f4fc296ae21e548ab0e9a P 083e8dc574b14957bb1038d7b81caeb9: Time spent starting tablet: real 0.096s	user 0.009s	sys 0.021s
I20260713 09:04:18.348631  7096 tablet_bootstrap.cc:492] T 3679fcae27784647992604b15c218a29 P 083e8dc574b14957bb1038d7b81caeb9: Bootstrap starting.
I20260713 09:04:18.350478  7095 ts_tablet_manager.cc:1434] T f96efee04f63487c8d5449e39a39fa1e P e6e1c1e6bffd4cdab85b1cae048fbc68: Time spent starting tablet: real 0.078s	user 0.036s	sys 0.030s
I20260713 09:04:18.351425  7095 tablet_bootstrap.cc:492] T 485edd6ca2ca47a495049b09d7295daf P e6e1c1e6bffd4cdab85b1cae048fbc68: Bootstrap starting.
I20260713 09:04:18.357426  7095 tablet_bootstrap.cc:654] T 485edd6ca2ca47a495049b09d7295daf P e6e1c1e6bffd4cdab85b1cae048fbc68: Neither blocks nor log segments found. Creating new log.
I20260713 09:04:18.362818  7096 tablet_bootstrap.cc:654] T 3679fcae27784647992604b15c218a29 P 083e8dc574b14957bb1038d7b81caeb9: Neither blocks nor log segments found. Creating new log.
I20260713 09:04:18.368980  7097 tablet_bootstrap.cc:492] T f96efee04f63487c8d5449e39a39fa1e P 26eae2debea14a9a88cd1dbaad3160b0: No bootstrap required, opened a new log
I20260713 09:04:18.369906  7095 tablet_bootstrap.cc:492] T 485edd6ca2ca47a495049b09d7295daf P e6e1c1e6bffd4cdab85b1cae048fbc68: No bootstrap required, opened a new log
I20260713 09:04:18.370136  7097 ts_tablet_manager.cc:1403] T f96efee04f63487c8d5449e39a39fa1e P 26eae2debea14a9a88cd1dbaad3160b0: Time spent bootstrapping tablet: real 0.243s	user 0.017s	sys 0.032s
I20260713 09:04:18.370301  7095 ts_tablet_manager.cc:1403] T 485edd6ca2ca47a495049b09d7295daf P e6e1c1e6bffd4cdab85b1cae048fbc68: Time spent bootstrapping tablet: real 0.019s	user 0.011s	sys 0.005s
I20260713 09:04:18.373330  7095 raft_consensus.cc:359] T 485edd6ca2ca47a495049b09d7295daf P e6e1c1e6bffd4cdab85b1cae048fbc68 [term 0 FOLLOWER]: Replica starting. Triggering 0 pending ops. Active config: opid_index: -1 OBSOLETE_local: false peers { permanent_uuid: "083e8dc574b14957bb1038d7b81caeb9" member_type: VOTER last_known_addr { host: "127.5.163.129" port: 35271 } } peers { permanent_uuid: "26eae2debea14a9a88cd1dbaad3160b0" member_type: VOTER last_known_addr { host: "127.5.163.130" port: 42321 } } peers { permanent_uuid: "e6e1c1e6bffd4cdab85b1cae048fbc68" member_type: VOTER last_known_addr { host: "127.5.163.131" port: 35875 } }
I20260713 09:04:18.373965  7095 raft_consensus.cc:385] T 485edd6ca2ca47a495049b09d7295daf P e6e1c1e6bffd4cdab85b1cae048fbc68 [term 0 FOLLOWER]: Consensus starting up: Expiring failure detector timer to make a prompt election more likely
I20260713 09:04:18.374241  7095 raft_consensus.cc:740] T 485edd6ca2ca47a495049b09d7295daf P e6e1c1e6bffd4cdab85b1cae048fbc68 [term 0 FOLLOWER]: Becoming Follower/Learner. State: Replica: e6e1c1e6bffd4cdab85b1cae048fbc68, State: Initialized, Role: FOLLOWER
W20260713 09:04:18.374627  6852 auto_rebalancer.cc:288] Could not retrieve cluster info: Service unavailable: Tablet not running
I20260713 09:04:18.375694  7097 raft_consensus.cc:359] T f96efee04f63487c8d5449e39a39fa1e P 26eae2debea14a9a88cd1dbaad3160b0 [term 0 FOLLOWER]: Replica starting. Triggering 0 pending ops. Active config: opid_index: -1 OBSOLETE_local: false peers { permanent_uuid: "e6e1c1e6bffd4cdab85b1cae048fbc68" member_type: VOTER last_known_addr { host: "127.5.163.131" port: 35875 } } peers { permanent_uuid: "26eae2debea14a9a88cd1dbaad3160b0" member_type: VOTER last_known_addr { host: "127.5.163.130" port: 42321 } } peers { permanent_uuid: "083e8dc574b14957bb1038d7b81caeb9" member_type: VOTER last_known_addr { host: "127.5.163.129" port: 35271 } }
I20260713 09:04:18.376372  7097 raft_consensus.cc:385] T f96efee04f63487c8d5449e39a39fa1e P 26eae2debea14a9a88cd1dbaad3160b0 [term 0 FOLLOWER]: Consensus starting up: Expiring failure detector timer to make a prompt election more likely
I20260713 09:04:18.376634  7097 raft_consensus.cc:740] T f96efee04f63487c8d5449e39a39fa1e P 26eae2debea14a9a88cd1dbaad3160b0 [term 0 FOLLOWER]: Becoming Follower/Learner. State: Replica: 26eae2debea14a9a88cd1dbaad3160b0, State: Initialized, Role: FOLLOWER
I20260713 09:04:18.377431  7097 consensus_queue.cc:260] T f96efee04f63487c8d5449e39a39fa1e P 26eae2debea14a9a88cd1dbaad3160b0 [NON_LEADER]: Queue going to NON_LEADER mode. State: All replicated index: 0, Majority replicated index: 0, Committed index: 0, Last appended: 0.0, Last appended by leader: 0, Current term: 0, Majority size: -1, State: 0, Mode: NON_LEADER, active raft config: opid_index: -1 OBSOLETE_local: false peers { permanent_uuid: "e6e1c1e6bffd4cdab85b1cae048fbc68" member_type: VOTER last_known_addr { host: "127.5.163.131" port: 35875 } } peers { permanent_uuid: "26eae2debea14a9a88cd1dbaad3160b0" member_type: VOTER last_known_addr { host: "127.5.163.130" port: 42321 } } peers { permanent_uuid: "083e8dc574b14957bb1038d7b81caeb9" member_type: VOTER last_known_addr { host: "127.5.163.129" port: 35271 } }
I20260713 09:04:18.387975  7095 consensus_queue.cc:260] T 485edd6ca2ca47a495049b09d7295daf P e6e1c1e6bffd4cdab85b1cae048fbc68 [NON_LEADER]: Queue going to NON_LEADER mode. State: All replicated index: 0, Majority replicated index: 0, Committed index: 0, Last appended: 0.0, Last appended by leader: 0, Current term: 0, Majority size: -1, State: 0, Mode: NON_LEADER, active raft config: opid_index: -1 OBSOLETE_local: false peers { permanent_uuid: "083e8dc574b14957bb1038d7b81caeb9" member_type: VOTER last_known_addr { host: "127.5.163.129" port: 35271 } } peers { permanent_uuid: "26eae2debea14a9a88cd1dbaad3160b0" member_type: VOTER last_known_addr { host: "127.5.163.130" port: 42321 } } peers { permanent_uuid: "e6e1c1e6bffd4cdab85b1cae048fbc68" member_type: VOTER last_known_addr { host: "127.5.163.131" port: 35875 } }
I20260713 09:04:18.390532  7095 ts_tablet_manager.cc:1434] T 485edd6ca2ca47a495049b09d7295daf P e6e1c1e6bffd4cdab85b1cae048fbc68: Time spent starting tablet: real 0.020s	user 0.005s	sys 0.000s
I20260713 09:04:18.391499  7095 tablet_bootstrap.cc:492] T 3679fcae27784647992604b15c218a29 P e6e1c1e6bffd4cdab85b1cae048fbc68: Bootstrap starting.
I20260713 09:04:18.392659  7102 raft_consensus.cc:493] T f96efee04f63487c8d5449e39a39fa1e P e6e1c1e6bffd4cdab85b1cae048fbc68 [term 0 FOLLOWER]: Starting pre-election (no leader contacted us within the election timeout)
I20260713 09:04:18.393106  7102 raft_consensus.cc:515] T f96efee04f63487c8d5449e39a39fa1e P e6e1c1e6bffd4cdab85b1cae048fbc68 [term 0 FOLLOWER]: Starting pre-election with config: opid_index: -1 OBSOLETE_local: false peers { permanent_uuid: "e6e1c1e6bffd4cdab85b1cae048fbc68" member_type: VOTER last_known_addr { host: "127.5.163.131" port: 35875 } } peers { permanent_uuid: "26eae2debea14a9a88cd1dbaad3160b0" member_type: VOTER last_known_addr { host: "127.5.163.130" port: 42321 } } peers { permanent_uuid: "083e8dc574b14957bb1038d7b81caeb9" member_type: VOTER last_known_addr { host: "127.5.163.129" port: 35271 } }
I20260713 09:04:18.397771  7095 tablet_bootstrap.cc:654] T 3679fcae27784647992604b15c218a29 P e6e1c1e6bffd4cdab85b1cae048fbc68: Neither blocks nor log segments found. Creating new log.
I20260713 09:04:18.399078  7102 leader_election.cc:290] T f96efee04f63487c8d5449e39a39fa1e P e6e1c1e6bffd4cdab85b1cae048fbc68 [CANDIDATE]: Term 1 pre-election: Requested pre-vote from peers 26eae2debea14a9a88cd1dbaad3160b0 (127.5.163.130:42321), 083e8dc574b14957bb1038d7b81caeb9 (127.5.163.129:35271)
I20260713 09:04:18.405834  7096 tablet_bootstrap.cc:492] T 3679fcae27784647992604b15c218a29 P 083e8dc574b14957bb1038d7b81caeb9: No bootstrap required, opened a new log
I20260713 09:04:18.406272  7096 ts_tablet_manager.cc:1403] T 3679fcae27784647992604b15c218a29 P 083e8dc574b14957bb1038d7b81caeb9: Time spent bootstrapping tablet: real 0.058s	user 0.011s	sys 0.002s
I20260713 09:04:18.407254  7006 heartbeater.cc:499] Master 127.5.163.190:33447 was elected leader, sending a full tablet report...
I20260713 09:04:18.415990  7096 raft_consensus.cc:359] T 3679fcae27784647992604b15c218a29 P 083e8dc574b14957bb1038d7b81caeb9 [term 0 FOLLOWER]: Replica starting. Triggering 0 pending ops. Active config: opid_index: -1 OBSOLETE_local: false peers { permanent_uuid: "083e8dc574b14957bb1038d7b81caeb9" member_type: VOTER last_known_addr { host: "127.5.163.129" port: 35271 } } peers { permanent_uuid: "26eae2debea14a9a88cd1dbaad3160b0" member_type: VOTER last_known_addr { host: "127.5.163.130" port: 42321 } } peers { permanent_uuid: "e6e1c1e6bffd4cdab85b1cae048fbc68" member_type: VOTER last_known_addr { host: "127.5.163.131" port: 35875 } }
I20260713 09:04:18.416616  7096 raft_consensus.cc:385] T 3679fcae27784647992604b15c218a29 P 083e8dc574b14957bb1038d7b81caeb9 [term 0 FOLLOWER]: Consensus starting up: Expiring failure detector timer to make a prompt election more likely
I20260713 09:04:18.416868  7096 raft_consensus.cc:740] T 3679fcae27784647992604b15c218a29 P 083e8dc574b14957bb1038d7b81caeb9 [term 0 FOLLOWER]: Becoming Follower/Learner. State: Replica: 083e8dc574b14957bb1038d7b81caeb9, State: Initialized, Role: FOLLOWER
I20260713 09:04:18.420660  6981 tablet_service.cc:1917] Received RequestConsensusVote() RPC: tablet_id: "f96efee04f63487c8d5449e39a39fa1e" candidate_uuid: "e6e1c1e6bffd4cdab85b1cae048fbc68" candidate_term: 1 candidate_status { last_received { term: 0 index: 0 } } ignore_live_leader: false dest_uuid: "26eae2debea14a9a88cd1dbaad3160b0" is_pre_election: true
I20260713 09:04:18.421269  6981 raft_consensus.cc:2468] T f96efee04f63487c8d5449e39a39fa1e P 26eae2debea14a9a88cd1dbaad3160b0 [term 0 FOLLOWER]: Leader pre-election vote request: Granting yes vote for candidate e6e1c1e6bffd4cdab85b1cae048fbc68 in term 0.
I20260713 09:04:18.421819  7097 ts_tablet_manager.cc:1434] T f96efee04f63487c8d5449e39a39fa1e P 26eae2debea14a9a88cd1dbaad3160b0: Time spent starting tablet: real 0.051s	user 0.000s	sys 0.008s
I20260713 09:04:18.422242  7018 leader_election.cc:304] T f96efee04f63487c8d5449e39a39fa1e P e6e1c1e6bffd4cdab85b1cae048fbc68 [CANDIDATE]: Term 1 pre-election: Election decided. Result: candidate won. Election summary: received 2 responses out of 3 voters: 2 yes votes; 0 no votes. yes voters: 26eae2debea14a9a88cd1dbaad3160b0, e6e1c1e6bffd4cdab85b1cae048fbc68; no voters: 
I20260713 09:04:18.422900  7097 tablet_bootstrap.cc:492] T 3679fcae27784647992604b15c218a29 P 26eae2debea14a9a88cd1dbaad3160b0: Bootstrap starting.
I20260713 09:04:18.423032  7102 raft_consensus.cc:2804] T f96efee04f63487c8d5449e39a39fa1e P e6e1c1e6bffd4cdab85b1cae048fbc68 [term 0 FOLLOWER]: Leader pre-election won for term 1
I20260713 09:04:18.423365  7102 raft_consensus.cc:493] T f96efee04f63487c8d5449e39a39fa1e P e6e1c1e6bffd4cdab85b1cae048fbc68 [term 0 FOLLOWER]: Starting leader election (no leader contacted us within the election timeout)
I20260713 09:04:18.423688  7102 raft_consensus.cc:3060] T f96efee04f63487c8d5449e39a39fa1e P e6e1c1e6bffd4cdab85b1cae048fbc68 [term 0 FOLLOWER]: Advancing to term 1
I20260713 09:04:18.425652  7096 consensus_queue.cc:260] T 3679fcae27784647992604b15c218a29 P 083e8dc574b14957bb1038d7b81caeb9 [NON_LEADER]: Queue going to NON_LEADER mode. State: All replicated index: 0, Majority replicated index: 0, Committed index: 0, Last appended: 0.0, Last appended by leader: 0, Current term: 0, Majority size: -1, State: 0, Mode: NON_LEADER, active raft config: opid_index: -1 OBSOLETE_local: false peers { permanent_uuid: "083e8dc574b14957bb1038d7b81caeb9" member_type: VOTER last_known_addr { host: "127.5.163.129" port: 35271 } } peers { permanent_uuid: "26eae2debea14a9a88cd1dbaad3160b0" member_type: VOTER last_known_addr { host: "127.5.163.130" port: 42321 } } peers { permanent_uuid: "e6e1c1e6bffd4cdab85b1cae048fbc68" member_type: VOTER last_known_addr { host: "127.5.163.131" port: 35875 } }
I20260713 09:04:18.430462  7102 raft_consensus.cc:515] T f96efee04f63487c8d5449e39a39fa1e P e6e1c1e6bffd4cdab85b1cae048fbc68 [term 1 FOLLOWER]: Starting leader election with config: opid_index: -1 OBSOLETE_local: false peers { permanent_uuid: "e6e1c1e6bffd4cdab85b1cae048fbc68" member_type: VOTER last_known_addr { host: "127.5.163.131" port: 35875 } } peers { permanent_uuid: "26eae2debea14a9a88cd1dbaad3160b0" member_type: VOTER last_known_addr { host: "127.5.163.130" port: 42321 } } peers { permanent_uuid: "083e8dc574b14957bb1038d7b81caeb9" member_type: VOTER last_known_addr { host: "127.5.163.129" port: 35271 } }
I20260713 09:04:18.433105  6981 tablet_service.cc:1917] Received RequestConsensusVote() RPC: tablet_id: "f96efee04f63487c8d5449e39a39fa1e" candidate_uuid: "e6e1c1e6bffd4cdab85b1cae048fbc68" candidate_term: 1 candidate_status { last_received { term: 0 index: 0 } } ignore_live_leader: false dest_uuid: "26eae2debea14a9a88cd1dbaad3160b0"
I20260713 09:04:18.433667  6981 raft_consensus.cc:3060] T f96efee04f63487c8d5449e39a39fa1e P 26eae2debea14a9a88cd1dbaad3160b0 [term 0 FOLLOWER]: Advancing to term 1
I20260713 09:04:18.437000  7096 ts_tablet_manager.cc:1434] T 3679fcae27784647992604b15c218a29 P 083e8dc574b14957bb1038d7b81caeb9: Time spent starting tablet: real 0.030s	user 0.006s	sys 0.001s
I20260713 09:04:18.437851  7096 tablet_bootstrap.cc:492] T 9c6aedc3c0da4516a3bfb0bd1478e8d6 P 083e8dc574b14957bb1038d7b81caeb9: Bootstrap starting.
I20260713 09:04:18.439965  6981 raft_consensus.cc:2468] T f96efee04f63487c8d5449e39a39fa1e P 26eae2debea14a9a88cd1dbaad3160b0 [term 1 FOLLOWER]: Leader election vote request: Granting yes vote for candidate e6e1c1e6bffd4cdab85b1cae048fbc68 in term 1.
I20260713 09:04:18.441139  7018 leader_election.cc:304] T f96efee04f63487c8d5449e39a39fa1e P e6e1c1e6bffd4cdab85b1cae048fbc68 [CANDIDATE]: Term 1 election: Election decided. Result: candidate won. Election summary: received 2 responses out of 3 voters: 2 yes votes; 0 no votes. yes voters: 26eae2debea14a9a88cd1dbaad3160b0, e6e1c1e6bffd4cdab85b1cae048fbc68; no voters: 
I20260713 09:04:18.445132  7102 leader_election.cc:290] T f96efee04f63487c8d5449e39a39fa1e P e6e1c1e6bffd4cdab85b1cae048fbc68 [CANDIDATE]: Term 1 election: Requested vote from peers 26eae2debea14a9a88cd1dbaad3160b0 (127.5.163.130:42321), 083e8dc574b14957bb1038d7b81caeb9 (127.5.163.129:35271)
I20260713 09:04:18.445267  6906 tablet_service.cc:1917] Received RequestConsensusVote() RPC: tablet_id: "f96efee04f63487c8d5449e39a39fa1e" candidate_uuid: "e6e1c1e6bffd4cdab85b1cae048fbc68" candidate_term: 1 candidate_status { last_received { term: 0 index: 0 } } ignore_live_leader: false dest_uuid: "083e8dc574b14957bb1038d7b81caeb9" is_pre_election: true
I20260713 09:04:18.445676  7102 raft_consensus.cc:2804] T f96efee04f63487c8d5449e39a39fa1e P e6e1c1e6bffd4cdab85b1cae048fbc68 [term 1 FOLLOWER]: Leader election won for term 1
I20260713 09:04:18.446113  7102 raft_consensus.cc:697] T f96efee04f63487c8d5449e39a39fa1e P e6e1c1e6bffd4cdab85b1cae048fbc68 [term 1 LEADER]: Becoming Leader. State: Replica: e6e1c1e6bffd4cdab85b1cae048fbc68, State: Running, Role: LEADER
I20260713 09:04:18.446123  6905 tablet_service.cc:1917] Received RequestConsensusVote() RPC: tablet_id: "f96efee04f63487c8d5449e39a39fa1e" candidate_uuid: "e6e1c1e6bffd4cdab85b1cae048fbc68" candidate_term: 1 candidate_status { last_received { term: 0 index: 0 } } ignore_live_leader: false dest_uuid: "083e8dc574b14957bb1038d7b81caeb9"
I20260713 09:04:18.447085  7102 consensus_queue.cc:237] T f96efee04f63487c8d5449e39a39fa1e P e6e1c1e6bffd4cdab85b1cae048fbc68 [LEADER]: Queue going to LEADER mode. State: All replicated index: 0, Majority replicated index: 0, Committed index: 0, Last appended: 0.0, Last appended by leader: 0, Current term: 1, Majority size: 2, State: 0, Mode: LEADER, active raft config: opid_index: -1 OBSOLETE_local: false peers { permanent_uuid: "e6e1c1e6bffd4cdab85b1cae048fbc68" member_type: VOTER last_known_addr { host: "127.5.163.131" port: 35875 } } peers { permanent_uuid: "26eae2debea14a9a88cd1dbaad3160b0" member_type: VOTER last_known_addr { host: "127.5.163.130" port: 42321 } } peers { permanent_uuid: "083e8dc574b14957bb1038d7b81caeb9" member_type: VOTER last_known_addr { host: "127.5.163.129" port: 35271 } }
W20260713 09:04:18.448814  7019 leader_election.cc:343] T f96efee04f63487c8d5449e39a39fa1e P e6e1c1e6bffd4cdab85b1cae048fbc68 [CANDIDATE]: Term 1 pre-election: Tablet error from VoteRequest() call to peer 083e8dc574b14957bb1038d7b81caeb9 (127.5.163.129:35271): Illegal state: must be running to vote when last-logged opid is not known
W20260713 09:04:18.449656  7019 leader_election.cc:343] T f96efee04f63487c8d5449e39a39fa1e P e6e1c1e6bffd4cdab85b1cae048fbc68 [CANDIDATE]: Term 1 election: Tablet error from VoteRequest() call to peer 083e8dc574b14957bb1038d7b81caeb9 (127.5.163.129:35271): Illegal state: must be running to vote when last-logged opid is not known
I20260713 09:04:18.452793  7095 tablet_bootstrap.cc:492] T 3679fcae27784647992604b15c218a29 P e6e1c1e6bffd4cdab85b1cae048fbc68: No bootstrap required, opened a new log
I20260713 09:04:18.453276  7095 ts_tablet_manager.cc:1403] T 3679fcae27784647992604b15c218a29 P e6e1c1e6bffd4cdab85b1cae048fbc68: Time spent bootstrapping tablet: real 0.062s	user 0.025s	sys 0.032s
I20260713 09:04:18.454389  7097 tablet_bootstrap.cc:654] T 3679fcae27784647992604b15c218a29 P 26eae2debea14a9a88cd1dbaad3160b0: Neither blocks nor log segments found. Creating new log.
I20260713 09:04:18.456296  7095 raft_consensus.cc:359] T 3679fcae27784647992604b15c218a29 P e6e1c1e6bffd4cdab85b1cae048fbc68 [term 0 FOLLOWER]: Replica starting. Triggering 0 pending ops. Active config: opid_index: -1 OBSOLETE_local: false peers { permanent_uuid: "083e8dc574b14957bb1038d7b81caeb9" member_type: VOTER last_known_addr { host: "127.5.163.129" port: 35271 } } peers { permanent_uuid: "26eae2debea14a9a88cd1dbaad3160b0" member_type: VOTER last_known_addr { host: "127.5.163.130" port: 42321 } } peers { permanent_uuid: "e6e1c1e6bffd4cdab85b1cae048fbc68" member_type: VOTER last_known_addr { host: "127.5.163.131" port: 35875 } }
I20260713 09:04:18.456985  7095 raft_consensus.cc:385] T 3679fcae27784647992604b15c218a29 P e6e1c1e6bffd4cdab85b1cae048fbc68 [term 0 FOLLOWER]: Consensus starting up: Expiring failure detector timer to make a prompt election more likely
I20260713 09:04:18.457280  7095 raft_consensus.cc:740] T 3679fcae27784647992604b15c218a29 P e6e1c1e6bffd4cdab85b1cae048fbc68 [term 0 FOLLOWER]: Becoming Follower/Learner. State: Replica: e6e1c1e6bffd4cdab85b1cae048fbc68, State: Initialized, Role: FOLLOWER
I20260713 09:04:18.458109  7095 consensus_queue.cc:260] T 3679fcae27784647992604b15c218a29 P e6e1c1e6bffd4cdab85b1cae048fbc68 [NON_LEADER]: Queue going to NON_LEADER mode. State: All replicated index: 0, Majority replicated index: 0, Committed index: 0, Last appended: 0.0, Last appended by leader: 0, Current term: 0, Majority size: -1, State: 0, Mode: NON_LEADER, active raft config: opid_index: -1 OBSOLETE_local: false peers { permanent_uuid: "083e8dc574b14957bb1038d7b81caeb9" member_type: VOTER last_known_addr { host: "127.5.163.129" port: 35271 } } peers { permanent_uuid: "26eae2debea14a9a88cd1dbaad3160b0" member_type: VOTER last_known_addr { host: "127.5.163.130" port: 42321 } } peers { permanent_uuid: "e6e1c1e6bffd4cdab85b1cae048fbc68" member_type: VOTER last_known_addr { host: "127.5.163.131" port: 35875 } }
I20260713 09:04:18.460372  7095 ts_tablet_manager.cc:1434] T 3679fcae27784647992604b15c218a29 P e6e1c1e6bffd4cdab85b1cae048fbc68: Time spent starting tablet: real 0.007s	user 0.005s	sys 0.000s
I20260713 09:04:18.461089  7096 tablet_bootstrap.cc:654] T 9c6aedc3c0da4516a3bfb0bd1478e8d6 P 083e8dc574b14957bb1038d7b81caeb9: Neither blocks nor log segments found. Creating new log.
I20260713 09:04:18.461309  7095 tablet_bootstrap.cc:492] T e0572f83e42f4fc296ae21e548ab0e9a P e6e1c1e6bffd4cdab85b1cae048fbc68: Bootstrap starting.
I20260713 09:04:18.465973  7097 tablet_bootstrap.cc:492] T 3679fcae27784647992604b15c218a29 P 26eae2debea14a9a88cd1dbaad3160b0: No bootstrap required, opened a new log
I20260713 09:04:18.466418  7097 ts_tablet_manager.cc:1403] T 3679fcae27784647992604b15c218a29 P 26eae2debea14a9a88cd1dbaad3160b0: Time spent bootstrapping tablet: real 0.044s	user 0.005s	sys 0.006s
I20260713 09:04:18.466737  7096 tablet_bootstrap.cc:492] T 9c6aedc3c0da4516a3bfb0bd1478e8d6 P 083e8dc574b14957bb1038d7b81caeb9: No bootstrap required, opened a new log
I20260713 09:04:18.467325  7096 ts_tablet_manager.cc:1403] T 9c6aedc3c0da4516a3bfb0bd1478e8d6 P 083e8dc574b14957bb1038d7b81caeb9: Time spent bootstrapping tablet: real 0.030s	user 0.009s	sys 0.002s
I20260713 09:04:18.469033  7095 tablet_bootstrap.cc:654] T e0572f83e42f4fc296ae21e548ab0e9a P e6e1c1e6bffd4cdab85b1cae048fbc68: Neither blocks nor log segments found. Creating new log.
I20260713 09:04:18.469405  7097 raft_consensus.cc:359] T 3679fcae27784647992604b15c218a29 P 26eae2debea14a9a88cd1dbaad3160b0 [term 0 FOLLOWER]: Replica starting. Triggering 0 pending ops. Active config: opid_index: -1 OBSOLETE_local: false peers { permanent_uuid: "083e8dc574b14957bb1038d7b81caeb9" member_type: VOTER last_known_addr { host: "127.5.163.129" port: 35271 } } peers { permanent_uuid: "26eae2debea14a9a88cd1dbaad3160b0" member_type: VOTER last_known_addr { host: "127.5.163.130" port: 42321 } } peers { permanent_uuid: "e6e1c1e6bffd4cdab85b1cae048fbc68" member_type: VOTER last_known_addr { host: "127.5.163.131" port: 35875 } }
I20260713 09:04:18.470155  7097 raft_consensus.cc:385] T 3679fcae27784647992604b15c218a29 P 26eae2debea14a9a88cd1dbaad3160b0 [term 0 FOLLOWER]: Consensus starting up: Expiring failure detector timer to make a prompt election more likely
I20260713 09:04:18.470144  7096 raft_consensus.cc:359] T 9c6aedc3c0da4516a3bfb0bd1478e8d6 P 083e8dc574b14957bb1038d7b81caeb9 [term 0 FOLLOWER]: Replica starting. Triggering 0 pending ops. Active config: opid_index: -1 OBSOLETE_local: false peers { permanent_uuid: "083e8dc574b14957bb1038d7b81caeb9" member_type: VOTER last_known_addr { host: "127.5.163.129" port: 35271 } } peers { permanent_uuid: "26eae2debea14a9a88cd1dbaad3160b0" member_type: VOTER last_known_addr { host: "127.5.163.130" port: 42321 } } peers { permanent_uuid: "e6e1c1e6bffd4cdab85b1cae048fbc68" member_type: VOTER last_known_addr { host: "127.5.163.131" port: 35875 } }
I20260713 09:04:18.470659  7097 raft_consensus.cc:740] T 3679fcae27784647992604b15c218a29 P 26eae2debea14a9a88cd1dbaad3160b0 [term 0 FOLLOWER]: Becoming Follower/Learner. State: Replica: 26eae2debea14a9a88cd1dbaad3160b0, State: Initialized, Role: FOLLOWER
I20260713 09:04:18.471073  7096 raft_consensus.cc:385] T 9c6aedc3c0da4516a3bfb0bd1478e8d6 P 083e8dc574b14957bb1038d7b81caeb9 [term 0 FOLLOWER]: Consensus starting up: Expiring failure detector timer to make a prompt election more likely
I20260713 09:04:18.471436  7096 raft_consensus.cc:740] T 9c6aedc3c0da4516a3bfb0bd1478e8d6 P 083e8dc574b14957bb1038d7b81caeb9 [term 0 FOLLOWER]: Becoming Follower/Learner. State: Replica: 083e8dc574b14957bb1038d7b81caeb9, State: Initialized, Role: FOLLOWER
I20260713 09:04:18.471644  7097 consensus_queue.cc:260] T 3679fcae27784647992604b15c218a29 P 26eae2debea14a9a88cd1dbaad3160b0 [NON_LEADER]: Queue going to NON_LEADER mode. State: All replicated index: 0, Majority replicated index: 0, Committed index: 0, Last appended: 0.0, Last appended by leader: 0, Current term: 0, Majority size: -1, State: 0, Mode: NON_LEADER, active raft config: opid_index: -1 OBSOLETE_local: false peers { permanent_uuid: "083e8dc574b14957bb1038d7b81caeb9" member_type: VOTER last_known_addr { host: "127.5.163.129" port: 35271 } } peers { permanent_uuid: "26eae2debea14a9a88cd1dbaad3160b0" member_type: VOTER last_known_addr { host: "127.5.163.130" port: 42321 } } peers { permanent_uuid: "e6e1c1e6bffd4cdab85b1cae048fbc68" member_type: VOTER last_known_addr { host: "127.5.163.131" port: 35875 } }
I20260713 09:04:18.472314  7096 consensus_queue.cc:260] T 9c6aedc3c0da4516a3bfb0bd1478e8d6 P 083e8dc574b14957bb1038d7b81caeb9 [NON_LEADER]: Queue going to NON_LEADER mode. State: All replicated index: 0, Majority replicated index: 0, Committed index: 0, Last appended: 0.0, Last appended by leader: 0, Current term: 0, Majority size: -1, State: 0, Mode: NON_LEADER, active raft config: opid_index: -1 OBSOLETE_local: false peers { permanent_uuid: "083e8dc574b14957bb1038d7b81caeb9" member_type: VOTER last_known_addr { host: "127.5.163.129" port: 35271 } } peers { permanent_uuid: "26eae2debea14a9a88cd1dbaad3160b0" member_type: VOTER last_known_addr { host: "127.5.163.130" port: 42321 } } peers { permanent_uuid: "e6e1c1e6bffd4cdab85b1cae048fbc68" member_type: VOTER last_known_addr { host: "127.5.163.131" port: 35875 } }
I20260713 09:04:18.474004  7097 ts_tablet_manager.cc:1434] T 3679fcae27784647992604b15c218a29 P 26eae2debea14a9a88cd1dbaad3160b0: Time spent starting tablet: real 0.007s	user 0.004s	sys 0.002s
I20260713 09:04:18.474951  7097 tablet_bootstrap.cc:492] T 01538166d8264df082c512cff7988fe8 P 26eae2debea14a9a88cd1dbaad3160b0: Bootstrap starting.
I20260713 09:04:18.478245  7096 ts_tablet_manager.cc:1434] T 9c6aedc3c0da4516a3bfb0bd1478e8d6 P 083e8dc574b14957bb1038d7b81caeb9: Time spent starting tablet: real 0.011s	user 0.006s	sys 0.000s
I20260713 09:04:18.479655  7096 tablet_bootstrap.cc:492] T 7a5006bfcc314383bbf37ea244bdb6e8 P 083e8dc574b14957bb1038d7b81caeb9: Bootstrap starting.
I20260713 09:04:18.480715  7097 tablet_bootstrap.cc:654] T 01538166d8264df082c512cff7988fe8 P 26eae2debea14a9a88cd1dbaad3160b0: Neither blocks nor log segments found. Creating new log.
I20260713 09:04:18.485025  7095 tablet_bootstrap.cc:492] T e0572f83e42f4fc296ae21e548ab0e9a P e6e1c1e6bffd4cdab85b1cae048fbc68: No bootstrap required, opened a new log
I20260713 09:04:18.485538  7095 ts_tablet_manager.cc:1403] T e0572f83e42f4fc296ae21e548ab0e9a P e6e1c1e6bffd4cdab85b1cae048fbc68: Time spent bootstrapping tablet: real 0.024s	user 0.012s	sys 0.010s
I20260713 09:04:18.488224  7095 raft_consensus.cc:359] T e0572f83e42f4fc296ae21e548ab0e9a P e6e1c1e6bffd4cdab85b1cae048fbc68 [term 0 FOLLOWER]: Replica starting. Triggering 0 pending ops. Active config: opid_index: -1 OBSOLETE_local: false peers { permanent_uuid: "083e8dc574b14957bb1038d7b81caeb9" member_type: VOTER last_known_addr { host: "127.5.163.129" port: 35271 } } peers { permanent_uuid: "26eae2debea14a9a88cd1dbaad3160b0" member_type: VOTER last_known_addr { host: "127.5.163.130" port: 42321 } } peers { permanent_uuid: "e6e1c1e6bffd4cdab85b1cae048fbc68" member_type: VOTER last_known_addr { host: "127.5.163.131" port: 35875 } }
I20260713 09:04:18.488967  7095 raft_consensus.cc:385] T e0572f83e42f4fc296ae21e548ab0e9a P e6e1c1e6bffd4cdab85b1cae048fbc68 [term 0 FOLLOWER]: Consensus starting up: Expiring failure detector timer to make a prompt election more likely
