[==========] Running 8 tests from 2 test suites.
[----------] Global test environment set-up.
[----------] 6 tests from LeaderRebalancerTest
[ RUN      ] LeaderRebalancerTest.FunctionalTestForDivided
WARNING: Logging before InitGoogleLogging() is written to STDERR
I20260713 09:03:51.738341  5880 internal_mini_cluster.cc:156] Creating distributed mini masters. Addrs: 127.5.190.62:35583
I20260713 09:03:51.739904  5880 env_posix.cc:2285] Not raising this process' open files per process limit of 1048576; it is already as high as it can go
I20260713 09:03:51.740890  5880 file_cache.cc:504] Constructed file cache file cache with capacity 419430
W20260713 09:03:51.757807  5887 instance_detector.cc:116] could not retrieve Azure instance metadata: Network error: curl error: HTTP response code said error: The requested URL returned error: 404
I20260713 09:03:51.759030  5880 server_base.cc:1061] running on GCE node
W20260713 09:03:51.757860  5886 instance_detector.cc:116] could not retrieve AWS instance metadata: Network error: curl error: HTTP response code said error: The requested URL returned error: 404
W20260713 09:03:51.757851  5889 instance_detector.cc:116] could not retrieve OpenStack instance metadata: Network error: curl error: HTTP response code said error: The requested URL returned error: 404
I20260713 09:03:52.955245  5880 hybrid_clock.cc:584] initializing the hybrid clock with 'system_unsync' time source
W20260713 09:03:52.955514  5880 system_unsync_time.cc:38] NTP support is disabled. Clock error bounds will not be accurate. This configuration is not suitable for distributed clusters.
I20260713 09:03:52.955722  5880 hybrid_clock.cc:648] HybridClock initialized: now 1783933432955697 us; error 0 us; skew 500 ppm
I20260713 09:03:52.956578  5880 server_base.cc:861] Flag tcmalloc_max_total_thread_cache_bytes is not working since tcmalloc is not enabled.
I20260713 09:03:52.962833  5880 webserver.cc:533] Webserver started at http://127.5.190.62:44079/ using document root <none> and password file <none>
I20260713 09:03:52.963729  5880 fs_manager.cc:362] Metadata directory not provided
I20260713 09:03:52.963968  5880 fs_manager.cc:368] Using write-ahead log directory (fs_wal_dir) as metadata directory
I20260713 09:03:52.964455  5880 server_base.cc:909] This appears to be a new deployment of Kudu; creating new FS layout
I20260713 09:03:52.970012  5880 fs_manager.cc:1068] Generated new instance metadata in path /tmp/dist-test-taskad3vwN/test-tmp/auto_leader_rebalancer-test.0.LeaderRebalancerTest.FunctionalTestForDivided.1783933431571218-5880-0/minicluster-data/master-0-root/instance:
uuid: "85b6215c6eb24271af46012f087890b5"
format_stamp: "Formatted at 2026-07-13 09:03:52 on dist-test-slave-h7ql"
I20260713 09:03:52.977670  5880 fs_manager.cc:696] Time spent creating directory manager: real 0.007s	user 0.009s	sys 0.000s
I20260713 09:03:52.982923  5895 log_block_manager.cc:4127] Time spent loading block containers with low live blocks: real 0.000s	user 0.000s	sys 0.000s
I20260713 09:03:52.984117  5880 fs_manager.cc:730] Time spent opening block manager: real 0.004s	user 0.003s	sys 0.000s
I20260713 09:03:52.984470  5880 fs_manager.cc:647] Opened local filesystem: /tmp/dist-test-taskad3vwN/test-tmp/auto_leader_rebalancer-test.0.LeaderRebalancerTest.FunctionalTestForDivided.1783933431571218-5880-0/minicluster-data/master-0-root
uuid: "85b6215c6eb24271af46012f087890b5"
format_stamp: "Formatted at 2026-07-13 09:03:52 on dist-test-slave-h7ql"
I20260713 09:03:52.984812  5880 fs_report.cc:389] FS layout report
--------------------
wal directory: /tmp/dist-test-taskad3vwN/test-tmp/auto_leader_rebalancer-test.0.LeaderRebalancerTest.FunctionalTestForDivided.1783933431571218-5880-0/minicluster-data/master-0-root
metadata directory: /tmp/dist-test-taskad3vwN/test-tmp/auto_leader_rebalancer-test.0.LeaderRebalancerTest.FunctionalTestForDivided.1783933431571218-5880-0/minicluster-data/master-0-root
1 data directories: /tmp/dist-test-taskad3vwN/test-tmp/auto_leader_rebalancer-test.0.LeaderRebalancerTest.FunctionalTestForDivided.1783933431571218-5880-0/minicluster-data/master-0-root/data
Total live blocks: 0
Total live bytes: 0
Total live bytes (after alignment): 0
Total number of LBM containers: 0 (0 full)
Did not check for missing blocks
Did not check for orphaned blocks
Total full LBM containers with extra space: 0 (0 repaired)
Total full LBM container extra space in bytes: 0 (0 repaired)
Total incomplete LBM containers: 0 (0 repaired)
Total LBM partial records: 0 (0 repaired)
Total corrupted LBM metadata records in RocksDB: 0 (0 repaired)
I20260713 09:03:53.052778  5880 rpc_server.cc:225] running with OpenSSL 1.1.1  11 Sep 2018
I20260713 09:03:53.054337  5880 env_posix.cc:2285] Not raising this process' running threads per effective uid limit of 18446744073709551615; it is already as high as it can go
I20260713 09:03:53.054801  5880 kserver.cc:163] Server-wide thread pool size limit: 3276
I20260713 09:03:53.126104  5880 rpc_server.cc:307] RPC server started. Bound to: 127.5.190.62:35583
I20260713 09:03:53.126186  5946 acceptor_pool.cc:272] collecting diagnostics on the listening RPC socket 127.5.190.62:35583 every 8 connection(s)
I20260713 09:03:53.133788  5947 data_dirs.cc:400] Could only allocate 1 dirs of requested 3 for tablet 00000000000000000000000000000000. 1 dirs total, 0 dirs full, 0 dirs failed
I20260713 09:03:53.154610  5947 tablet_bootstrap.cc:492] T 00000000000000000000000000000000 P 85b6215c6eb24271af46012f087890b5: Bootstrap starting.
I20260713 09:03:53.160504  5947 tablet_bootstrap.cc:654] T 00000000000000000000000000000000 P 85b6215c6eb24271af46012f087890b5: Neither blocks nor log segments found. Creating new log.
I20260713 09:03:53.162382  5947 log.cc:826] T 00000000000000000000000000000000 P 85b6215c6eb24271af46012f087890b5: Log is configured to *not* fsync() on all Append() calls
I20260713 09:03:53.166903  5947 tablet_bootstrap.cc:492] T 00000000000000000000000000000000 P 85b6215c6eb24271af46012f087890b5: No bootstrap required, opened a new log
I20260713 09:03:53.188015  5947 raft_consensus.cc:359] T 00000000000000000000000000000000 P 85b6215c6eb24271af46012f087890b5 [term 0 FOLLOWER]: Replica starting. Triggering 0 pending ops. Active config: opid_index: -1 OBSOLETE_local: true peers { permanent_uuid: "85b6215c6eb24271af46012f087890b5" member_type: VOTER }
I20260713 09:03:53.188591  5947 raft_consensus.cc:385] T 00000000000000000000000000000000 P 85b6215c6eb24271af46012f087890b5 [term 0 FOLLOWER]: Consensus starting up: Expiring failure detector timer to make a prompt election more likely
I20260713 09:03:53.188896  5947 raft_consensus.cc:740] T 00000000000000000000000000000000 P 85b6215c6eb24271af46012f087890b5 [term 0 FOLLOWER]: Becoming Follower/Learner. State: Replica: 85b6215c6eb24271af46012f087890b5, State: Initialized, Role: FOLLOWER
I20260713 09:03:53.189872  5947 consensus_queue.cc:260] T 00000000000000000000000000000000 P 85b6215c6eb24271af46012f087890b5 [NON_LEADER]: Queue going to NON_LEADER mode. State: All replicated index: 0, Majority replicated index: 0, Committed index: 0, Last appended: 0.0, Last appended by leader: 0, Current term: 0, Majority size: -1, State: 0, Mode: NON_LEADER, active raft config: opid_index: -1 OBSOLETE_local: true peers { permanent_uuid: "85b6215c6eb24271af46012f087890b5" member_type: VOTER }
I20260713 09:03:53.190384  5947 raft_consensus.cc:399] T 00000000000000000000000000000000 P 85b6215c6eb24271af46012f087890b5 [term 0 FOLLOWER]: Only one voter in the Raft config. Triggering election immediately
I20260713 09:03:53.190702  5947 raft_consensus.cc:493] T 00000000000000000000000000000000 P 85b6215c6eb24271af46012f087890b5 [term 0 FOLLOWER]: Starting leader election (initial election of a single-replica configuration)
I20260713 09:03:53.191058  5947 raft_consensus.cc:3060] T 00000000000000000000000000000000 P 85b6215c6eb24271af46012f087890b5 [term 0 FOLLOWER]: Advancing to term 1
I20260713 09:03:53.195287  5947 raft_consensus.cc:515] T 00000000000000000000000000000000 P 85b6215c6eb24271af46012f087890b5 [term 1 FOLLOWER]: Starting leader election with config: opid_index: -1 OBSOLETE_local: true peers { permanent_uuid: "85b6215c6eb24271af46012f087890b5" member_type: VOTER }
I20260713 09:03:53.196043  5947 leader_election.cc:304] T 00000000000000000000000000000000 P 85b6215c6eb24271af46012f087890b5 [CANDIDATE]: Term 1 election: Election decided. Result: candidate won. Election summary: received 1 responses out of 1 voters: 1 yes votes; 0 no votes. yes voters: 85b6215c6eb24271af46012f087890b5; no voters: 
I20260713 09:03:53.197733  5947 leader_election.cc:290] T 00000000000000000000000000000000 P 85b6215c6eb24271af46012f087890b5 [CANDIDATE]: Term 1 election: Requested vote from peers 
I20260713 09:03:53.198094  5950 raft_consensus.cc:2804] T 00000000000000000000000000000000 P 85b6215c6eb24271af46012f087890b5 [term 1 FOLLOWER]: Leader election won for term 1
I20260713 09:03:53.200318  5950 raft_consensus.cc:697] T 00000000000000000000000000000000 P 85b6215c6eb24271af46012f087890b5 [term 1 LEADER]: Becoming Leader. State: Replica: 85b6215c6eb24271af46012f087890b5, State: Running, Role: LEADER
I20260713 09:03:53.201263  5950 consensus_queue.cc:237] T 00000000000000000000000000000000 P 85b6215c6eb24271af46012f087890b5 [LEADER]: Queue going to LEADER mode. State: All replicated index: 0, Majority replicated index: 0, Committed index: 0, Last appended: 0.0, Last appended by leader: 0, Current term: 1, Majority size: 1, State: 0, Mode: LEADER, active raft config: opid_index: -1 OBSOLETE_local: true peers { permanent_uuid: "85b6215c6eb24271af46012f087890b5" member_type: VOTER }
I20260713 09:03:53.202288  5947 sys_catalog.cc:565] T 00000000000000000000000000000000 P 85b6215c6eb24271af46012f087890b5 [sys.catalog]: configured and running, proceeding with master startup.
I20260713 09:03:53.212306  5951 sys_catalog.cc:455] T 00000000000000000000000000000000 P 85b6215c6eb24271af46012f087890b5 [sys.catalog]: SysCatalogTable state changed. Reason: RaftConsensus started. Latest consensus state: current_term: 1 leader_uuid: "85b6215c6eb24271af46012f087890b5" committed_config { opid_index: -1 OBSOLETE_local: true peers { permanent_uuid: "85b6215c6eb24271af46012f087890b5" member_type: VOTER } }
I20260713 09:03:53.212366  5952 sys_catalog.cc:455] T 00000000000000000000000000000000 P 85b6215c6eb24271af46012f087890b5 [sys.catalog]: SysCatalogTable state changed. Reason: New leader 85b6215c6eb24271af46012f087890b5. Latest consensus state: current_term: 1 leader_uuid: "85b6215c6eb24271af46012f087890b5" committed_config { opid_index: -1 OBSOLETE_local: true peers { permanent_uuid: "85b6215c6eb24271af46012f087890b5" member_type: VOTER } }
I20260713 09:03:53.213024  5951 sys_catalog.cc:458] T 00000000000000000000000000000000 P 85b6215c6eb24271af46012f087890b5 [sys.catalog]: This master's current role is: LEADER
I20260713 09:03:53.213160  5952 sys_catalog.cc:458] T 00000000000000000000000000000000 P 85b6215c6eb24271af46012f087890b5 [sys.catalog]: This master's current role is: LEADER
I20260713 09:03:53.215788  5958 catalog_manager.cc:1511] Loading table and tablet metadata into memory...
I20260713 09:03:53.229027  5958 catalog_manager.cc:1520] Initializing Kudu cluster ID...
I20260713 09:03:53.231585  5880 internal_mini_cluster.cc:184] Waiting to initialize catalog manager on master 0
I20260713 09:03:53.246929  5958 catalog_manager.cc:1383] Generated new cluster ID: b195f84dd8d045e0aee4327c409c8218
I20260713 09:03:53.247264  5958 catalog_manager.cc:1531] Initializing Kudu internal certificate authority...
I20260713 09:03:53.270989  5958 catalog_manager.cc:1406] Generated new certificate authority record
I20260713 09:03:53.272531  5958 catalog_manager.cc:1540] Loading token signing keys...
I20260713 09:03:53.294605  5958 catalog_manager.cc:6070] T 00000000000000000000000000000000 P 85b6215c6eb24271af46012f087890b5: Generated new TSK 0
I20260713 09:03:53.295657  5958 catalog_manager.cc:1550] Initializing in-progress tserver states...
I20260713 09:03:53.362668  5880 file_cache.cc:504] Constructed file cache file cache with capacity 419430
W20260713 09:03:53.371942  5969 instance_detector.cc:116] could not retrieve AWS instance metadata: Network error: curl error: HTTP response code said error: The requested URL returned error: 404
W20260713 09:03:53.373415  5970 instance_detector.cc:116] could not retrieve Azure instance metadata: Network error: curl error: HTTP response code said error: The requested URL returned error: 404
W20260713 09:03:53.376593  5972 instance_detector.cc:116] could not retrieve OpenStack instance metadata: Network error: curl error: HTTP response code said error: The requested URL returned error: 404
I20260713 09:03:53.376751  5880 server_base.cc:1061] running on GCE node
I20260713 09:03:53.377767  5880 hybrid_clock.cc:584] initializing the hybrid clock with 'system_unsync' time source
W20260713 09:03:53.378028  5880 system_unsync_time.cc:38] NTP support is disabled. Clock error bounds will not be accurate. This configuration is not suitable for distributed clusters.
I20260713 09:03:53.378242  5880 hybrid_clock.cc:648] HybridClock initialized: now 1783933433378223 us; error 0 us; skew 500 ppm
I20260713 09:03:53.379060  5880 server_base.cc:861] Flag tcmalloc_max_total_thread_cache_bytes is not working since tcmalloc is not enabled.
I20260713 09:03:53.382972  5880 webserver.cc:533] Webserver started at http://127.5.190.1:46595/ using document root <none> and password file <none>
I20260713 09:03:53.383687  5880 fs_manager.cc:362] Metadata directory not provided
I20260713 09:03:53.383924  5880 fs_manager.cc:368] Using write-ahead log directory (fs_wal_dir) as metadata directory
I20260713 09:03:53.384269  5880 server_base.cc:909] This appears to be a new deployment of Kudu; creating new FS layout
I20260713 09:03:53.385726  5880 fs_manager.cc:1068] Generated new instance metadata in path /tmp/dist-test-taskad3vwN/test-tmp/auto_leader_rebalancer-test.0.LeaderRebalancerTest.FunctionalTestForDivided.1783933431571218-5880-0/minicluster-data/ts-0-root/instance:
uuid: "bc52adeb899047069654794355729341"
format_stamp: "Formatted at 2026-07-13 09:03:53 on dist-test-slave-h7ql"
I20260713 09:03:53.392441  5880 fs_manager.cc:696] Time spent creating directory manager: real 0.006s	user 0.005s	sys 0.004s
I20260713 09:03:53.397393  5977 log_block_manager.cc:4127] Time spent loading block containers with low live blocks: real 0.000s	user 0.000s	sys 0.000s
I20260713 09:03:53.398204  5880 fs_manager.cc:730] Time spent opening block manager: real 0.003s	user 0.002s	sys 0.000s
I20260713 09:03:53.398528  5880 fs_manager.cc:647] Opened local filesystem: /tmp/dist-test-taskad3vwN/test-tmp/auto_leader_rebalancer-test.0.LeaderRebalancerTest.FunctionalTestForDivided.1783933431571218-5880-0/minicluster-data/ts-0-root
uuid: "bc52adeb899047069654794355729341"
format_stamp: "Formatted at 2026-07-13 09:03:53 on dist-test-slave-h7ql"
I20260713 09:03:53.398900  5880 fs_report.cc:389] FS layout report
--------------------
wal directory: /tmp/dist-test-taskad3vwN/test-tmp/auto_leader_rebalancer-test.0.LeaderRebalancerTest.FunctionalTestForDivided.1783933431571218-5880-0/minicluster-data/ts-0-root
metadata directory: /tmp/dist-test-taskad3vwN/test-tmp/auto_leader_rebalancer-test.0.LeaderRebalancerTest.FunctionalTestForDivided.1783933431571218-5880-0/minicluster-data/ts-0-root
1 data directories: /tmp/dist-test-taskad3vwN/test-tmp/auto_leader_rebalancer-test.0.LeaderRebalancerTest.FunctionalTestForDivided.1783933431571218-5880-0/minicluster-data/ts-0-root/data
Total live blocks: 0
Total live bytes: 0
Total live bytes (after alignment): 0
Total number of LBM containers: 0 (0 full)
Did not check for missing blocks
Did not check for orphaned blocks
Total full LBM containers with extra space: 0 (0 repaired)
Total full LBM container extra space in bytes: 0 (0 repaired)
Total incomplete LBM containers: 0 (0 repaired)
Total LBM partial records: 0 (0 repaired)
Total corrupted LBM metadata records in RocksDB: 0 (0 repaired)
I20260713 09:03:53.416206  5880 rpc_server.cc:225] running with OpenSSL 1.1.1  11 Sep 2018
I20260713 09:03:53.417979  5880 kserver.cc:163] Server-wide thread pool size limit: 3276
I20260713 09:03:53.420885  5880 txn_system_client.cc:432] TxnSystemClient initialization is disabled...
I20260713 09:03:53.426206  5880 ts_tablet_manager.cc:585] Loaded tablet metadata (0 total tablets, 0 live tablets)
I20260713 09:03:53.426494  5880 ts_tablet_manager.cc:531] Time spent load tablet metadata: real 0.000s	user 0.000s	sys 0.000s
I20260713 09:03:53.426786  5880 ts_tablet_manager.cc:616] Registered 0 tablets
I20260713 09:03:53.427022  5880 ts_tablet_manager.cc:595] Time spent register tablets: real 0.000s	user 0.000s	sys 0.000s
I20260713 09:03:53.515877  5880 rpc_server.cc:307] RPC server started. Bound to: 127.5.190.1:39769
I20260713 09:03:53.515940  6039 acceptor_pool.cc:272] collecting diagnostics on the listening RPC socket 127.5.190.1:39769 every 8 connection(s)
I20260713 09:03:53.523598  5880 file_cache.cc:504] Constructed file cache file cache with capacity 419430
W20260713 09:03:53.543367  6044 instance_detector.cc:116] could not retrieve AWS instance metadata: Network error: curl error: HTTP response code said error: The requested URL returned error: 404
I20260713 09:03:53.548620  5880 server_base.cc:1061] running on GCE node
W20260713 09:03:53.550290  6045 instance_detector.cc:116] could not retrieve Azure instance metadata: Network error: curl error: HTTP response code said error: The requested URL returned error: 404
W20260713 09:03:53.551344  6048 instance_detector.cc:116] could not retrieve OpenStack instance metadata: Network error: curl error: HTTP response code said error: The requested URL returned error: 404
I20260713 09:03:53.552583  5880 hybrid_clock.cc:584] initializing the hybrid clock with 'system_unsync' time source
W20260713 09:03:53.552850  5880 system_unsync_time.cc:38] NTP support is disabled. Clock error bounds will not be accurate. This configuration is not suitable for distributed clusters.
I20260713 09:03:53.553048  5880 hybrid_clock.cc:648] HybridClock initialized: now 1783933433553029 us; error 0 us; skew 500 ppm
I20260713 09:03:53.553639  5880 server_base.cc:861] Flag tcmalloc_max_total_thread_cache_bytes is not working since tcmalloc is not enabled.
I20260713 09:03:53.557395  5880 webserver.cc:533] Webserver started at http://127.5.190.2:35757/ using document root <none> and password file <none>
I20260713 09:03:53.558070  5880 fs_manager.cc:362] Metadata directory not provided
I20260713 09:03:53.558327  5880 fs_manager.cc:368] Using write-ahead log directory (fs_wal_dir) as metadata directory
I20260713 09:03:53.558668  5880 server_base.cc:909] This appears to be a new deployment of Kudu; creating new FS layout
I20260713 09:03:53.560142  5880 fs_manager.cc:1068] Generated new instance metadata in path /tmp/dist-test-taskad3vwN/test-tmp/auto_leader_rebalancer-test.0.LeaderRebalancerTest.FunctionalTestForDivided.1783933431571218-5880-0/minicluster-data/ts-1-root/instance:
uuid: "e5841dbe332c43b0963e5c2dd03d3ce7"
format_stamp: "Formatted at 2026-07-13 09:03:53 on dist-test-slave-h7ql"
I20260713 09:03:53.563272  6040 heartbeater.cc:344] Connected to a master server at 127.5.190.62:35583
I20260713 09:03:53.563755  6040 heartbeater.cc:461] Registering TS with master...
I20260713 09:03:53.564953  6040 heartbeater.cc:507] Master 127.5.190.62:35583 requested a full tablet report, sending...
I20260713 09:03:53.568452  5880 fs_manager.cc:696] Time spent creating directory manager: real 0.008s	user 0.006s	sys 0.003s
I20260713 09:03:53.568778  5912 ts_manager.cc:194] Registered new tserver with Master: bc52adeb899047069654794355729341 (127.5.190.1:39769)
I20260713 09:03:53.571628  5912 master_service.cc:502] Signed X509 certificate for tserver {username='slave'} at 127.0.0.1:37798
I20260713 09:03:53.573782  6052 log_block_manager.cc:4127] Time spent loading block containers with low live blocks: real 0.000s	user 0.000s	sys 0.000s
I20260713 09:03:53.574860  5880 fs_manager.cc:730] Time spent opening block manager: real 0.004s	user 0.005s	sys 0.000s
I20260713 09:03:53.575227  5880 fs_manager.cc:647] Opened local filesystem: /tmp/dist-test-taskad3vwN/test-tmp/auto_leader_rebalancer-test.0.LeaderRebalancerTest.FunctionalTestForDivided.1783933431571218-5880-0/minicluster-data/ts-1-root
uuid: "e5841dbe332c43b0963e5c2dd03d3ce7"
format_stamp: "Formatted at 2026-07-13 09:03:53 on dist-test-slave-h7ql"
I20260713 09:03:53.575557  5880 fs_report.cc:389] FS layout report
--------------------
wal directory: /tmp/dist-test-taskad3vwN/test-tmp/auto_leader_rebalancer-test.0.LeaderRebalancerTest.FunctionalTestForDivided.1783933431571218-5880-0/minicluster-data/ts-1-root
metadata directory: /tmp/dist-test-taskad3vwN/test-tmp/auto_leader_rebalancer-test.0.LeaderRebalancerTest.FunctionalTestForDivided.1783933431571218-5880-0/minicluster-data/ts-1-root
1 data directories: /tmp/dist-test-taskad3vwN/test-tmp/auto_leader_rebalancer-test.0.LeaderRebalancerTest.FunctionalTestForDivided.1783933431571218-5880-0/minicluster-data/ts-1-root/data
Total live blocks: 0
Total live bytes: 0
Total live bytes (after alignment): 0
Total number of LBM containers: 0 (0 full)
Did not check for missing blocks
Did not check for orphaned blocks
Total full LBM containers with extra space: 0 (0 repaired)
Total full LBM container extra space in bytes: 0 (0 repaired)
Total incomplete LBM containers: 0 (0 repaired)
Total LBM partial records: 0 (0 repaired)
Total corrupted LBM metadata records in RocksDB: 0 (0 repaired)
I20260713 09:03:53.609781  5880 rpc_server.cc:225] running with OpenSSL 1.1.1  11 Sep 2018
I20260713 09:03:53.611029  5880 kserver.cc:163] Server-wide thread pool size limit: 3276
I20260713 09:03:53.613134  5880 txn_system_client.cc:432] TxnSystemClient initialization is disabled...
I20260713 09:03:53.616546  5880 ts_tablet_manager.cc:585] Loaded tablet metadata (0 total tablets, 0 live tablets)
I20260713 09:03:53.616722  5880 ts_tablet_manager.cc:531] Time spent load tablet metadata: real 0.000s	user 0.000s	sys 0.000s
I20260713 09:03:53.616999  5880 ts_tablet_manager.cc:616] Registered 0 tablets
I20260713 09:03:53.617166  5880 ts_tablet_manager.cc:595] Time spent register tablets: real 0.000s	user 0.000s	sys 0.000s
I20260713 09:03:53.715540  5880 rpc_server.cc:307] RPC server started. Bound to: 127.5.190.2:35631
I20260713 09:03:53.715638  6114 acceptor_pool.cc:272] collecting diagnostics on the listening RPC socket 127.5.190.2:35631 every 8 connection(s)
I20260713 09:03:53.725095  5880 file_cache.cc:504] Constructed file cache file cache with capacity 419430
W20260713 09:03:53.733448  6118 instance_detector.cc:116] could not retrieve AWS instance metadata: Network error: curl error: HTTP response code said error: The requested URL returned error: 404
W20260713 09:03:53.736814  6119 instance_detector.cc:116] could not retrieve Azure instance metadata: Network error: curl error: HTTP response code said error: The requested URL returned error: 404
I20260713 09:03:53.737653  6115 heartbeater.cc:344] Connected to a master server at 127.5.190.62:35583
I20260713 09:03:53.738116  6115 heartbeater.cc:461] Registering TS with master...
I20260713 09:03:53.739068  6115 heartbeater.cc:507] Master 127.5.190.62:35583 requested a full tablet report, sending...
I20260713 09:03:53.741982  5912 ts_manager.cc:194] Registered new tserver with Master: e5841dbe332c43b0963e5c2dd03d3ce7 (127.5.190.2:35631)
W20260713 09:03:53.742063  6121 instance_detector.cc:116] could not retrieve OpenStack instance metadata: Network error: curl error: HTTP response code said error: The requested URL returned error: 404
I20260713 09:03:53.744750  5912 master_service.cc:502] Signed X509 certificate for tserver {username='slave'} at 127.0.0.1:37802
I20260713 09:03:53.747201  5880 server_base.cc:1061] running on GCE node
I20260713 09:03:53.748070  5880 hybrid_clock.cc:584] initializing the hybrid clock with 'system_unsync' time source
W20260713 09:03:53.748318  5880 system_unsync_time.cc:38] NTP support is disabled. Clock error bounds will not be accurate. This configuration is not suitable for distributed clusters.
I20260713 09:03:53.748497  5880 hybrid_clock.cc:648] HybridClock initialized: now 1783933433748461 us; error 0 us; skew 500 ppm
I20260713 09:03:53.749037  5880 server_base.cc:861] Flag tcmalloc_max_total_thread_cache_bytes is not working since tcmalloc is not enabled.
I20260713 09:03:53.751653  5880 webserver.cc:533] Webserver started at http://127.5.190.3:38183/ using document root <none> and password file <none>
I20260713 09:03:53.752115  5880 fs_manager.cc:362] Metadata directory not provided
I20260713 09:03:53.752307  5880 fs_manager.cc:368] Using write-ahead log directory (fs_wal_dir) as metadata directory
I20260713 09:03:53.752566  5880 server_base.cc:909] This appears to be a new deployment of Kudu; creating new FS layout
I20260713 09:03:53.753547  5880 fs_manager.cc:1068] Generated new instance metadata in path /tmp/dist-test-taskad3vwN/test-tmp/auto_leader_rebalancer-test.0.LeaderRebalancerTest.FunctionalTestForDivided.1783933431571218-5880-0/minicluster-data/ts-2-root/instance:
uuid: "eff95acfe5cc4f76adba68bc72b16abd"
format_stamp: "Formatted at 2026-07-13 09:03:53 on dist-test-slave-h7ql"
I20260713 09:03:53.758181  5880 fs_manager.cc:696] Time spent creating directory manager: real 0.004s	user 0.004s	sys 0.002s
I20260713 09:03:53.761595  6126 log_block_manager.cc:4127] Time spent loading block containers with low live blocks: real 0.000s	user 0.000s	sys 0.000s
I20260713 09:03:53.762406  5880 fs_manager.cc:730] Time spent opening block manager: real 0.002s	user 0.000s	sys 0.002s
I20260713 09:03:53.762669  5880 fs_manager.cc:647] Opened local filesystem: /tmp/dist-test-taskad3vwN/test-tmp/auto_leader_rebalancer-test.0.LeaderRebalancerTest.FunctionalTestForDivided.1783933431571218-5880-0/minicluster-data/ts-2-root
uuid: "eff95acfe5cc4f76adba68bc72b16abd"
format_stamp: "Formatted at 2026-07-13 09:03:53 on dist-test-slave-h7ql"
I20260713 09:03:53.762933  5880 fs_report.cc:389] FS layout report
--------------------
wal directory: /tmp/dist-test-taskad3vwN/test-tmp/auto_leader_rebalancer-test.0.LeaderRebalancerTest.FunctionalTestForDivided.1783933431571218-5880-0/minicluster-data/ts-2-root
metadata directory: /tmp/dist-test-taskad3vwN/test-tmp/auto_leader_rebalancer-test.0.LeaderRebalancerTest.FunctionalTestForDivided.1783933431571218-5880-0/minicluster-data/ts-2-root
1 data directories: /tmp/dist-test-taskad3vwN/test-tmp/auto_leader_rebalancer-test.0.LeaderRebalancerTest.FunctionalTestForDivided.1783933431571218-5880-0/minicluster-data/ts-2-root/data
Total live blocks: 0
Total live bytes: 0
Total live bytes (after alignment): 0
Total number of LBM containers: 0 (0 full)
Did not check for missing blocks
Did not check for orphaned blocks
Total full LBM containers with extra space: 0 (0 repaired)
Total full LBM container extra space in bytes: 0 (0 repaired)
Total incomplete LBM containers: 0 (0 repaired)
Total LBM partial records: 0 (0 repaired)
Total corrupted LBM metadata records in RocksDB: 0 (0 repaired)
I20260713 09:03:53.789332  5880 rpc_server.cc:225] running with OpenSSL 1.1.1  11 Sep 2018
I20260713 09:03:53.790530  5880 kserver.cc:163] Server-wide thread pool size limit: 3276
I20260713 09:03:53.793169  5880 txn_system_client.cc:432] TxnSystemClient initialization is disabled...
I20260713 09:03:53.795831  5880 ts_tablet_manager.cc:585] Loaded tablet metadata (0 total tablets, 0 live tablets)
I20260713 09:03:53.796008  5880 ts_tablet_manager.cc:531] Time spent load tablet metadata: real 0.000s	user 0.000s	sys 0.000s
I20260713 09:03:53.796288  5880 ts_tablet_manager.cc:616] Registered 0 tablets
I20260713 09:03:53.796439  5880 ts_tablet_manager.cc:595] Time spent register tablets: real 0.000s	user 0.000s	sys 0.000s
I20260713 09:03:53.896323  5880 rpc_server.cc:307] RPC server started. Bound to: 127.5.190.3:35305
I20260713 09:03:53.896445  6188 acceptor_pool.cc:272] collecting diagnostics on the listening RPC socket 127.5.190.3:35305 every 8 connection(s)
I20260713 09:03:53.912194  6189 heartbeater.cc:344] Connected to a master server at 127.5.190.62:35583
I20260713 09:03:53.912559  6189 heartbeater.cc:461] Registering TS with master...
I20260713 09:03:53.913369  6189 heartbeater.cc:507] Master 127.5.190.62:35583 requested a full tablet report, sending...
I20260713 09:03:53.915468  5912 ts_manager.cc:194] Registered new tserver with Master: eff95acfe5cc4f76adba68bc72b16abd (127.5.190.3:35305)
I20260713 09:03:53.916072  5880 internal_mini_cluster.cc:371] 3 TS(s) registered with all masters after 0.013794083s
I20260713 09:03:53.916857  5912 master_service.cc:502] Signed X509 certificate for tserver {username='slave'} at 127.0.0.1:37806
I20260713 09:03:53.970856  5912 catalog_manager.cc:2283] Servicing CreateTable request from {username='slave'} at 127.0.0.1:37814:
name: "test-workload"
schema {
  columns {
    name: "key"
    type: INT32
    is_key: true
    is_nullable: false
    encoding: AUTO_ENCODING
    compression: DEFAULT_COMPRESSION
    cfile_block_size: 0
    immutable: false
  }
  columns {
    name: "int_val"
    type: INT32
    is_key: false
    is_nullable: false
    encoding: AUTO_ENCODING
    compression: DEFAULT_COMPRESSION
    cfile_block_size: 0
    immutable: false
  }
  columns {
    name: "string_val"
    type: STRING
    is_key: false
    is_nullable: true
    encoding: AUTO_ENCODING
    compression: DEFAULT_COMPRESSION
    cfile_block_size: 0
    immutable: false
  }
}
num_replicas: 3
split_rows_range_bounds {
  rows: "\004\001\000\216\3438\016\004\001\000\034\307q\034\004\001\000\252\252\252*\004\001\0008\216\3438\004\001\000\306q\034G\004\001\000TUUU\004\001\000\3428\216c\004\001\000p\034\307q""\004\001\000\216\3438\016\004\001\000\034\307q\034\004\001\000\252\252\252*\004\001\0008\216\3438\004\001\000\306q\034G\004\001\000TUUU\004\001\000\3428\216c\004\001\000p\034\307q"
  indirect_data: """"
}
partition_schema {
  range_schema {
    columns {
      name: "key"
    }
  }
}
W20260713 09:03:53.974390  5912 catalog_manager.cc:7077] The number of live tablet servers is not enough to re-replicate a tablet replica of the newly created table test-workload in case of a server failure: 4 tablet servers would be needed, 3 are available. Consider bringing up more tablet servers.
I20260713 09:03:54.077401  6003 tablet_service.cc:1511] Processing CreateTablet for tablet 6c0fb88209c34ced9b846d687c18fbd5 (DEFAULT_TABLE table=test-workload [id=3cdd952a72734954aeff106c5c70c216]), partition=RANGE (key) PARTITION 477218588 <= VALUES < 715827882
I20260713 09:03:54.081202  6003 data_dirs.cc:400] Could only allocate 1 dirs of requested 3 for tablet 6c0fb88209c34ced9b846d687c18fbd5. 1 dirs total, 0 dirs full, 0 dirs failed
I20260713 09:03:54.078955  6002 tablet_service.cc:1511] Processing CreateTablet for tablet 23c4bbe48d9c437e879fe25bc95d8c42 (DEFAULT_TABLE table=test-workload [id=3cdd952a72734954aeff106c5c70c216]), partition=RANGE (key) PARTITION 715827882 <= VALUES < 954437176
I20260713 09:03:54.082703  6001 tablet_service.cc:1511] Processing CreateTablet for tablet dc3d7f47539648f885e834890d220b3b (DEFAULT_TABLE table=test-workload [id=3cdd952a72734954aeff106c5c70c216]), partition=RANGE (key) PARTITION 954437176 <= VALUES < 1193046470
I20260713 09:03:54.077440  6005 tablet_service.cc:1511] Processing CreateTablet for tablet 589e7f32269d4478b0e3381fd320e8c5 (DEFAULT_TABLE table=test-workload [id=3cdd952a72734954aeff106c5c70c216]), partition=RANGE (key) PARTITION VALUES < 238609294
I20260713 09:03:54.075500  6004 tablet_service.cc:1511] Processing CreateTablet for tablet f9eb46e1aa8848b1b94d85c139d781a2 (DEFAULT_TABLE table=test-workload [id=3cdd952a72734954aeff106c5c70c216]), partition=RANGE (key) PARTITION 238609294 <= VALUES < 477218588
I20260713 09:03:54.085827  6002 data_dirs.cc:400] Could only allocate 1 dirs of requested 3 for tablet 23c4bbe48d9c437e879fe25bc95d8c42. 1 dirs total, 0 dirs full, 0 dirs failed
I20260713 09:03:54.086670  6004 data_dirs.cc:400] Could only allocate 1 dirs of requested 3 for tablet f9eb46e1aa8848b1b94d85c139d781a2. 1 dirs total, 0 dirs full, 0 dirs failed
I20260713 09:03:54.087893  6005 data_dirs.cc:400] Could only allocate 1 dirs of requested 3 for tablet 589e7f32269d4478b0e3381fd320e8c5. 1 dirs total, 0 dirs full, 0 dirs failed
I20260713 09:03:54.089490  6001 data_dirs.cc:400] Could only allocate 1 dirs of requested 3 for tablet dc3d7f47539648f885e834890d220b3b. 1 dirs total, 0 dirs full, 0 dirs failed
I20260713 09:03:54.100517  6154 tablet_service.cc:1511] Processing CreateTablet for tablet 589e7f32269d4478b0e3381fd320e8c5 (DEFAULT_TABLE table=test-workload [id=3cdd952a72734954aeff106c5c70c216]), partition=RANGE (key) PARTITION VALUES < 238609294
I20260713 09:03:54.107426  6154 data_dirs.cc:400] Could only allocate 1 dirs of requested 3 for tablet 589e7f32269d4478b0e3381fd320e8c5. 1 dirs total, 0 dirs full, 0 dirs failed
I20260713 09:03:54.098953  6000 tablet_service.cc:1511] Processing CreateTablet for tablet f550562ab72c4b7ba89ddced80585e4f (DEFAULT_TABLE table=test-workload [id=3cdd952a72734954aeff106c5c70c216]), partition=RANGE (key) PARTITION 1193046470 <= VALUES < 1431655764
I20260713 09:03:54.105137  6152 tablet_service.cc:1511] Processing CreateTablet for tablet 6c0fb88209c34ced9b846d687c18fbd5 (DEFAULT_TABLE table=test-workload [id=3cdd952a72734954aeff106c5c70c216]), partition=RANGE (key) PARTITION 477218588 <= VALUES < 715827882
I20260713 09:03:54.114972  6150 tablet_service.cc:1511] Processing CreateTablet for tablet dc3d7f47539648f885e834890d220b3b (DEFAULT_TABLE table=test-workload [id=3cdd952a72734954aeff106c5c70c216]), partition=RANGE (key) PARTITION 954437176 <= VALUES < 1193046470
I20260713 09:03:54.114502  6153 tablet_service.cc:1511] Processing CreateTablet for tablet f9eb46e1aa8848b1b94d85c139d781a2 (DEFAULT_TABLE table=test-workload [id=3cdd952a72734954aeff106c5c70c216]), partition=RANGE (key) PARTITION 238609294 <= VALUES < 477218588
I20260713 09:03:54.118819  6152 data_dirs.cc:400] Could only allocate 1 dirs of requested 3 for tablet 6c0fb88209c34ced9b846d687c18fbd5. 1 dirs total, 0 dirs full, 0 dirs failed
I20260713 09:03:54.121299  6000 data_dirs.cc:400] Could only allocate 1 dirs of requested 3 for tablet f550562ab72c4b7ba89ddced80585e4f. 1 dirs total, 0 dirs full, 0 dirs failed
I20260713 09:03:54.127316  6151 tablet_service.cc:1511] Processing CreateTablet for tablet 23c4bbe48d9c437e879fe25bc95d8c42 (DEFAULT_TABLE table=test-workload [id=3cdd952a72734954aeff106c5c70c216]), partition=RANGE (key) PARTITION 715827882 <= VALUES < 954437176
I20260713 09:03:54.130899  6150 data_dirs.cc:400] Could only allocate 1 dirs of requested 3 for tablet dc3d7f47539648f885e834890d220b3b. 1 dirs total, 0 dirs full, 0 dirs failed
I20260713 09:03:54.134287  6149 tablet_service.cc:1511] Processing CreateTablet for tablet f550562ab72c4b7ba89ddced80585e4f (DEFAULT_TABLE table=test-workload [id=3cdd952a72734954aeff106c5c70c216]), partition=RANGE (key) PARTITION 1193046470 <= VALUES < 1431655764
I20260713 09:03:54.141214  6149 data_dirs.cc:400] Could only allocate 1 dirs of requested 3 for tablet f550562ab72c4b7ba89ddced80585e4f. 1 dirs total, 0 dirs full, 0 dirs failed
I20260713 09:03:54.143419  5999 tablet_service.cc:1511] Processing CreateTablet for tablet 071a8cf874f34ecc9ee52ff897e2c9e9 (DEFAULT_TABLE table=test-workload [id=3cdd952a72734954aeff106c5c70c216]), partition=RANGE (key) PARTITION 1431655764 <= VALUES < 1670265058
I20260713 09:03:54.145501  5999 data_dirs.cc:400] Could only allocate 1 dirs of requested 3 for tablet 071a8cf874f34ecc9ee52ff897e2c9e9. 1 dirs total, 0 dirs full, 0 dirs failed
I20260713 09:03:54.151158  6153 data_dirs.cc:400] Could only allocate 1 dirs of requested 3 for tablet f9eb46e1aa8848b1b94d85c139d781a2. 1 dirs total, 0 dirs full, 0 dirs failed
I20260713 09:03:54.167433  6151 data_dirs.cc:400] Could only allocate 1 dirs of requested 3 for tablet 23c4bbe48d9c437e879fe25bc95d8c42. 1 dirs total, 0 dirs full, 0 dirs failed
I20260713 09:03:54.176373  6148 tablet_service.cc:1511] Processing CreateTablet for tablet 071a8cf874f34ecc9ee52ff897e2c9e9 (DEFAULT_TABLE table=test-workload [id=3cdd952a72734954aeff106c5c70c216]), partition=RANGE (key) PARTITION 1431655764 <= VALUES < 1670265058
I20260713 09:03:54.179401  6148 data_dirs.cc:400] Could only allocate 1 dirs of requested 3 for tablet 071a8cf874f34ecc9ee52ff897e2c9e9. 1 dirs total, 0 dirs full, 0 dirs failed
I20260713 09:03:54.182377  5998 tablet_service.cc:1511] Processing CreateTablet for tablet e273f58a0e0f4141b087778f9265beea (DEFAULT_TABLE table=test-workload [id=3cdd952a72734954aeff106c5c70c216]), partition=RANGE (key) PARTITION 1670265058 <= VALUES < 1908874352
I20260713 09:03:54.185071  5998 data_dirs.cc:400] Could only allocate 1 dirs of requested 3 for tablet e273f58a0e0f4141b087778f9265beea. 1 dirs total, 0 dirs full, 0 dirs failed
I20260713 09:03:54.193907  5997 tablet_service.cc:1511] Processing CreateTablet for tablet 3ab59d764d6149a2bb57426e3febf813 (DEFAULT_TABLE table=test-workload [id=3cdd952a72734954aeff106c5c70c216]), partition=RANGE (key) PARTITION 1908874352 <= VALUES
I20260713 09:03:54.196316  5997 data_dirs.cc:400] Could only allocate 1 dirs of requested 3 for tablet 3ab59d764d6149a2bb57426e3febf813. 1 dirs total, 0 dirs full, 0 dirs failed
I20260713 09:03:54.213297  6078 tablet_service.cc:1511] Processing CreateTablet for tablet 6c0fb88209c34ced9b846d687c18fbd5 (DEFAULT_TABLE table=test-workload [id=3cdd952a72734954aeff106c5c70c216]), partition=RANGE (key) PARTITION 477218588 <= VALUES < 715827882
I20260713 09:03:54.213399  6079 tablet_service.cc:1511] Processing CreateTablet for tablet f9eb46e1aa8848b1b94d85c139d781a2 (DEFAULT_TABLE table=test-workload [id=3cdd952a72734954aeff106c5c70c216]), partition=RANGE (key) PARTITION 238609294 <= VALUES < 477218588
I20260713 09:03:54.221956  6078 data_dirs.cc:400] Could only allocate 1 dirs of requested 3 for tablet 6c0fb88209c34ced9b846d687c18fbd5. 1 dirs total, 0 dirs full, 0 dirs failed
I20260713 09:03:54.237658  6146 tablet_service.cc:1511] Processing CreateTablet for tablet 3ab59d764d6149a2bb57426e3febf813 (DEFAULT_TABLE table=test-workload [id=3cdd952a72734954aeff106c5c70c216]), partition=RANGE (key) PARTITION 1908874352 <= VALUES
I20260713 09:03:54.239565  6146 data_dirs.cc:400] Could only allocate 1 dirs of requested 3 for tablet 3ab59d764d6149a2bb57426e3febf813. 1 dirs total, 0 dirs full, 0 dirs failed
I20260713 09:03:54.251127  6075 tablet_service.cc:1511] Processing CreateTablet for tablet f550562ab72c4b7ba89ddced80585e4f (DEFAULT_TABLE table=test-workload [id=3cdd952a72734954aeff106c5c70c216]), partition=RANGE (key) PARTITION 1193046470 <= VALUES < 1431655764
W20260713 09:03:54.262251  5960 auto_rebalancer.cc:288] Could not retrieve cluster info: Service unavailable: Tablet not running
I20260713 09:03:54.262880  6147 tablet_service.cc:1511] Processing CreateTablet for tablet e273f58a0e0f4141b087778f9265beea (DEFAULT_TABLE table=test-workload [id=3cdd952a72734954aeff106c5c70c216]), partition=RANGE (key) PARTITION 1670265058 <= VALUES < 1908874352
I20260713 09:03:54.272541  6079 data_dirs.cc:400] Could only allocate 1 dirs of requested 3 for tablet f9eb46e1aa8848b1b94d85c139d781a2. 1 dirs total, 0 dirs full, 0 dirs failed
I20260713 09:03:54.254518  6080 tablet_service.cc:1511] Processing CreateTablet for tablet 589e7f32269d4478b0e3381fd320e8c5 (DEFAULT_TABLE table=test-workload [id=3cdd952a72734954aeff106c5c70c216]), partition=RANGE (key) PARTITION VALUES < 238609294
I20260713 09:03:54.277030  6147 data_dirs.cc:400] Could only allocate 1 dirs of requested 3 for tablet e273f58a0e0f4141b087778f9265beea. 1 dirs total, 0 dirs full, 0 dirs failed
I20260713 09:03:54.282887  6072 tablet_service.cc:1511] Processing CreateTablet for tablet 3ab59d764d6149a2bb57426e3febf813 (DEFAULT_TABLE table=test-workload [id=3cdd952a72734954aeff106c5c70c216]), partition=RANGE (key) PARTITION 1908874352 <= VALUES
I20260713 09:03:54.283838  6073 tablet_service.cc:1511] Processing CreateTablet for tablet e273f58a0e0f4141b087778f9265beea (DEFAULT_TABLE table=test-workload [id=3cdd952a72734954aeff106c5c70c216]), partition=RANGE (key) PARTITION 1670265058 <= VALUES < 1908874352
I20260713 09:03:54.284778  6076 tablet_service.cc:1511] Processing CreateTablet for tablet dc3d7f47539648f885e834890d220b3b (DEFAULT_TABLE table=test-workload [id=3cdd952a72734954aeff106c5c70c216]), partition=RANGE (key) PARTITION 954437176 <= VALUES < 1193046470
I20260713 09:03:54.274763  6077 tablet_service.cc:1511] Processing CreateTablet for tablet 23c4bbe48d9c437e879fe25bc95d8c42 (DEFAULT_TABLE table=test-workload [id=3cdd952a72734954aeff106c5c70c216]), partition=RANGE (key) PARTITION 715827882 <= VALUES < 954437176
I20260713 09:03:54.286384  6074 tablet_service.cc:1511] Processing CreateTablet for tablet 071a8cf874f34ecc9ee52ff897e2c9e9 (DEFAULT_TABLE table=test-workload [id=3cdd952a72734954aeff106c5c70c216]), partition=RANGE (key) PARTITION 1431655764 <= VALUES < 1670265058
I20260713 09:03:54.288304  6075 data_dirs.cc:400] Could only allocate 1 dirs of requested 3 for tablet f550562ab72c4b7ba89ddced80585e4f. 1 dirs total, 0 dirs full, 0 dirs failed
I20260713 09:03:54.289788  6080 data_dirs.cc:400] Could only allocate 1 dirs of requested 3 for tablet 589e7f32269d4478b0e3381fd320e8c5. 1 dirs total, 0 dirs full, 0 dirs failed
I20260713 09:03:54.292987  6074 data_dirs.cc:400] Could only allocate 1 dirs of requested 3 for tablet 071a8cf874f34ecc9ee52ff897e2c9e9. 1 dirs total, 0 dirs full, 0 dirs failed
I20260713 09:03:54.295708  6073 data_dirs.cc:400] Could only allocate 1 dirs of requested 3 for tablet e273f58a0e0f4141b087778f9265beea. 1 dirs total, 0 dirs full, 0 dirs failed
I20260713 09:03:54.364205  6072 data_dirs.cc:400] Could only allocate 1 dirs of requested 3 for tablet 3ab59d764d6149a2bb57426e3febf813. 1 dirs total, 0 dirs full, 0 dirs failed
I20260713 09:03:54.371655  6077 data_dirs.cc:400] Could only allocate 1 dirs of requested 3 for tablet 23c4bbe48d9c437e879fe25bc95d8c42. 1 dirs total, 0 dirs full, 0 dirs failed
I20260713 09:03:54.384058  6076 data_dirs.cc:400] Could only allocate 1 dirs of requested 3 for tablet dc3d7f47539648f885e834890d220b3b. 1 dirs total, 0 dirs full, 0 dirs failed
I20260713 09:03:54.415391  6207 tablet_bootstrap.cc:492] T 6c0fb88209c34ced9b846d687c18fbd5 P eff95acfe5cc4f76adba68bc72b16abd: Bootstrap starting.
I20260713 09:03:54.494654  6208 tablet_bootstrap.cc:492] T dc3d7f47539648f885e834890d220b3b P bc52adeb899047069654794355729341: Bootstrap starting.
I20260713 09:03:54.495021  6207 tablet_bootstrap.cc:654] T 6c0fb88209c34ced9b846d687c18fbd5 P eff95acfe5cc4f76adba68bc72b16abd: Neither blocks nor log segments found. Creating new log.
I20260713 09:03:54.517535  6209 tablet_bootstrap.cc:492] T 6c0fb88209c34ced9b846d687c18fbd5 P e5841dbe332c43b0963e5c2dd03d3ce7: Bootstrap starting.
I20260713 09:03:54.519975  6207 tablet_bootstrap.cc:492] T 6c0fb88209c34ced9b846d687c18fbd5 P eff95acfe5cc4f76adba68bc72b16abd: No bootstrap required, opened a new log
I20260713 09:03:54.520452  6207 ts_tablet_manager.cc:1403] T 6c0fb88209c34ced9b846d687c18fbd5 P eff95acfe5cc4f76adba68bc72b16abd: Time spent bootstrapping tablet: real 0.120s	user 0.012s	sys 0.011s
I20260713 09:03:54.526839  6208 tablet_bootstrap.cc:654] T dc3d7f47539648f885e834890d220b3b P bc52adeb899047069654794355729341: Neither blocks nor log segments found. Creating new log.
I20260713 09:03:54.531004  6207 raft_consensus.cc:359] T 6c0fb88209c34ced9b846d687c18fbd5 P eff95acfe5cc4f76adba68bc72b16abd [term 0 FOLLOWER]: Replica starting. Triggering 0 pending ops. Active config: opid_index: -1 OBSOLETE_local: false peers { permanent_uuid: "bc52adeb899047069654794355729341" member_type: VOTER last_known_addr { host: "127.5.190.1" port: 39769 } } peers { permanent_uuid: "e5841dbe332c43b0963e5c2dd03d3ce7" member_type: VOTER last_known_addr { host: "127.5.190.2" port: 35631 } } peers { permanent_uuid: "eff95acfe5cc4f76adba68bc72b16abd" member_type: VOTER last_known_addr { host: "127.5.190.3" port: 35305 } }
I20260713 09:03:54.531952  6207 raft_consensus.cc:385] T 6c0fb88209c34ced9b846d687c18fbd5 P eff95acfe5cc4f76adba68bc72b16abd [term 0 FOLLOWER]: Consensus starting up: Expiring failure detector timer to make a prompt election more likely
I20260713 09:03:54.532284  6207 raft_consensus.cc:740] T 6c0fb88209c34ced9b846d687c18fbd5 P eff95acfe5cc4f76adba68bc72b16abd [term 0 FOLLOWER]: Becoming Follower/Learner. State: Replica: eff95acfe5cc4f76adba68bc72b16abd, State: Initialized, Role: FOLLOWER
I20260713 09:03:54.533049  6207 consensus_queue.cc:260] T 6c0fb88209c34ced9b846d687c18fbd5 P eff95acfe5cc4f76adba68bc72b16abd [NON_LEADER]: Queue going to NON_LEADER mode. State: All replicated index: 0, Majority replicated index: 0, Committed index: 0, Last appended: 0.0, Last appended by leader: 0, Current term: 0, Majority size: -1, State: 0, Mode: NON_LEADER, active raft config: opid_index: -1 OBSOLETE_local: false peers { permanent_uuid: "bc52adeb899047069654794355729341" member_type: VOTER last_known_addr { host: "127.5.190.1" port: 39769 } } peers { permanent_uuid: "e5841dbe332c43b0963e5c2dd03d3ce7" member_type: VOTER last_known_addr { host: "127.5.190.2" port: 35631 } } peers { permanent_uuid: "eff95acfe5cc4f76adba68bc72b16abd" member_type: VOTER last_known_addr { host: "127.5.190.3" port: 35305 } }
I20260713 09:03:54.535208  6209 tablet_bootstrap.cc:654] T 6c0fb88209c34ced9b846d687c18fbd5 P e5841dbe332c43b0963e5c2dd03d3ce7: Neither blocks nor log segments found. Creating new log.
I20260713 09:03:54.535658  6189 heartbeater.cc:499] Master 127.5.190.62:35583 was elected leader, sending a full tablet report...
I20260713 09:03:54.536120  6207 ts_tablet_manager.cc:1434] T 6c0fb88209c34ced9b846d687c18fbd5 P eff95acfe5cc4f76adba68bc72b16abd: Time spent starting tablet: real 0.015s	user 0.007s	sys 0.000s
I20260713 09:03:54.537207  6207 tablet_bootstrap.cc:492] T 23c4bbe48d9c437e879fe25bc95d8c42 P eff95acfe5cc4f76adba68bc72b16abd: Bootstrap starting.
I20260713 09:03:54.543401  6208 tablet_bootstrap.cc:492] T dc3d7f47539648f885e834890d220b3b P bc52adeb899047069654794355729341: No bootstrap required, opened a new log
I20260713 09:03:54.543864  6208 ts_tablet_manager.cc:1403] T dc3d7f47539648f885e834890d220b3b P bc52adeb899047069654794355729341: Time spent bootstrapping tablet: real 0.062s	user 0.012s	sys 0.000s
I20260713 09:03:54.547940  6208 raft_consensus.cc:359] T dc3d7f47539648f885e834890d220b3b P bc52adeb899047069654794355729341 [term 0 FOLLOWER]: Replica starting. Triggering 0 pending ops. Active config: opid_index: -1 OBSOLETE_local: false peers { permanent_uuid: "bc52adeb899047069654794355729341" member_type: VOTER last_known_addr { host: "127.5.190.1" port: 39769 } } peers { permanent_uuid: "e5841dbe332c43b0963e5c2dd03d3ce7" member_type: VOTER last_known_addr { host: "127.5.190.2" port: 35631 } } peers { permanent_uuid: "eff95acfe5cc4f76adba68bc72b16abd" member_type: VOTER last_known_addr { host: "127.5.190.3" port: 35305 } }
I20260713 09:03:54.548884  6208 raft_consensus.cc:385] T dc3d7f47539648f885e834890d220b3b P bc52adeb899047069654794355729341 [term 0 FOLLOWER]: Consensus starting up: Expiring failure detector timer to make a prompt election more likely
I20260713 09:03:54.549256  6208 raft_consensus.cc:740] T dc3d7f47539648f885e834890d220b3b P bc52adeb899047069654794355729341 [term 0 FOLLOWER]: Becoming Follower/Learner. State: Replica: bc52adeb899047069654794355729341, State: Initialized, Role: FOLLOWER
I20260713 09:03:54.550243  6208 consensus_queue.cc:260] T dc3d7f47539648f885e834890d220b3b P bc52adeb899047069654794355729341 [NON_LEADER]: Queue going to NON_LEADER mode. State: All replicated index: 0, Majority replicated index: 0, Committed index: 0, Last appended: 0.0, Last appended by leader: 0, Current term: 0, Majority size: -1, State: 0, Mode: NON_LEADER, active raft config: opid_index: -1 OBSOLETE_local: false peers { permanent_uuid: "bc52adeb899047069654794355729341" member_type: VOTER last_known_addr { host: "127.5.190.1" port: 39769 } } peers { permanent_uuid: "e5841dbe332c43b0963e5c2dd03d3ce7" member_type: VOTER last_known_addr { host: "127.5.190.2" port: 35631 } } peers { permanent_uuid: "eff95acfe5cc4f76adba68bc72b16abd" member_type: VOTER last_known_addr { host: "127.5.190.3" port: 35305 } }
I20260713 09:03:54.554175  6207 tablet_bootstrap.cc:654] T 23c4bbe48d9c437e879fe25bc95d8c42 P eff95acfe5cc4f76adba68bc72b16abd: Neither blocks nor log segments found. Creating new log.
I20260713 09:03:54.557329  6209 tablet_bootstrap.cc:492] T 6c0fb88209c34ced9b846d687c18fbd5 P e5841dbe332c43b0963e5c2dd03d3ce7: No bootstrap required, opened a new log
I20260713 09:03:54.557906  6209 ts_tablet_manager.cc:1403] T 6c0fb88209c34ced9b846d687c18fbd5 P e5841dbe332c43b0963e5c2dd03d3ce7: Time spent bootstrapping tablet: real 0.041s	user 0.011s	sys 0.018s
I20260713 09:03:54.559648  6040 heartbeater.cc:499] Master 127.5.190.62:35583 was elected leader, sending a full tablet report...
I20260713 09:03:54.560647  6208 ts_tablet_manager.cc:1434] T dc3d7f47539648f885e834890d220b3b P bc52adeb899047069654794355729341: Time spent starting tablet: real 0.016s	user 0.008s	sys 0.000s
I20260713 09:03:54.561597  6208 tablet_bootstrap.cc:492] T 589e7f32269d4478b0e3381fd320e8c5 P bc52adeb899047069654794355729341: Bootstrap starting.
