I20260713 09:03:55.027527  6208 consensus_queue.cc:260] T e273f58a0e0f4141b087778f9265beea P bc52adeb899047069654794355729341 [NON_LEADER]: Queue going to NON_LEADER mode. State: All replicated index: 0, Majority replicated index: 0, Committed index: 0, Last appended: 0.0, Last appended by leader: 0, Current term: 0, Majority size: -1, State: 0, Mode: NON_LEADER, active raft config: opid_index: -1 OBSOLETE_local: false peers { permanent_uuid: "bc52adeb899047069654794355729341" member_type: VOTER last_known_addr { host: "127.5.190.1" port: 39769 } } peers { permanent_uuid: "e5841dbe332c43b0963e5c2dd03d3ce7" member_type: VOTER last_known_addr { host: "127.5.190.2" port: 35631 } } peers { permanent_uuid: "eff95acfe5cc4f76adba68bc72b16abd" member_type: VOTER last_known_addr { host: "127.5.190.3" port: 35305 } }
I20260713 09:03:55.028167  6207 consensus_queue.cc:260] T 071a8cf874f34ecc9ee52ff897e2c9e9 P eff95acfe5cc4f76adba68bc72b16abd [NON_LEADER]: Queue going to NON_LEADER mode. State: All replicated index: 0, Majority replicated index: 0, Committed index: 0, Last appended: 0.0, Last appended by leader: 0, Current term: 0, Majority size: -1, State: 0, Mode: NON_LEADER, active raft config: opid_index: -1 OBSOLETE_local: false peers { permanent_uuid: "bc52adeb899047069654794355729341" member_type: VOTER last_known_addr { host: "127.5.190.1" port: 39769 } } peers { permanent_uuid: "e5841dbe332c43b0963e5c2dd03d3ce7" member_type: VOTER last_known_addr { host: "127.5.190.2" port: 35631 } } peers { permanent_uuid: "eff95acfe5cc4f76adba68bc72b16abd" member_type: VOTER last_known_addr { host: "127.5.190.3" port: 35305 } }
I20260713 09:03:55.031875  6207 ts_tablet_manager.cc:1434] T 071a8cf874f34ecc9ee52ff897e2c9e9 P eff95acfe5cc4f76adba68bc72b16abd: Time spent starting tablet: real 0.010s	user 0.006s	sys 0.000s
I20260713 09:03:55.034209  6208 ts_tablet_manager.cc:1434] T e273f58a0e0f4141b087778f9265beea P bc52adeb899047069654794355729341: Time spent starting tablet: real 0.022s	user 0.006s	sys 0.001s
I20260713 09:03:55.033891  6089 tablet_service.cc:1917] Received RequestConsensusVote() RPC: tablet_id: "f9eb46e1aa8848b1b94d85c139d781a2" candidate_uuid: "bc52adeb899047069654794355729341" candidate_term: 1 candidate_status { last_received { term: 0 index: 0 } } ignore_live_leader: false dest_uuid: "e5841dbe332c43b0963e5c2dd03d3ce7" is_pre_election: true
I20260713 09:03:55.034873  6089 raft_consensus.cc:2468] T f9eb46e1aa8848b1b94d85c139d781a2 P e5841dbe332c43b0963e5c2dd03d3ce7 [term 0 FOLLOWER]: Leader pre-election vote request: Granting yes vote for candidate bc52adeb899047069654794355729341 in term 0.
I20260713 09:03:55.035176  6208 tablet_bootstrap.cc:492] T 071a8cf874f34ecc9ee52ff897e2c9e9 P bc52adeb899047069654794355729341: Bootstrap starting.
I20260713 09:03:55.036166  6207 tablet_bootstrap.cc:492] T 3ab59d764d6149a2bb57426e3febf813 P eff95acfe5cc4f76adba68bc72b16abd: Bootstrap starting.
I20260713 09:03:55.036211  5979 leader_election.cc:304] T f9eb46e1aa8848b1b94d85c139d781a2 P bc52adeb899047069654794355729341 [CANDIDATE]: Term 1 pre-election: Election decided. Result: candidate won. Election summary: received 3 responses out of 3 voters: 2 yes votes; 1 no votes. yes voters: bc52adeb899047069654794355729341, e5841dbe332c43b0963e5c2dd03d3ce7; no voters: eff95acfe5cc4f76adba68bc72b16abd
I20260713 09:03:55.037354  6214 raft_consensus.cc:2804] T f9eb46e1aa8848b1b94d85c139d781a2 P bc52adeb899047069654794355729341 [term 0 FOLLOWER]: Leader pre-election won for term 1
I20260713 09:03:55.037701  6214 raft_consensus.cc:493] T f9eb46e1aa8848b1b94d85c139d781a2 P bc52adeb899047069654794355729341 [term 0 FOLLOWER]: Starting leader election (no leader contacted us within the election timeout)
I20260713 09:03:55.038028  6214 raft_consensus.cc:3060] T f9eb46e1aa8848b1b94d85c139d781a2 P bc52adeb899047069654794355729341 [term 0 FOLLOWER]: Advancing to term 1
I20260713 09:03:55.045516  6214 raft_consensus.cc:515] T f9eb46e1aa8848b1b94d85c139d781a2 P bc52adeb899047069654794355729341 [term 1 FOLLOWER]: Starting leader election with config: opid_index: -1 OBSOLETE_local: false peers { permanent_uuid: "bc52adeb899047069654794355729341" member_type: VOTER last_known_addr { host: "127.5.190.1" port: 39769 } } peers { permanent_uuid: "e5841dbe332c43b0963e5c2dd03d3ce7" member_type: VOTER last_known_addr { host: "127.5.190.2" port: 35631 } } peers { permanent_uuid: "eff95acfe5cc4f76adba68bc72b16abd" member_type: VOTER last_known_addr { host: "127.5.190.3" port: 35305 } }
I20260713 09:03:55.047241  6214 leader_election.cc:290] T f9eb46e1aa8848b1b94d85c139d781a2 P bc52adeb899047069654794355729341 [CANDIDATE]: Term 1 election: Requested vote from peers e5841dbe332c43b0963e5c2dd03d3ce7 (127.5.190.2:35631), eff95acfe5cc4f76adba68bc72b16abd (127.5.190.3:35305)
I20260713 09:03:55.049847  6089 tablet_service.cc:1917] Received RequestConsensusVote() RPC: tablet_id: "f9eb46e1aa8848b1b94d85c139d781a2" candidate_uuid: "bc52adeb899047069654794355729341" candidate_term: 1 candidate_status { last_received { term: 0 index: 0 } } ignore_live_leader: false dest_uuid: "e5841dbe332c43b0963e5c2dd03d3ce7"
I20260713 09:03:55.049847  6164 tablet_service.cc:1917] Received RequestConsensusVote() RPC: tablet_id: "f9eb46e1aa8848b1b94d85c139d781a2" candidate_uuid: "bc52adeb899047069654794355729341" candidate_term: 1 candidate_status { last_received { term: 0 index: 0 } } ignore_live_leader: false dest_uuid: "eff95acfe5cc4f76adba68bc72b16abd"
I20260713 09:03:55.051297  6089 raft_consensus.cc:3060] T f9eb46e1aa8848b1b94d85c139d781a2 P e5841dbe332c43b0963e5c2dd03d3ce7 [term 0 FOLLOWER]: Advancing to term 1
W20260713 09:03:55.052824  5979 leader_election.cc:343] T f9eb46e1aa8848b1b94d85c139d781a2 P bc52adeb899047069654794355729341 [CANDIDATE]: Term 1 election: Tablet error from VoteRequest() call to peer eff95acfe5cc4f76adba68bc72b16abd (127.5.190.3:35305): Illegal state: must be running to vote when last-logged opid is not known
I20260713 09:03:55.054426  6207 tablet_bootstrap.cc:654] T 3ab59d764d6149a2bb57426e3febf813 P eff95acfe5cc4f76adba68bc72b16abd: Neither blocks nor log segments found. Creating new log.
I20260713 09:03:55.068518  6209 tablet_bootstrap.cc:654] T 3ab59d764d6149a2bb57426e3febf813 P e5841dbe332c43b0963e5c2dd03d3ce7: Neither blocks nor log segments found. Creating new log.
I20260713 09:03:55.075201  6208 tablet_bootstrap.cc:654] T 071a8cf874f34ecc9ee52ff897e2c9e9 P bc52adeb899047069654794355729341: Neither blocks nor log segments found. Creating new log.
I20260713 09:03:55.080389  6089 raft_consensus.cc:2468] T f9eb46e1aa8848b1b94d85c139d781a2 P e5841dbe332c43b0963e5c2dd03d3ce7 [term 1 FOLLOWER]: Leader election vote request: Granting yes vote for candidate bc52adeb899047069654794355729341 in term 1.
I20260713 09:03:55.081008  6216 raft_consensus.cc:515] T 589e7f32269d4478b0e3381fd320e8c5 P e5841dbe332c43b0963e5c2dd03d3ce7 [term 1 FOLLOWER]: Starting leader election with config: opid_index: -1 OBSOLETE_local: false peers { permanent_uuid: "bc52adeb899047069654794355729341" member_type: VOTER last_known_addr { host: "127.5.190.1" port: 39769 } } peers { permanent_uuid: "eff95acfe5cc4f76adba68bc72b16abd" member_type: VOTER last_known_addr { host: "127.5.190.3" port: 35305 } } peers { permanent_uuid: "e5841dbe332c43b0963e5c2dd03d3ce7" member_type: VOTER last_known_addr { host: "127.5.190.2" port: 35631 } }
I20260713 09:03:55.083593  5979 leader_election.cc:304] T f9eb46e1aa8848b1b94d85c139d781a2 P bc52adeb899047069654794355729341 [CANDIDATE]: Term 1 election: Election decided. Result: candidate won. Election summary: received 3 responses out of 3 voters: 2 yes votes; 1 no votes. yes voters: bc52adeb899047069654794355729341, e5841dbe332c43b0963e5c2dd03d3ce7; no voters: eff95acfe5cc4f76adba68bc72b16abd
I20260713 09:03:55.083662  5909 catalog_manager.cc:5697] T f550562ab72c4b7ba89ddced80585e4f P eff95acfe5cc4f76adba68bc72b16abd reported cstate change: term changed from 0 to 1, leader changed from <none> to eff95acfe5cc4f76adba68bc72b16abd (127.5.190.3). New cstate: current_term: 1 leader_uuid: "eff95acfe5cc4f76adba68bc72b16abd" committed_config { opid_index: -1 OBSOLETE_local: false peers { permanent_uuid: "bc52adeb899047069654794355729341" member_type: VOTER last_known_addr { host: "127.5.190.1" port: 39769 } health_report { overall_health: UNKNOWN } } peers { permanent_uuid: "e5841dbe332c43b0963e5c2dd03d3ce7" member_type: VOTER last_known_addr { host: "127.5.190.2" port: 35631 } health_report { overall_health: UNKNOWN } } peers { permanent_uuid: "eff95acfe5cc4f76adba68bc72b16abd" member_type: VOTER last_known_addr { host: "127.5.190.3" port: 35305 } health_report { overall_health: HEALTHY } } }
I20260713 09:03:55.086635  6214 raft_consensus.cc:2804] T f9eb46e1aa8848b1b94d85c139d781a2 P bc52adeb899047069654794355729341 [term 1 FOLLOWER]: Leader election won for term 1
I20260713 09:03:55.087131  6214 raft_consensus.cc:697] T f9eb46e1aa8848b1b94d85c139d781a2 P bc52adeb899047069654794355729341 [term 1 LEADER]: Becoming Leader. State: Replica: bc52adeb899047069654794355729341, State: Running, Role: LEADER
I20260713 09:03:55.087024  6216 leader_election.cc:290] T 589e7f32269d4478b0e3381fd320e8c5 P e5841dbe332c43b0963e5c2dd03d3ce7 [CANDIDATE]: Term 1 election: Requested vote from peers bc52adeb899047069654794355729341 (127.5.190.1:39769), eff95acfe5cc4f76adba68bc72b16abd (127.5.190.3:35305)
I20260713 09:03:55.086436  5909 catalog_manager.cc:5697] T 23c4bbe48d9c437e879fe25bc95d8c42 P eff95acfe5cc4f76adba68bc72b16abd reported cstate change: term changed from 0 to 1, leader changed from <none> to eff95acfe5cc4f76adba68bc72b16abd (127.5.190.3). New cstate: current_term: 1 leader_uuid: "eff95acfe5cc4f76adba68bc72b16abd" committed_config { opid_index: -1 OBSOLETE_local: false peers { permanent_uuid: "bc52adeb899047069654794355729341" member_type: VOTER last_known_addr { host: "127.5.190.1" port: 39769 } health_report { overall_health: UNKNOWN } } peers { permanent_uuid: "e5841dbe332c43b0963e5c2dd03d3ce7" member_type: VOTER last_known_addr { host: "127.5.190.2" port: 35631 } health_report { overall_health: UNKNOWN } } peers { permanent_uuid: "eff95acfe5cc4f76adba68bc72b16abd" member_type: VOTER last_known_addr { host: "127.5.190.3" port: 35305 } health_report { overall_health: HEALTHY } } }
I20260713 09:03:55.087529  6015 tablet_service.cc:1917] Received RequestConsensusVote() RPC: tablet_id: "589e7f32269d4478b0e3381fd320e8c5" candidate_uuid: "e5841dbe332c43b0963e5c2dd03d3ce7" candidate_term: 1 candidate_status { last_received { term: 0 index: 0 } } ignore_live_leader: false dest_uuid: "bc52adeb899047069654794355729341"
I20260713 09:03:55.088143  6015 raft_consensus.cc:3060] T 589e7f32269d4478b0e3381fd320e8c5 P bc52adeb899047069654794355729341 [term 0 FOLLOWER]: Advancing to term 1
I20260713 09:03:55.087970  6214 consensus_queue.cc:237] T f9eb46e1aa8848b1b94d85c139d781a2 P bc52adeb899047069654794355729341 [LEADER]: Queue going to LEADER mode. State: All replicated index: 0, Majority replicated index: 0, Committed index: 0, Last appended: 0.0, Last appended by leader: 0, Current term: 1, Majority size: 2, State: 0, Mode: LEADER, active raft config: opid_index: -1 OBSOLETE_local: false peers { permanent_uuid: "bc52adeb899047069654794355729341" member_type: VOTER last_known_addr { host: "127.5.190.1" port: 39769 } } peers { permanent_uuid: "e5841dbe332c43b0963e5c2dd03d3ce7" member_type: VOTER last_known_addr { host: "127.5.190.2" port: 35631 } } peers { permanent_uuid: "eff95acfe5cc4f76adba68bc72b16abd" member_type: VOTER last_known_addr { host: "127.5.190.3" port: 35305 } }
I20260713 09:03:55.096771  6212 consensus_queue.cc:1048] T 6c0fb88209c34ced9b846d687c18fbd5 P eff95acfe5cc4f76adba68bc72b16abd [LEADER]: Connected to new peer: Peer: permanent_uuid: "bc52adeb899047069654794355729341" member_type: VOTER last_known_addr { host: "127.5.190.1" port: 39769 }, Status: LMP_MISMATCH, Last received: 0.0, Next index: 1, Last known committed idx: 0, Time since last communication: 0.001s
I20260713 09:03:55.097352  6164 tablet_service.cc:1917] Received RequestConsensusVote() RPC: tablet_id: "589e7f32269d4478b0e3381fd320e8c5" candidate_uuid: "e5841dbe332c43b0963e5c2dd03d3ce7" candidate_term: 1 candidate_status { last_received { term: 0 index: 0 } } ignore_live_leader: false dest_uuid: "eff95acfe5cc4f76adba68bc72b16abd"
I20260713 09:03:55.097906  6164 raft_consensus.cc:3060] T 589e7f32269d4478b0e3381fd320e8c5 P eff95acfe5cc4f76adba68bc72b16abd [term 0 FOLLOWER]: Advancing to term 1
I20260713 09:03:55.103837  6208 tablet_bootstrap.cc:492] T 071a8cf874f34ecc9ee52ff897e2c9e9 P bc52adeb899047069654794355729341: No bootstrap required, opened a new log
I20260713 09:03:55.104318  6208 ts_tablet_manager.cc:1403] T 071a8cf874f34ecc9ee52ff897e2c9e9 P bc52adeb899047069654794355729341: Time spent bootstrapping tablet: real 0.069s	user 0.012s	sys 0.007s
I20260713 09:03:55.107031  6208 raft_consensus.cc:359] T 071a8cf874f34ecc9ee52ff897e2c9e9 P bc52adeb899047069654794355729341 [term 0 FOLLOWER]: Replica starting. Triggering 0 pending ops. Active config: opid_index: -1 OBSOLETE_local: false peers { permanent_uuid: "bc52adeb899047069654794355729341" member_type: VOTER last_known_addr { host: "127.5.190.1" port: 39769 } } peers { permanent_uuid: "e5841dbe332c43b0963e5c2dd03d3ce7" member_type: VOTER last_known_addr { host: "127.5.190.2" port: 35631 } } peers { permanent_uuid: "eff95acfe5cc4f76adba68bc72b16abd" member_type: VOTER last_known_addr { host: "127.5.190.3" port: 35305 } }
I20260713 09:03:55.107692  6208 raft_consensus.cc:385] T 071a8cf874f34ecc9ee52ff897e2c9e9 P bc52adeb899047069654794355729341 [term 0 FOLLOWER]: Consensus starting up: Expiring failure detector timer to make a prompt election more likely
I20260713 09:03:55.107946  6208 raft_consensus.cc:740] T 071a8cf874f34ecc9ee52ff897e2c9e9 P bc52adeb899047069654794355729341 [term 0 FOLLOWER]: Becoming Follower/Learner. State: Replica: bc52adeb899047069654794355729341, State: Initialized, Role: FOLLOWER
I20260713 09:03:55.110919  6208 consensus_queue.cc:260] T 071a8cf874f34ecc9ee52ff897e2c9e9 P bc52adeb899047069654794355729341 [NON_LEADER]: Queue going to NON_LEADER mode. State: All replicated index: 0, Majority replicated index: 0, Committed index: 0, Last appended: 0.0, Last appended by leader: 0, Current term: 0, Majority size: -1, State: 0, Mode: NON_LEADER, active raft config: opid_index: -1 OBSOLETE_local: false peers { permanent_uuid: "bc52adeb899047069654794355729341" member_type: VOTER last_known_addr { host: "127.5.190.1" port: 39769 } } peers { permanent_uuid: "e5841dbe332c43b0963e5c2dd03d3ce7" member_type: VOTER last_known_addr { host: "127.5.190.2" port: 35631 } } peers { permanent_uuid: "eff95acfe5cc4f76adba68bc72b16abd" member_type: VOTER last_known_addr { host: "127.5.190.3" port: 35305 } }
I20260713 09:03:55.113138  6208 ts_tablet_manager.cc:1434] T 071a8cf874f34ecc9ee52ff897e2c9e9 P bc52adeb899047069654794355729341: Time spent starting tablet: real 0.009s	user 0.006s	sys 0.000s
I20260713 09:03:55.119211  6164 raft_consensus.cc:2468] T 589e7f32269d4478b0e3381fd320e8c5 P eff95acfe5cc4f76adba68bc72b16abd [term 1 FOLLOWER]: Leader election vote request: Granting yes vote for candidate e5841dbe332c43b0963e5c2dd03d3ce7 in term 1.
I20260713 09:03:55.120553  6054 leader_election.cc:304] T 589e7f32269d4478b0e3381fd320e8c5 P e5841dbe332c43b0963e5c2dd03d3ce7 [CANDIDATE]: Term 1 election: Election decided. Result: candidate won. Election summary: received 2 responses out of 3 voters: 2 yes votes; 0 no votes. yes voters: e5841dbe332c43b0963e5c2dd03d3ce7, eff95acfe5cc4f76adba68bc72b16abd; no voters: 
I20260713 09:03:55.121239  6216 raft_consensus.cc:2804] T 589e7f32269d4478b0e3381fd320e8c5 P e5841dbe332c43b0963e5c2dd03d3ce7 [term 1 FOLLOWER]: Leader election won for term 1
I20260713 09:03:55.121752  6216 raft_consensus.cc:697] T 589e7f32269d4478b0e3381fd320e8c5 P e5841dbe332c43b0963e5c2dd03d3ce7 [term 1 LEADER]: Becoming Leader. State: Replica: e5841dbe332c43b0963e5c2dd03d3ce7, State: Running, Role: LEADER
I20260713 09:03:55.121903  6209 tablet_bootstrap.cc:492] T 3ab59d764d6149a2bb57426e3febf813 P e5841dbe332c43b0963e5c2dd03d3ce7: No bootstrap required, opened a new log
I20260713 09:03:55.122465  6209 ts_tablet_manager.cc:1403] T 3ab59d764d6149a2bb57426e3febf813 P e5841dbe332c43b0963e5c2dd03d3ce7: Time spent bootstrapping tablet: real 0.128s	user 0.013s	sys 0.000s
I20260713 09:03:55.122575  6216 consensus_queue.cc:237] T 589e7f32269d4478b0e3381fd320e8c5 P e5841dbe332c43b0963e5c2dd03d3ce7 [LEADER]: Queue going to LEADER mode. State: All replicated index: 0, Majority replicated index: 0, Committed index: 0, Last appended: 0.0, Last appended by leader: 0, Current term: 1, Majority size: 2, State: 0, Mode: LEADER, active raft config: opid_index: -1 OBSOLETE_local: false peers { permanent_uuid: "bc52adeb899047069654794355729341" member_type: VOTER last_known_addr { host: "127.5.190.1" port: 39769 } } peers { permanent_uuid: "eff95acfe5cc4f76adba68bc72b16abd" member_type: VOTER last_known_addr { host: "127.5.190.3" port: 35305 } } peers { permanent_uuid: "e5841dbe332c43b0963e5c2dd03d3ce7" member_type: VOTER last_known_addr { host: "127.5.190.2" port: 35631 } }
I20260713 09:03:55.123107  6015 raft_consensus.cc:2468] T 589e7f32269d4478b0e3381fd320e8c5 P bc52adeb899047069654794355729341 [term 1 FOLLOWER]: Leader election vote request: Granting yes vote for candidate e5841dbe332c43b0963e5c2dd03d3ce7 in term 1.
I20260713 09:03:55.125891  6209 raft_consensus.cc:359] T 3ab59d764d6149a2bb57426e3febf813 P e5841dbe332c43b0963e5c2dd03d3ce7 [term 0 FOLLOWER]: Replica starting. Triggering 0 pending ops. Active config: opid_index: -1 OBSOLETE_local: false peers { permanent_uuid: "bc52adeb899047069654794355729341" member_type: VOTER last_known_addr { host: "127.5.190.1" port: 39769 } } peers { permanent_uuid: "e5841dbe332c43b0963e5c2dd03d3ce7" member_type: VOTER last_known_addr { host: "127.5.190.2" port: 35631 } } peers { permanent_uuid: "eff95acfe5cc4f76adba68bc72b16abd" member_type: VOTER last_known_addr { host: "127.5.190.3" port: 35305 } }
I20260713 09:03:55.126677  6209 raft_consensus.cc:385] T 3ab59d764d6149a2bb57426e3febf813 P e5841dbe332c43b0963e5c2dd03d3ce7 [term 0 FOLLOWER]: Consensus starting up: Expiring failure detector timer to make a prompt election more likely
I20260713 09:03:55.127199  6209 raft_consensus.cc:740] T 3ab59d764d6149a2bb57426e3febf813 P e5841dbe332c43b0963e5c2dd03d3ce7 [term 0 FOLLOWER]: Becoming Follower/Learner. State: Replica: e5841dbe332c43b0963e5c2dd03d3ce7, State: Initialized, Role: FOLLOWER
I20260713 09:03:55.127795  6207 tablet_bootstrap.cc:492] T 3ab59d764d6149a2bb57426e3febf813 P eff95acfe5cc4f76adba68bc72b16abd: No bootstrap required, opened a new log
I20260713 09:03:55.128201  6209 consensus_queue.cc:260] T 3ab59d764d6149a2bb57426e3febf813 P e5841dbe332c43b0963e5c2dd03d3ce7 [NON_LEADER]: Queue going to NON_LEADER mode. State: All replicated index: 0, Majority replicated index: 0, Committed index: 0, Last appended: 0.0, Last appended by leader: 0, Current term: 0, Majority size: -1, State: 0, Mode: NON_LEADER, active raft config: opid_index: -1 OBSOLETE_local: false peers { permanent_uuid: "bc52adeb899047069654794355729341" member_type: VOTER last_known_addr { host: "127.5.190.1" port: 39769 } } peers { permanent_uuid: "e5841dbe332c43b0963e5c2dd03d3ce7" member_type: VOTER last_known_addr { host: "127.5.190.2" port: 35631 } } peers { permanent_uuid: "eff95acfe5cc4f76adba68bc72b16abd" member_type: VOTER last_known_addr { host: "127.5.190.3" port: 35305 } }
I20260713 09:03:55.128296  6207 ts_tablet_manager.cc:1403] T 3ab59d764d6149a2bb57426e3febf813 P eff95acfe5cc4f76adba68bc72b16abd: Time spent bootstrapping tablet: real 0.092s	user 0.007s	sys 0.009s
I20260713 09:03:55.131493  6209 ts_tablet_manager.cc:1434] T 3ab59d764d6149a2bb57426e3febf813 P e5841dbe332c43b0963e5c2dd03d3ce7: Time spent starting tablet: real 0.009s	user 0.009s	sys 0.000s
I20260713 09:03:55.134096  5909 catalog_manager.cc:5697] T f9eb46e1aa8848b1b94d85c139d781a2 P bc52adeb899047069654794355729341 reported cstate change: term changed from 0 to 1, leader changed from <none> to bc52adeb899047069654794355729341 (127.5.190.1). New cstate: current_term: 1 leader_uuid: "bc52adeb899047069654794355729341" committed_config { opid_index: -1 OBSOLETE_local: false peers { permanent_uuid: "bc52adeb899047069654794355729341" member_type: VOTER last_known_addr { host: "127.5.190.1" port: 39769 } health_report { overall_health: HEALTHY } } peers { permanent_uuid: "e5841dbe332c43b0963e5c2dd03d3ce7" member_type: VOTER last_known_addr { host: "127.5.190.2" port: 35631 } health_report { overall_health: UNKNOWN } } peers { permanent_uuid: "eff95acfe5cc4f76adba68bc72b16abd" member_type: VOTER last_known_addr { host: "127.5.190.3" port: 35305 } health_report { overall_health: UNKNOWN } } }
I20260713 09:03:55.135947  6226 consensus_queue.cc:1048] T 6c0fb88209c34ced9b846d687c18fbd5 P eff95acfe5cc4f76adba68bc72b16abd [LEADER]: Connected to new peer: Peer: permanent_uuid: "e5841dbe332c43b0963e5c2dd03d3ce7" member_type: VOTER last_known_addr { host: "127.5.190.2" port: 35631 }, Status: LMP_MISMATCH, Last received: 0.0, Next index: 1, Last known committed idx: 0, Time since last communication: 0.000s
I20260713 09:03:55.148840  5911 catalog_manager.cc:5697] T 589e7f32269d4478b0e3381fd320e8c5 P e5841dbe332c43b0963e5c2dd03d3ce7 reported cstate change: term changed from 0 to 1, leader changed from <none> to e5841dbe332c43b0963e5c2dd03d3ce7 (127.5.190.2). New cstate: current_term: 1 leader_uuid: "e5841dbe332c43b0963e5c2dd03d3ce7" committed_config { opid_index: -1 OBSOLETE_local: false peers { permanent_uuid: "bc52adeb899047069654794355729341" member_type: VOTER last_known_addr { host: "127.5.190.1" port: 39769 } health_report { overall_health: UNKNOWN } } peers { permanent_uuid: "eff95acfe5cc4f76adba68bc72b16abd" member_type: VOTER last_known_addr { host: "127.5.190.3" port: 35305 } health_report { overall_health: UNKNOWN } } peers { permanent_uuid: "e5841dbe332c43b0963e5c2dd03d3ce7" member_type: VOTER last_known_addr { host: "127.5.190.2" port: 35631 } health_report { overall_health: HEALTHY } } }
I20260713 09:03:55.154000  6207 raft_consensus.cc:359] T 3ab59d764d6149a2bb57426e3febf813 P eff95acfe5cc4f76adba68bc72b16abd [term 0 FOLLOWER]: Replica starting. Triggering 0 pending ops. Active config: opid_index: -1 OBSOLETE_local: false peers { permanent_uuid: "bc52adeb899047069654794355729341" member_type: VOTER last_known_addr { host: "127.5.190.1" port: 39769 } } peers { permanent_uuid: "e5841dbe332c43b0963e5c2dd03d3ce7" member_type: VOTER last_known_addr { host: "127.5.190.2" port: 35631 } } peers { permanent_uuid: "eff95acfe5cc4f76adba68bc72b16abd" member_type: VOTER last_known_addr { host: "127.5.190.3" port: 35305 } }
I20260713 09:03:55.154676  6207 raft_consensus.cc:385] T 3ab59d764d6149a2bb57426e3febf813 P eff95acfe5cc4f76adba68bc72b16abd [term 0 FOLLOWER]: Consensus starting up: Expiring failure detector timer to make a prompt election more likely
I20260713 09:03:55.154946  6207 raft_consensus.cc:740] T 3ab59d764d6149a2bb57426e3febf813 P eff95acfe5cc4f76adba68bc72b16abd [term 0 FOLLOWER]: Becoming Follower/Learner. State: Replica: eff95acfe5cc4f76adba68bc72b16abd, State: Initialized, Role: FOLLOWER
I20260713 09:03:55.155607  6207 consensus_queue.cc:260] T 3ab59d764d6149a2bb57426e3febf813 P eff95acfe5cc4f76adba68bc72b16abd [NON_LEADER]: Queue going to NON_LEADER mode. State: All replicated index: 0, Majority replicated index: 0, Committed index: 0, Last appended: 0.0, Last appended by leader: 0, Current term: 0, Majority size: -1, State: 0, Mode: NON_LEADER, active raft config: opid_index: -1 OBSOLETE_local: false peers { permanent_uuid: "bc52adeb899047069654794355729341" member_type: VOTER last_known_addr { host: "127.5.190.1" port: 39769 } } peers { permanent_uuid: "e5841dbe332c43b0963e5c2dd03d3ce7" member_type: VOTER last_known_addr { host: "127.5.190.2" port: 35631 } } peers { permanent_uuid: "eff95acfe5cc4f76adba68bc72b16abd" member_type: VOTER last_known_addr { host: "127.5.190.3" port: 35305 } }
I20260713 09:03:55.157603  6207 ts_tablet_manager.cc:1434] T 3ab59d764d6149a2bb57426e3febf813 P eff95acfe5cc4f76adba68bc72b16abd: Time spent starting tablet: real 0.027s	user 0.004s	sys 0.000s
I20260713 09:03:55.158555  6207 tablet_bootstrap.cc:492] T f9eb46e1aa8848b1b94d85c139d781a2 P eff95acfe5cc4f76adba68bc72b16abd: Bootstrap starting.
I20260713 09:03:55.163579  6226 raft_consensus.cc:493] T 071a8cf874f34ecc9ee52ff897e2c9e9 P eff95acfe5cc4f76adba68bc72b16abd [term 0 FOLLOWER]: Starting pre-election (no leader contacted us within the election timeout)
I20260713 09:03:55.164055  6226 raft_consensus.cc:515] T 071a8cf874f34ecc9ee52ff897e2c9e9 P eff95acfe5cc4f76adba68bc72b16abd [term 0 FOLLOWER]: Starting pre-election with config: opid_index: -1 OBSOLETE_local: false peers { permanent_uuid: "bc52adeb899047069654794355729341" member_type: VOTER last_known_addr { host: "127.5.190.1" port: 39769 } } peers { permanent_uuid: "e5841dbe332c43b0963e5c2dd03d3ce7" member_type: VOTER last_known_addr { host: "127.5.190.2" port: 35631 } } peers { permanent_uuid: "eff95acfe5cc4f76adba68bc72b16abd" member_type: VOTER last_known_addr { host: "127.5.190.3" port: 35305 } }
I20260713 09:03:55.166092  6226 leader_election.cc:290] T 071a8cf874f34ecc9ee52ff897e2c9e9 P eff95acfe5cc4f76adba68bc72b16abd [CANDIDATE]: Term 1 pre-election: Requested pre-vote from peers bc52adeb899047069654794355729341 (127.5.190.1:39769), e5841dbe332c43b0963e5c2dd03d3ce7 (127.5.190.2:35631)
I20260713 09:03:55.168462  6014 tablet_service.cc:1917] Received RequestConsensusVote() RPC: tablet_id: "071a8cf874f34ecc9ee52ff897e2c9e9" candidate_uuid: "eff95acfe5cc4f76adba68bc72b16abd" candidate_term: 1 candidate_status { last_received { term: 0 index: 0 } } ignore_live_leader: false dest_uuid: "bc52adeb899047069654794355729341" is_pre_election: true
I20260713 09:03:55.169127  6014 raft_consensus.cc:2468] T 071a8cf874f34ecc9ee52ff897e2c9e9 P bc52adeb899047069654794355729341 [term 0 FOLLOWER]: Leader pre-election vote request: Granting yes vote for candidate eff95acfe5cc4f76adba68bc72b16abd in term 0.
I20260713 09:03:55.170280  6090 tablet_service.cc:1917] Received RequestConsensusVote() RPC: tablet_id: "071a8cf874f34ecc9ee52ff897e2c9e9" candidate_uuid: "eff95acfe5cc4f76adba68bc72b16abd" candidate_term: 1 candidate_status { last_received { term: 0 index: 0 } } ignore_live_leader: false dest_uuid: "e5841dbe332c43b0963e5c2dd03d3ce7" is_pre_election: true
I20260713 09:03:55.170462  6129 leader_election.cc:304] T 071a8cf874f34ecc9ee52ff897e2c9e9 P eff95acfe5cc4f76adba68bc72b16abd [CANDIDATE]: Term 1 pre-election: Election decided. Result: candidate won. Election summary: received 2 responses out of 3 voters: 2 yes votes; 0 no votes. yes voters: bc52adeb899047069654794355729341, eff95acfe5cc4f76adba68bc72b16abd; no voters: 
I20260713 09:03:55.170895  6090 raft_consensus.cc:2468] T 071a8cf874f34ecc9ee52ff897e2c9e9 P e5841dbe332c43b0963e5c2dd03d3ce7 [term 0 FOLLOWER]: Leader pre-election vote request: Granting yes vote for candidate eff95acfe5cc4f76adba68bc72b16abd in term 0.
I20260713 09:03:55.171316  6226 raft_consensus.cc:2804] T 071a8cf874f34ecc9ee52ff897e2c9e9 P eff95acfe5cc4f76adba68bc72b16abd [term 0 FOLLOWER]: Leader pre-election won for term 1
I20260713 09:03:55.171672  6226 raft_consensus.cc:493] T 071a8cf874f34ecc9ee52ff897e2c9e9 P eff95acfe5cc4f76adba68bc72b16abd [term 0 FOLLOWER]: Starting leader election (no leader contacted us within the election timeout)
I20260713 09:03:55.171999  6226 raft_consensus.cc:3060] T 071a8cf874f34ecc9ee52ff897e2c9e9 P eff95acfe5cc4f76adba68bc72b16abd [term 0 FOLLOWER]: Advancing to term 1
I20260713 09:03:55.172922  6207 tablet_bootstrap.cc:654] T f9eb46e1aa8848b1b94d85c139d781a2 P eff95acfe5cc4f76adba68bc72b16abd: Neither blocks nor log segments found. Creating new log.
I20260713 09:03:55.181370  6226 raft_consensus.cc:515] T 071a8cf874f34ecc9ee52ff897e2c9e9 P eff95acfe5cc4f76adba68bc72b16abd [term 1 FOLLOWER]: Starting leader election with config: opid_index: -1 OBSOLETE_local: false peers { permanent_uuid: "bc52adeb899047069654794355729341" member_type: VOTER last_known_addr { host: "127.5.190.1" port: 39769 } } peers { permanent_uuid: "e5841dbe332c43b0963e5c2dd03d3ce7" member_type: VOTER last_known_addr { host: "127.5.190.2" port: 35631 } } peers { permanent_uuid: "eff95acfe5cc4f76adba68bc72b16abd" member_type: VOTER last_known_addr { host: "127.5.190.3" port: 35305 } }
I20260713 09:03:55.184017  6014 tablet_service.cc:1917] Received RequestConsensusVote() RPC: tablet_id: "071a8cf874f34ecc9ee52ff897e2c9e9" candidate_uuid: "eff95acfe5cc4f76adba68bc72b16abd" candidate_term: 1 candidate_status { last_received { term: 0 index: 0 } } ignore_live_leader: false dest_uuid: "bc52adeb899047069654794355729341"
I20260713 09:03:55.184593  6014 raft_consensus.cc:3060] T 071a8cf874f34ecc9ee52ff897e2c9e9 P bc52adeb899047069654794355729341 [term 0 FOLLOWER]: Advancing to term 1
I20260713 09:03:55.191655  6226 leader_election.cc:290] T 071a8cf874f34ecc9ee52ff897e2c9e9 P eff95acfe5cc4f76adba68bc72b16abd [CANDIDATE]: Term 1 election: Requested vote from peers bc52adeb899047069654794355729341 (127.5.190.1:39769), e5841dbe332c43b0963e5c2dd03d3ce7 (127.5.190.2:35631)
I20260713 09:03:55.190879  6014 raft_consensus.cc:2468] T 071a8cf874f34ecc9ee52ff897e2c9e9 P bc52adeb899047069654794355729341 [term 1 FOLLOWER]: Leader election vote request: Granting yes vote for candidate eff95acfe5cc4f76adba68bc72b16abd in term 1.
I20260713 09:03:55.193020  6090 tablet_service.cc:1917] Received RequestConsensusVote() RPC: tablet_id: "071a8cf874f34ecc9ee52ff897e2c9e9" candidate_uuid: "eff95acfe5cc4f76adba68bc72b16abd" candidate_term: 1 candidate_status { last_received { term: 0 index: 0 } } ignore_live_leader: false dest_uuid: "e5841dbe332c43b0963e5c2dd03d3ce7"
I20260713 09:03:55.193284  6129 leader_election.cc:304] T 071a8cf874f34ecc9ee52ff897e2c9e9 P eff95acfe5cc4f76adba68bc72b16abd [CANDIDATE]: Term 1 election: Election decided. Result: candidate won. Election summary: received 2 responses out of 3 voters: 2 yes votes; 0 no votes. yes voters: bc52adeb899047069654794355729341, eff95acfe5cc4f76adba68bc72b16abd; no voters: 
I20260713 09:03:55.193789  6090 raft_consensus.cc:3060] T 071a8cf874f34ecc9ee52ff897e2c9e9 P e5841dbe332c43b0963e5c2dd03d3ce7 [term 0 FOLLOWER]: Advancing to term 1
I20260713 09:03:55.194245  6226 raft_consensus.cc:2804] T 071a8cf874f34ecc9ee52ff897e2c9e9 P eff95acfe5cc4f76adba68bc72b16abd [term 1 FOLLOWER]: Leader election won for term 1
I20260713 09:03:55.194713  6164 raft_consensus.cc:3060] T dc3d7f47539648f885e834890d220b3b P eff95acfe5cc4f76adba68bc72b16abd [term 0 FOLLOWER]: Advancing to term 1
I20260713 09:03:55.194867  6226 raft_consensus.cc:697] T 071a8cf874f34ecc9ee52ff897e2c9e9 P eff95acfe5cc4f76adba68bc72b16abd [term 1 LEADER]: Becoming Leader. State: Replica: eff95acfe5cc4f76adba68bc72b16abd, State: Running, Role: LEADER
I20260713 09:03:55.195727  6226 consensus_queue.cc:237] T 071a8cf874f34ecc9ee52ff897e2c9e9 P eff95acfe5cc4f76adba68bc72b16abd [LEADER]: Queue going to LEADER mode. State: All replicated index: 0, Majority replicated index: 0, Committed index: 0, Last appended: 0.0, Last appended by leader: 0, Current term: 1, Majority size: 2, State: 0, Mode: LEADER, active raft config: opid_index: -1 OBSOLETE_local: false peers { permanent_uuid: "bc52adeb899047069654794355729341" member_type: VOTER last_known_addr { host: "127.5.190.1" port: 39769 } } peers { permanent_uuid: "e5841dbe332c43b0963e5c2dd03d3ce7" member_type: VOTER last_known_addr { host: "127.5.190.2" port: 35631 } } peers { permanent_uuid: "eff95acfe5cc4f76adba68bc72b16abd" member_type: VOTER last_known_addr { host: "127.5.190.3" port: 35305 } }
I20260713 09:03:55.202709  6214 consensus_queue.cc:1048] T dc3d7f47539648f885e834890d220b3b P bc52adeb899047069654794355729341 [LEADER]: Connected to new peer: Peer: permanent_uuid: "eff95acfe5cc4f76adba68bc72b16abd" member_type: VOTER last_known_addr { host: "127.5.190.3" port: 35305 }, Status: LMP_MISMATCH, Last received: 0.0, Next index: 1, Last known committed idx: 0, Time since last communication: 0.000s
I20260713 09:03:55.205549  6090 raft_consensus.cc:2468] T 071a8cf874f34ecc9ee52ff897e2c9e9 P e5841dbe332c43b0963e5c2dd03d3ce7 [term 1 FOLLOWER]: Leader election vote request: Granting yes vote for candidate eff95acfe5cc4f76adba68bc72b16abd in term 1.
I20260713 09:03:55.210446  6214 consensus_queue.cc:1048] T dc3d7f47539648f885e834890d220b3b P bc52adeb899047069654794355729341 [LEADER]: Connected to new peer: Peer: permanent_uuid: "e5841dbe332c43b0963e5c2dd03d3ce7" member_type: VOTER last_known_addr { host: "127.5.190.2" port: 35631 }, Status: LMP_MISMATCH, Last received: 0.0, Next index: 1, Last known committed idx: 0, Time since last communication: 0.001s
I20260713 09:03:55.215058  6214 raft_consensus.cc:493] T 3ab59d764d6149a2bb57426e3febf813 P bc52adeb899047069654794355729341 [term 0 FOLLOWER]: Starting pre-election (no leader contacted us within the election timeout)
I20260713 09:03:55.215631  6214 raft_consensus.cc:515] T 3ab59d764d6149a2bb57426e3febf813 P bc52adeb899047069654794355729341 [term 0 FOLLOWER]: Starting pre-election with config: opid_index: -1 OBSOLETE_local: false peers { permanent_uuid: "bc52adeb899047069654794355729341" member_type: VOTER last_known_addr { host: "127.5.190.1" port: 39769 } } peers { permanent_uuid: "e5841dbe332c43b0963e5c2dd03d3ce7" member_type: VOTER last_known_addr { host: "127.5.190.2" port: 35631 } } peers { permanent_uuid: "eff95acfe5cc4f76adba68bc72b16abd" member_type: VOTER last_known_addr { host: "127.5.190.3" port: 35305 } }
I20260713 09:03:55.222892  6089 tablet_service.cc:1917] Received RequestConsensusVote() RPC: tablet_id: "3ab59d764d6149a2bb57426e3febf813" candidate_uuid: "bc52adeb899047069654794355729341" candidate_term: 1 candidate_status { last_received { term: 0 index: 0 } } ignore_live_leader: false dest_uuid: "e5841dbe332c43b0963e5c2dd03d3ce7" is_pre_election: true
I20260713 09:03:55.223570  6089 raft_consensus.cc:2468] T 3ab59d764d6149a2bb57426e3febf813 P e5841dbe332c43b0963e5c2dd03d3ce7 [term 0 FOLLOWER]: Leader pre-election vote request: Granting yes vote for candidate bc52adeb899047069654794355729341 in term 0.
I20260713 09:03:55.224143  6214 leader_election.cc:290] T 3ab59d764d6149a2bb57426e3febf813 P bc52adeb899047069654794355729341 [CANDIDATE]: Term 1 pre-election: Requested pre-vote from peers e5841dbe332c43b0963e5c2dd03d3ce7 (127.5.190.2:35631), eff95acfe5cc4f76adba68bc72b16abd (127.5.190.3:35305)
I20260713 09:03:55.224452  6164 tablet_service.cc:1917] Received RequestConsensusVote() RPC: tablet_id: "3ab59d764d6149a2bb57426e3febf813" candidate_uuid: "bc52adeb899047069654794355729341" candidate_term: 1 candidate_status { last_received { term: 0 index: 0 } } ignore_live_leader: false dest_uuid: "eff95acfe5cc4f76adba68bc72b16abd" is_pre_election: true
I20260713 09:03:55.224754  5979 leader_election.cc:304] T 3ab59d764d6149a2bb57426e3febf813 P bc52adeb899047069654794355729341 [CANDIDATE]: Term 1 pre-election: Election decided. Result: candidate won. Election summary: received 2 responses out of 3 voters: 2 yes votes; 0 no votes. yes voters: bc52adeb899047069654794355729341, e5841dbe332c43b0963e5c2dd03d3ce7; no voters: 
I20260713 09:03:55.225106  6164 raft_consensus.cc:2468] T 3ab59d764d6149a2bb57426e3febf813 P eff95acfe5cc4f76adba68bc72b16abd [term 0 FOLLOWER]: Leader pre-election vote request: Granting yes vote for candidate bc52adeb899047069654794355729341 in term 0.
I20260713 09:03:55.225576  6214 raft_consensus.cc:2804] T 3ab59d764d6149a2bb57426e3febf813 P bc52adeb899047069654794355729341 [term 0 FOLLOWER]: Leader pre-election won for term 1
I20260713 09:03:55.225927  6214 raft_consensus.cc:493] T 3ab59d764d6149a2bb57426e3febf813 P bc52adeb899047069654794355729341 [term 0 FOLLOWER]: Starting leader election (no leader contacted us within the election timeout)
I20260713 09:03:55.226280  6214 raft_consensus.cc:3060] T 3ab59d764d6149a2bb57426e3febf813 P bc52adeb899047069654794355729341 [term 0 FOLLOWER]: Advancing to term 1
I20260713 09:03:55.236294  6207 tablet_bootstrap.cc:492] T f9eb46e1aa8848b1b94d85c139d781a2 P eff95acfe5cc4f76adba68bc72b16abd: No bootstrap required, opened a new log
I20260713 09:03:55.236681  6207 ts_tablet_manager.cc:1403] T f9eb46e1aa8848b1b94d85c139d781a2 P eff95acfe5cc4f76adba68bc72b16abd: Time spent bootstrapping tablet: real 0.078s	user 0.018s	sys 0.027s
I20260713 09:03:55.241255  6207 raft_consensus.cc:359] T f9eb46e1aa8848b1b94d85c139d781a2 P eff95acfe5cc4f76adba68bc72b16abd [term 0 FOLLOWER]: Replica starting. Triggering 0 pending ops. Active config: opid_index: -1 OBSOLETE_local: false peers { permanent_uuid: "bc52adeb899047069654794355729341" member_type: VOTER last_known_addr { host: "127.5.190.1" port: 39769 } } peers { permanent_uuid: "e5841dbe332c43b0963e5c2dd03d3ce7" member_type: VOTER last_known_addr { host: "127.5.190.2" port: 35631 } } peers { permanent_uuid: "eff95acfe5cc4f76adba68bc72b16abd" member_type: VOTER last_known_addr { host: "127.5.190.3" port: 35305 } }
I20260713 09:03:55.241900  6207 raft_consensus.cc:385] T f9eb46e1aa8848b1b94d85c139d781a2 P eff95acfe5cc4f76adba68bc72b16abd [term 0 FOLLOWER]: Consensus starting up: Expiring failure detector timer to make a prompt election more likely
I20260713 09:03:55.242178  6207 raft_consensus.cc:740] T f9eb46e1aa8848b1b94d85c139d781a2 P eff95acfe5cc4f76adba68bc72b16abd [term 0 FOLLOWER]: Becoming Follower/Learner. State: Replica: eff95acfe5cc4f76adba68bc72b16abd, State: Initialized, Role: FOLLOWER
I20260713 09:03:55.242935  6207 consensus_queue.cc:260] T f9eb46e1aa8848b1b94d85c139d781a2 P eff95acfe5cc4f76adba68bc72b16abd [NON_LEADER]: Queue going to NON_LEADER mode. State: All replicated index: 0, Majority replicated index: 0, Committed index: 0, Last appended: 0.0, Last appended by leader: 0, Current term: 0, Majority size: -1, State: 0, Mode: NON_LEADER, active raft config: opid_index: -1 OBSOLETE_local: false peers { permanent_uuid: "bc52adeb899047069654794355729341" member_type: VOTER last_known_addr { host: "127.5.190.1" port: 39769 } } peers { permanent_uuid: "e5841dbe332c43b0963e5c2dd03d3ce7" member_type: VOTER last_known_addr { host: "127.5.190.2" port: 35631 } } peers { permanent_uuid: "eff95acfe5cc4f76adba68bc72b16abd" member_type: VOTER last_known_addr { host: "127.5.190.3" port: 35305 } }
I20260713 09:03:55.244786  6207 ts_tablet_manager.cc:1434] T f9eb46e1aa8848b1b94d85c139d781a2 P eff95acfe5cc4f76adba68bc72b16abd: Time spent starting tablet: real 0.008s	user 0.005s	sys 0.001s
I20260713 09:03:55.242583  5909 catalog_manager.cc:5697] T 071a8cf874f34ecc9ee52ff897e2c9e9 P eff95acfe5cc4f76adba68bc72b16abd reported cstate change: term changed from 0 to 1, leader changed from <none> to eff95acfe5cc4f76adba68bc72b16abd (127.5.190.3). New cstate: current_term: 1 leader_uuid: "eff95acfe5cc4f76adba68bc72b16abd" committed_config { opid_index: -1 OBSOLETE_local: false peers { permanent_uuid: "bc52adeb899047069654794355729341" member_type: VOTER last_known_addr { host: "127.5.190.1" port: 39769 } health_report { overall_health: UNKNOWN } } peers { permanent_uuid: "e5841dbe332c43b0963e5c2dd03d3ce7" member_type: VOTER last_known_addr { host: "127.5.190.2" port: 35631 } health_report { overall_health: UNKNOWN } } peers { permanent_uuid: "eff95acfe5cc4f76adba68bc72b16abd" member_type: VOTER last_known_addr { host: "127.5.190.3" port: 35305 } health_report { overall_health: HEALTHY } } }
I20260713 09:03:55.255153  6226 raft_consensus.cc:493] T f9eb46e1aa8848b1b94d85c139d781a2 P eff95acfe5cc4f76adba68bc72b16abd [term 0 FOLLOWER]: Starting pre-election (no leader contacted us within the election timeout)
I20260713 09:03:55.255770  6226 raft_consensus.cc:515] T f9eb46e1aa8848b1b94d85c139d781a2 P eff95acfe5cc4f76adba68bc72b16abd [term 0 FOLLOWER]: Starting pre-election with config: opid_index: -1 OBSOLETE_local: false peers { permanent_uuid: "bc52adeb899047069654794355729341" member_type: VOTER last_known_addr { host: "127.5.190.1" port: 39769 } } peers { permanent_uuid: "e5841dbe332c43b0963e5c2dd03d3ce7" member_type: VOTER last_known_addr { host: "127.5.190.2" port: 35631 } } peers { permanent_uuid: "eff95acfe5cc4f76adba68bc72b16abd" member_type: VOTER last_known_addr { host: "127.5.190.3" port: 35305 } }
I20260713 09:03:55.257921  6226 leader_election.cc:290] T f9eb46e1aa8848b1b94d85c139d781a2 P eff95acfe5cc4f76adba68bc72b16abd [CANDIDATE]: Term 1 pre-election: Requested pre-vote from peers bc52adeb899047069654794355729341 (127.5.190.1:39769), e5841dbe332c43b0963e5c2dd03d3ce7 (127.5.190.2:35631)
I20260713 09:03:55.258688  6014 tablet_service.cc:1917] Received RequestConsensusVote() RPC: tablet_id: "f9eb46e1aa8848b1b94d85c139d781a2" candidate_uuid: "eff95acfe5cc4f76adba68bc72b16abd" candidate_term: 1 candidate_status { last_received { term: 0 index: 0 } } ignore_live_leader: false dest_uuid: "bc52adeb899047069654794355729341" is_pre_election: true
I20260713 09:03:55.263453  6090 tablet_service.cc:1917] Received RequestConsensusVote() RPC: tablet_id: "f9eb46e1aa8848b1b94d85c139d781a2" candidate_uuid: "eff95acfe5cc4f76adba68bc72b16abd" candidate_term: 1 candidate_status { last_received { term: 0 index: 0 } } ignore_live_leader: false dest_uuid: "e5841dbe332c43b0963e5c2dd03d3ce7" is_pre_election: true
I20260713 09:03:55.264475  6090 raft_consensus.cc:2393] T f9eb46e1aa8848b1b94d85c139d781a2 P e5841dbe332c43b0963e5c2dd03d3ce7 [term 1 FOLLOWER]: Leader pre-election vote request: Denying vote to candidate eff95acfe5cc4f76adba68bc72b16abd in current term 1: Already voted for candidate bc52adeb899047069654794355729341 in this term.
I20260713 09:03:55.267557  6128 leader_election.cc:304] T f9eb46e1aa8848b1b94d85c139d781a2 P eff95acfe5cc4f76adba68bc72b16abd [CANDIDATE]: Term 1 pre-election: Election decided. Result: candidate lost. Election summary: received 3 responses out of 3 voters: 1 yes votes; 2 no votes. yes voters: eff95acfe5cc4f76adba68bc72b16abd; no voters: bc52adeb899047069654794355729341, e5841dbe332c43b0963e5c2dd03d3ce7
W20260713 09:03:55.270990  5960 auto_rebalancer.cc:288] Could not retrieve cluster info: Service unavailable: Tablet not running
I20260713 09:03:55.271474  6226 raft_consensus.cc:3060] T f9eb46e1aa8848b1b94d85c139d781a2 P eff95acfe5cc4f76adba68bc72b16abd [term 0 FOLLOWER]: Advancing to term 1
I20260713 09:03:55.274652  6214 raft_consensus.cc:515] T 3ab59d764d6149a2bb57426e3febf813 P bc52adeb899047069654794355729341 [term 1 FOLLOWER]: Starting leader election with config: opid_index: -1 OBSOLETE_local: false peers { permanent_uuid: "bc52adeb899047069654794355729341" member_type: VOTER last_known_addr { host: "127.5.190.1" port: 39769 } } peers { permanent_uuid: "e5841dbe332c43b0963e5c2dd03d3ce7" member_type: VOTER last_known_addr { host: "127.5.190.2" port: 35631 } } peers { permanent_uuid: "eff95acfe5cc4f76adba68bc72b16abd" member_type: VOTER last_known_addr { host: "127.5.190.3" port: 35305 } }
I20260713 09:03:55.276597  6214 leader_election.cc:290] T 3ab59d764d6149a2bb57426e3febf813 P bc52adeb899047069654794355729341 [CANDIDATE]: Term 1 election: Requested vote from peers e5841dbe332c43b0963e5c2dd03d3ce7 (127.5.190.2:35631), eff95acfe5cc4f76adba68bc72b16abd (127.5.190.3:35305)
I20260713 09:03:55.277905  6090 tablet_service.cc:1917] Received RequestConsensusVote() RPC: tablet_id: "3ab59d764d6149a2bb57426e3febf813" candidate_uuid: "bc52adeb899047069654794355729341" candidate_term: 1 candidate_status { last_received { term: 0 index: 0 } } ignore_live_leader: false dest_uuid: "e5841dbe332c43b0963e5c2dd03d3ce7"
I20260713 09:03:55.277855  6163 tablet_service.cc:1917] Received RequestConsensusVote() RPC: tablet_id: "3ab59d764d6149a2bb57426e3febf813" candidate_uuid: "bc52adeb899047069654794355729341" candidate_term: 1 candidate_status { last_received { term: 0 index: 0 } } ignore_live_leader: false dest_uuid: "eff95acfe5cc4f76adba68bc72b16abd"
I20260713 09:03:55.278606  6212 raft_consensus.cc:493] T e273f58a0e0f4141b087778f9265beea P eff95acfe5cc4f76adba68bc72b16abd [term 0 FOLLOWER]: Starting pre-election (no leader contacted us within the election timeout)
I20260713 09:03:55.278765  6090 raft_consensus.cc:3060] T 3ab59d764d6149a2bb57426e3febf813 P e5841dbe332c43b0963e5c2dd03d3ce7 [term 0 FOLLOWER]: Advancing to term 1
I20260713 09:03:55.278822  6163 raft_consensus.cc:3060] T 3ab59d764d6149a2bb57426e3febf813 P eff95acfe5cc4f76adba68bc72b16abd [term 0 FOLLOWER]: Advancing to term 1
I20260713 09:03:55.279240  6212 raft_consensus.cc:515] T e273f58a0e0f4141b087778f9265beea P eff95acfe5cc4f76adba68bc72b16abd [term 0 FOLLOWER]: Starting pre-election with config: opid_index: -1 OBSOLETE_local: false peers { permanent_uuid: "bc52adeb899047069654794355729341" member_type: VOTER last_known_addr { host: "127.5.190.1" port: 39769 } } peers { permanent_uuid: "e5841dbe332c43b0963e5c2dd03d3ce7" member_type: VOTER last_known_addr { host: "127.5.190.2" port: 35631 } } peers { permanent_uuid: "eff95acfe5cc4f76adba68bc72b16abd" member_type: VOTER last_known_addr { host: "127.5.190.3" port: 35305 } }
I20260713 09:03:55.281446  6212 leader_election.cc:290] T e273f58a0e0f4141b087778f9265beea P eff95acfe5cc4f76adba68bc72b16abd [CANDIDATE]: Term 1 pre-election: Requested pre-vote from peers bc52adeb899047069654794355729341 (127.5.190.1:39769), e5841dbe332c43b0963e5c2dd03d3ce7 (127.5.190.2:35631)
I20260713 09:03:55.282614  6089 tablet_service.cc:1917] Received RequestConsensusVote() RPC: tablet_id: "e273f58a0e0f4141b087778f9265beea" candidate_uuid: "eff95acfe5cc4f76adba68bc72b16abd" candidate_term: 1 candidate_status { last_received { term: 0 index: 0 } } ignore_live_leader: false dest_uuid: "e5841dbe332c43b0963e5c2dd03d3ce7" is_pre_election: true
I20260713 09:03:55.282968  6014 tablet_service.cc:1917] Received RequestConsensusVote() RPC: tablet_id: "e273f58a0e0f4141b087778f9265beea" candidate_uuid: "eff95acfe5cc4f76adba68bc72b16abd" candidate_term: 1 candidate_status { last_received { term: 0 index: 0 } } ignore_live_leader: false dest_uuid: "bc52adeb899047069654794355729341" is_pre_election: true
I20260713 09:03:55.283218  6089 raft_consensus.cc:2468] T e273f58a0e0f4141b087778f9265beea P e5841dbe332c43b0963e5c2dd03d3ce7 [term 0 FOLLOWER]: Leader pre-election vote request: Granting yes vote for candidate eff95acfe5cc4f76adba68bc72b16abd in term 0.
I20260713 09:03:55.283705  6014 raft_consensus.cc:2468] T e273f58a0e0f4141b087778f9265beea P bc52adeb899047069654794355729341 [term 0 FOLLOWER]: Leader pre-election vote request: Granting yes vote for candidate eff95acfe5cc4f76adba68bc72b16abd in term 0.
I20260713 09:03:55.284404  6128 leader_election.cc:304] T e273f58a0e0f4141b087778f9265beea P eff95acfe5cc4f76adba68bc72b16abd [CANDIDATE]: Term 1 pre-election: Election decided. Result: candidate won. Election summary: received 2 responses out of 3 voters: 2 yes votes; 0 no votes. yes voters: e5841dbe332c43b0963e5c2dd03d3ce7, eff95acfe5cc4f76adba68bc72b16abd; no voters: 
I20260713 09:03:55.285571  6212 raft_consensus.cc:2804] T e273f58a0e0f4141b087778f9265beea P eff95acfe5cc4f76adba68bc72b16abd [term 0 FOLLOWER]: Leader pre-election won for term 1
I20260713 09:03:55.286024  6212 raft_consensus.cc:493] T e273f58a0e0f4141b087778f9265beea P eff95acfe5cc4f76adba68bc72b16abd [term 0 FOLLOWER]: Starting leader election (no leader contacted us within the election timeout)
I20260713 09:03:55.286455  6212 raft_consensus.cc:3060] T e273f58a0e0f4141b087778f9265beea P eff95acfe5cc4f76adba68bc72b16abd [term 0 FOLLOWER]: Advancing to term 1
I20260713 09:03:55.286908  6090 raft_consensus.cc:2468] T 3ab59d764d6149a2bb57426e3febf813 P e5841dbe332c43b0963e5c2dd03d3ce7 [term 1 FOLLOWER]: Leader election vote request: Granting yes vote for candidate bc52adeb899047069654794355729341 in term 1.
I20260713 09:03:55.288128  5979 leader_election.cc:304] T 3ab59d764d6149a2bb57426e3febf813 P bc52adeb899047069654794355729341 [CANDIDATE]: Term 1 election: Election decided. Result: candidate won. Election summary: received 2 responses out of 3 voters: 2 yes votes; 0 no votes. yes voters: bc52adeb899047069654794355729341, e5841dbe332c43b0963e5c2dd03d3ce7; no voters: 
I20260713 09:03:55.288331  6163 raft_consensus.cc:2468] T 3ab59d764d6149a2bb57426e3febf813 P eff95acfe5cc4f76adba68bc72b16abd [term 1 FOLLOWER]: Leader election vote request: Granting yes vote for candidate bc52adeb899047069654794355729341 in term 1.
I20260713 09:03:55.289456  6226 raft_consensus.cc:2749] T f9eb46e1aa8848b1b94d85c139d781a2 P eff95acfe5cc4f76adba68bc72b16abd [term 1 FOLLOWER]: Leader pre-election lost for term 1. Reason: could not achieve majority
I20260713 09:03:55.290066  6214 raft_consensus.cc:2804] T 3ab59d764d6149a2bb57426e3febf813 P bc52adeb899047069654794355729341 [term 1 FOLLOWER]: Leader election won for term 1
I20260713 09:03:55.290612  6214 raft_consensus.cc:697] T 3ab59d764d6149a2bb57426e3febf813 P bc52adeb899047069654794355729341 [term 1 LEADER]: Becoming Leader. State: Replica: bc52adeb899047069654794355729341, State: Running, Role: LEADER
