I20260713 09:04:04.093209  6551 raft_consensus.cc:359] T f9c3b44f3561470b90aa7f0f4375f9d7 P 20215cb04365482da2dc6bcfd39b73d4 [term 0 FOLLOWER]: Replica starting. Triggering 0 pending ops. Active config: opid_index: -1 OBSOLETE_local: false peers { permanent_uuid: "20215cb04365482da2dc6bcfd39b73d4" member_type: VOTER last_known_addr { host: "127.5.155.193" port: 32829 } } peers { permanent_uuid: "ed261ca5d70f4bbaa42d7857e26f04fa" member_type: VOTER last_known_addr { host: "127.5.155.194" port: 35165 } } peers { permanent_uuid: "416bebe737854b62b63e108118cb3173" member_type: VOTER last_known_addr { host: "127.5.155.195" port: 32845 } }
I20260713 09:04:04.093902  6551 raft_consensus.cc:385] T f9c3b44f3561470b90aa7f0f4375f9d7 P 20215cb04365482da2dc6bcfd39b73d4 [term 0 FOLLOWER]: Consensus starting up: Expiring failure detector timer to make a prompt election more likely
I20260713 09:04:04.094235  6551 raft_consensus.cc:740] T f9c3b44f3561470b90aa7f0f4375f9d7 P 20215cb04365482da2dc6bcfd39b73d4 [term 0 FOLLOWER]: Becoming Follower/Learner. State: Replica: 20215cb04365482da2dc6bcfd39b73d4, State: Initialized, Role: FOLLOWER
I20260713 09:04:04.094906  6551 consensus_queue.cc:260] T f9c3b44f3561470b90aa7f0f4375f9d7 P 20215cb04365482da2dc6bcfd39b73d4 [NON_LEADER]: Queue going to NON_LEADER mode. State: All replicated index: 0, Majority replicated index: 0, Committed index: 0, Last appended: 0.0, Last appended by leader: 0, Current term: 0, Majority size: -1, State: 0, Mode: NON_LEADER, active raft config: opid_index: -1 OBSOLETE_local: false peers { permanent_uuid: "20215cb04365482da2dc6bcfd39b73d4" member_type: VOTER last_known_addr { host: "127.5.155.193" port: 32829 } } peers { permanent_uuid: "ed261ca5d70f4bbaa42d7857e26f04fa" member_type: VOTER last_known_addr { host: "127.5.155.194" port: 35165 } } peers { permanent_uuid: "416bebe737854b62b63e108118cb3173" member_type: VOTER last_known_addr { host: "127.5.155.195" port: 32845 } }
I20260713 09:04:04.096865  6551 ts_tablet_manager.cc:1434] T f9c3b44f3561470b90aa7f0f4375f9d7 P 20215cb04365482da2dc6bcfd39b73d4: Time spent starting tablet: real 0.008s	user 0.006s	sys 0.000s
I20260713 09:04:04.097748  6551 tablet_bootstrap.cc:492] T 3fb50a281ec049a0b89b4b0764f55887 P 20215cb04365482da2dc6bcfd39b73d4: Bootstrap starting.
I20260713 09:04:04.098590  6510 raft_consensus.cc:2468] T c115796c6a6947e384867be40344b394 P 416bebe737854b62b63e108118cb3173 [term 1 FOLLOWER]: Leader election vote request: Granting yes vote for candidate 20215cb04365482da2dc6bcfd39b73d4 in term 1.
I20260713 09:04:04.099152  6553 tablet_bootstrap.cc:492] T 3fb50a281ec049a0b89b4b0764f55887 P ed261ca5d70f4bbaa42d7857e26f04fa: No bootstrap required, opened a new log
I20260713 09:04:04.099546  6553 ts_tablet_manager.cc:1403] T 3fb50a281ec049a0b89b4b0764f55887 P ed261ca5d70f4bbaa42d7857e26f04fa: Time spent bootstrapping tablet: real 0.051s	user 0.007s	sys 0.003s
I20260713 09:04:04.098853  6258 catalog_manager.cc:5697] T 06824875bcf8476fbaa2f41ceaa8be4d P 20215cb04365482da2dc6bcfd39b73d4 reported cstate change: term changed from 0 to 1, leader changed from <none> to 20215cb04365482da2dc6bcfd39b73d4 (127.5.155.193). New cstate: current_term: 1 leader_uuid: "20215cb04365482da2dc6bcfd39b73d4" committed_config { opid_index: -1 OBSOLETE_local: false peers { permanent_uuid: "20215cb04365482da2dc6bcfd39b73d4" member_type: VOTER last_known_addr { host: "127.5.155.193" port: 32829 } health_report { overall_health: HEALTHY } } peers { permanent_uuid: "ed261ca5d70f4bbaa42d7857e26f04fa" member_type: VOTER last_known_addr { host: "127.5.155.194" port: 35165 } health_report { overall_health: UNKNOWN } } peers { permanent_uuid: "416bebe737854b62b63e108118cb3173" member_type: VOTER last_known_addr { host: "127.5.155.195" port: 32845 } health_report { overall_health: UNKNOWN } } }
I20260713 09:04:04.099841  6327 leader_election.cc:304] T c115796c6a6947e384867be40344b394 P 20215cb04365482da2dc6bcfd39b73d4 [CANDIDATE]: Term 1 election: Election decided. Result: candidate won. Election summary: received 2 responses out of 3 voters: 2 yes votes; 0 no votes. yes voters: 20215cb04365482da2dc6bcfd39b73d4, 416bebe737854b62b63e108118cb3173; no voters: 
I20260713 09:04:04.100803  6597 raft_consensus.cc:2804] T c115796c6a6947e384867be40344b394 P 20215cb04365482da2dc6bcfd39b73d4 [term 1 FOLLOWER]: Leader election won for term 1
I20260713 09:04:04.101298  6597 raft_consensus.cc:697] T c115796c6a6947e384867be40344b394 P 20215cb04365482da2dc6bcfd39b73d4 [term 1 LEADER]: Becoming Leader. State: Replica: 20215cb04365482da2dc6bcfd39b73d4, State: Running, Role: LEADER
I20260713 09:04:04.102140  6553 raft_consensus.cc:359] T 3fb50a281ec049a0b89b4b0764f55887 P ed261ca5d70f4bbaa42d7857e26f04fa [term 0 FOLLOWER]: Replica starting. Triggering 0 pending ops. Active config: opid_index: -1 OBSOLETE_local: false peers { permanent_uuid: "20215cb04365482da2dc6bcfd39b73d4" member_type: VOTER last_known_addr { host: "127.5.155.193" port: 32829 } } peers { permanent_uuid: "ed261ca5d70f4bbaa42d7857e26f04fa" member_type: VOTER last_known_addr { host: "127.5.155.194" port: 35165 } } peers { permanent_uuid: "416bebe737854b62b63e108118cb3173" member_type: VOTER last_known_addr { host: "127.5.155.195" port: 32845 } }
I20260713 09:04:04.102911  6553 raft_consensus.cc:385] T 3fb50a281ec049a0b89b4b0764f55887 P ed261ca5d70f4bbaa42d7857e26f04fa [term 0 FOLLOWER]: Consensus starting up: Expiring failure detector timer to make a prompt election more likely
I20260713 09:04:04.103164  6553 raft_consensus.cc:740] T 3fb50a281ec049a0b89b4b0764f55887 P ed261ca5d70f4bbaa42d7857e26f04fa [term 0 FOLLOWER]: Becoming Follower/Learner. State: Replica: ed261ca5d70f4bbaa42d7857e26f04fa, State: Initialized, Role: FOLLOWER
I20260713 09:04:04.103425  6551 tablet_bootstrap.cc:654] T 3fb50a281ec049a0b89b4b0764f55887 P 20215cb04365482da2dc6bcfd39b73d4: Neither blocks nor log segments found. Creating new log.
I20260713 09:04:04.103504  6436 raft_consensus.cc:2468] T c115796c6a6947e384867be40344b394 P ed261ca5d70f4bbaa42d7857e26f04fa [term 1 FOLLOWER]: Leader election vote request: Granting yes vote for candidate 20215cb04365482da2dc6bcfd39b73d4 in term 1.
I20260713 09:04:04.103901  6553 consensus_queue.cc:260] T 3fb50a281ec049a0b89b4b0764f55887 P ed261ca5d70f4bbaa42d7857e26f04fa [NON_LEADER]: Queue going to NON_LEADER mode. State: All replicated index: 0, Majority replicated index: 0, Committed index: 0, Last appended: 0.0, Last appended by leader: 0, Current term: 0, Majority size: -1, State: 0, Mode: NON_LEADER, active raft config: opid_index: -1 OBSOLETE_local: false peers { permanent_uuid: "20215cb04365482da2dc6bcfd39b73d4" member_type: VOTER last_known_addr { host: "127.5.155.193" port: 32829 } } peers { permanent_uuid: "ed261ca5d70f4bbaa42d7857e26f04fa" member_type: VOTER last_known_addr { host: "127.5.155.194" port: 35165 } } peers { permanent_uuid: "416bebe737854b62b63e108118cb3173" member_type: VOTER last_known_addr { host: "127.5.155.195" port: 32845 } }
I20260713 09:04:04.102115  6597 consensus_queue.cc:237] T c115796c6a6947e384867be40344b394 P 20215cb04365482da2dc6bcfd39b73d4 [LEADER]: Queue going to LEADER mode. State: All replicated index: 0, Majority replicated index: 0, Committed index: 0, Last appended: 0.0, Last appended by leader: 0, Current term: 1, Majority size: 2, State: 0, Mode: LEADER, active raft config: opid_index: -1 OBSOLETE_local: false peers { permanent_uuid: "20215cb04365482da2dc6bcfd39b73d4" member_type: VOTER last_known_addr { host: "127.5.155.193" port: 32829 } } peers { permanent_uuid: "ed261ca5d70f4bbaa42d7857e26f04fa" member_type: VOTER last_known_addr { host: "127.5.155.194" port: 35165 } } peers { permanent_uuid: "416bebe737854b62b63e108118cb3173" member_type: VOTER last_known_addr { host: "127.5.155.195" port: 32845 } }
I20260713 09:04:04.108901  6553 ts_tablet_manager.cc:1434] T 3fb50a281ec049a0b89b4b0764f55887 P ed261ca5d70f4bbaa42d7857e26f04fa: Time spent starting tablet: real 0.009s	user 0.005s	sys 0.002s
I20260713 09:04:04.110570  6553 tablet_bootstrap.cc:492] T 579b95b3281b495aa7aee07effabef6a P ed261ca5d70f4bbaa42d7857e26f04fa: Bootstrap starting.
I20260713 09:04:04.116137  6553 tablet_bootstrap.cc:654] T 579b95b3281b495aa7aee07effabef6a P ed261ca5d70f4bbaa42d7857e26f04fa: Neither blocks nor log segments found. Creating new log.
I20260713 09:04:04.120937  6551 tablet_bootstrap.cc:492] T 3fb50a281ec049a0b89b4b0764f55887 P 20215cb04365482da2dc6bcfd39b73d4: No bootstrap required, opened a new log
I20260713 09:04:04.121402  6551 ts_tablet_manager.cc:1403] T 3fb50a281ec049a0b89b4b0764f55887 P 20215cb04365482da2dc6bcfd39b73d4: Time spent bootstrapping tablet: real 0.024s	user 0.010s	sys 0.013s
I20260713 09:04:04.123834  6551 raft_consensus.cc:359] T 3fb50a281ec049a0b89b4b0764f55887 P 20215cb04365482da2dc6bcfd39b73d4 [term 0 FOLLOWER]: Replica starting. Triggering 0 pending ops. Active config: opid_index: -1 OBSOLETE_local: false peers { permanent_uuid: "20215cb04365482da2dc6bcfd39b73d4" member_type: VOTER last_known_addr { host: "127.5.155.193" port: 32829 } } peers { permanent_uuid: "ed261ca5d70f4bbaa42d7857e26f04fa" member_type: VOTER last_known_addr { host: "127.5.155.194" port: 35165 } } peers { permanent_uuid: "416bebe737854b62b63e108118cb3173" member_type: VOTER last_known_addr { host: "127.5.155.195" port: 32845 } }
I20260713 09:04:04.124182  6553 tablet_bootstrap.cc:492] T 579b95b3281b495aa7aee07effabef6a P ed261ca5d70f4bbaa42d7857e26f04fa: No bootstrap required, opened a new log
I20260713 09:04:04.124320  6551 raft_consensus.cc:385] T 3fb50a281ec049a0b89b4b0764f55887 P 20215cb04365482da2dc6bcfd39b73d4 [term 0 FOLLOWER]: Consensus starting up: Expiring failure detector timer to make a prompt election more likely
I20260713 09:04:04.124691  6553 ts_tablet_manager.cc:1403] T 579b95b3281b495aa7aee07effabef6a P ed261ca5d70f4bbaa42d7857e26f04fa: Time spent bootstrapping tablet: real 0.014s	user 0.009s	sys 0.002s
I20260713 09:04:04.124676  6551 raft_consensus.cc:740] T 3fb50a281ec049a0b89b4b0764f55887 P 20215cb04365482da2dc6bcfd39b73d4 [term 0 FOLLOWER]: Becoming Follower/Learner. State: Replica: 20215cb04365482da2dc6bcfd39b73d4, State: Initialized, Role: FOLLOWER
I20260713 09:04:04.125422  6551 consensus_queue.cc:260] T 3fb50a281ec049a0b89b4b0764f55887 P 20215cb04365482da2dc6bcfd39b73d4 [NON_LEADER]: Queue going to NON_LEADER mode. State: All replicated index: 0, Majority replicated index: 0, Committed index: 0, Last appended: 0.0, Last appended by leader: 0, Current term: 0, Majority size: -1, State: 0, Mode: NON_LEADER, active raft config: opid_index: -1 OBSOLETE_local: false peers { permanent_uuid: "20215cb04365482da2dc6bcfd39b73d4" member_type: VOTER last_known_addr { host: "127.5.155.193" port: 32829 } } peers { permanent_uuid: "ed261ca5d70f4bbaa42d7857e26f04fa" member_type: VOTER last_known_addr { host: "127.5.155.194" port: 35165 } } peers { permanent_uuid: "416bebe737854b62b63e108118cb3173" member_type: VOTER last_known_addr { host: "127.5.155.195" port: 32845 } }
I20260713 09:04:04.126822  6551 ts_tablet_manager.cc:1434] T 3fb50a281ec049a0b89b4b0764f55887 P 20215cb04365482da2dc6bcfd39b73d4: Time spent starting tablet: real 0.005s	user 0.004s	sys 0.000s
I20260713 09:04:04.127480  6551 tablet_bootstrap.cc:492] T e1066ea5cb8e45129b9f52105f52beb8 P 20215cb04365482da2dc6bcfd39b73d4: Bootstrap starting.
I20260713 09:04:04.127363  6553 raft_consensus.cc:359] T 579b95b3281b495aa7aee07effabef6a P ed261ca5d70f4bbaa42d7857e26f04fa [term 0 FOLLOWER]: Replica starting. Triggering 0 pending ops. Active config: opid_index: -1 OBSOLETE_local: false peers { permanent_uuid: "20215cb04365482da2dc6bcfd39b73d4" member_type: VOTER last_known_addr { host: "127.5.155.193" port: 32829 } } peers { permanent_uuid: "ed261ca5d70f4bbaa42d7857e26f04fa" member_type: VOTER last_known_addr { host: "127.5.155.194" port: 35165 } } peers { permanent_uuid: "416bebe737854b62b63e108118cb3173" member_type: VOTER last_known_addr { host: "127.5.155.195" port: 32845 } }
I20260713 09:04:04.128057  6553 raft_consensus.cc:385] T 579b95b3281b495aa7aee07effabef6a P ed261ca5d70f4bbaa42d7857e26f04fa [term 0 FOLLOWER]: Consensus starting up: Expiring failure detector timer to make a prompt election more likely
I20260713 09:04:04.128314  6553 raft_consensus.cc:740] T 579b95b3281b495aa7aee07effabef6a P ed261ca5d70f4bbaa42d7857e26f04fa [term 0 FOLLOWER]: Becoming Follower/Learner. State: Replica: ed261ca5d70f4bbaa42d7857e26f04fa, State: Initialized, Role: FOLLOWER
I20260713 09:04:04.127712  6257 catalog_manager.cc:5697] T c115796c6a6947e384867be40344b394 P 20215cb04365482da2dc6bcfd39b73d4 reported cstate change: term changed from 0 to 1, leader changed from <none> to 20215cb04365482da2dc6bcfd39b73d4 (127.5.155.193). New cstate: current_term: 1 leader_uuid: "20215cb04365482da2dc6bcfd39b73d4" committed_config { opid_index: -1 OBSOLETE_local: false peers { permanent_uuid: "20215cb04365482da2dc6bcfd39b73d4" member_type: VOTER last_known_addr { host: "127.5.155.193" port: 32829 } health_report { overall_health: HEALTHY } } peers { permanent_uuid: "ed261ca5d70f4bbaa42d7857e26f04fa" member_type: VOTER last_known_addr { host: "127.5.155.194" port: 35165 } health_report { overall_health: UNKNOWN } } peers { permanent_uuid: "416bebe737854b62b63e108118cb3173" member_type: VOTER last_known_addr { host: "127.5.155.195" port: 32845 } health_report { overall_health: UNKNOWN } } }
I20260713 09:04:04.128988  6553 consensus_queue.cc:260] T 579b95b3281b495aa7aee07effabef6a P ed261ca5d70f4bbaa42d7857e26f04fa [NON_LEADER]: Queue going to NON_LEADER mode. State: All replicated index: 0, Majority replicated index: 0, Committed index: 0, Last appended: 0.0, Last appended by leader: 0, Current term: 0, Majority size: -1, State: 0, Mode: NON_LEADER, active raft config: opid_index: -1 OBSOLETE_local: false peers { permanent_uuid: "20215cb04365482da2dc6bcfd39b73d4" member_type: VOTER last_known_addr { host: "127.5.155.193" port: 32829 } } peers { permanent_uuid: "ed261ca5d70f4bbaa42d7857e26f04fa" member_type: VOTER last_known_addr { host: "127.5.155.194" port: 35165 } } peers { permanent_uuid: "416bebe737854b62b63e108118cb3173" member_type: VOTER last_known_addr { host: "127.5.155.195" port: 32845 } }
I20260713 09:04:04.130501  6553 ts_tablet_manager.cc:1434] T 579b95b3281b495aa7aee07effabef6a P ed261ca5d70f4bbaa42d7857e26f04fa: Time spent starting tablet: real 0.005s	user 0.004s	sys 0.000s
I20260713 09:04:04.137044  6551 tablet_bootstrap.cc:654] T e1066ea5cb8e45129b9f52105f52beb8 P 20215cb04365482da2dc6bcfd39b73d4: Neither blocks nor log segments found. Creating new log.
I20260713 09:04:04.143944  6551 tablet_bootstrap.cc:492] T e1066ea5cb8e45129b9f52105f52beb8 P 20215cb04365482da2dc6bcfd39b73d4: No bootstrap required, opened a new log
I20260713 09:04:04.144323  6551 ts_tablet_manager.cc:1403] T e1066ea5cb8e45129b9f52105f52beb8 P 20215cb04365482da2dc6bcfd39b73d4: Time spent bootstrapping tablet: real 0.017s	user 0.008s	sys 0.000s
I20260713 09:04:04.146315  6551 raft_consensus.cc:359] T e1066ea5cb8e45129b9f52105f52beb8 P 20215cb04365482da2dc6bcfd39b73d4 [term 0 FOLLOWER]: Replica starting. Triggering 0 pending ops. Active config: opid_index: -1 OBSOLETE_local: false peers { permanent_uuid: "20215cb04365482da2dc6bcfd39b73d4" member_type: VOTER last_known_addr { host: "127.5.155.193" port: 32829 } } peers { permanent_uuid: "ed261ca5d70f4bbaa42d7857e26f04fa" member_type: VOTER last_known_addr { host: "127.5.155.194" port: 35165 } } peers { permanent_uuid: "416bebe737854b62b63e108118cb3173" member_type: VOTER last_known_addr { host: "127.5.155.195" port: 32845 } }
I20260713 09:04:04.146780  6551 raft_consensus.cc:385] T e1066ea5cb8e45129b9f52105f52beb8 P 20215cb04365482da2dc6bcfd39b73d4 [term 0 FOLLOWER]: Consensus starting up: Expiring failure detector timer to make a prompt election more likely
I20260713 09:04:04.147010  6551 raft_consensus.cc:740] T e1066ea5cb8e45129b9f52105f52beb8 P 20215cb04365482da2dc6bcfd39b73d4 [term 0 FOLLOWER]: Becoming Follower/Learner. State: Replica: 20215cb04365482da2dc6bcfd39b73d4, State: Initialized, Role: FOLLOWER
I20260713 09:04:04.147509  6551 consensus_queue.cc:260] T e1066ea5cb8e45129b9f52105f52beb8 P 20215cb04365482da2dc6bcfd39b73d4 [NON_LEADER]: Queue going to NON_LEADER mode. State: All replicated index: 0, Majority replicated index: 0, Committed index: 0, Last appended: 0.0, Last appended by leader: 0, Current term: 0, Majority size: -1, State: 0, Mode: NON_LEADER, active raft config: opid_index: -1 OBSOLETE_local: false peers { permanent_uuid: "20215cb04365482da2dc6bcfd39b73d4" member_type: VOTER last_known_addr { host: "127.5.155.193" port: 32829 } } peers { permanent_uuid: "ed261ca5d70f4bbaa42d7857e26f04fa" member_type: VOTER last_known_addr { host: "127.5.155.194" port: 35165 } } peers { permanent_uuid: "416bebe737854b62b63e108118cb3173" member_type: VOTER last_known_addr { host: "127.5.155.195" port: 32845 } }
I20260713 09:04:04.149333  6551 ts_tablet_manager.cc:1434] T e1066ea5cb8e45129b9f52105f52beb8 P 20215cb04365482da2dc6bcfd39b73d4: Time spent starting tablet: real 0.005s	user 0.001s	sys 0.003s
I20260713 09:04:04.167639  6559 raft_consensus.cc:493] T 9f626b3b900b4fbdb1d7163cf03a7daa P 416bebe737854b62b63e108118cb3173 [term 0 FOLLOWER]: Starting pre-election (no leader contacted us within the election timeout)
I20260713 09:04:04.168156  6559 raft_consensus.cc:515] T 9f626b3b900b4fbdb1d7163cf03a7daa P 416bebe737854b62b63e108118cb3173 [term 0 FOLLOWER]: Starting pre-election with config: opid_index: -1 OBSOLETE_local: false peers { permanent_uuid: "20215cb04365482da2dc6bcfd39b73d4" member_type: VOTER last_known_addr { host: "127.5.155.193" port: 32829 } } peers { permanent_uuid: "ed261ca5d70f4bbaa42d7857e26f04fa" member_type: VOTER last_known_addr { host: "127.5.155.194" port: 35165 } } peers { permanent_uuid: "416bebe737854b62b63e108118cb3173" member_type: VOTER last_known_addr { host: "127.5.155.195" port: 32845 } }
I20260713 09:04:04.169986  6559 leader_election.cc:290] T 9f626b3b900b4fbdb1d7163cf03a7daa P 416bebe737854b62b63e108118cb3173 [CANDIDATE]: Term 1 pre-election: Requested pre-vote from peers 20215cb04365482da2dc6bcfd39b73d4 (127.5.155.193:32829), ed261ca5d70f4bbaa42d7857e26f04fa (127.5.155.194:35165)
I20260713 09:04:04.170753  6362 tablet_service.cc:1917] Received RequestConsensusVote() RPC: tablet_id: "9f626b3b900b4fbdb1d7163cf03a7daa" candidate_uuid: "416bebe737854b62b63e108118cb3173" candidate_term: 1 candidate_status { last_received { term: 0 index: 0 } } ignore_live_leader: false dest_uuid: "20215cb04365482da2dc6bcfd39b73d4" is_pre_election: true
I20260713 09:04:04.171030  6436 tablet_service.cc:1917] Received RequestConsensusVote() RPC: tablet_id: "9f626b3b900b4fbdb1d7163cf03a7daa" candidate_uuid: "416bebe737854b62b63e108118cb3173" candidate_term: 1 candidate_status { last_received { term: 0 index: 0 } } ignore_live_leader: false dest_uuid: "ed261ca5d70f4bbaa42d7857e26f04fa" is_pre_election: true
I20260713 09:04:04.171444  6362 raft_consensus.cc:2393] T 9f626b3b900b4fbdb1d7163cf03a7daa P 20215cb04365482da2dc6bcfd39b73d4 [term 1 FOLLOWER]: Leader pre-election vote request: Denying vote to candidate 416bebe737854b62b63e108118cb3173 in current term 1: Already voted for candidate ed261ca5d70f4bbaa42d7857e26f04fa in this term.
I20260713 09:04:04.172509  6476 leader_election.cc:304] T 9f626b3b900b4fbdb1d7163cf03a7daa P 416bebe737854b62b63e108118cb3173 [CANDIDATE]: Term 1 pre-election: Election decided. Result: candidate lost. Election summary: received 3 responses out of 3 voters: 1 yes votes; 2 no votes. yes voters: 416bebe737854b62b63e108118cb3173; no voters: 20215cb04365482da2dc6bcfd39b73d4, ed261ca5d70f4bbaa42d7857e26f04fa
I20260713 09:04:04.173188  6559 raft_consensus.cc:3060] T 9f626b3b900b4fbdb1d7163cf03a7daa P 416bebe737854b62b63e108118cb3173 [term 0 FOLLOWER]: Advancing to term 1
I20260713 09:04:04.177708  6559 raft_consensus.cc:2749] T 9f626b3b900b4fbdb1d7163cf03a7daa P 416bebe737854b62b63e108118cb3173 [term 1 FOLLOWER]: Leader pre-election lost for term 1. Reason: could not achieve majority
I20260713 09:04:04.182164  6559 raft_consensus.cc:493] T f9c3b44f3561470b90aa7f0f4375f9d7 P 416bebe737854b62b63e108118cb3173 [term 0 FOLLOWER]: Starting pre-election (no leader contacted us within the election timeout)
I20260713 09:04:04.182621  6559 raft_consensus.cc:515] T f9c3b44f3561470b90aa7f0f4375f9d7 P 416bebe737854b62b63e108118cb3173 [term 0 FOLLOWER]: Starting pre-election with config: opid_index: -1 OBSOLETE_local: false peers { permanent_uuid: "20215cb04365482da2dc6bcfd39b73d4" member_type: VOTER last_known_addr { host: "127.5.155.193" port: 32829 } } peers { permanent_uuid: "ed261ca5d70f4bbaa42d7857e26f04fa" member_type: VOTER last_known_addr { host: "127.5.155.194" port: 35165 } } peers { permanent_uuid: "416bebe737854b62b63e108118cb3173" member_type: VOTER last_known_addr { host: "127.5.155.195" port: 32845 } }
I20260713 09:04:04.185421  6559 leader_election.cc:290] T f9c3b44f3561470b90aa7f0f4375f9d7 P 416bebe737854b62b63e108118cb3173 [CANDIDATE]: Term 1 pre-election: Requested pre-vote from peers 20215cb04365482da2dc6bcfd39b73d4 (127.5.155.193:32829), ed261ca5d70f4bbaa42d7857e26f04fa (127.5.155.194:35165)
I20260713 09:04:04.185484  6362 tablet_service.cc:1917] Received RequestConsensusVote() RPC: tablet_id: "f9c3b44f3561470b90aa7f0f4375f9d7" candidate_uuid: "416bebe737854b62b63e108118cb3173" candidate_term: 1 candidate_status { last_received { term: 0 index: 0 } } ignore_live_leader: false dest_uuid: "20215cb04365482da2dc6bcfd39b73d4" is_pre_election: true
I20260713 09:04:04.185818  6436 tablet_service.cc:1917] Received RequestConsensusVote() RPC: tablet_id: "f9c3b44f3561470b90aa7f0f4375f9d7" candidate_uuid: "416bebe737854b62b63e108118cb3173" candidate_term: 1 candidate_status { last_received { term: 0 index: 0 } } ignore_live_leader: false dest_uuid: "ed261ca5d70f4bbaa42d7857e26f04fa" is_pre_election: true
I20260713 09:04:04.186185  6362 raft_consensus.cc:2468] T f9c3b44f3561470b90aa7f0f4375f9d7 P 20215cb04365482da2dc6bcfd39b73d4 [term 0 FOLLOWER]: Leader pre-election vote request: Granting yes vote for candidate 416bebe737854b62b63e108118cb3173 in term 0.
I20260713 09:04:04.186303  6437 raft_consensus.cc:3060] T 2e8a50d41b7c4899ad3cea05cab97051 P ed261ca5d70f4bbaa42d7857e26f04fa [term 0 FOLLOWER]: Advancing to term 1
I20260713 09:04:04.186510  6436 raft_consensus.cc:2468] T f9c3b44f3561470b90aa7f0f4375f9d7 P ed261ca5d70f4bbaa42d7857e26f04fa [term 0 FOLLOWER]: Leader pre-election vote request: Granting yes vote for candidate 416bebe737854b62b63e108118cb3173 in term 0.
I20260713 09:04:04.187281  6476 leader_election.cc:304] T f9c3b44f3561470b90aa7f0f4375f9d7 P 416bebe737854b62b63e108118cb3173 [CANDIDATE]: Term 1 pre-election: Election decided. Result: candidate won. Election summary: received 2 responses out of 3 voters: 2 yes votes; 0 no votes. yes voters: 20215cb04365482da2dc6bcfd39b73d4, 416bebe737854b62b63e108118cb3173; no voters: 
I20260713 09:04:04.187567  6585 raft_consensus.cc:493] T e1066ea5cb8e45129b9f52105f52beb8 P ed261ca5d70f4bbaa42d7857e26f04fa [term 0 FOLLOWER]: Starting pre-election (no leader contacted us within the election timeout)
I20260713 09:04:04.188141  6559 raft_consensus.cc:2804] T f9c3b44f3561470b90aa7f0f4375f9d7 P 416bebe737854b62b63e108118cb3173 [term 0 FOLLOWER]: Leader pre-election won for term 1
I20260713 09:04:04.188007  6585 raft_consensus.cc:515] T e1066ea5cb8e45129b9f52105f52beb8 P ed261ca5d70f4bbaa42d7857e26f04fa [term 0 FOLLOWER]: Starting pre-election with config: opid_index: -1 OBSOLETE_local: false peers { permanent_uuid: "20215cb04365482da2dc6bcfd39b73d4" member_type: VOTER last_known_addr { host: "127.5.155.193" port: 32829 } } peers { permanent_uuid: "ed261ca5d70f4bbaa42d7857e26f04fa" member_type: VOTER last_known_addr { host: "127.5.155.194" port: 35165 } } peers { permanent_uuid: "416bebe737854b62b63e108118cb3173" member_type: VOTER last_known_addr { host: "127.5.155.195" port: 32845 } }
I20260713 09:04:04.188596  6559 raft_consensus.cc:493] T f9c3b44f3561470b90aa7f0f4375f9d7 P 416bebe737854b62b63e108118cb3173 [term 0 FOLLOWER]: Starting leader election (no leader contacted us within the election timeout)
I20260713 09:04:04.189008  6559 raft_consensus.cc:3060] T f9c3b44f3561470b90aa7f0f4375f9d7 P 416bebe737854b62b63e108118cb3173 [term 0 FOLLOWER]: Advancing to term 1
I20260713 09:04:04.190290  6585 leader_election.cc:290] T e1066ea5cb8e45129b9f52105f52beb8 P ed261ca5d70f4bbaa42d7857e26f04fa [CANDIDATE]: Term 1 pre-election: Requested pre-vote from peers 20215cb04365482da2dc6bcfd39b73d4 (127.5.155.193:32829), 416bebe737854b62b63e108118cb3173 (127.5.155.195:32845)
I20260713 09:04:04.191417  6362 tablet_service.cc:1917] Received RequestConsensusVote() RPC: tablet_id: "e1066ea5cb8e45129b9f52105f52beb8" candidate_uuid: "ed261ca5d70f4bbaa42d7857e26f04fa" candidate_term: 1 candidate_status { last_received { term: 0 index: 0 } } ignore_live_leader: false dest_uuid: "20215cb04365482da2dc6bcfd39b73d4" is_pre_election: true
I20260713 09:04:04.191642  6510 tablet_service.cc:1917] Received RequestConsensusVote() RPC: tablet_id: "e1066ea5cb8e45129b9f52105f52beb8" candidate_uuid: "ed261ca5d70f4bbaa42d7857e26f04fa" candidate_term: 1 candidate_status { last_received { term: 0 index: 0 } } ignore_live_leader: false dest_uuid: "416bebe737854b62b63e108118cb3173" is_pre_election: true
I20260713 09:04:04.192075  6362 raft_consensus.cc:2468] T e1066ea5cb8e45129b9f52105f52beb8 P 20215cb04365482da2dc6bcfd39b73d4 [term 0 FOLLOWER]: Leader pre-election vote request: Granting yes vote for candidate ed261ca5d70f4bbaa42d7857e26f04fa in term 0.
I20260713 09:04:04.192227  6510 raft_consensus.cc:2468] T e1066ea5cb8e45129b9f52105f52beb8 P 416bebe737854b62b63e108118cb3173 [term 0 FOLLOWER]: Leader pre-election vote request: Granting yes vote for candidate ed261ca5d70f4bbaa42d7857e26f04fa in term 0.
I20260713 09:04:04.193243  6402 leader_election.cc:304] T e1066ea5cb8e45129b9f52105f52beb8 P ed261ca5d70f4bbaa42d7857e26f04fa [CANDIDATE]: Term 1 pre-election: Election decided. Result: candidate won. Election summary: received 2 responses out of 3 voters: 2 yes votes; 0 no votes. yes voters: 20215cb04365482da2dc6bcfd39b73d4, ed261ca5d70f4bbaa42d7857e26f04fa; no voters: 
I20260713 09:04:04.194062  6585 raft_consensus.cc:2804] T e1066ea5cb8e45129b9f52105f52beb8 P ed261ca5d70f4bbaa42d7857e26f04fa [term 0 FOLLOWER]: Leader pre-election won for term 1
I20260713 09:04:04.194438  6585 raft_consensus.cc:493] T e1066ea5cb8e45129b9f52105f52beb8 P ed261ca5d70f4bbaa42d7857e26f04fa [term 0 FOLLOWER]: Starting leader election (no leader contacted us within the election timeout)
I20260713 09:04:04.194774  6585 raft_consensus.cc:3060] T e1066ea5cb8e45129b9f52105f52beb8 P ed261ca5d70f4bbaa42d7857e26f04fa [term 0 FOLLOWER]: Advancing to term 1
I20260713 09:04:04.196692  6561 consensus_queue.cc:1048] T 2e8a50d41b7c4899ad3cea05cab97051 P 416bebe737854b62b63e108118cb3173 [LEADER]: Connected to new peer: Peer: permanent_uuid: "ed261ca5d70f4bbaa42d7857e26f04fa" member_type: VOTER last_known_addr { host: "127.5.155.194" port: 35165 }, Status: LMP_MISMATCH, Last received: 0.0, Next index: 1, Last known committed idx: 0, Time since last communication: 0.000s
I20260713 09:04:04.198170  6559 raft_consensus.cc:515] T f9c3b44f3561470b90aa7f0f4375f9d7 P 416bebe737854b62b63e108118cb3173 [term 1 FOLLOWER]: Starting leader election with config: opid_index: -1 OBSOLETE_local: false peers { permanent_uuid: "20215cb04365482da2dc6bcfd39b73d4" member_type: VOTER last_known_addr { host: "127.5.155.193" port: 32829 } } peers { permanent_uuid: "ed261ca5d70f4bbaa42d7857e26f04fa" member_type: VOTER last_known_addr { host: "127.5.155.194" port: 35165 } } peers { permanent_uuid: "416bebe737854b62b63e108118cb3173" member_type: VOTER last_known_addr { host: "127.5.155.195" port: 32845 } }
I20260713 09:04:04.201874  6585 raft_consensus.cc:515] T e1066ea5cb8e45129b9f52105f52beb8 P ed261ca5d70f4bbaa42d7857e26f04fa [term 1 FOLLOWER]: Starting leader election with config: opid_index: -1 OBSOLETE_local: false peers { permanent_uuid: "20215cb04365482da2dc6bcfd39b73d4" member_type: VOTER last_known_addr { host: "127.5.155.193" port: 32829 } } peers { permanent_uuid: "ed261ca5d70f4bbaa42d7857e26f04fa" member_type: VOTER last_known_addr { host: "127.5.155.194" port: 35165 } } peers { permanent_uuid: "416bebe737854b62b63e108118cb3173" member_type: VOTER last_known_addr { host: "127.5.155.195" port: 32845 } }
I20260713 09:04:04.203382  6569 consensus_queue.cc:1048] T d7d075e9064c4212b867bc2d4bafce0d P 416bebe737854b62b63e108118cb3173 [LEADER]: Connected to new peer: Peer: permanent_uuid: "20215cb04365482da2dc6bcfd39b73d4" member_type: VOTER last_known_addr { host: "127.5.155.193" port: 32829 }, Status: LMP_MISMATCH, Last received: 0.0, Next index: 1, Last known committed idx: 0, Time since last communication: 0.001s
I20260713 09:04:04.204712  6585 leader_election.cc:290] T e1066ea5cb8e45129b9f52105f52beb8 P ed261ca5d70f4bbaa42d7857e26f04fa [CANDIDATE]: Term 1 election: Requested vote from peers 20215cb04365482da2dc6bcfd39b73d4 (127.5.155.193:32829), 416bebe737854b62b63e108118cb3173 (127.5.155.195:32845)
I20260713 09:04:04.205410  6569 consensus_queue.cc:1048] T 2e8a50d41b7c4899ad3cea05cab97051 P 416bebe737854b62b63e108118cb3173 [LEADER]: Connected to new peer: Peer: permanent_uuid: "20215cb04365482da2dc6bcfd39b73d4" member_type: VOTER last_known_addr { host: "127.5.155.193" port: 32829 }, Status: LMP_MISMATCH, Last received: 0.0, Next index: 1, Last known committed idx: 0, Time since last communication: 0.000s
I20260713 09:04:04.205629  6436 tablet_service.cc:1917] Received RequestConsensusVote() RPC: tablet_id: "f9c3b44f3561470b90aa7f0f4375f9d7" candidate_uuid: "416bebe737854b62b63e108118cb3173" candidate_term: 1 candidate_status { last_received { term: 0 index: 0 } } ignore_live_leader: false dest_uuid: "ed261ca5d70f4bbaa42d7857e26f04fa"
I20260713 09:04:04.206372  6436 raft_consensus.cc:3060] T f9c3b44f3561470b90aa7f0f4375f9d7 P ed261ca5d70f4bbaa42d7857e26f04fa [term 0 FOLLOWER]: Advancing to term 1
I20260713 09:04:04.212522  6510 tablet_service.cc:1917] Received RequestConsensusVote() RPC: tablet_id: "e1066ea5cb8e45129b9f52105f52beb8" candidate_uuid: "ed261ca5d70f4bbaa42d7857e26f04fa" candidate_term: 1 candidate_status { last_received { term: 0 index: 0 } } ignore_live_leader: false dest_uuid: "416bebe737854b62b63e108118cb3173"
I20260713 09:04:04.213258  6510 raft_consensus.cc:3060] T e1066ea5cb8e45129b9f52105f52beb8 P 416bebe737854b62b63e108118cb3173 [term 0 FOLLOWER]: Advancing to term 1
I20260713 09:04:04.214408  6361 tablet_service.cc:1917] Received RequestConsensusVote() RPC: tablet_id: "f9c3b44f3561470b90aa7f0f4375f9d7" candidate_uuid: "416bebe737854b62b63e108118cb3173" candidate_term: 1 candidate_status { last_received { term: 0 index: 0 } } ignore_live_leader: false dest_uuid: "20215cb04365482da2dc6bcfd39b73d4"
I20260713 09:04:04.215229  6361 raft_consensus.cc:3060] T f9c3b44f3561470b90aa7f0f4375f9d7 P 20215cb04365482da2dc6bcfd39b73d4 [term 0 FOLLOWER]: Advancing to term 1
I20260713 09:04:04.216791  6436 raft_consensus.cc:2468] T f9c3b44f3561470b90aa7f0f4375f9d7 P ed261ca5d70f4bbaa42d7857e26f04fa [term 1 FOLLOWER]: Leader election vote request: Granting yes vote for candidate 416bebe737854b62b63e108118cb3173 in term 1.
I20260713 09:04:04.218595  6475 leader_election.cc:304] T f9c3b44f3561470b90aa7f0f4375f9d7 P 416bebe737854b62b63e108118cb3173 [CANDIDATE]: Term 1 election: Election decided. Result: candidate won. Election summary: received 2 responses out of 3 voters: 2 yes votes; 0 no votes. yes voters: 416bebe737854b62b63e108118cb3173, ed261ca5d70f4bbaa42d7857e26f04fa; no voters: 
I20260713 09:04:04.204712  6362 tablet_service.cc:1917] Received RequestConsensusVote() RPC: tablet_id: "e1066ea5cb8e45129b9f52105f52beb8" candidate_uuid: "ed261ca5d70f4bbaa42d7857e26f04fa" candidate_term: 1 candidate_status { last_received { term: 0 index: 0 } } ignore_live_leader: false dest_uuid: "20215cb04365482da2dc6bcfd39b73d4"
I20260713 09:04:04.221663  6362 raft_consensus.cc:3060] T e1066ea5cb8e45129b9f52105f52beb8 P 20215cb04365482da2dc6bcfd39b73d4 [term 0 FOLLOWER]: Advancing to term 1
I20260713 09:04:04.217350  6559 leader_election.cc:290] T f9c3b44f3561470b90aa7f0f4375f9d7 P 416bebe737854b62b63e108118cb3173 [CANDIDATE]: Term 1 election: Requested vote from peers 20215cb04365482da2dc6bcfd39b73d4 (127.5.155.193:32829), ed261ca5d70f4bbaa42d7857e26f04fa (127.5.155.194:35165)
I20260713 09:04:04.228118  6510 raft_consensus.cc:2468] T e1066ea5cb8e45129b9f52105f52beb8 P 416bebe737854b62b63e108118cb3173 [term 1 FOLLOWER]: Leader election vote request: Granting yes vote for candidate ed261ca5d70f4bbaa42d7857e26f04fa in term 1.
I20260713 09:04:04.228302  6569 raft_consensus.cc:2804] T f9c3b44f3561470b90aa7f0f4375f9d7 P 416bebe737854b62b63e108118cb3173 [term 1 FOLLOWER]: Leader election won for term 1
I20260713 09:04:04.231618  6569 raft_consensus.cc:697] T f9c3b44f3561470b90aa7f0f4375f9d7 P 416bebe737854b62b63e108118cb3173 [term 1 LEADER]: Becoming Leader. State: Replica: 416bebe737854b62b63e108118cb3173, State: Running, Role: LEADER
I20260713 09:04:04.233119  6402 leader_election.cc:304] T e1066ea5cb8e45129b9f52105f52beb8 P ed261ca5d70f4bbaa42d7857e26f04fa [CANDIDATE]: Term 1 election: Election decided. Result: candidate won. Election summary: received 2 responses out of 3 voters: 2 yes votes; 0 no votes. yes voters: 416bebe737854b62b63e108118cb3173, ed261ca5d70f4bbaa42d7857e26f04fa; no voters: 
I20260713 09:04:04.232800  6569 consensus_queue.cc:237] T f9c3b44f3561470b90aa7f0f4375f9d7 P 416bebe737854b62b63e108118cb3173 [LEADER]: Queue going to LEADER mode. State: All replicated index: 0, Majority replicated index: 0, Committed index: 0, Last appended: 0.0, Last appended by leader: 0, Current term: 1, Majority size: 2, State: 0, Mode: LEADER, active raft config: opid_index: -1 OBSOLETE_local: false peers { permanent_uuid: "20215cb04365482da2dc6bcfd39b73d4" member_type: VOTER last_known_addr { host: "127.5.155.193" port: 32829 } } peers { permanent_uuid: "ed261ca5d70f4bbaa42d7857e26f04fa" member_type: VOTER last_known_addr { host: "127.5.155.194" port: 35165 } } peers { permanent_uuid: "416bebe737854b62b63e108118cb3173" member_type: VOTER last_known_addr { host: "127.5.155.195" port: 32845 } }
I20260713 09:04:04.233974  6585 raft_consensus.cc:2804] T e1066ea5cb8e45129b9f52105f52beb8 P ed261ca5d70f4bbaa42d7857e26f04fa [term 1 FOLLOWER]: Leader election won for term 1
I20260713 09:04:04.234457  6585 raft_consensus.cc:697] T e1066ea5cb8e45129b9f52105f52beb8 P ed261ca5d70f4bbaa42d7857e26f04fa [term 1 LEADER]: Becoming Leader. State: Replica: ed261ca5d70f4bbaa42d7857e26f04fa, State: Running, Role: LEADER
I20260713 09:04:04.235261  6585 consensus_queue.cc:237] T e1066ea5cb8e45129b9f52105f52beb8 P ed261ca5d70f4bbaa42d7857e26f04fa [LEADER]: Queue going to LEADER mode. State: All replicated index: 0, Majority replicated index: 0, Committed index: 0, Last appended: 0.0, Last appended by leader: 0, Current term: 1, Majority size: 2, State: 0, Mode: LEADER, active raft config: opid_index: -1 OBSOLETE_local: false peers { permanent_uuid: "20215cb04365482da2dc6bcfd39b73d4" member_type: VOTER last_known_addr { host: "127.5.155.193" port: 32829 } } peers { permanent_uuid: "ed261ca5d70f4bbaa42d7857e26f04fa" member_type: VOTER last_known_addr { host: "127.5.155.194" port: 35165 } } peers { permanent_uuid: "416bebe737854b62b63e108118cb3173" member_type: VOTER last_known_addr { host: "127.5.155.195" port: 32845 } }
I20260713 09:04:04.257205  6582 consensus_queue.cc:1048] T 9f626b3b900b4fbdb1d7163cf03a7daa P ed261ca5d70f4bbaa42d7857e26f04fa [LEADER]: Connected to new peer: Peer: permanent_uuid: "20215cb04365482da2dc6bcfd39b73d4" member_type: VOTER last_known_addr { host: "127.5.155.193" port: 32829 }, Status: LMP_MISMATCH, Last received: 0.0, Next index: 1, Last known committed idx: 0, Time since last communication: 0.001s
I20260713 09:04:04.276660  6257 catalog_manager.cc:5697] T f9c3b44f3561470b90aa7f0f4375f9d7 P 416bebe737854b62b63e108118cb3173 reported cstate change: term changed from 0 to 1, leader changed from <none> to 416bebe737854b62b63e108118cb3173 (127.5.155.195). New cstate: current_term: 1 leader_uuid: "416bebe737854b62b63e108118cb3173" committed_config { opid_index: -1 OBSOLETE_local: false peers { permanent_uuid: "20215cb04365482da2dc6bcfd39b73d4" member_type: VOTER last_known_addr { host: "127.5.155.193" port: 32829 } health_report { overall_health: UNKNOWN } } peers { permanent_uuid: "ed261ca5d70f4bbaa42d7857e26f04fa" member_type: VOTER last_known_addr { host: "127.5.155.194" port: 35165 } health_report { overall_health: UNKNOWN } } peers { permanent_uuid: "416bebe737854b62b63e108118cb3173" member_type: VOTER last_known_addr { host: "127.5.155.195" port: 32845 } health_report { overall_health: HEALTHY } } }
I20260713 09:04:04.281772  6258 catalog_manager.cc:5697] T e1066ea5cb8e45129b9f52105f52beb8 P ed261ca5d70f4bbaa42d7857e26f04fa reported cstate change: term changed from 0 to 1, leader changed from <none> to ed261ca5d70f4bbaa42d7857e26f04fa (127.5.155.194). New cstate: current_term: 1 leader_uuid: "ed261ca5d70f4bbaa42d7857e26f04fa" committed_config { opid_index: -1 OBSOLETE_local: false peers { permanent_uuid: "20215cb04365482da2dc6bcfd39b73d4" member_type: VOTER last_known_addr { host: "127.5.155.193" port: 32829 } health_report { overall_health: UNKNOWN } } peers { permanent_uuid: "ed261ca5d70f4bbaa42d7857e26f04fa" member_type: VOTER last_known_addr { host: "127.5.155.194" port: 35165 } health_report { overall_health: HEALTHY } } peers { permanent_uuid: "416bebe737854b62b63e108118cb3173" member_type: VOTER last_known_addr { host: "127.5.155.195" port: 32845 } health_report { overall_health: UNKNOWN } } }
I20260713 09:04:04.286542  6569 consensus_queue.cc:1048] T d7d075e9064c4212b867bc2d4bafce0d P 416bebe737854b62b63e108118cb3173 [LEADER]: Connected to new peer: Peer: permanent_uuid: "ed261ca5d70f4bbaa42d7857e26f04fa" member_type: VOTER last_known_addr { host: "127.5.155.194" port: 35165 }, Status: LMP_MISMATCH, Last received: 0.0, Next index: 1, Last known committed idx: 0, Time since last communication: 0.001s
I20260713 09:04:04.291097  6582 consensus_queue.cc:1048] T be232ad64cd94a10879b4c9cfc71c554 P ed261ca5d70f4bbaa42d7857e26f04fa [LEADER]: Connected to new peer: Peer: permanent_uuid: "416bebe737854b62b63e108118cb3173" member_type: VOTER last_known_addr { host: "127.5.155.195" port: 32845 }, Status: LMP_MISMATCH, Last received: 0.0, Next index: 1, Last known committed idx: 0, Time since last communication: 0.000s
I20260713 09:04:04.318712  6582 raft_consensus.cc:493] T 579b95b3281b495aa7aee07effabef6a P ed261ca5d70f4bbaa42d7857e26f04fa [term 0 FOLLOWER]: Starting pre-election (no leader contacted us within the election timeout)
I20260713 09:04:04.319365  6582 raft_consensus.cc:515] T 579b95b3281b495aa7aee07effabef6a P ed261ca5d70f4bbaa42d7857e26f04fa [term 0 FOLLOWER]: Starting pre-election with config: opid_index: -1 OBSOLETE_local: false peers { permanent_uuid: "20215cb04365482da2dc6bcfd39b73d4" member_type: VOTER last_known_addr { host: "127.5.155.193" port: 32829 } } peers { permanent_uuid: "ed261ca5d70f4bbaa42d7857e26f04fa" member_type: VOTER last_known_addr { host: "127.5.155.194" port: 35165 } } peers { permanent_uuid: "416bebe737854b62b63e108118cb3173" member_type: VOTER last_known_addr { host: "127.5.155.195" port: 32845 } }
I20260713 09:04:04.322383  6582 leader_election.cc:290] T 579b95b3281b495aa7aee07effabef6a P ed261ca5d70f4bbaa42d7857e26f04fa [CANDIDATE]: Term 1 pre-election: Requested pre-vote from peers 20215cb04365482da2dc6bcfd39b73d4 (127.5.155.193:32829), 416bebe737854b62b63e108118cb3173 (127.5.155.195:32845)
I20260713 09:04:04.325438  6511 tablet_service.cc:1917] Received RequestConsensusVote() RPC: tablet_id: "579b95b3281b495aa7aee07effabef6a" candidate_uuid: "ed261ca5d70f4bbaa42d7857e26f04fa" candidate_term: 1 candidate_status { last_received { term: 0 index: 0 } } ignore_live_leader: false dest_uuid: "416bebe737854b62b63e108118cb3173" is_pre_election: true
I20260713 09:04:04.326017  6597 raft_consensus.cc:493] T 3fb50a281ec049a0b89b4b0764f55887 P 20215cb04365482da2dc6bcfd39b73d4 [term 0 FOLLOWER]: Starting pre-election (no leader contacted us within the election timeout)
I20260713 09:04:04.326498  6597 raft_consensus.cc:515] T 3fb50a281ec049a0b89b4b0764f55887 P 20215cb04365482da2dc6bcfd39b73d4 [term 0 FOLLOWER]: Starting pre-election with config: opid_index: -1 OBSOLETE_local: false peers { permanent_uuid: "20215cb04365482da2dc6bcfd39b73d4" member_type: VOTER last_known_addr { host: "127.5.155.193" port: 32829 } } peers { permanent_uuid: "ed261ca5d70f4bbaa42d7857e26f04fa" member_type: VOTER last_known_addr { host: "127.5.155.194" port: 35165 } } peers { permanent_uuid: "416bebe737854b62b63e108118cb3173" member_type: VOTER last_known_addr { host: "127.5.155.195" port: 32845 } }
I20260713 09:04:04.329018  6597 leader_election.cc:290] T 3fb50a281ec049a0b89b4b0764f55887 P 20215cb04365482da2dc6bcfd39b73d4 [CANDIDATE]: Term 1 pre-election: Requested pre-vote from peers ed261ca5d70f4bbaa42d7857e26f04fa (127.5.155.194:35165), 416bebe737854b62b63e108118cb3173 (127.5.155.195:32845)
I20260713 09:04:04.330706  6360 tablet_service.cc:1917] Received RequestConsensusVote() RPC: tablet_id: "579b95b3281b495aa7aee07effabef6a" candidate_uuid: "ed261ca5d70f4bbaa42d7857e26f04fa" candidate_term: 1 candidate_status { last_received { term: 0 index: 0 } } ignore_live_leader: false dest_uuid: "20215cb04365482da2dc6bcfd39b73d4" is_pre_election: true
I20260713 09:04:04.331748  6511 tablet_service.cc:1917] Received RequestConsensusVote() RPC: tablet_id: "3fb50a281ec049a0b89b4b0764f55887" candidate_uuid: "20215cb04365482da2dc6bcfd39b73d4" candidate_term: 1 candidate_status { last_received { term: 0 index: 0 } } ignore_live_leader: false dest_uuid: "416bebe737854b62b63e108118cb3173" is_pre_election: true
I20260713 09:04:04.333350  6511 raft_consensus.cc:2468] T 3fb50a281ec049a0b89b4b0764f55887 P 416bebe737854b62b63e108118cb3173 [term 0 FOLLOWER]: Leader pre-election vote request: Granting yes vote for candidate 20215cb04365482da2dc6bcfd39b73d4 in term 0.
I20260713 09:04:04.335031  6327 leader_election.cc:304] T 3fb50a281ec049a0b89b4b0764f55887 P 20215cb04365482da2dc6bcfd39b73d4 [CANDIDATE]: Term 1 pre-election: Election decided. Result: candidate won. Election summary: received 2 responses out of 3 voters: 2 yes votes; 0 no votes. yes voters: 20215cb04365482da2dc6bcfd39b73d4, 416bebe737854b62b63e108118cb3173; no voters: 
I20260713 09:04:04.331727  6436 tablet_service.cc:1917] Received RequestConsensusVote() RPC: tablet_id: "3fb50a281ec049a0b89b4b0764f55887" candidate_uuid: "20215cb04365482da2dc6bcfd39b73d4" candidate_term: 1 candidate_status { last_received { term: 0 index: 0 } } ignore_live_leader: false dest_uuid: "ed261ca5d70f4bbaa42d7857e26f04fa" is_pre_election: true
I20260713 09:04:04.336024  6597 raft_consensus.cc:2804] T 3fb50a281ec049a0b89b4b0764f55887 P 20215cb04365482da2dc6bcfd39b73d4 [term 0 FOLLOWER]: Leader pre-election won for term 1
I20260713 09:04:04.336447  6597 raft_consensus.cc:493] T 3fb50a281ec049a0b89b4b0764f55887 P 20215cb04365482da2dc6bcfd39b73d4 [term 0 FOLLOWER]: Starting leader election (no leader contacted us within the election timeout)
I20260713 09:04:04.337073  6597 raft_consensus.cc:3060] T 3fb50a281ec049a0b89b4b0764f55887 P 20215cb04365482da2dc6bcfd39b73d4 [term 0 FOLLOWER]: Advancing to term 1
I20260713 09:04:04.339679  6361 raft_consensus.cc:2468] T f9c3b44f3561470b90aa7f0f4375f9d7 P 20215cb04365482da2dc6bcfd39b73d4 [term 1 FOLLOWER]: Leader election vote request: Granting yes vote for candidate 416bebe737854b62b63e108118cb3173 in term 1.
I20260713 09:04:04.345036  6582 consensus_queue.cc:1048] T 9f626b3b900b4fbdb1d7163cf03a7daa P ed261ca5d70f4bbaa42d7857e26f04fa [LEADER]: Connected to new peer: Peer: permanent_uuid: "416bebe737854b62b63e108118cb3173" member_type: VOTER last_known_addr { host: "127.5.155.195" port: 32845 }, Status: LMP_MISMATCH, Last received: 0.0, Next index: 1, Last known committed idx: 0, Time since last communication: 0.001s
I20260713 09:04:04.337060  6360 raft_consensus.cc:2393] T 579b95b3281b495aa7aee07effabef6a P 20215cb04365482da2dc6bcfd39b73d4 [term 1 FOLLOWER]: Leader pre-election vote request: Denying vote to candidate ed261ca5d70f4bbaa42d7857e26f04fa in current term 1: Already voted for candidate 416bebe737854b62b63e108118cb3173 in this term.
I20260713 09:04:04.360486  6585 consensus_queue.cc:1048] T be232ad64cd94a10879b4c9cfc71c554 P ed261ca5d70f4bbaa42d7857e26f04fa [LEADER]: Connected to new peer: Peer: permanent_uuid: "20215cb04365482da2dc6bcfd39b73d4" member_type: VOTER last_known_addr { host: "127.5.155.193" port: 32829 }, Status: LMP_MISMATCH, Last received: 0.0, Next index: 1, Last known committed idx: 0, Time since last communication: 0.000s
I20260713 09:04:04.362419  6597 raft_consensus.cc:515] T 3fb50a281ec049a0b89b4b0764f55887 P 20215cb04365482da2dc6bcfd39b73d4 [term 1 FOLLOWER]: Starting leader election with config: opid_index: -1 OBSOLETE_local: false peers { permanent_uuid: "20215cb04365482da2dc6bcfd39b73d4" member_type: VOTER last_known_addr { host: "127.5.155.193" port: 32829 } } peers { permanent_uuid: "ed261ca5d70f4bbaa42d7857e26f04fa" member_type: VOTER last_known_addr { host: "127.5.155.194" port: 35165 } } peers { permanent_uuid: "416bebe737854b62b63e108118cb3173" member_type: VOTER last_known_addr { host: "127.5.155.195" port: 32845 } }
I20260713 09:04:04.363951  6402 leader_election.cc:304] T 579b95b3281b495aa7aee07effabef6a P ed261ca5d70f4bbaa42d7857e26f04fa [CANDIDATE]: Term 1 pre-election: Election decided. Result: candidate lost. Election summary: received 3 responses out of 3 voters: 1 yes votes; 2 no votes. yes voters: ed261ca5d70f4bbaa42d7857e26f04fa; no voters: 20215cb04365482da2dc6bcfd39b73d4, 416bebe737854b62b63e108118cb3173
I20260713 09:04:04.365144  6585 raft_consensus.cc:3060] T 579b95b3281b495aa7aee07effabef6a P ed261ca5d70f4bbaa42d7857e26f04fa [term 0 FOLLOWER]: Advancing to term 1
I20260713 09:04:04.372447  6585 raft_consensus.cc:2749] T 579b95b3281b495aa7aee07effabef6a P ed261ca5d70f4bbaa42d7857e26f04fa [term 1 FOLLOWER]: Leader pre-election lost for term 1. Reason: could not achieve majority
I20260713 09:04:04.374593  6437 tablet_service.cc:1917] Received RequestConsensusVote() RPC: tablet_id: "3fb50a281ec049a0b89b4b0764f55887" candidate_uuid: "20215cb04365482da2dc6bcfd39b73d4" candidate_term: 1 candidate_status { last_received { term: 0 index: 0 } } ignore_live_leader: false dest_uuid: "ed261ca5d70f4bbaa42d7857e26f04fa"
I20260713 09:04:04.336470  6436 raft_consensus.cc:2468] T 3fb50a281ec049a0b89b4b0764f55887 P ed261ca5d70f4bbaa42d7857e26f04fa [term 0 FOLLOWER]: Leader pre-election vote request: Granting yes vote for candidate 20215cb04365482da2dc6bcfd39b73d4 in term 0.
I20260713 09:04:04.336441  6362 raft_consensus.cc:2468] T e1066ea5cb8e45129b9f52105f52beb8 P 20215cb04365482da2dc6bcfd39b73d4 [term 1 FOLLOWER]: Leader election vote request: Granting yes vote for candidate ed261ca5d70f4bbaa42d7857e26f04fa in term 1.
I20260713 09:04:04.379043  6597 leader_election.cc:290] T 3fb50a281ec049a0b89b4b0764f55887 P 20215cb04365482da2dc6bcfd39b73d4 [CANDIDATE]: Term 1 election: Requested vote from peers ed261ca5d70f4bbaa42d7857e26f04fa (127.5.155.194:35165), 416bebe737854b62b63e108118cb3173 (127.5.155.195:32845)
I20260713 09:04:04.380157  6510 tablet_service.cc:1917] Received RequestConsensusVote() RPC: tablet_id: "3fb50a281ec049a0b89b4b0764f55887" candidate_uuid: "20215cb04365482da2dc6bcfd39b73d4" candidate_term: 1 candidate_status { last_received { term: 0 index: 0 } } ignore_live_leader: false dest_uuid: "416bebe737854b62b63e108118cb3173"
I20260713 09:04:04.380870  6510 raft_consensus.cc:3060] T 3fb50a281ec049a0b89b4b0764f55887 P 416bebe737854b62b63e108118cb3173 [term 0 FOLLOWER]: Advancing to term 1
I20260713 09:04:04.388304  6510 raft_consensus.cc:2468] T 3fb50a281ec049a0b89b4b0764f55887 P 416bebe737854b62b63e108118cb3173 [term 1 FOLLOWER]: Leader election vote request: Granting yes vote for candidate 20215cb04365482da2dc6bcfd39b73d4 in term 1.
I20260713 09:04:04.389434  6327 leader_election.cc:304] T 3fb50a281ec049a0b89b4b0764f55887 P 20215cb04365482da2dc6bcfd39b73d4 [CANDIDATE]: Term 1 election: Election decided. Result: candidate won. Election summary: received 3 responses out of 3 voters: 2 yes votes; 1 no votes. yes voters: 20215cb04365482da2dc6bcfd39b73d4, 416bebe737854b62b63e108118cb3173; no voters: ed261ca5d70f4bbaa42d7857e26f04fa
I20260713 09:04:04.390252  6597 raft_consensus.cc:2804] T 3fb50a281ec049a0b89b4b0764f55887 P 20215cb04365482da2dc6bcfd39b73d4 [term 1 FOLLOWER]: Leader election won for term 1
I20260713 09:04:04.390690  6597 raft_consensus.cc:697] T 3fb50a281ec049a0b89b4b0764f55887 P 20215cb04365482da2dc6bcfd39b73d4 [term 1 LEADER]: Becoming Leader. State: Replica: 20215cb04365482da2dc6bcfd39b73d4, State: Running, Role: LEADER
