I20260713 08:59:34.478704  1435 catalog_manager.cc:5697] T f233a867a43b4eb1ab934d238467a98e P 1cdbd45d9ca54043b2882f4d9397f21d reported cstate change: config changed from index 3 to 4, VOTER 91669909457b45ef9e5be89795d8e36e (127.0.107.195) evicted. New cstate: current_term: 1 leader_uuid: "fc51c00e121843179f24eb181ee74a61" committed_config { opid_index: 4 OBSOLETE_local: false peers { permanent_uuid: "32d21b88cf1b4f98bf5fe3da1463179b" member_type: VOTER last_known_addr { host: "127.0.107.193" port: 45929 } } peers { permanent_uuid: "fc51c00e121843179f24eb181ee74a61" member_type: VOTER last_known_addr { host: "127.0.107.194" port: 41083 } } peers { permanent_uuid: "1cdbd45d9ca54043b2882f4d9397f21d" member_type: VOTER last_known_addr { host: "127.0.107.196" port: 46515 } attrs { promote: false } } }
I20260713 08:59:34.484644  1538 raft_consensus.cc:2955] T f233a867a43b4eb1ab934d238467a98e P 32d21b88cf1b4f98bf5fe3da1463179b [term 1 FOLLOWER]: Committing config change with OpId 1.4: config changed from index 3 to 4, VOTER 91669909457b45ef9e5be89795d8e36e (127.0.107.195) evicted. New config: { opid_index: 4 OBSOLETE_local: false peers { permanent_uuid: "32d21b88cf1b4f98bf5fe3da1463179b" member_type: VOTER last_known_addr { host: "127.0.107.193" port: 45929 } } peers { permanent_uuid: "fc51c00e121843179f24eb181ee74a61" member_type: VOTER last_known_addr { host: "127.0.107.194" port: 41083 } } peers { permanent_uuid: "1cdbd45d9ca54043b2882f4d9397f21d" member_type: VOTER last_known_addr { host: "127.0.107.196" port: 46515 } attrs { promote: false } } }
I20260713 08:59:34.491801  1673 tablet_service.cc:1558] Processing DeleteTablet for tablet f233a867a43b4eb1ab934d238467a98e with delete_type TABLET_DATA_TOMBSTONED (TS 91669909457b45ef9e5be89795d8e36e not found in new config with opid_index 4) from {username='slave'} at 127.0.0.1:36320
I20260713 08:59:34.492709  2121 tablet_replica.cc:333] T f233a867a43b4eb1ab934d238467a98e P 91669909457b45ef9e5be89795d8e36e: stopping tablet replica
I20260713 08:59:34.501595  2121 raft_consensus.cc:2243] T f233a867a43b4eb1ab934d238467a98e P 91669909457b45ef9e5be89795d8e36e [term 1 FOLLOWER]: Raft consensus shutting down.
I20260713 08:59:34.502333  2121 raft_consensus.cc:2272] T f233a867a43b4eb1ab934d238467a98e P 91669909457b45ef9e5be89795d8e36e [term 1 FOLLOWER]: Raft consensus is shut down!
I20260713 08:59:34.507027  2121 ts_tablet_manager.cc:1916] T f233a867a43b4eb1ab934d238467a98e P 91669909457b45ef9e5be89795d8e36e: Deleting tablet data with delete state TABLET_DATA_TOMBSTONED
I20260713 08:59:34.510492  1958 raft_consensus.cc:1275] T 5ef2920d687d43c8ba8f5b83abb29981 P 1cdbd45d9ca54043b2882f4d9397f21d [term 1 LEARNER]: Refusing update from remote peer 32d21b88cf1b4f98bf5fe3da1463179b: Log matching property violated. Preceding OpId in replica: term: 1 index: 2. Preceding OpId from leader: term: 1 index: 3. (index mismatch)
I20260713 08:59:34.512064  1689 raft_consensus.cc:1275] T 5ef2920d687d43c8ba8f5b83abb29981 P 91669909457b45ef9e5be89795d8e36e [term 1 FOLLOWER]: Refusing update from remote peer 32d21b88cf1b4f98bf5fe3da1463179b: Log matching property violated. Preceding OpId in replica: term: 1 index: 2. Preceding OpId from leader: term: 1 index: 3. (index mismatch)
I20260713 08:59:34.513077  1611 raft_consensus.cc:1275] T 5ef2920d687d43c8ba8f5b83abb29981 P fc51c00e121843179f24eb181ee74a61 [term 1 FOLLOWER]: Refusing update from remote peer 32d21b88cf1b4f98bf5fe3da1463179b: Log matching property violated. Preceding OpId in replica: term: 1 index: 2. Preceding OpId from leader: term: 1 index: 3. (index mismatch)
I20260713 08:59:34.513509  2076 consensus_queue.cc:1048] T 5ef2920d687d43c8ba8f5b83abb29981 P 32d21b88cf1b4f98bf5fe3da1463179b [LEADER]: Connected to new peer: Peer: permanent_uuid: "1cdbd45d9ca54043b2882f4d9397f21d" member_type: VOTER last_known_addr { host: "127.0.107.196" port: 46515 } attrs { promote: false }, Status: LMP_MISMATCH, Last received: 0.0, Next index: 3, Last known committed idx: 2, Time since last communication: 0.000s
I20260713 08:59:34.514426  2096 consensus_queue.cc:1048] T 5ef2920d687d43c8ba8f5b83abb29981 P 32d21b88cf1b4f98bf5fe3da1463179b [LEADER]: Connected to new peer: Peer: permanent_uuid: "91669909457b45ef9e5be89795d8e36e" member_type: VOTER last_known_addr { host: "127.0.107.195" port: 36881 }, Status: LMP_MISMATCH, Last received: 0.0, Next index: 3, Last known committed idx: 2, Time since last communication: 0.000s
I20260713 08:59:34.515389  2095 consensus_queue.cc:1048] T 5ef2920d687d43c8ba8f5b83abb29981 P 32d21b88cf1b4f98bf5fe3da1463179b [LEADER]: Connected to new peer: Peer: permanent_uuid: "fc51c00e121843179f24eb181ee74a61" member_type: VOTER last_known_addr { host: "127.0.107.194" port: 41083 } attrs { replace: true }, Status: LMP_MISMATCH, Last received: 0.0, Next index: 3, Last known committed idx: 2, Time since last communication: 0.000s
I20260713 08:59:34.521209  2121 ts_tablet_manager.cc:1929] T f233a867a43b4eb1ab934d238467a98e P 91669909457b45ef9e5be89795d8e36e: tablet deleted with delete type TABLET_DATA_TOMBSTONED: last-logged OpId 1.3
I20260713 08:59:34.521863  2121 log.cc:1199] T f233a867a43b4eb1ab934d238467a98e P 91669909457b45ef9e5be89795d8e36e: Deleting WAL directory at /tmp/dist-test-task5L5QQu/test-tmp/auto_leader_rebalancer-test.0.LeaderRebalancerTest.AddTserver.1783933141799657-431-0/minicluster-data/ts-2-root/wals/f233a867a43b4eb1ab934d238467a98e
I20260713 08:59:34.523558  1426 catalog_manager.cc:5028] TS 91669909457b45ef9e5be89795d8e36e (127.0.107.195:36881): tablet f233a867a43b4eb1ab934d238467a98e (table test-workload [id=96f718733bc3406fb0b1a106d381cae5]) successfully deleted
I20260713 08:59:34.537878  2098 raft_consensus.cc:2955] T 5ef2920d687d43c8ba8f5b83abb29981 P 32d21b88cf1b4f98bf5fe3da1463179b [term 1 LEADER]: Committing config change with OpId 1.3: config changed from index 2 to 3, 1cdbd45d9ca54043b2882f4d9397f21d (127.0.107.196) changed from NON_VOTER to VOTER. New config: { opid_index: 3 OBSOLETE_local: false peers { permanent_uuid: "32d21b88cf1b4f98bf5fe3da1463179b" member_type: VOTER last_known_addr { host: "127.0.107.193" port: 45929 } } peers { permanent_uuid: "fc51c00e121843179f24eb181ee74a61" member_type: VOTER last_known_addr { host: "127.0.107.194" port: 41083 } attrs { replace: true } } peers { permanent_uuid: "91669909457b45ef9e5be89795d8e36e" member_type: VOTER last_known_addr { host: "127.0.107.195" port: 36881 } } peers { permanent_uuid: "1cdbd45d9ca54043b2882f4d9397f21d" member_type: VOTER last_known_addr { host: "127.0.107.196" port: 46515 } attrs { promote: false } } }
I20260713 08:59:34.538892  1958 raft_consensus.cc:2955] T 5ef2920d687d43c8ba8f5b83abb29981 P 1cdbd45d9ca54043b2882f4d9397f21d [term 1 FOLLOWER]: Committing config change with OpId 1.3: config changed from index 2 to 3, 1cdbd45d9ca54043b2882f4d9397f21d (127.0.107.196) changed from NON_VOTER to VOTER. New config: { opid_index: 3 OBSOLETE_local: false peers { permanent_uuid: "32d21b88cf1b4f98bf5fe3da1463179b" member_type: VOTER last_known_addr { host: "127.0.107.193" port: 45929 } } peers { permanent_uuid: "fc51c00e121843179f24eb181ee74a61" member_type: VOTER last_known_addr { host: "127.0.107.194" port: 41083 } attrs { replace: true } } peers { permanent_uuid: "91669909457b45ef9e5be89795d8e36e" member_type: VOTER last_known_addr { host: "127.0.107.195" port: 36881 } } peers { permanent_uuid: "1cdbd45d9ca54043b2882f4d9397f21d" member_type: VOTER last_known_addr { host: "127.0.107.196" port: 46515 } attrs { promote: false } } }
I20260713 08:59:34.543422  1611 raft_consensus.cc:2955] T 5ef2920d687d43c8ba8f5b83abb29981 P fc51c00e121843179f24eb181ee74a61 [term 1 FOLLOWER]: Committing config change with OpId 1.3: config changed from index 2 to 3, 1cdbd45d9ca54043b2882f4d9397f21d (127.0.107.196) changed from NON_VOTER to VOTER. New config: { opid_index: 3 OBSOLETE_local: false peers { permanent_uuid: "32d21b88cf1b4f98bf5fe3da1463179b" member_type: VOTER last_known_addr { host: "127.0.107.193" port: 45929 } } peers { permanent_uuid: "fc51c00e121843179f24eb181ee74a61" member_type: VOTER last_known_addr { host: "127.0.107.194" port: 41083 } attrs { replace: true } } peers { permanent_uuid: "91669909457b45ef9e5be89795d8e36e" member_type: VOTER last_known_addr { host: "127.0.107.195" port: 36881 } } peers { permanent_uuid: "1cdbd45d9ca54043b2882f4d9397f21d" member_type: VOTER last_known_addr { host: "127.0.107.196" port: 46515 } attrs { promote: false } } }
I20260713 08:59:34.549510  1689 raft_consensus.cc:2955] T 5ef2920d687d43c8ba8f5b83abb29981 P 91669909457b45ef9e5be89795d8e36e [term 1 FOLLOWER]: Committing config change with OpId 1.3: config changed from index 2 to 3, 1cdbd45d9ca54043b2882f4d9397f21d (127.0.107.196) changed from NON_VOTER to VOTER. New config: { opid_index: 3 OBSOLETE_local: false peers { permanent_uuid: "32d21b88cf1b4f98bf5fe3da1463179b" member_type: VOTER last_known_addr { host: "127.0.107.193" port: 45929 } } peers { permanent_uuid: "fc51c00e121843179f24eb181ee74a61" member_type: VOTER last_known_addr { host: "127.0.107.194" port: 41083 } attrs { replace: true } } peers { permanent_uuid: "91669909457b45ef9e5be89795d8e36e" member_type: VOTER last_known_addr { host: "127.0.107.195" port: 36881 } } peers { permanent_uuid: "1cdbd45d9ca54043b2882f4d9397f21d" member_type: VOTER last_known_addr { host: "127.0.107.196" port: 46515 } attrs { promote: false } } }
I20260713 08:59:34.553393  1437 catalog_manager.cc:5697] T 5ef2920d687d43c8ba8f5b83abb29981 P 32d21b88cf1b4f98bf5fe3da1463179b reported cstate change: config changed from index 2 to 3, 1cdbd45d9ca54043b2882f4d9397f21d (127.0.107.196) changed from NON_VOTER to VOTER. New cstate: current_term: 1 leader_uuid: "32d21b88cf1b4f98bf5fe3da1463179b" committed_config { opid_index: 3 OBSOLETE_local: false peers { permanent_uuid: "32d21b88cf1b4f98bf5fe3da1463179b" member_type: VOTER last_known_addr { host: "127.0.107.193" port: 45929 } health_report { overall_health: HEALTHY } } peers { permanent_uuid: "fc51c00e121843179f24eb181ee74a61" member_type: VOTER last_known_addr { host: "127.0.107.194" port: 41083 } attrs { replace: true } health_report { overall_health: HEALTHY } } peers { permanent_uuid: "91669909457b45ef9e5be89795d8e36e" member_type: VOTER last_known_addr { host: "127.0.107.195" port: 36881 } health_report { overall_health: HEALTHY } } peers { permanent_uuid: "1cdbd45d9ca54043b2882f4d9397f21d" member_type: VOTER last_known_addr { host: "127.0.107.196" port: 46515 } attrs { promote: false } health_report { overall_health: HEALTHY } } }
I20260713 08:59:34.571808  1538 consensus_queue.cc:237] T 5ef2920d687d43c8ba8f5b83abb29981 P 32d21b88cf1b4f98bf5fe3da1463179b [LEADER]: Queue going to LEADER mode. State: All replicated index: 0, Majority replicated index: 3, Committed index: 3, Last appended: 1.3, Last appended by leader: 0, Current term: 1, Majority size: 2, State: 0, Mode: LEADER, active raft config: opid_index: 4 OBSOLETE_local: false peers { permanent_uuid: "32d21b88cf1b4f98bf5fe3da1463179b" member_type: VOTER last_known_addr { host: "127.0.107.193" port: 45929 } } peers { permanent_uuid: "91669909457b45ef9e5be89795d8e36e" member_type: VOTER last_known_addr { host: "127.0.107.195" port: 36881 } } peers { permanent_uuid: "1cdbd45d9ca54043b2882f4d9397f21d" member_type: VOTER last_known_addr { host: "127.0.107.196" port: 46515 } attrs { promote: false } }
I20260713 08:59:34.577845  1689 raft_consensus.cc:1275] T 5ef2920d687d43c8ba8f5b83abb29981 P 91669909457b45ef9e5be89795d8e36e [term 1 FOLLOWER]: Refusing update from remote peer 32d21b88cf1b4f98bf5fe3da1463179b: Log matching property violated. Preceding OpId in replica: term: 1 index: 3. Preceding OpId from leader: term: 1 index: 4. (index mismatch)
I20260713 08:59:34.578168  1958 raft_consensus.cc:1275] T 5ef2920d687d43c8ba8f5b83abb29981 P 1cdbd45d9ca54043b2882f4d9397f21d [term 1 FOLLOWER]: Refusing update from remote peer 32d21b88cf1b4f98bf5fe3da1463179b: Log matching property violated. Preceding OpId in replica: term: 1 index: 3. Preceding OpId from leader: term: 1 index: 4. (index mismatch)
I20260713 08:59:34.579125  2095 consensus_queue.cc:1048] T 5ef2920d687d43c8ba8f5b83abb29981 P 32d21b88cf1b4f98bf5fe3da1463179b [LEADER]: Connected to new peer: Peer: permanent_uuid: "91669909457b45ef9e5be89795d8e36e" member_type: VOTER last_known_addr { host: "127.0.107.195" port: 36881 }, Status: LMP_MISMATCH, Last received: 0.0, Next index: 4, Last known committed idx: 3, Time since last communication: 0.000s
I20260713 08:59:34.579885  2098 consensus_queue.cc:1048] T 5ef2920d687d43c8ba8f5b83abb29981 P 32d21b88cf1b4f98bf5fe3da1463179b [LEADER]: Connected to new peer: Peer: permanent_uuid: "1cdbd45d9ca54043b2882f4d9397f21d" member_type: VOTER last_known_addr { host: "127.0.107.196" port: 46515 } attrs { promote: false }, Status: LMP_MISMATCH, Last received: 0.0, Next index: 4, Last known committed idx: 3, Time since last communication: 0.000s
I20260713 08:59:34.585927  2098 raft_consensus.cc:2955] T 5ef2920d687d43c8ba8f5b83abb29981 P 32d21b88cf1b4f98bf5fe3da1463179b [term 1 LEADER]: Committing config change with OpId 1.4: config changed from index 3 to 4, VOTER fc51c00e121843179f24eb181ee74a61 (127.0.107.194) evicted. New config: { opid_index: 4 OBSOLETE_local: false peers { permanent_uuid: "32d21b88cf1b4f98bf5fe3da1463179b" member_type: VOTER last_known_addr { host: "127.0.107.193" port: 45929 } } peers { permanent_uuid: "91669909457b45ef9e5be89795d8e36e" member_type: VOTER last_known_addr { host: "127.0.107.195" port: 36881 } } peers { permanent_uuid: "1cdbd45d9ca54043b2882f4d9397f21d" member_type: VOTER last_known_addr { host: "127.0.107.196" port: 46515 } attrs { promote: false } } }
I20260713 08:59:34.588810  1689 raft_consensus.cc:2955] T 5ef2920d687d43c8ba8f5b83abb29981 P 91669909457b45ef9e5be89795d8e36e [term 1 FOLLOWER]: Committing config change with OpId 1.4: config changed from index 3 to 4, VOTER fc51c00e121843179f24eb181ee74a61 (127.0.107.194) evicted. New config: { opid_index: 4 OBSOLETE_local: false peers { permanent_uuid: "32d21b88cf1b4f98bf5fe3da1463179b" member_type: VOTER last_known_addr { host: "127.0.107.193" port: 45929 } } peers { permanent_uuid: "91669909457b45ef9e5be89795d8e36e" member_type: VOTER last_known_addr { host: "127.0.107.195" port: 36881 } } peers { permanent_uuid: "1cdbd45d9ca54043b2882f4d9397f21d" member_type: VOTER last_known_addr { host: "127.0.107.196" port: 46515 } attrs { promote: false } } }
I20260713 08:59:34.588810  1958 raft_consensus.cc:2955] T 5ef2920d687d43c8ba8f5b83abb29981 P 1cdbd45d9ca54043b2882f4d9397f21d [term 1 FOLLOWER]: Committing config change with OpId 1.4: config changed from index 3 to 4, VOTER fc51c00e121843179f24eb181ee74a61 (127.0.107.194) evicted. New config: { opid_index: 4 OBSOLETE_local: false peers { permanent_uuid: "32d21b88cf1b4f98bf5fe3da1463179b" member_type: VOTER last_known_addr { host: "127.0.107.193" port: 45929 } } peers { permanent_uuid: "91669909457b45ef9e5be89795d8e36e" member_type: VOTER last_known_addr { host: "127.0.107.195" port: 36881 } } peers { permanent_uuid: "1cdbd45d9ca54043b2882f4d9397f21d" member_type: VOTER last_known_addr { host: "127.0.107.196" port: 46515 } attrs { promote: false } } }
I20260713 08:59:34.601819  1439 catalog_manager.cc:5697] T 5ef2920d687d43c8ba8f5b83abb29981 P 91669909457b45ef9e5be89795d8e36e reported cstate change: config changed from index 3 to 4, VOTER fc51c00e121843179f24eb181ee74a61 (127.0.107.194) evicted. New cstate: current_term: 1 leader_uuid: "32d21b88cf1b4f98bf5fe3da1463179b" committed_config { opid_index: 4 OBSOLETE_local: false peers { permanent_uuid: "32d21b88cf1b4f98bf5fe3da1463179b" member_type: VOTER last_known_addr { host: "127.0.107.193" port: 45929 } } peers { permanent_uuid: "91669909457b45ef9e5be89795d8e36e" member_type: VOTER last_known_addr { host: "127.0.107.195" port: 36881 } } peers { permanent_uuid: "1cdbd45d9ca54043b2882f4d9397f21d" member_type: VOTER last_known_addr { host: "127.0.107.196" port: 46515 } attrs { promote: false } } }
I20260713 08:59:34.603760  1426 catalog_manager.cc:5210] ChangeConfig:REMOVE_PEER RPC for tablet 5ef2920d687d43c8ba8f5b83abb29981 with cas_config_opid_index 3: ChangeConfig:REMOVE_PEER succeeded (attempt 1)
I20260713 08:59:34.613526  1598 tablet_service.cc:1558] Processing DeleteTablet for tablet 5ef2920d687d43c8ba8f5b83abb29981 with delete_type TABLET_DATA_TOMBSTONED (TS fc51c00e121843179f24eb181ee74a61 not found in new config with opid_index 4) from {username='slave'} at 127.0.0.1:50786
I20260713 08:59:34.614414  2109 tablet_replica.cc:333] T 5ef2920d687d43c8ba8f5b83abb29981 P fc51c00e121843179f24eb181ee74a61: stopping tablet replica
I20260713 08:59:34.615321  2109 raft_consensus.cc:2243] T 5ef2920d687d43c8ba8f5b83abb29981 P fc51c00e121843179f24eb181ee74a61 [term 1 FOLLOWER]: Raft consensus shutting down.
I20260713 08:59:34.615921  2109 raft_consensus.cc:2272] T 5ef2920d687d43c8ba8f5b83abb29981 P fc51c00e121843179f24eb181ee74a61 [term 1 FOLLOWER]: Raft consensus is shut down!
I20260713 08:59:34.619063  2109 ts_tablet_manager.cc:1916] T 5ef2920d687d43c8ba8f5b83abb29981 P fc51c00e121843179f24eb181ee74a61: Deleting tablet data with delete state TABLET_DATA_TOMBSTONED
I20260713 08:59:34.629601  2109 ts_tablet_manager.cc:1929] T 5ef2920d687d43c8ba8f5b83abb29981 P fc51c00e121843179f24eb181ee74a61: tablet deleted with delete type TABLET_DATA_TOMBSTONED: last-logged OpId 1.3
I20260713 08:59:34.629923  2109 log.cc:1199] T 5ef2920d687d43c8ba8f5b83abb29981 P fc51c00e121843179f24eb181ee74a61: Deleting WAL directory at /tmp/dist-test-task5L5QQu/test-tmp/auto_leader_rebalancer-test.0.LeaderRebalancerTest.AddTserver.1783933141799657-431-0/minicluster-data/ts-1-root/wals/5ef2920d687d43c8ba8f5b83abb29981
I20260713 08:59:34.631186  1424 catalog_manager.cc:5028] TS fc51c00e121843179f24eb181ee74a61 (127.0.107.194:41083): tablet 5ef2920d687d43c8ba8f5b83abb29981 (table test-workload [id=96f718733bc3406fb0b1a106d381cae5]) successfully deleted
I20260713 08:59:35.640834  1689 consensus_queue.cc:237] T d097bc85284741b4830bef8d0c741594 P 91669909457b45ef9e5be89795d8e36e [LEADER]: Queue going to LEADER mode. State: All replicated index: 0, Majority replicated index: 1, Committed index: 1, Last appended: 1.1, Last appended by leader: 0, Current term: 1, Majority size: 2, State: 0, Mode: LEADER, active raft config: opid_index: 2 OBSOLETE_local: false peers { permanent_uuid: "32d21b88cf1b4f98bf5fe3da1463179b" member_type: VOTER last_known_addr { host: "127.0.107.193" port: 45929 } attrs { replace: true } } peers { permanent_uuid: "fc51c00e121843179f24eb181ee74a61" member_type: VOTER last_known_addr { host: "127.0.107.194" port: 41083 } } peers { permanent_uuid: "91669909457b45ef9e5be89795d8e36e" member_type: VOTER last_known_addr { host: "127.0.107.195" port: 36881 } } peers { permanent_uuid: "1cdbd45d9ca54043b2882f4d9397f21d" member_type: NON_VOTER last_known_addr { host: "127.0.107.196" port: 46515 } attrs { promote: true } }
W20260713 08:59:35.646817  1654 consensus_peers.cc:597] T d097bc85284741b4830bef8d0c741594 P 91669909457b45ef9e5be89795d8e36e -> Peer 1cdbd45d9ca54043b2882f4d9397f21d (127.0.107.196:46515): Couldn't send request to peer 1cdbd45d9ca54043b2882f4d9397f21d. Error code: TABLET_NOT_FOUND (6). Status: Not found: Tablet not found: d097bc85284741b4830bef8d0c741594. This is attempt 1: this message will repeat every 5th retry.
I20260713 08:59:35.647862  1538 raft_consensus.cc:1275] T d097bc85284741b4830bef8d0c741594 P 32d21b88cf1b4f98bf5fe3da1463179b [term 1 FOLLOWER]: Refusing update from remote peer 91669909457b45ef9e5be89795d8e36e: Log matching property violated. Preceding OpId in replica: term: 1 index: 1. Preceding OpId from leader: term: 1 index: 2. (index mismatch)
I20260713 08:59:35.648226  1611 raft_consensus.cc:1275] T d097bc85284741b4830bef8d0c741594 P fc51c00e121843179f24eb181ee74a61 [term 1 FOLLOWER]: Refusing update from remote peer 91669909457b45ef9e5be89795d8e36e: Log matching property violated. Preceding OpId in replica: term: 1 index: 1. Preceding OpId from leader: term: 1 index: 2. (index mismatch)
I20260713 08:59:35.649163  2129 consensus_queue.cc:1048] T d097bc85284741b4830bef8d0c741594 P 91669909457b45ef9e5be89795d8e36e [LEADER]: Connected to new peer: Peer: permanent_uuid: "32d21b88cf1b4f98bf5fe3da1463179b" member_type: VOTER last_known_addr { host: "127.0.107.193" port: 45929 } attrs { replace: true }, Status: LMP_MISMATCH, Last received: 0.0, Next index: 2, Last known committed idx: 1, Time since last communication: 0.000s
I20260713 08:59:35.650101  2126 consensus_queue.cc:1048] T d097bc85284741b4830bef8d0c741594 P 91669909457b45ef9e5be89795d8e36e [LEADER]: Connected to new peer: Peer: permanent_uuid: "fc51c00e121843179f24eb181ee74a61" member_type: VOTER last_known_addr { host: "127.0.107.194" port: 41083 }, Status: LMP_MISMATCH, Last received: 0.0, Next index: 2, Last known committed idx: 1, Time since last communication: 0.000s
I20260713 08:59:35.657807  2129 raft_consensus.cc:2955] T d097bc85284741b4830bef8d0c741594 P 91669909457b45ef9e5be89795d8e36e [term 1 LEADER]: Committing config change with OpId 1.2: config changed from index -1 to 2, NON_VOTER 1cdbd45d9ca54043b2882f4d9397f21d (127.0.107.196) added. New config: { opid_index: 2 OBSOLETE_local: false peers { permanent_uuid: "32d21b88cf1b4f98bf5fe3da1463179b" member_type: VOTER last_known_addr { host: "127.0.107.193" port: 45929 } attrs { replace: true } } peers { permanent_uuid: "fc51c00e121843179f24eb181ee74a61" member_type: VOTER last_known_addr { host: "127.0.107.194" port: 41083 } } peers { permanent_uuid: "91669909457b45ef9e5be89795d8e36e" member_type: VOTER last_known_addr { host: "127.0.107.195" port: 36881 } } peers { permanent_uuid: "1cdbd45d9ca54043b2882f4d9397f21d" member_type: NON_VOTER last_known_addr { host: "127.0.107.196" port: 46515 } attrs { promote: true } } }
I20260713 08:59:35.658983  1611 raft_consensus.cc:2955] T d097bc85284741b4830bef8d0c741594 P fc51c00e121843179f24eb181ee74a61 [term 1 FOLLOWER]: Committing config change with OpId 1.2: config changed from index -1 to 2, NON_VOTER 1cdbd45d9ca54043b2882f4d9397f21d (127.0.107.196) added. New config: { opid_index: 2 OBSOLETE_local: false peers { permanent_uuid: "32d21b88cf1b4f98bf5fe3da1463179b" member_type: VOTER last_known_addr { host: "127.0.107.193" port: 45929 } attrs { replace: true } } peers { permanent_uuid: "fc51c00e121843179f24eb181ee74a61" member_type: VOTER last_known_addr { host: "127.0.107.194" port: 41083 } } peers { permanent_uuid: "91669909457b45ef9e5be89795d8e36e" member_type: VOTER last_known_addr { host: "127.0.107.195" port: 36881 } } peers { permanent_uuid: "1cdbd45d9ca54043b2882f4d9397f21d" member_type: NON_VOTER last_known_addr { host: "127.0.107.196" port: 46515 } attrs { promote: true } } }
I20260713 08:59:35.659842  1538 raft_consensus.cc:2955] T d097bc85284741b4830bef8d0c741594 P 32d21b88cf1b4f98bf5fe3da1463179b [term 1 FOLLOWER]: Committing config change with OpId 1.2: config changed from index -1 to 2, NON_VOTER 1cdbd45d9ca54043b2882f4d9397f21d (127.0.107.196) added. New config: { opid_index: 2 OBSOLETE_local: false peers { permanent_uuid: "32d21b88cf1b4f98bf5fe3da1463179b" member_type: VOTER last_known_addr { host: "127.0.107.193" port: 45929 } attrs { replace: true } } peers { permanent_uuid: "fc51c00e121843179f24eb181ee74a61" member_type: VOTER last_known_addr { host: "127.0.107.194" port: 41083 } } peers { permanent_uuid: "91669909457b45ef9e5be89795d8e36e" member_type: VOTER last_known_addr { host: "127.0.107.195" port: 36881 } } peers { permanent_uuid: "1cdbd45d9ca54043b2882f4d9397f21d" member_type: NON_VOTER last_known_addr { host: "127.0.107.196" port: 46515 } attrs { promote: true } } }
I20260713 08:59:35.672996  1540 consensus_queue.cc:237] T cea5743b77ae4292b04e27eeacba6ef3 P 32d21b88cf1b4f98bf5fe3da1463179b [LEADER]: Queue going to LEADER mode. State: All replicated index: 0, Majority replicated index: 1, Committed index: 1, Last appended: 1.1, Last appended by leader: 0, Current term: 1, Majority size: 2, State: 0, Mode: LEADER, active raft config: opid_index: 2 OBSOLETE_local: false peers { permanent_uuid: "32d21b88cf1b4f98bf5fe3da1463179b" member_type: VOTER last_known_addr { host: "127.0.107.193" port: 45929 } } peers { permanent_uuid: "fc51c00e121843179f24eb181ee74a61" member_type: VOTER last_known_addr { host: "127.0.107.194" port: 41083 } } peers { permanent_uuid: "91669909457b45ef9e5be89795d8e36e" member_type: VOTER last_known_addr { host: "127.0.107.195" port: 36881 } attrs { replace: true } } peers { permanent_uuid: "1cdbd45d9ca54043b2882f4d9397f21d" member_type: NON_VOTER last_known_addr { host: "127.0.107.196" port: 46515 } attrs { promote: true } }
I20260713 08:59:35.673956  1435 catalog_manager.cc:5697] T d097bc85284741b4830bef8d0c741594 P 91669909457b45ef9e5be89795d8e36e reported cstate change: config changed from index -1 to 2, NON_VOTER 1cdbd45d9ca54043b2882f4d9397f21d (127.0.107.196) added. New cstate: current_term: 1 leader_uuid: "91669909457b45ef9e5be89795d8e36e" committed_config { opid_index: 2 OBSOLETE_local: false peers { permanent_uuid: "32d21b88cf1b4f98bf5fe3da1463179b" member_type: VOTER last_known_addr { host: "127.0.107.193" port: 45929 } attrs { replace: true } health_report { overall_health: HEALTHY } } peers { permanent_uuid: "fc51c00e121843179f24eb181ee74a61" member_type: VOTER last_known_addr { host: "127.0.107.194" port: 41083 } health_report { overall_health: HEALTHY } } peers { permanent_uuid: "91669909457b45ef9e5be89795d8e36e" member_type: VOTER last_known_addr { host: "127.0.107.195" port: 36881 } health_report { overall_health: HEALTHY } } peers { permanent_uuid: "1cdbd45d9ca54043b2882f4d9397f21d" member_type: NON_VOTER last_known_addr { host: "127.0.107.196" port: 46515 } attrs { promote: true } health_report { overall_health: UNKNOWN } } }
I20260713 08:59:35.683504  1689 raft_consensus.cc:1275] T cea5743b77ae4292b04e27eeacba6ef3 P 91669909457b45ef9e5be89795d8e36e [term 1 FOLLOWER]: Refusing update from remote peer 32d21b88cf1b4f98bf5fe3da1463179b: Log matching property violated. Preceding OpId in replica: term: 1 index: 1. Preceding OpId from leader: term: 1 index: 2. (index mismatch)
W20260713 08:59:35.684638  1505 consensus_peers.cc:597] T cea5743b77ae4292b04e27eeacba6ef3 P 32d21b88cf1b4f98bf5fe3da1463179b -> Peer 1cdbd45d9ca54043b2882f4d9397f21d (127.0.107.196:46515): Couldn't send request to peer 1cdbd45d9ca54043b2882f4d9397f21d. Error code: TABLET_NOT_FOUND (6). Status: Not found: Tablet not found: cea5743b77ae4292b04e27eeacba6ef3. This is attempt 1: this message will repeat every 5th retry.
I20260713 08:59:35.685407  2127 consensus_queue.cc:1048] T cea5743b77ae4292b04e27eeacba6ef3 P 32d21b88cf1b4f98bf5fe3da1463179b [LEADER]: Connected to new peer: Peer: permanent_uuid: "91669909457b45ef9e5be89795d8e36e" member_type: VOTER last_known_addr { host: "127.0.107.195" port: 36881 } attrs { replace: true }, Status: LMP_MISMATCH, Last received: 0.0, Next index: 2, Last known committed idx: 1, Time since last communication: 0.001s
I20260713 08:59:35.693238  1611 raft_consensus.cc:1275] T cea5743b77ae4292b04e27eeacba6ef3 P fc51c00e121843179f24eb181ee74a61 [term 1 FOLLOWER]: Refusing update from remote peer 32d21b88cf1b4f98bf5fe3da1463179b: Log matching property violated. Preceding OpId in replica: term: 1 index: 1. Preceding OpId from leader: term: 1 index: 2. (index mismatch)
I20260713 08:59:35.694854  2098 consensus_queue.cc:1048] T cea5743b77ae4292b04e27eeacba6ef3 P 32d21b88cf1b4f98bf5fe3da1463179b [LEADER]: Connected to new peer: Peer: permanent_uuid: "fc51c00e121843179f24eb181ee74a61" member_type: VOTER last_known_addr { host: "127.0.107.194" port: 41083 }, Status: LMP_MISMATCH, Last received: 0.0, Next index: 2, Last known committed idx: 1, Time since last communication: 0.000s
I20260713 08:59:35.708148  2098 raft_consensus.cc:2955] T cea5743b77ae4292b04e27eeacba6ef3 P 32d21b88cf1b4f98bf5fe3da1463179b [term 1 LEADER]: Committing config change with OpId 1.2: config changed from index -1 to 2, NON_VOTER 1cdbd45d9ca54043b2882f4d9397f21d (127.0.107.196) added. New config: { opid_index: 2 OBSOLETE_local: false peers { permanent_uuid: "32d21b88cf1b4f98bf5fe3da1463179b" member_type: VOTER last_known_addr { host: "127.0.107.193" port: 45929 } } peers { permanent_uuid: "fc51c00e121843179f24eb181ee74a61" member_type: VOTER last_known_addr { host: "127.0.107.194" port: 41083 } } peers { permanent_uuid: "91669909457b45ef9e5be89795d8e36e" member_type: VOTER last_known_addr { host: "127.0.107.195" port: 36881 } attrs { replace: true } } peers { permanent_uuid: "1cdbd45d9ca54043b2882f4d9397f21d" member_type: NON_VOTER last_known_addr { host: "127.0.107.196" port: 46515 } attrs { promote: true } } }
I20260713 08:59:35.710577  1611 raft_consensus.cc:2955] T cea5743b77ae4292b04e27eeacba6ef3 P fc51c00e121843179f24eb181ee74a61 [term 1 FOLLOWER]: Committing config change with OpId 1.2: config changed from index -1 to 2, NON_VOTER 1cdbd45d9ca54043b2882f4d9397f21d (127.0.107.196) added. New config: { opid_index: 2 OBSOLETE_local: false peers { permanent_uuid: "32d21b88cf1b4f98bf5fe3da1463179b" member_type: VOTER last_known_addr { host: "127.0.107.193" port: 45929 } } peers { permanent_uuid: "fc51c00e121843179f24eb181ee74a61" member_type: VOTER last_known_addr { host: "127.0.107.194" port: 41083 } } peers { permanent_uuid: "91669909457b45ef9e5be89795d8e36e" member_type: VOTER last_known_addr { host: "127.0.107.195" port: 36881 } attrs { replace: true } } peers { permanent_uuid: "1cdbd45d9ca54043b2882f4d9397f21d" member_type: NON_VOTER last_known_addr { host: "127.0.107.196" port: 46515 } attrs { promote: true } } }
I20260713 08:59:35.710326  1686 raft_consensus.cc:2955] T cea5743b77ae4292b04e27eeacba6ef3 P 91669909457b45ef9e5be89795d8e36e [term 1 FOLLOWER]: Committing config change with OpId 1.2: config changed from index -1 to 2, NON_VOTER 1cdbd45d9ca54043b2882f4d9397f21d (127.0.107.196) added. New config: { opid_index: 2 OBSOLETE_local: false peers { permanent_uuid: "32d21b88cf1b4f98bf5fe3da1463179b" member_type: VOTER last_known_addr { host: "127.0.107.193" port: 45929 } } peers { permanent_uuid: "fc51c00e121843179f24eb181ee74a61" member_type: VOTER last_known_addr { host: "127.0.107.194" port: 41083 } } peers { permanent_uuid: "91669909457b45ef9e5be89795d8e36e" member_type: VOTER last_known_addr { host: "127.0.107.195" port: 36881 } attrs { replace: true } } peers { permanent_uuid: "1cdbd45d9ca54043b2882f4d9397f21d" member_type: NON_VOTER last_known_addr { host: "127.0.107.196" port: 46515 } attrs { promote: true } } }
I20260713 08:59:35.729138  1686 consensus_queue.cc:237] T ecb2db88a6814aeda6b79165ed9dd419 P 91669909457b45ef9e5be89795d8e36e [LEADER]: Queue going to LEADER mode. State: All replicated index: 0, Majority replicated index: 1, Committed index: 1, Last appended: 1.1, Last appended by leader: 0, Current term: 1, Majority size: 2, State: 0, Mode: LEADER, active raft config: opid_index: 2 OBSOLETE_local: false peers { permanent_uuid: "32d21b88cf1b4f98bf5fe3da1463179b" member_type: VOTER last_known_addr { host: "127.0.107.193" port: 45929 } attrs { replace: true } } peers { permanent_uuid: "fc51c00e121843179f24eb181ee74a61" member_type: VOTER last_known_addr { host: "127.0.107.194" port: 41083 } } peers { permanent_uuid: "91669909457b45ef9e5be89795d8e36e" member_type: VOTER last_known_addr { host: "127.0.107.195" port: 36881 } } peers { permanent_uuid: "1cdbd45d9ca54043b2882f4d9397f21d" member_type: NON_VOTER last_known_addr { host: "127.0.107.196" port: 46515 } attrs { promote: true } }
W20260713 08:59:35.736085  1654 consensus_peers.cc:597] T ecb2db88a6814aeda6b79165ed9dd419 P 91669909457b45ef9e5be89795d8e36e -> Peer 1cdbd45d9ca54043b2882f4d9397f21d (127.0.107.196:46515): Couldn't send request to peer 1cdbd45d9ca54043b2882f4d9397f21d. Error code: TABLET_NOT_FOUND (6). Status: Not found: Tablet not found: ecb2db88a6814aeda6b79165ed9dd419. This is attempt 1: this message will repeat every 5th retry.
I20260713 08:59:35.737651  1439 catalog_manager.cc:5697] T cea5743b77ae4292b04e27eeacba6ef3 P 91669909457b45ef9e5be89795d8e36e reported cstate change: config changed from index -1 to 2, NON_VOTER 1cdbd45d9ca54043b2882f4d9397f21d (127.0.107.196) added. New cstate: current_term: 1 leader_uuid: "32d21b88cf1b4f98bf5fe3da1463179b" committed_config { opid_index: 2 OBSOLETE_local: false peers { permanent_uuid: "32d21b88cf1b4f98bf5fe3da1463179b" member_type: VOTER last_known_addr { host: "127.0.107.193" port: 45929 } } peers { permanent_uuid: "fc51c00e121843179f24eb181ee74a61" member_type: VOTER last_known_addr { host: "127.0.107.194" port: 41083 } } peers { permanent_uuid: "91669909457b45ef9e5be89795d8e36e" member_type: VOTER last_known_addr { host: "127.0.107.195" port: 36881 } attrs { replace: true } } peers { permanent_uuid: "1cdbd45d9ca54043b2882f4d9397f21d" member_type: NON_VOTER last_known_addr { host: "127.0.107.196" port: 46515 } attrs { promote: true } } }
I20260713 08:59:35.739339  1538 raft_consensus.cc:1275] T ecb2db88a6814aeda6b79165ed9dd419 P 32d21b88cf1b4f98bf5fe3da1463179b [term 1 FOLLOWER]: Refusing update from remote peer 91669909457b45ef9e5be89795d8e36e: Log matching property violated. Preceding OpId in replica: term: 1 index: 1. Preceding OpId from leader: term: 1 index: 2. (index mismatch)
I20260713 08:59:35.739352  1611 raft_consensus.cc:1275] T ecb2db88a6814aeda6b79165ed9dd419 P fc51c00e121843179f24eb181ee74a61 [term 1 FOLLOWER]: Refusing update from remote peer 91669909457b45ef9e5be89795d8e36e: Log matching property violated. Preceding OpId in replica: term: 1 index: 1. Preceding OpId from leader: term: 1 index: 2. (index mismatch)
I20260713 08:59:35.740743  2129 consensus_queue.cc:1048] T ecb2db88a6814aeda6b79165ed9dd419 P 91669909457b45ef9e5be89795d8e36e [LEADER]: Connected to new peer: Peer: permanent_uuid: "32d21b88cf1b4f98bf5fe3da1463179b" member_type: VOTER last_known_addr { host: "127.0.107.193" port: 45929 } attrs { replace: true }, Status: LMP_MISMATCH, Last received: 0.0, Next index: 2, Last known committed idx: 1, Time since last communication: 0.000s
I20260713 08:59:35.741662  2130 consensus_queue.cc:1048] T ecb2db88a6814aeda6b79165ed9dd419 P 91669909457b45ef9e5be89795d8e36e [LEADER]: Connected to new peer: Peer: permanent_uuid: "fc51c00e121843179f24eb181ee74a61" member_type: VOTER last_known_addr { host: "127.0.107.194" port: 41083 }, Status: LMP_MISMATCH, Last received: 0.0, Next index: 2, Last known committed idx: 1, Time since last communication: 0.000s
I20260713 08:59:35.754065  2126 raft_consensus.cc:2955] T ecb2db88a6814aeda6b79165ed9dd419 P 91669909457b45ef9e5be89795d8e36e [term 1 LEADER]: Committing config change with OpId 1.2: config changed from index -1 to 2, NON_VOTER 1cdbd45d9ca54043b2882f4d9397f21d (127.0.107.196) added. New config: { opid_index: 2 OBSOLETE_local: false peers { permanent_uuid: "32d21b88cf1b4f98bf5fe3da1463179b" member_type: VOTER last_known_addr { host: "127.0.107.193" port: 45929 } attrs { replace: true } } peers { permanent_uuid: "fc51c00e121843179f24eb181ee74a61" member_type: VOTER last_known_addr { host: "127.0.107.194" port: 41083 } } peers { permanent_uuid: "91669909457b45ef9e5be89795d8e36e" member_type: VOTER last_known_addr { host: "127.0.107.195" port: 36881 } } peers { permanent_uuid: "1cdbd45d9ca54043b2882f4d9397f21d" member_type: NON_VOTER last_known_addr { host: "127.0.107.196" port: 46515 } attrs { promote: true } } }
I20260713 08:59:35.759580  1538 raft_consensus.cc:2955] T ecb2db88a6814aeda6b79165ed9dd419 P 32d21b88cf1b4f98bf5fe3da1463179b [term 1 FOLLOWER]: Committing config change with OpId 1.2: config changed from index -1 to 2, NON_VOTER 1cdbd45d9ca54043b2882f4d9397f21d (127.0.107.196) added. New config: { opid_index: 2 OBSOLETE_local: false peers { permanent_uuid: "32d21b88cf1b4f98bf5fe3da1463179b" member_type: VOTER last_known_addr { host: "127.0.107.193" port: 45929 } attrs { replace: true } } peers { permanent_uuid: "fc51c00e121843179f24eb181ee74a61" member_type: VOTER last_known_addr { host: "127.0.107.194" port: 41083 } } peers { permanent_uuid: "91669909457b45ef9e5be89795d8e36e" member_type: VOTER last_known_addr { host: "127.0.107.195" port: 36881 } } peers { permanent_uuid: "1cdbd45d9ca54043b2882f4d9397f21d" member_type: NON_VOTER last_known_addr { host: "127.0.107.196" port: 46515 } attrs { promote: true } } }
I20260713 08:59:35.763592  1611 raft_consensus.cc:2955] T ecb2db88a6814aeda6b79165ed9dd419 P fc51c00e121843179f24eb181ee74a61 [term 1 FOLLOWER]: Committing config change with OpId 1.2: config changed from index -1 to 2, NON_VOTER 1cdbd45d9ca54043b2882f4d9397f21d (127.0.107.196) added. New config: { opid_index: 2 OBSOLETE_local: false peers { permanent_uuid: "32d21b88cf1b4f98bf5fe3da1463179b" member_type: VOTER last_known_addr { host: "127.0.107.193" port: 45929 } attrs { replace: true } } peers { permanent_uuid: "fc51c00e121843179f24eb181ee74a61" member_type: VOTER last_known_addr { host: "127.0.107.194" port: 41083 } } peers { permanent_uuid: "91669909457b45ef9e5be89795d8e36e" member_type: VOTER last_known_addr { host: "127.0.107.195" port: 36881 } } peers { permanent_uuid: "1cdbd45d9ca54043b2882f4d9397f21d" member_type: NON_VOTER last_known_addr { host: "127.0.107.196" port: 46515 } attrs { promote: true } } }
I20260713 08:59:35.772217  1540 consensus_queue.cc:237] T f4a4ec5836254f33b804618952cbd191 P 32d21b88cf1b4f98bf5fe3da1463179b [LEADER]: Queue going to LEADER mode. State: All replicated index: 0, Majority replicated index: 1, Committed index: 1, Last appended: 1.1, Last appended by leader: 0, Current term: 1, Majority size: 2, State: 0, Mode: LEADER, active raft config: opid_index: 2 OBSOLETE_local: false peers { permanent_uuid: "91669909457b45ef9e5be89795d8e36e" member_type: VOTER last_known_addr { host: "127.0.107.195" port: 36881 } } peers { permanent_uuid: "32d21b88cf1b4f98bf5fe3da1463179b" member_type: VOTER last_known_addr { host: "127.0.107.193" port: 45929 } } peers { permanent_uuid: "fc51c00e121843179f24eb181ee74a61" member_type: VOTER last_known_addr { host: "127.0.107.194" port: 41083 } attrs { replace: true } } peers { permanent_uuid: "1cdbd45d9ca54043b2882f4d9397f21d" member_type: NON_VOTER last_known_addr { host: "127.0.107.196" port: 46515 } attrs { promote: true } }
I20260713 08:59:35.778028  1439 catalog_manager.cc:5697] T ecb2db88a6814aeda6b79165ed9dd419 P fc51c00e121843179f24eb181ee74a61 reported cstate change: config changed from index -1 to 2, NON_VOTER 1cdbd45d9ca54043b2882f4d9397f21d (127.0.107.196) added. New cstate: current_term: 1 leader_uuid: "91669909457b45ef9e5be89795d8e36e" committed_config { opid_index: 2 OBSOLETE_local: false peers { permanent_uuid: "32d21b88cf1b4f98bf5fe3da1463179b" member_type: VOTER last_known_addr { host: "127.0.107.193" port: 45929 } attrs { replace: true } } peers { permanent_uuid: "fc51c00e121843179f24eb181ee74a61" member_type: VOTER last_known_addr { host: "127.0.107.194" port: 41083 } } peers { permanent_uuid: "91669909457b45ef9e5be89795d8e36e" member_type: VOTER last_known_addr { host: "127.0.107.195" port: 36881 } } peers { permanent_uuid: "1cdbd45d9ca54043b2882f4d9397f21d" member_type: NON_VOTER last_known_addr { host: "127.0.107.196" port: 46515 } attrs { promote: true } } }
I20260713 08:59:35.787272  1611 raft_consensus.cc:1275] T f4a4ec5836254f33b804618952cbd191 P fc51c00e121843179f24eb181ee74a61 [term 1 FOLLOWER]: Refusing update from remote peer 32d21b88cf1b4f98bf5fe3da1463179b: Log matching property violated. Preceding OpId in replica: term: 1 index: 1. Preceding OpId from leader: term: 1 index: 2. (index mismatch)
I20260713 08:59:35.789901  1686 raft_consensus.cc:1275] T f4a4ec5836254f33b804618952cbd191 P 91669909457b45ef9e5be89795d8e36e [term 1 FOLLOWER]: Refusing update from remote peer 32d21b88cf1b4f98bf5fe3da1463179b: Log matching property violated. Preceding OpId in replica: term: 1 index: 1. Preceding OpId from leader: term: 1 index: 2. (index mismatch)
I20260713 08:59:35.791036  2098 consensus_queue.cc:1048] T f4a4ec5836254f33b804618952cbd191 P 32d21b88cf1b4f98bf5fe3da1463179b [LEADER]: Connected to new peer: Peer: permanent_uuid: "fc51c00e121843179f24eb181ee74a61" member_type: VOTER last_known_addr { host: "127.0.107.194" port: 41083 } attrs { replace: true }, Status: LMP_MISMATCH, Last received: 0.0, Next index: 2, Last known committed idx: 1, Time since last communication: 0.000s
W20260713 08:59:35.791962  1505 consensus_peers.cc:597] T f4a4ec5836254f33b804618952cbd191 P 32d21b88cf1b4f98bf5fe3da1463179b -> Peer 1cdbd45d9ca54043b2882f4d9397f21d (127.0.107.196:46515): Couldn't send request to peer 1cdbd45d9ca54043b2882f4d9397f21d. Error code: TABLET_NOT_FOUND (6). Status: Not found: Tablet not found: f4a4ec5836254f33b804618952cbd191. This is attempt 1: this message will repeat every 5th retry.
I20260713 08:59:35.792547  2142 consensus_queue.cc:1048] T f4a4ec5836254f33b804618952cbd191 P 32d21b88cf1b4f98bf5fe3da1463179b [LEADER]: Connected to new peer: Peer: permanent_uuid: "91669909457b45ef9e5be89795d8e36e" member_type: VOTER last_known_addr { host: "127.0.107.195" port: 36881 }, Status: LMP_MISMATCH, Last received: 0.0, Next index: 2, Last known committed idx: 1, Time since last communication: 0.001s
I20260713 08:59:35.800402  2098 raft_consensus.cc:2955] T f4a4ec5836254f33b804618952cbd191 P 32d21b88cf1b4f98bf5fe3da1463179b [term 1 LEADER]: Committing config change with OpId 1.2: config changed from index -1 to 2, NON_VOTER 1cdbd45d9ca54043b2882f4d9397f21d (127.0.107.196) added. New config: { opid_index: 2 OBSOLETE_local: false peers { permanent_uuid: "91669909457b45ef9e5be89795d8e36e" member_type: VOTER last_known_addr { host: "127.0.107.195" port: 36881 } } peers { permanent_uuid: "32d21b88cf1b4f98bf5fe3da1463179b" member_type: VOTER last_known_addr { host: "127.0.107.193" port: 45929 } } peers { permanent_uuid: "fc51c00e121843179f24eb181ee74a61" member_type: VOTER last_known_addr { host: "127.0.107.194" port: 41083 } attrs { replace: true } } peers { permanent_uuid: "1cdbd45d9ca54043b2882f4d9397f21d" member_type: NON_VOTER last_known_addr { host: "127.0.107.196" port: 46515 } attrs { promote: true } } }
I20260713 08:59:35.802361  1611 raft_consensus.cc:2955] T f4a4ec5836254f33b804618952cbd191 P fc51c00e121843179f24eb181ee74a61 [term 1 FOLLOWER]: Committing config change with OpId 1.2: config changed from index -1 to 2, NON_VOTER 1cdbd45d9ca54043b2882f4d9397f21d (127.0.107.196) added. New config: { opid_index: 2 OBSOLETE_local: false peers { permanent_uuid: "91669909457b45ef9e5be89795d8e36e" member_type: VOTER last_known_addr { host: "127.0.107.195" port: 36881 } } peers { permanent_uuid: "32d21b88cf1b4f98bf5fe3da1463179b" member_type: VOTER last_known_addr { host: "127.0.107.193" port: 45929 } } peers { permanent_uuid: "fc51c00e121843179f24eb181ee74a61" member_type: VOTER last_known_addr { host: "127.0.107.194" port: 41083 } attrs { replace: true } } peers { permanent_uuid: "1cdbd45d9ca54043b2882f4d9397f21d" member_type: NON_VOTER last_known_addr { host: "127.0.107.196" port: 46515 } attrs { promote: true } } }
I20260713 08:59:35.802055  1686 raft_consensus.cc:2955] T f4a4ec5836254f33b804618952cbd191 P 91669909457b45ef9e5be89795d8e36e [term 1 FOLLOWER]: Committing config change with OpId 1.2: config changed from index -1 to 2, NON_VOTER 1cdbd45d9ca54043b2882f4d9397f21d (127.0.107.196) added. New config: { opid_index: 2 OBSOLETE_local: false peers { permanent_uuid: "91669909457b45ef9e5be89795d8e36e" member_type: VOTER last_known_addr { host: "127.0.107.195" port: 36881 } } peers { permanent_uuid: "32d21b88cf1b4f98bf5fe3da1463179b" member_type: VOTER last_known_addr { host: "127.0.107.193" port: 45929 } } peers { permanent_uuid: "fc51c00e121843179f24eb181ee74a61" member_type: VOTER last_known_addr { host: "127.0.107.194" port: 41083 } attrs { replace: true } } peers { permanent_uuid: "1cdbd45d9ca54043b2882f4d9397f21d" member_type: NON_VOTER last_known_addr { host: "127.0.107.196" port: 46515 } attrs { promote: true } } }
I20260713 08:59:35.816654  1435 catalog_manager.cc:5697] T f4a4ec5836254f33b804618952cbd191 P 91669909457b45ef9e5be89795d8e36e reported cstate change: config changed from index -1 to 2, NON_VOTER 1cdbd45d9ca54043b2882f4d9397f21d (127.0.107.196) added. New cstate: current_term: 1 leader_uuid: "32d21b88cf1b4f98bf5fe3da1463179b" committed_config { opid_index: 2 OBSOLETE_local: false peers { permanent_uuid: "91669909457b45ef9e5be89795d8e36e" member_type: VOTER last_known_addr { host: "127.0.107.195" port: 36881 } } peers { permanent_uuid: "32d21b88cf1b4f98bf5fe3da1463179b" member_type: VOTER last_known_addr { host: "127.0.107.193" port: 45929 } } peers { permanent_uuid: "fc51c00e121843179f24eb181ee74a61" member_type: VOTER last_known_addr { host: "127.0.107.194" port: 41083 } attrs { replace: true } } peers { permanent_uuid: "1cdbd45d9ca54043b2882f4d9397f21d" member_type: NON_VOTER last_known_addr { host: "127.0.107.196" port: 46515 } attrs { promote: true } } }
I20260713 08:59:36.185863  2151 ts_tablet_manager.cc:933] T d097bc85284741b4830bef8d0c741594 P 1cdbd45d9ca54043b2882f4d9397f21d: Initiating tablet copy from peer 91669909457b45ef9e5be89795d8e36e (127.0.107.195:36881)
I20260713 08:59:36.187598  2151 tablet_copy_client.cc:323] T d097bc85284741b4830bef8d0c741594 P 1cdbd45d9ca54043b2882f4d9397f21d: tablet copy: Beginning tablet copy session from remote peer at address 127.0.107.195:36881
I20260713 08:59:36.189332  1700 tablet_copy_service.cc:140] P 91669909457b45ef9e5be89795d8e36e: Received BeginTabletCopySession request for tablet d097bc85284741b4830bef8d0c741594 from peer 1cdbd45d9ca54043b2882f4d9397f21d ({username='slave'} at 127.0.0.1:49216)
I20260713 08:59:36.189859  1700 tablet_copy_service.cc:161] P 91669909457b45ef9e5be89795d8e36e: Beginning new tablet copy session on tablet d097bc85284741b4830bef8d0c741594 from peer 1cdbd45d9ca54043b2882f4d9397f21d at {username='slave'} at 127.0.0.1:49216: session id = 1cdbd45d9ca54043b2882f4d9397f21d-d097bc85284741b4830bef8d0c741594
I20260713 08:59:36.197207  1700 tablet_copy_source_session.cc:215] T d097bc85284741b4830bef8d0c741594 P 91669909457b45ef9e5be89795d8e36e: Tablet Copy: opened 0 blocks and 1 log segments
I20260713 08:59:36.199935  2151 data_dirs.cc:400] Could only allocate 1 dirs of requested 3 for tablet d097bc85284741b4830bef8d0c741594. 1 dirs total, 0 dirs full, 0 dirs failed
I20260713 08:59:36.211966  2151 tablet_copy_client.cc:806] T d097bc85284741b4830bef8d0c741594 P 1cdbd45d9ca54043b2882f4d9397f21d: tablet copy: Starting download of 0 data blocks...
I20260713 08:59:36.212494  2151 tablet_copy_client.cc:670] T d097bc85284741b4830bef8d0c741594 P 1cdbd45d9ca54043b2882f4d9397f21d: tablet copy: Starting download of 1 WAL segments...
I20260713 08:59:36.215824  2151 tablet_copy_client.cc:538] T d097bc85284741b4830bef8d0c741594 P 1cdbd45d9ca54043b2882f4d9397f21d: tablet copy: Tablet Copy complete. Replacing tablet superblock.
I20260713 08:59:36.221868  2151 tablet_bootstrap.cc:492] T d097bc85284741b4830bef8d0c741594 P 1cdbd45d9ca54043b2882f4d9397f21d: Bootstrap starting.
I20260713 08:59:36.238721  2151 tablet_bootstrap.cc:492] T d097bc85284741b4830bef8d0c741594 P 1cdbd45d9ca54043b2882f4d9397f21d: Bootstrap replayed 1/1 log segments. Stats: ops{read=2 overwritten=0 applied=2 ignored=0} inserts{seen=0 ignored=0} mutations{seen=0 ignored=0} orphaned_commits=0. Pending: 0 replicates
I20260713 08:59:36.239562  2151 tablet_bootstrap.cc:492] T d097bc85284741b4830bef8d0c741594 P 1cdbd45d9ca54043b2882f4d9397f21d: Bootstrap complete.
I20260713 08:59:36.240181  2151 ts_tablet_manager.cc:1403] T d097bc85284741b4830bef8d0c741594 P 1cdbd45d9ca54043b2882f4d9397f21d: Time spent bootstrapping tablet: real 0.018s	user 0.010s	sys 0.004s
I20260713 08:59:36.243419  2151 raft_consensus.cc:359] T d097bc85284741b4830bef8d0c741594 P 1cdbd45d9ca54043b2882f4d9397f21d [term 1 LEARNER]: Replica starting. Triggering 0 pending ops. Active config: opid_index: 2 OBSOLETE_local: false peers { permanent_uuid: "32d21b88cf1b4f98bf5fe3da1463179b" member_type: VOTER last_known_addr { host: "127.0.107.193" port: 45929 } attrs { replace: true } } peers { permanent_uuid: "fc51c00e121843179f24eb181ee74a61" member_type: VOTER last_known_addr { host: "127.0.107.194" port: 41083 } } peers { permanent_uuid: "91669909457b45ef9e5be89795d8e36e" member_type: VOTER last_known_addr { host: "127.0.107.195" port: 36881 } } peers { permanent_uuid: "1cdbd45d9ca54043b2882f4d9397f21d" member_type: NON_VOTER last_known_addr { host: "127.0.107.196" port: 46515 } attrs { promote: true } }
I20260713 08:59:36.244210  2151 raft_consensus.cc:740] T d097bc85284741b4830bef8d0c741594 P 1cdbd45d9ca54043b2882f4d9397f21d [term 1 LEARNER]: Becoming Follower/Learner. State: Replica: 1cdbd45d9ca54043b2882f4d9397f21d, State: Initialized, Role: LEARNER
I20260713 08:59:36.244850  2151 consensus_queue.cc:260] T d097bc85284741b4830bef8d0c741594 P 1cdbd45d9ca54043b2882f4d9397f21d [NON_LEADER]: Queue going to NON_LEADER mode. State: All replicated index: 0, Majority replicated index: 0, Committed index: 2, Last appended: 1.2, Last appended by leader: 2, Current term: 0, Majority size: -1, State: 0, Mode: NON_LEADER, active raft config: opid_index: 2 OBSOLETE_local: false peers { permanent_uuid: "32d21b88cf1b4f98bf5fe3da1463179b" member_type: VOTER last_known_addr { host: "127.0.107.193" port: 45929 } attrs { replace: true } } peers { permanent_uuid: "fc51c00e121843179f24eb181ee74a61" member_type: VOTER last_known_addr { host: "127.0.107.194" port: 41083 } } peers { permanent_uuid: "91669909457b45ef9e5be89795d8e36e" member_type: VOTER last_known_addr { host: "127.0.107.195" port: 36881 } } peers { permanent_uuid: "1cdbd45d9ca54043b2882f4d9397f21d" member_type: NON_VOTER last_known_addr { host: "127.0.107.196" port: 46515 } attrs { promote: true } }
