I20260713 08:59:28.645467  1739 leader_election.cc:290] T b790b5b31c9f4102b3c292e97764b456 P fc51c00e121843179f24eb181ee74a61 [CANDIDATE]: Term 1 election: Requested vote from peers 32d21b88cf1b4f98bf5fe3da1463179b (127.0.107.193:45929), 91669909457b45ef9e5be89795d8e36e (127.0.107.195:36881)
I20260713 08:59:28.647308  1541 raft_consensus.cc:2468] T b790b5b31c9f4102b3c292e97764b456 P 32d21b88cf1b4f98bf5fe3da1463179b [term 1 FOLLOWER]: Leader election vote request: Granting yes vote for candidate fc51c00e121843179f24eb181ee74a61 in term 1.
I20260713 08:59:28.648592  1582 leader_election.cc:304] T b790b5b31c9f4102b3c292e97764b456 P fc51c00e121843179f24eb181ee74a61 [CANDIDATE]: Term 1 election: Election decided. Result: candidate won. Election summary: received 3 responses out of 3 voters: 2 yes votes; 1 no votes. yes voters: 32d21b88cf1b4f98bf5fe3da1463179b, fc51c00e121843179f24eb181ee74a61; no voters: 91669909457b45ef9e5be89795d8e36e
I20260713 08:59:28.649638  1739 raft_consensus.cc:2804] T b790b5b31c9f4102b3c292e97764b456 P fc51c00e121843179f24eb181ee74a61 [term 1 FOLLOWER]: Leader election won for term 1
I20260713 08:59:28.650226  1739 raft_consensus.cc:697] T b790b5b31c9f4102b3c292e97764b456 P fc51c00e121843179f24eb181ee74a61 [term 1 LEADER]: Becoming Leader. State: Replica: fc51c00e121843179f24eb181ee74a61, State: Running, Role: LEADER
I20260713 08:59:28.651400  1739 consensus_queue.cc:237] T b790b5b31c9f4102b3c292e97764b456 P fc51c00e121843179f24eb181ee74a61 [LEADER]: Queue going to LEADER mode. State: All replicated index: 0, Majority replicated index: 0, Committed index: 0, Last appended: 0.0, Last appended by leader: 0, Current term: 1, Majority size: 2, State: 0, Mode: LEADER, active raft config: opid_index: -1 OBSOLETE_local: false peers { permanent_uuid: "32d21b88cf1b4f98bf5fe3da1463179b" member_type: VOTER last_known_addr { host: "127.0.107.193" port: 45929 } } peers { permanent_uuid: "fc51c00e121843179f24eb181ee74a61" member_type: VOTER last_known_addr { host: "127.0.107.194" port: 41083 } } peers { permanent_uuid: "91669909457b45ef9e5be89795d8e36e" member_type: VOTER last_known_addr { host: "127.0.107.195" port: 36881 } }
I20260713 08:59:28.656987  1731 tablet_bootstrap.cc:492] T 02f9fceb9dc2428fa33602c7d119a71f P 32d21b88cf1b4f98bf5fe3da1463179b: No bootstrap required, opened a new log
I20260713 08:59:28.657694  1731 ts_tablet_manager.cc:1403] T 02f9fceb9dc2428fa33602c7d119a71f P 32d21b88cf1b4f98bf5fe3da1463179b: Time spent bootstrapping tablet: real 0.113s	user 0.014s	sys 0.013s
I20260713 08:59:28.658102  1733 tablet_bootstrap.cc:492] T cea5743b77ae4292b04e27eeacba6ef3 P fc51c00e121843179f24eb181ee74a61: No bootstrap required, opened a new log
I20260713 08:59:28.658684  1733 ts_tablet_manager.cc:1403] T cea5743b77ae4292b04e27eeacba6ef3 P fc51c00e121843179f24eb181ee74a61: Time spent bootstrapping tablet: real 0.291s	user 0.022s	sys 0.010s
I20260713 08:59:28.661904  1731 raft_consensus.cc:359] T 02f9fceb9dc2428fa33602c7d119a71f P 32d21b88cf1b4f98bf5fe3da1463179b [term 0 FOLLOWER]: Replica starting. Triggering 0 pending ops. Active config: opid_index: -1 OBSOLETE_local: false peers { permanent_uuid: "32d21b88cf1b4f98bf5fe3da1463179b" member_type: VOTER last_known_addr { host: "127.0.107.193" port: 45929 } } peers { permanent_uuid: "fc51c00e121843179f24eb181ee74a61" member_type: VOTER last_known_addr { host: "127.0.107.194" port: 41083 } } peers { permanent_uuid: "91669909457b45ef9e5be89795d8e36e" member_type: VOTER last_known_addr { host: "127.0.107.195" port: 36881 } }
I20260713 08:59:28.663105  1731 raft_consensus.cc:385] T 02f9fceb9dc2428fa33602c7d119a71f P 32d21b88cf1b4f98bf5fe3da1463179b [term 0 FOLLOWER]: Consensus starting up: Expiring failure detector timer to make a prompt election more likely
I20260713 08:59:28.672192  1731 raft_consensus.cc:740] T 02f9fceb9dc2428fa33602c7d119a71f P 32d21b88cf1b4f98bf5fe3da1463179b [term 0 FOLLOWER]: Becoming Follower/Learner. State: Replica: 32d21b88cf1b4f98bf5fe3da1463179b, State: Initialized, Role: FOLLOWER
I20260713 08:59:28.673314  1731 consensus_queue.cc:260] T 02f9fceb9dc2428fa33602c7d119a71f P 32d21b88cf1b4f98bf5fe3da1463179b [NON_LEADER]: Queue going to NON_LEADER mode. State: All replicated index: 0, Majority replicated index: 0, Committed index: 0, Last appended: 0.0, Last appended by leader: 0, Current term: 0, Majority size: -1, State: 0, Mode: NON_LEADER, active raft config: opid_index: -1 OBSOLETE_local: false peers { permanent_uuid: "32d21b88cf1b4f98bf5fe3da1463179b" member_type: VOTER last_known_addr { host: "127.0.107.193" port: 45929 } } peers { permanent_uuid: "fc51c00e121843179f24eb181ee74a61" member_type: VOTER last_known_addr { host: "127.0.107.194" port: 41083 } } peers { permanent_uuid: "91669909457b45ef9e5be89795d8e36e" member_type: VOTER last_known_addr { host: "127.0.107.195" port: 36881 } }
I20260713 08:59:28.670979  1438 catalog_manager.cc:5697] T 5ef2920d687d43c8ba8f5b83abb29981 P 32d21b88cf1b4f98bf5fe3da1463179b reported cstate change: term changed from 0 to 1, leader changed from <none> to 32d21b88cf1b4f98bf5fe3da1463179b (127.0.107.193). New cstate: current_term: 1 leader_uuid: "32d21b88cf1b4f98bf5fe3da1463179b" committed_config { opid_index: -1 OBSOLETE_local: false peers { permanent_uuid: "32d21b88cf1b4f98bf5fe3da1463179b" member_type: VOTER last_known_addr { host: "127.0.107.193" port: 45929 } health_report { overall_health: HEALTHY } } peers { permanent_uuid: "fc51c00e121843179f24eb181ee74a61" member_type: VOTER last_known_addr { host: "127.0.107.194" port: 41083 } health_report { overall_health: UNKNOWN } } peers { permanent_uuid: "91669909457b45ef9e5be89795d8e36e" member_type: VOTER last_known_addr { host: "127.0.107.195" port: 36881 } health_report { overall_health: UNKNOWN } } }
I20260713 08:59:28.669806  1733 raft_consensus.cc:359] T cea5743b77ae4292b04e27eeacba6ef3 P fc51c00e121843179f24eb181ee74a61 [term 0 FOLLOWER]: Replica starting. Triggering 0 pending ops. Active config: opid_index: -1 OBSOLETE_local: false peers { permanent_uuid: "32d21b88cf1b4f98bf5fe3da1463179b" member_type: VOTER last_known_addr { host: "127.0.107.193" port: 45929 } } peers { permanent_uuid: "fc51c00e121843179f24eb181ee74a61" member_type: VOTER last_known_addr { host: "127.0.107.194" port: 41083 } } peers { permanent_uuid: "91669909457b45ef9e5be89795d8e36e" member_type: VOTER last_known_addr { host: "127.0.107.195" port: 36881 } }
I20260713 08:59:28.675822  1733 raft_consensus.cc:385] T cea5743b77ae4292b04e27eeacba6ef3 P fc51c00e121843179f24eb181ee74a61 [term 0 FOLLOWER]: Consensus starting up: Expiring failure detector timer to make a prompt election more likely
I20260713 08:59:28.676769  1730 tablet_bootstrap.cc:492] T b790b5b31c9f4102b3c292e97764b456 P 91669909457b45ef9e5be89795d8e36e: No bootstrap required, opened a new log
I20260713 08:59:28.677629  1733 raft_consensus.cc:740] T cea5743b77ae4292b04e27eeacba6ef3 P fc51c00e121843179f24eb181ee74a61 [term 0 FOLLOWER]: Becoming Follower/Learner. State: Replica: fc51c00e121843179f24eb181ee74a61, State: Initialized, Role: FOLLOWER
I20260713 08:59:28.677896  1730 ts_tablet_manager.cc:1403] T b790b5b31c9f4102b3c292e97764b456 P 91669909457b45ef9e5be89795d8e36e: Time spent bootstrapping tablet: real 0.040s	user 0.018s	sys 0.017s
I20260713 08:59:28.678548  1733 consensus_queue.cc:260] T cea5743b77ae4292b04e27eeacba6ef3 P fc51c00e121843179f24eb181ee74a61 [NON_LEADER]: Queue going to NON_LEADER mode. State: All replicated index: 0, Majority replicated index: 0, Committed index: 0, Last appended: 0.0, Last appended by leader: 0, Current term: 0, Majority size: -1, State: 0, Mode: NON_LEADER, active raft config: opid_index: -1 OBSOLETE_local: false peers { permanent_uuid: "32d21b88cf1b4f98bf5fe3da1463179b" member_type: VOTER last_known_addr { host: "127.0.107.193" port: 45929 } } peers { permanent_uuid: "fc51c00e121843179f24eb181ee74a61" member_type: VOTER last_known_addr { host: "127.0.107.194" port: 41083 } } peers { permanent_uuid: "91669909457b45ef9e5be89795d8e36e" member_type: VOTER last_known_addr { host: "127.0.107.195" port: 36881 } }
I20260713 08:59:28.677346  1731 ts_tablet_manager.cc:1434] T 02f9fceb9dc2428fa33602c7d119a71f P 32d21b88cf1b4f98bf5fe3da1463179b: Time spent starting tablet: real 0.019s	user 0.007s	sys 0.000s
I20260713 08:59:28.681012  1733 ts_tablet_manager.cc:1434] T cea5743b77ae4292b04e27eeacba6ef3 P fc51c00e121843179f24eb181ee74a61: Time spent starting tablet: real 0.022s	user 0.007s	sys 0.002s
I20260713 08:59:28.681025  1730 raft_consensus.cc:359] T b790b5b31c9f4102b3c292e97764b456 P 91669909457b45ef9e5be89795d8e36e [term 0 FOLLOWER]: Replica starting. Triggering 0 pending ops. Active config: opid_index: -1 OBSOLETE_local: false peers { permanent_uuid: "32d21b88cf1b4f98bf5fe3da1463179b" member_type: VOTER last_known_addr { host: "127.0.107.193" port: 45929 } } peers { permanent_uuid: "fc51c00e121843179f24eb181ee74a61" member_type: VOTER last_known_addr { host: "127.0.107.194" port: 41083 } } peers { permanent_uuid: "91669909457b45ef9e5be89795d8e36e" member_type: VOTER last_known_addr { host: "127.0.107.195" port: 36881 } }
I20260713 08:59:28.681783  1730 raft_consensus.cc:385] T b790b5b31c9f4102b3c292e97764b456 P 91669909457b45ef9e5be89795d8e36e [term 0 FOLLOWER]: Consensus starting up: Expiring failure detector timer to make a prompt election more likely
I20260713 08:59:28.681918  1733 tablet_bootstrap.cc:492] T 23f928f476bd46239c001fd82f09491a P fc51c00e121843179f24eb181ee74a61: Bootstrap starting.
I20260713 08:59:28.682065  1730 raft_consensus.cc:740] T b790b5b31c9f4102b3c292e97764b456 P 91669909457b45ef9e5be89795d8e36e [term 0 FOLLOWER]: Becoming Follower/Learner. State: Replica: 91669909457b45ef9e5be89795d8e36e, State: Initialized, Role: FOLLOWER
I20260713 08:59:28.682802  1730 consensus_queue.cc:260] T b790b5b31c9f4102b3c292e97764b456 P 91669909457b45ef9e5be89795d8e36e [NON_LEADER]: Queue going to NON_LEADER mode. State: All replicated index: 0, Majority replicated index: 0, Committed index: 0, Last appended: 0.0, Last appended by leader: 0, Current term: 0, Majority size: -1, State: 0, Mode: NON_LEADER, active raft config: opid_index: -1 OBSOLETE_local: false peers { permanent_uuid: "32d21b88cf1b4f98bf5fe3da1463179b" member_type: VOTER last_known_addr { host: "127.0.107.193" port: 45929 } } peers { permanent_uuid: "fc51c00e121843179f24eb181ee74a61" member_type: VOTER last_known_addr { host: "127.0.107.194" port: 41083 } } peers { permanent_uuid: "91669909457b45ef9e5be89795d8e36e" member_type: VOTER last_known_addr { host: "127.0.107.195" port: 36881 } }
I20260713 08:59:28.684986  1730 ts_tablet_manager.cc:1434] T b790b5b31c9f4102b3c292e97764b456 P 91669909457b45ef9e5be89795d8e36e: Time spent starting tablet: real 0.007s	user 0.005s	sys 0.001s
I20260713 08:59:28.684345  1437 catalog_manager.cc:5697] T b790b5b31c9f4102b3c292e97764b456 P fc51c00e121843179f24eb181ee74a61 reported cstate change: term changed from 0 to 1, leader changed from <none> to fc51c00e121843179f24eb181ee74a61 (127.0.107.194). New cstate: current_term: 1 leader_uuid: "fc51c00e121843179f24eb181ee74a61" committed_config { opid_index: -1 OBSOLETE_local: false peers { permanent_uuid: "32d21b88cf1b4f98bf5fe3da1463179b" member_type: VOTER last_known_addr { host: "127.0.107.193" port: 45929 } health_report { overall_health: UNKNOWN } } peers { permanent_uuid: "fc51c00e121843179f24eb181ee74a61" member_type: VOTER last_known_addr { host: "127.0.107.194" port: 41083 } health_report { overall_health: HEALTHY } } peers { permanent_uuid: "91669909457b45ef9e5be89795d8e36e" member_type: VOTER last_known_addr { host: "127.0.107.195" port: 36881 } health_report { overall_health: UNKNOWN } } }
I20260713 08:59:28.689105  1733 tablet_bootstrap.cc:654] T 23f928f476bd46239c001fd82f09491a P fc51c00e121843179f24eb181ee74a61: Neither blocks nor log segments found. Creating new log.
I20260713 08:59:28.697088  1733 tablet_bootstrap.cc:492] T 23f928f476bd46239c001fd82f09491a P fc51c00e121843179f24eb181ee74a61: No bootstrap required, opened a new log
I20260713 08:59:28.697492  1733 ts_tablet_manager.cc:1403] T 23f928f476bd46239c001fd82f09491a P fc51c00e121843179f24eb181ee74a61: Time spent bootstrapping tablet: real 0.016s	user 0.008s	sys 0.005s
I20260713 08:59:28.700726  1733 raft_consensus.cc:359] T 23f928f476bd46239c001fd82f09491a P fc51c00e121843179f24eb181ee74a61 [term 0 FOLLOWER]: Replica starting. Triggering 0 pending ops. Active config: opid_index: -1 OBSOLETE_local: false peers { permanent_uuid: "32d21b88cf1b4f98bf5fe3da1463179b" member_type: VOTER last_known_addr { host: "127.0.107.193" port: 45929 } } peers { permanent_uuid: "fc51c00e121843179f24eb181ee74a61" member_type: VOTER last_known_addr { host: "127.0.107.194" port: 41083 } } peers { permanent_uuid: "91669909457b45ef9e5be89795d8e36e" member_type: VOTER last_known_addr { host: "127.0.107.195" port: 36881 } }
I20260713 08:59:28.701352  1733 raft_consensus.cc:385] T 23f928f476bd46239c001fd82f09491a P fc51c00e121843179f24eb181ee74a61 [term 0 FOLLOWER]: Consensus starting up: Expiring failure detector timer to make a prompt election more likely
I20260713 08:59:28.701617  1733 raft_consensus.cc:740] T 23f928f476bd46239c001fd82f09491a P fc51c00e121843179f24eb181ee74a61 [term 0 FOLLOWER]: Becoming Follower/Learner. State: Replica: fc51c00e121843179f24eb181ee74a61, State: Initialized, Role: FOLLOWER
I20260713 08:59:28.702126  1733 consensus_queue.cc:260] T 23f928f476bd46239c001fd82f09491a P fc51c00e121843179f24eb181ee74a61 [NON_LEADER]: Queue going to NON_LEADER mode. State: All replicated index: 0, Majority replicated index: 0, Committed index: 0, Last appended: 0.0, Last appended by leader: 0, Current term: 0, Majority size: -1, State: 0, Mode: NON_LEADER, active raft config: opid_index: -1 OBSOLETE_local: false peers { permanent_uuid: "32d21b88cf1b4f98bf5fe3da1463179b" member_type: VOTER last_known_addr { host: "127.0.107.193" port: 45929 } } peers { permanent_uuid: "fc51c00e121843179f24eb181ee74a61" member_type: VOTER last_known_addr { host: "127.0.107.194" port: 41083 } } peers { permanent_uuid: "91669909457b45ef9e5be89795d8e36e" member_type: VOTER last_known_addr { host: "127.0.107.195" port: 36881 } }
I20260713 08:59:28.703999  1733 ts_tablet_manager.cc:1434] T 23f928f476bd46239c001fd82f09491a P fc51c00e121843179f24eb181ee74a61: Time spent starting tablet: real 0.006s	user 0.004s	sys 0.000s
I20260713 08:59:28.704797  1733 tablet_bootstrap.cc:492] T a53bb1d29b514f3e8277463a3e478f78 P fc51c00e121843179f24eb181ee74a61: Bootstrap starting.
I20260713 08:59:28.710633  1733 tablet_bootstrap.cc:654] T a53bb1d29b514f3e8277463a3e478f78 P fc51c00e121843179f24eb181ee74a61: Neither blocks nor log segments found. Creating new log.
I20260713 08:59:28.715137  1733 tablet_bootstrap.cc:492] T a53bb1d29b514f3e8277463a3e478f78 P fc51c00e121843179f24eb181ee74a61: No bootstrap required, opened a new log
I20260713 08:59:28.715473  1733 ts_tablet_manager.cc:1403] T a53bb1d29b514f3e8277463a3e478f78 P fc51c00e121843179f24eb181ee74a61: Time spent bootstrapping tablet: real 0.011s	user 0.002s	sys 0.007s
I20260713 08:59:28.717144  1733 raft_consensus.cc:359] T a53bb1d29b514f3e8277463a3e478f78 P fc51c00e121843179f24eb181ee74a61 [term 0 FOLLOWER]: Replica starting. Triggering 0 pending ops. Active config: opid_index: -1 OBSOLETE_local: false peers { permanent_uuid: "32d21b88cf1b4f98bf5fe3da1463179b" member_type: VOTER last_known_addr { host: "127.0.107.193" port: 45929 } } peers { permanent_uuid: "fc51c00e121843179f24eb181ee74a61" member_type: VOTER last_known_addr { host: "127.0.107.194" port: 41083 } } peers { permanent_uuid: "91669909457b45ef9e5be89795d8e36e" member_type: VOTER last_known_addr { host: "127.0.107.195" port: 36881 } }
I20260713 08:59:28.717582  1733 raft_consensus.cc:385] T a53bb1d29b514f3e8277463a3e478f78 P fc51c00e121843179f24eb181ee74a61 [term 0 FOLLOWER]: Consensus starting up: Expiring failure detector timer to make a prompt election more likely
I20260713 08:59:28.717787  1733 raft_consensus.cc:740] T a53bb1d29b514f3e8277463a3e478f78 P fc51c00e121843179f24eb181ee74a61 [term 0 FOLLOWER]: Becoming Follower/Learner. State: Replica: fc51c00e121843179f24eb181ee74a61, State: Initialized, Role: FOLLOWER
I20260713 08:59:28.718245  1733 consensus_queue.cc:260] T a53bb1d29b514f3e8277463a3e478f78 P fc51c00e121843179f24eb181ee74a61 [NON_LEADER]: Queue going to NON_LEADER mode. State: All replicated index: 0, Majority replicated index: 0, Committed index: 0, Last appended: 0.0, Last appended by leader: 0, Current term: 0, Majority size: -1, State: 0, Mode: NON_LEADER, active raft config: opid_index: -1 OBSOLETE_local: false peers { permanent_uuid: "32d21b88cf1b4f98bf5fe3da1463179b" member_type: VOTER last_known_addr { host: "127.0.107.193" port: 45929 } } peers { permanent_uuid: "fc51c00e121843179f24eb181ee74a61" member_type: VOTER last_known_addr { host: "127.0.107.194" port: 41083 } } peers { permanent_uuid: "91669909457b45ef9e5be89795d8e36e" member_type: VOTER last_known_addr { host: "127.0.107.195" port: 36881 } }
I20260713 08:59:28.719652  1733 ts_tablet_manager.cc:1434] T a53bb1d29b514f3e8277463a3e478f78 P fc51c00e121843179f24eb181ee74a61: Time spent starting tablet: real 0.004s	user 0.000s	sys 0.002s
I20260713 08:59:28.720605  1733 tablet_bootstrap.cc:492] T 3912230736fd4bd8a96a8470f825ed71 P fc51c00e121843179f24eb181ee74a61: Bootstrap starting.
I20260713 08:59:28.726029  1733 tablet_bootstrap.cc:654] T 3912230736fd4bd8a96a8470f825ed71 P fc51c00e121843179f24eb181ee74a61: Neither blocks nor log segments found. Creating new log.
I20260713 08:59:28.731055  1733 tablet_bootstrap.cc:492] T 3912230736fd4bd8a96a8470f825ed71 P fc51c00e121843179f24eb181ee74a61: No bootstrap required, opened a new log
I20260713 08:59:28.731451  1733 ts_tablet_manager.cc:1403] T 3912230736fd4bd8a96a8470f825ed71 P fc51c00e121843179f24eb181ee74a61: Time spent bootstrapping tablet: real 0.011s	user 0.004s	sys 0.004s
I20260713 08:59:28.733558  1733 raft_consensus.cc:359] T 3912230736fd4bd8a96a8470f825ed71 P fc51c00e121843179f24eb181ee74a61 [term 0 FOLLOWER]: Replica starting. Triggering 0 pending ops. Active config: opid_index: -1 OBSOLETE_local: false peers { permanent_uuid: "32d21b88cf1b4f98bf5fe3da1463179b" member_type: VOTER last_known_addr { host: "127.0.107.193" port: 45929 } } peers { permanent_uuid: "fc51c00e121843179f24eb181ee74a61" member_type: VOTER last_known_addr { host: "127.0.107.194" port: 41083 } } peers { permanent_uuid: "91669909457b45ef9e5be89795d8e36e" member_type: VOTER last_known_addr { host: "127.0.107.195" port: 36881 } }
I20260713 08:59:28.734001  1733 raft_consensus.cc:385] T 3912230736fd4bd8a96a8470f825ed71 P fc51c00e121843179f24eb181ee74a61 [term 0 FOLLOWER]: Consensus starting up: Expiring failure detector timer to make a prompt election more likely
I20260713 08:59:28.734212  1733 raft_consensus.cc:740] T 3912230736fd4bd8a96a8470f825ed71 P fc51c00e121843179f24eb181ee74a61 [term 0 FOLLOWER]: Becoming Follower/Learner. State: Replica: fc51c00e121843179f24eb181ee74a61, State: Initialized, Role: FOLLOWER
I20260713 08:59:28.734710  1733 consensus_queue.cc:260] T 3912230736fd4bd8a96a8470f825ed71 P fc51c00e121843179f24eb181ee74a61 [NON_LEADER]: Queue going to NON_LEADER mode. State: All replicated index: 0, Majority replicated index: 0, Committed index: 0, Last appended: 0.0, Last appended by leader: 0, Current term: 0, Majority size: -1, State: 0, Mode: NON_LEADER, active raft config: opid_index: -1 OBSOLETE_local: false peers { permanent_uuid: "32d21b88cf1b4f98bf5fe3da1463179b" member_type: VOTER last_known_addr { host: "127.0.107.193" port: 45929 } } peers { permanent_uuid: "fc51c00e121843179f24eb181ee74a61" member_type: VOTER last_known_addr { host: "127.0.107.194" port: 41083 } } peers { permanent_uuid: "91669909457b45ef9e5be89795d8e36e" member_type: VOTER last_known_addr { host: "127.0.107.195" port: 36881 } }
I20260713 08:59:28.736128  1733 ts_tablet_manager.cc:1434] T 3912230736fd4bd8a96a8470f825ed71 P fc51c00e121843179f24eb181ee74a61: Time spent starting tablet: real 0.004s	user 0.002s	sys 0.000s
I20260713 08:59:28.736788  1733 tablet_bootstrap.cc:492] T 02f9fceb9dc2428fa33602c7d119a71f P fc51c00e121843179f24eb181ee74a61: Bootstrap starting.
I20260713 08:59:28.741817  1733 tablet_bootstrap.cc:654] T 02f9fceb9dc2428fa33602c7d119a71f P fc51c00e121843179f24eb181ee74a61: Neither blocks nor log segments found. Creating new log.
I20260713 08:59:28.747689  1733 tablet_bootstrap.cc:492] T 02f9fceb9dc2428fa33602c7d119a71f P fc51c00e121843179f24eb181ee74a61: No bootstrap required, opened a new log
I20260713 08:59:28.748076  1733 ts_tablet_manager.cc:1403] T 02f9fceb9dc2428fa33602c7d119a71f P fc51c00e121843179f24eb181ee74a61: Time spent bootstrapping tablet: real 0.011s	user 0.009s	sys 0.000s
I20260713 08:59:28.750029  1733 raft_consensus.cc:359] T 02f9fceb9dc2428fa33602c7d119a71f P fc51c00e121843179f24eb181ee74a61 [term 0 FOLLOWER]: Replica starting. Triggering 0 pending ops. Active config: opid_index: -1 OBSOLETE_local: false peers { permanent_uuid: "32d21b88cf1b4f98bf5fe3da1463179b" member_type: VOTER last_known_addr { host: "127.0.107.193" port: 45929 } } peers { permanent_uuid: "fc51c00e121843179f24eb181ee74a61" member_type: VOTER last_known_addr { host: "127.0.107.194" port: 41083 } } peers { permanent_uuid: "91669909457b45ef9e5be89795d8e36e" member_type: VOTER last_known_addr { host: "127.0.107.195" port: 36881 } }
I20260713 08:59:28.750543  1733 raft_consensus.cc:385] T 02f9fceb9dc2428fa33602c7d119a71f P fc51c00e121843179f24eb181ee74a61 [term 0 FOLLOWER]: Consensus starting up: Expiring failure detector timer to make a prompt election more likely
I20260713 08:59:28.750741  1733 raft_consensus.cc:740] T 02f9fceb9dc2428fa33602c7d119a71f P fc51c00e121843179f24eb181ee74a61 [term 0 FOLLOWER]: Becoming Follower/Learner. State: Replica: fc51c00e121843179f24eb181ee74a61, State: Initialized, Role: FOLLOWER
I20260713 08:59:28.751355  1733 consensus_queue.cc:260] T 02f9fceb9dc2428fa33602c7d119a71f P fc51c00e121843179f24eb181ee74a61 [NON_LEADER]: Queue going to NON_LEADER mode. State: All replicated index: 0, Majority replicated index: 0, Committed index: 0, Last appended: 0.0, Last appended by leader: 0, Current term: 0, Majority size: -1, State: 0, Mode: NON_LEADER, active raft config: opid_index: -1 OBSOLETE_local: false peers { permanent_uuid: "32d21b88cf1b4f98bf5fe3da1463179b" member_type: VOTER last_known_addr { host: "127.0.107.193" port: 45929 } } peers { permanent_uuid: "fc51c00e121843179f24eb181ee74a61" member_type: VOTER last_known_addr { host: "127.0.107.194" port: 41083 } } peers { permanent_uuid: "91669909457b45ef9e5be89795d8e36e" member_type: VOTER last_known_addr { host: "127.0.107.195" port: 36881 } }
I20260713 08:59:28.752861  1733 ts_tablet_manager.cc:1434] T 02f9fceb9dc2428fa33602c7d119a71f P fc51c00e121843179f24eb181ee74a61: Time spent starting tablet: real 0.005s	user 0.006s	sys 0.000s
I20260713 08:59:28.753700  1733 tablet_bootstrap.cc:492] T 7e8bce83b9ac46ffacec1068e8ec3e1a P fc51c00e121843179f24eb181ee74a61: Bootstrap starting.
I20260713 08:59:28.759227  1733 tablet_bootstrap.cc:654] T 7e8bce83b9ac46ffacec1068e8ec3e1a P fc51c00e121843179f24eb181ee74a61: Neither blocks nor log segments found. Creating new log.
I20260713 08:59:28.763558  1733 tablet_bootstrap.cc:492] T 7e8bce83b9ac46ffacec1068e8ec3e1a P fc51c00e121843179f24eb181ee74a61: No bootstrap required, opened a new log
I20260713 08:59:28.763955  1733 ts_tablet_manager.cc:1403] T 7e8bce83b9ac46ffacec1068e8ec3e1a P fc51c00e121843179f24eb181ee74a61: Time spent bootstrapping tablet: real 0.010s	user 0.008s	sys 0.000s
I20260713 08:59:28.765967  1733 raft_consensus.cc:359] T 7e8bce83b9ac46ffacec1068e8ec3e1a P fc51c00e121843179f24eb181ee74a61 [term 0 FOLLOWER]: Replica starting. Triggering 0 pending ops. Active config: opid_index: -1 OBSOLETE_local: false peers { permanent_uuid: "32d21b88cf1b4f98bf5fe3da1463179b" member_type: VOTER last_known_addr { host: "127.0.107.193" port: 45929 } } peers { permanent_uuid: "fc51c00e121843179f24eb181ee74a61" member_type: VOTER last_known_addr { host: "127.0.107.194" port: 41083 } } peers { permanent_uuid: "91669909457b45ef9e5be89795d8e36e" member_type: VOTER last_known_addr { host: "127.0.107.195" port: 36881 } }
I20260713 08:59:28.766407  1733 raft_consensus.cc:385] T 7e8bce83b9ac46ffacec1068e8ec3e1a P fc51c00e121843179f24eb181ee74a61 [term 0 FOLLOWER]: Consensus starting up: Expiring failure detector timer to make a prompt election more likely
I20260713 08:59:28.766690  1733 raft_consensus.cc:740] T 7e8bce83b9ac46ffacec1068e8ec3e1a P fc51c00e121843179f24eb181ee74a61 [term 0 FOLLOWER]: Becoming Follower/Learner. State: Replica: fc51c00e121843179f24eb181ee74a61, State: Initialized, Role: FOLLOWER
I20260713 08:59:28.767242  1733 consensus_queue.cc:260] T 7e8bce83b9ac46ffacec1068e8ec3e1a P fc51c00e121843179f24eb181ee74a61 [NON_LEADER]: Queue going to NON_LEADER mode. State: All replicated index: 0, Majority replicated index: 0, Committed index: 0, Last appended: 0.0, Last appended by leader: 0, Current term: 0, Majority size: -1, State: 0, Mode: NON_LEADER, active raft config: opid_index: -1 OBSOLETE_local: false peers { permanent_uuid: "32d21b88cf1b4f98bf5fe3da1463179b" member_type: VOTER last_known_addr { host: "127.0.107.193" port: 45929 } } peers { permanent_uuid: "fc51c00e121843179f24eb181ee74a61" member_type: VOTER last_known_addr { host: "127.0.107.194" port: 41083 } } peers { permanent_uuid: "91669909457b45ef9e5be89795d8e36e" member_type: VOTER last_known_addr { host: "127.0.107.195" port: 36881 } }
I20260713 08:59:28.769028  1733 ts_tablet_manager.cc:1434] T 7e8bce83b9ac46ffacec1068e8ec3e1a P fc51c00e121843179f24eb181ee74a61: Time spent starting tablet: real 0.005s	user 0.006s	sys 0.000s
I20260713 08:59:28.770867  1733 tablet_bootstrap.cc:492] T 5ef2920d687d43c8ba8f5b83abb29981 P fc51c00e121843179f24eb181ee74a61: Bootstrap starting.
I20260713 08:59:28.776124  1733 tablet_bootstrap.cc:654] T 5ef2920d687d43c8ba8f5b83abb29981 P fc51c00e121843179f24eb181ee74a61: Neither blocks nor log segments found. Creating new log.
I20260713 08:59:28.780593  1733 tablet_bootstrap.cc:492] T 5ef2920d687d43c8ba8f5b83abb29981 P fc51c00e121843179f24eb181ee74a61: No bootstrap required, opened a new log
I20260713 08:59:28.780858  1733 ts_tablet_manager.cc:1403] T 5ef2920d687d43c8ba8f5b83abb29981 P fc51c00e121843179f24eb181ee74a61: Time spent bootstrapping tablet: real 0.010s	user 0.009s	sys 0.000s
I20260713 08:59:28.782672  1733 raft_consensus.cc:359] T 5ef2920d687d43c8ba8f5b83abb29981 P fc51c00e121843179f24eb181ee74a61 [term 0 FOLLOWER]: Replica starting. Triggering 0 pending ops. Active config: opid_index: -1 OBSOLETE_local: false peers { permanent_uuid: "32d21b88cf1b4f98bf5fe3da1463179b" member_type: VOTER last_known_addr { host: "127.0.107.193" port: 45929 } } peers { permanent_uuid: "fc51c00e121843179f24eb181ee74a61" member_type: VOTER last_known_addr { host: "127.0.107.194" port: 41083 } } peers { permanent_uuid: "91669909457b45ef9e5be89795d8e36e" member_type: VOTER last_known_addr { host: "127.0.107.195" port: 36881 } }
I20260713 08:59:28.783255  1733 raft_consensus.cc:385] T 5ef2920d687d43c8ba8f5b83abb29981 P fc51c00e121843179f24eb181ee74a61 [term 0 FOLLOWER]: Consensus starting up: Expiring failure detector timer to make a prompt election more likely
I20260713 08:59:28.783490  1733 raft_consensus.cc:740] T 5ef2920d687d43c8ba8f5b83abb29981 P fc51c00e121843179f24eb181ee74a61 [term 0 FOLLOWER]: Becoming Follower/Learner. State: Replica: fc51c00e121843179f24eb181ee74a61, State: Initialized, Role: FOLLOWER
I20260713 08:59:28.784050  1733 consensus_queue.cc:260] T 5ef2920d687d43c8ba8f5b83abb29981 P fc51c00e121843179f24eb181ee74a61 [NON_LEADER]: Queue going to NON_LEADER mode. State: All replicated index: 0, Majority replicated index: 0, Committed index: 0, Last appended: 0.0, Last appended by leader: 0, Current term: 0, Majority size: -1, State: 0, Mode: NON_LEADER, active raft config: opid_index: -1 OBSOLETE_local: false peers { permanent_uuid: "32d21b88cf1b4f98bf5fe3da1463179b" member_type: VOTER last_known_addr { host: "127.0.107.193" port: 45929 } } peers { permanent_uuid: "fc51c00e121843179f24eb181ee74a61" member_type: VOTER last_known_addr { host: "127.0.107.194" port: 41083 } } peers { permanent_uuid: "91669909457b45ef9e5be89795d8e36e" member_type: VOTER last_known_addr { host: "127.0.107.195" port: 36881 } }
I20260713 08:59:28.785825  1733 ts_tablet_manager.cc:1434] T 5ef2920d687d43c8ba8f5b83abb29981 P fc51c00e121843179f24eb181ee74a61: Time spent starting tablet: real 0.005s	user 0.004s	sys 0.000s
I20260713 08:59:28.786573  1733 tablet_bootstrap.cc:492] T 140753857c8b49d6947851130732f40f P fc51c00e121843179f24eb181ee74a61: Bootstrap starting.
I20260713 08:59:28.792452  1733 tablet_bootstrap.cc:654] T 140753857c8b49d6947851130732f40f P fc51c00e121843179f24eb181ee74a61: Neither blocks nor log segments found. Creating new log.
I20260713 08:59:28.797514  1733 tablet_bootstrap.cc:492] T 140753857c8b49d6947851130732f40f P fc51c00e121843179f24eb181ee74a61: No bootstrap required, opened a new log
I20260713 08:59:28.797919  1733 ts_tablet_manager.cc:1403] T 140753857c8b49d6947851130732f40f P fc51c00e121843179f24eb181ee74a61: Time spent bootstrapping tablet: real 0.012s	user 0.009s	sys 0.001s
I20260713 08:59:28.799728  1733 raft_consensus.cc:359] T 140753857c8b49d6947851130732f40f P fc51c00e121843179f24eb181ee74a61 [term 0 FOLLOWER]: Replica starting. Triggering 0 pending ops. Active config: opid_index: -1 OBSOLETE_local: false peers { permanent_uuid: "32d21b88cf1b4f98bf5fe3da1463179b" member_type: VOTER last_known_addr { host: "127.0.107.193" port: 45929 } } peers { permanent_uuid: "fc51c00e121843179f24eb181ee74a61" member_type: VOTER last_known_addr { host: "127.0.107.194" port: 41083 } } peers { permanent_uuid: "91669909457b45ef9e5be89795d8e36e" member_type: VOTER last_known_addr { host: "127.0.107.195" port: 36881 } }
I20260713 08:59:28.800307  1733 raft_consensus.cc:385] T 140753857c8b49d6947851130732f40f P fc51c00e121843179f24eb181ee74a61 [term 0 FOLLOWER]: Consensus starting up: Expiring failure detector timer to make a prompt election more likely
I20260713 08:59:28.800570  1733 raft_consensus.cc:740] T 140753857c8b49d6947851130732f40f P fc51c00e121843179f24eb181ee74a61 [term 0 FOLLOWER]: Becoming Follower/Learner. State: Replica: fc51c00e121843179f24eb181ee74a61, State: Initialized, Role: FOLLOWER
I20260713 08:59:28.801138  1733 consensus_queue.cc:260] T 140753857c8b49d6947851130732f40f P fc51c00e121843179f24eb181ee74a61 [NON_LEADER]: Queue going to NON_LEADER mode. State: All replicated index: 0, Majority replicated index: 0, Committed index: 0, Last appended: 0.0, Last appended by leader: 0, Current term: 0, Majority size: -1, State: 0, Mode: NON_LEADER, active raft config: opid_index: -1 OBSOLETE_local: false peers { permanent_uuid: "32d21b88cf1b4f98bf5fe3da1463179b" member_type: VOTER last_known_addr { host: "127.0.107.193" port: 45929 } } peers { permanent_uuid: "fc51c00e121843179f24eb181ee74a61" member_type: VOTER last_known_addr { host: "127.0.107.194" port: 41083 } } peers { permanent_uuid: "91669909457b45ef9e5be89795d8e36e" member_type: VOTER last_known_addr { host: "127.0.107.195" port: 36881 } }
I20260713 08:59:28.802997  1733 ts_tablet_manager.cc:1434] T 140753857c8b49d6947851130732f40f P fc51c00e121843179f24eb181ee74a61: Time spent starting tablet: real 0.005s	user 0.003s	sys 0.001s
I20260713 08:59:28.803853  1733 tablet_bootstrap.cc:492] T 320e261615ab4fe3beb68ad7edbdd9df P fc51c00e121843179f24eb181ee74a61: Bootstrap starting.
I20260713 08:59:28.808792  1733 tablet_bootstrap.cc:654] T 320e261615ab4fe3beb68ad7edbdd9df P fc51c00e121843179f24eb181ee74a61: Neither blocks nor log segments found. Creating new log.
I20260713 08:59:28.812999  1733 tablet_bootstrap.cc:492] T 320e261615ab4fe3beb68ad7edbdd9df P fc51c00e121843179f24eb181ee74a61: No bootstrap required, opened a new log
I20260713 08:59:28.813345  1733 ts_tablet_manager.cc:1403] T 320e261615ab4fe3beb68ad7edbdd9df P fc51c00e121843179f24eb181ee74a61: Time spent bootstrapping tablet: real 0.010s	user 0.008s	sys 0.000s
I20260713 08:59:28.815382  1733 raft_consensus.cc:359] T 320e261615ab4fe3beb68ad7edbdd9df P fc51c00e121843179f24eb181ee74a61 [term 0 FOLLOWER]: Replica starting. Triggering 0 pending ops. Active config: opid_index: -1 OBSOLETE_local: false peers { permanent_uuid: "32d21b88cf1b4f98bf5fe3da1463179b" member_type: VOTER last_known_addr { host: "127.0.107.193" port: 45929 } } peers { permanent_uuid: "fc51c00e121843179f24eb181ee74a61" member_type: VOTER last_known_addr { host: "127.0.107.194" port: 41083 } } peers { permanent_uuid: "91669909457b45ef9e5be89795d8e36e" member_type: VOTER last_known_addr { host: "127.0.107.195" port: 36881 } }
I20260713 08:59:28.815958  1733 raft_consensus.cc:385] T 320e261615ab4fe3beb68ad7edbdd9df P fc51c00e121843179f24eb181ee74a61 [term 0 FOLLOWER]: Consensus starting up: Expiring failure detector timer to make a prompt election more likely
I20260713 08:59:28.816152  1733 raft_consensus.cc:740] T 320e261615ab4fe3beb68ad7edbdd9df P fc51c00e121843179f24eb181ee74a61 [term 0 FOLLOWER]: Becoming Follower/Learner. State: Replica: fc51c00e121843179f24eb181ee74a61, State: Initialized, Role: FOLLOWER
I20260713 08:59:28.816795  1733 consensus_queue.cc:260] T 320e261615ab4fe3beb68ad7edbdd9df P fc51c00e121843179f24eb181ee74a61 [NON_LEADER]: Queue going to NON_LEADER mode. State: All replicated index: 0, Majority replicated index: 0, Committed index: 0, Last appended: 0.0, Last appended by leader: 0, Current term: 0, Majority size: -1, State: 0, Mode: NON_LEADER, active raft config: opid_index: -1 OBSOLETE_local: false peers { permanent_uuid: "32d21b88cf1b4f98bf5fe3da1463179b" member_type: VOTER last_known_addr { host: "127.0.107.193" port: 45929 } } peers { permanent_uuid: "fc51c00e121843179f24eb181ee74a61" member_type: VOTER last_known_addr { host: "127.0.107.194" port: 41083 } } peers { permanent_uuid: "91669909457b45ef9e5be89795d8e36e" member_type: VOTER last_known_addr { host: "127.0.107.195" port: 36881 } }
I20260713 08:59:28.817703  1781 consensus_queue.cc:1048] T 3912230736fd4bd8a96a8470f825ed71 P 32d21b88cf1b4f98bf5fe3da1463179b [LEADER]: Connected to new peer: Peer: permanent_uuid: "91669909457b45ef9e5be89795d8e36e" member_type: VOTER last_known_addr { host: "127.0.107.195" port: 36881 }, Status: LMP_MISMATCH, Last received: 0.0, Next index: 1, Last known committed idx: 0, Time since last communication: 0.000s
I20260713 08:59:28.818488  1733 ts_tablet_manager.cc:1434] T 320e261615ab4fe3beb68ad7edbdd9df P fc51c00e121843179f24eb181ee74a61: Time spent starting tablet: real 0.005s	user 0.004s	sys 0.000s
I20260713 08:59:28.824019  1846 raft_consensus.cc:493] T 3912230736fd4bd8a96a8470f825ed71 P fc51c00e121843179f24eb181ee74a61 [term 0 FOLLOWER]: Starting pre-election (no leader contacted us within the election timeout)
I20260713 08:59:28.824517  1846 raft_consensus.cc:515] T 3912230736fd4bd8a96a8470f825ed71 P fc51c00e121843179f24eb181ee74a61 [term 0 FOLLOWER]: Starting pre-election with config: opid_index: -1 OBSOLETE_local: false peers { permanent_uuid: "32d21b88cf1b4f98bf5fe3da1463179b" member_type: VOTER last_known_addr { host: "127.0.107.193" port: 45929 } } peers { permanent_uuid: "fc51c00e121843179f24eb181ee74a61" member_type: VOTER last_known_addr { host: "127.0.107.194" port: 41083 } } peers { permanent_uuid: "91669909457b45ef9e5be89795d8e36e" member_type: VOTER last_known_addr { host: "127.0.107.195" port: 36881 } }
I20260713 08:59:28.825728  1739 raft_consensus.cc:493] T 5ef2920d687d43c8ba8f5b83abb29981 P fc51c00e121843179f24eb181ee74a61 [term 0 FOLLOWER]: Starting pre-election (no leader contacted us within the election timeout)
I20260713 08:59:28.827400  1541 tablet_service.cc:1917] Received RequestConsensusVote() RPC: tablet_id: "3912230736fd4bd8a96a8470f825ed71" candidate_uuid: "fc51c00e121843179f24eb181ee74a61" candidate_term: 1 candidate_status { last_received { term: 0 index: 0 } } ignore_live_leader: false dest_uuid: "32d21b88cf1b4f98bf5fe3da1463179b" is_pre_election: true
I20260713 08:59:28.827560  1739 raft_consensus.cc:515] T 5ef2920d687d43c8ba8f5b83abb29981 P fc51c00e121843179f24eb181ee74a61 [term 0 FOLLOWER]: Starting pre-election with config: opid_index: -1 OBSOLETE_local: false peers { permanent_uuid: "32d21b88cf1b4f98bf5fe3da1463179b" member_type: VOTER last_known_addr { host: "127.0.107.193" port: 45929 } } peers { permanent_uuid: "fc51c00e121843179f24eb181ee74a61" member_type: VOTER last_known_addr { host: "127.0.107.194" port: 41083 } } peers { permanent_uuid: "91669909457b45ef9e5be89795d8e36e" member_type: VOTER last_known_addr { host: "127.0.107.195" port: 36881 } }
I20260713 08:59:28.829491  1739 leader_election.cc:290] T 5ef2920d687d43c8ba8f5b83abb29981 P fc51c00e121843179f24eb181ee74a61 [CANDIDATE]: Term 1 pre-election: Requested pre-vote from peers 32d21b88cf1b4f98bf5fe3da1463179b (127.0.107.193:45929), 91669909457b45ef9e5be89795d8e36e (127.0.107.195:36881)
I20260713 08:59:28.827003  1846 leader_election.cc:290] T 3912230736fd4bd8a96a8470f825ed71 P fc51c00e121843179f24eb181ee74a61 [CANDIDATE]: Term 1 pre-election: Requested pre-vote from peers 32d21b88cf1b4f98bf5fe3da1463179b (127.0.107.193:45929), 91669909457b45ef9e5be89795d8e36e (127.0.107.195:36881)
I20260713 08:59:28.830825  1773 raft_consensus.cc:493] T b790b5b31c9f4102b3c292e97764b456 P 91669909457b45ef9e5be89795d8e36e [term 0 FOLLOWER]: Starting pre-election (no leader contacted us within the election timeout)
I20260713 08:59:28.830837  1541 tablet_service.cc:1917] Received RequestConsensusVote() RPC: tablet_id: "5ef2920d687d43c8ba8f5b83abb29981" candidate_uuid: "fc51c00e121843179f24eb181ee74a61" candidate_term: 1 candidate_status { last_received { term: 0 index: 0 } } ignore_live_leader: false dest_uuid: "32d21b88cf1b4f98bf5fe3da1463179b" is_pre_election: true
I20260713 08:59:28.831367  1773 raft_consensus.cc:515] T b790b5b31c9f4102b3c292e97764b456 P 91669909457b45ef9e5be89795d8e36e [term 0 FOLLOWER]: Starting pre-election with config: opid_index: -1 OBSOLETE_local: false peers { permanent_uuid: "32d21b88cf1b4f98bf5fe3da1463179b" member_type: VOTER last_known_addr { host: "127.0.107.193" port: 45929 } } peers { permanent_uuid: "fc51c00e121843179f24eb181ee74a61" member_type: VOTER last_known_addr { host: "127.0.107.194" port: 41083 } } peers { permanent_uuid: "91669909457b45ef9e5be89795d8e36e" member_type: VOTER last_known_addr { host: "127.0.107.195" port: 36881 } }
I20260713 08:59:28.833405  1773 leader_election.cc:290] T b790b5b31c9f4102b3c292e97764b456 P 91669909457b45ef9e5be89795d8e36e [CANDIDATE]: Term 1 pre-election: Requested pre-vote from peers 32d21b88cf1b4f98bf5fe3da1463179b (127.0.107.193:45929), fc51c00e121843179f24eb181ee74a61 (127.0.107.194:41083)
I20260713 08:59:28.834561  1541 tablet_service.cc:1917] Received RequestConsensusVote() RPC: tablet_id: "b790b5b31c9f4102b3c292e97764b456" candidate_uuid: "91669909457b45ef9e5be89795d8e36e" candidate_term: 1 candidate_status { last_received { term: 0 index: 0 } } ignore_live_leader: false dest_uuid: "32d21b88cf1b4f98bf5fe3da1463179b" is_pre_election: true
I20260713 08:59:28.834748  1610 tablet_service.cc:1917] Received RequestConsensusVote() RPC: tablet_id: "b790b5b31c9f4102b3c292e97764b456" candidate_uuid: "91669909457b45ef9e5be89795d8e36e" candidate_term: 1 candidate_status { last_received { term: 0 index: 0 } } ignore_live_leader: false dest_uuid: "fc51c00e121843179f24eb181ee74a61" is_pre_election: true
I20260713 08:59:28.835251  1541 raft_consensus.cc:2393] T b790b5b31c9f4102b3c292e97764b456 P 32d21b88cf1b4f98bf5fe3da1463179b [term 1 FOLLOWER]: Leader pre-election vote request: Denying vote to candidate 91669909457b45ef9e5be89795d8e36e in current term 1: Already voted for candidate fc51c00e121843179f24eb181ee74a61 in this term.
I20260713 08:59:28.835332  1611 raft_consensus.cc:3060] T 3912230736fd4bd8a96a8470f825ed71 P fc51c00e121843179f24eb181ee74a61 [term 0 FOLLOWER]: Advancing to term 1
I20260713 08:59:28.836376  1656 leader_election.cc:304] T b790b5b31c9f4102b3c292e97764b456 P 91669909457b45ef9e5be89795d8e36e [CANDIDATE]: Term 1 pre-election: Election decided. Result: candidate lost. Election summary: received 3 responses out of 3 voters: 1 yes votes; 2 no votes. yes voters: 91669909457b45ef9e5be89795d8e36e; no voters: 32d21b88cf1b4f98bf5fe3da1463179b, fc51c00e121843179f24eb181ee74a61
I20260713 08:59:28.837316  1689 tablet_service.cc:1917] Received RequestConsensusVote() RPC: tablet_id: "3912230736fd4bd8a96a8470f825ed71" candidate_uuid: "fc51c00e121843179f24eb181ee74a61" candidate_term: 1 candidate_status { last_received { term: 0 index: 0 } } ignore_live_leader: false dest_uuid: "91669909457b45ef9e5be89795d8e36e" is_pre_election: true
I20260713 08:59:28.838568  1687 tablet_service.cc:1917] Received RequestConsensusVote() RPC: tablet_id: "5ef2920d687d43c8ba8f5b83abb29981" candidate_uuid: "fc51c00e121843179f24eb181ee74a61" candidate_term: 1 candidate_status { last_received { term: 0 index: 0 } } ignore_live_leader: false dest_uuid: "91669909457b45ef9e5be89795d8e36e" is_pre_election: true
I20260713 08:59:28.838967  1582 leader_election.cc:304] T 3912230736fd4bd8a96a8470f825ed71 P fc51c00e121843179f24eb181ee74a61 [CANDIDATE]: Term 1 pre-election: Election decided. Result: candidate lost. Election summary: received 3 responses out of 3 voters: 1 yes votes; 2 no votes. yes voters: fc51c00e121843179f24eb181ee74a61; no voters: 32d21b88cf1b4f98bf5fe3da1463179b, 91669909457b45ef9e5be89795d8e36e
I20260713 08:59:28.839322  1687 raft_consensus.cc:2393] T 5ef2920d687d43c8ba8f5b83abb29981 P 91669909457b45ef9e5be89795d8e36e [term 1 FOLLOWER]: Leader pre-election vote request: Denying vote to candidate fc51c00e121843179f24eb181ee74a61 in current term 1: Already voted for candidate 32d21b88cf1b4f98bf5fe3da1463179b in this term.
I20260713 08:59:28.840819  1875 raft_consensus.cc:3060] T b790b5b31c9f4102b3c292e97764b456 P 91669909457b45ef9e5be89795d8e36e [term 0 FOLLOWER]: Advancing to term 1
I20260713 08:59:28.847381  1875 raft_consensus.cc:2749] T b790b5b31c9f4102b3c292e97764b456 P 91669909457b45ef9e5be89795d8e36e [term 1 FOLLOWER]: Leader pre-election lost for term 1. Reason: could not achieve majority
I20260713 08:59:28.848217  1582 leader_election.cc:304] T 5ef2920d687d43c8ba8f5b83abb29981 P fc51c00e121843179f24eb181ee74a61 [CANDIDATE]: Term 1 pre-election: Election decided. Result: candidate lost. Election summary: received 3 responses out of 3 voters: 1 yes votes; 2 no votes. yes voters: fc51c00e121843179f24eb181ee74a61; no voters: 32d21b88cf1b4f98bf5fe3da1463179b, 91669909457b45ef9e5be89795d8e36e
I20260713 08:59:28.849453  1846 raft_consensus.cc:2749] T 3912230736fd4bd8a96a8470f825ed71 P fc51c00e121843179f24eb181ee74a61 [term 1 FOLLOWER]: Leader pre-election lost for term 1. Reason: could not achieve majority
I20260713 08:59:28.850195  1760 raft_consensus.cc:3060] T 5ef2920d687d43c8ba8f5b83abb29981 P fc51c00e121843179f24eb181ee74a61 [term 0 FOLLOWER]: Advancing to term 1
I20260713 08:59:28.850271  1811 consensus_queue.cc:1048] T 3912230736fd4bd8a96a8470f825ed71 P 32d21b88cf1b4f98bf5fe3da1463179b [LEADER]: Connected to new peer: Peer: permanent_uuid: "fc51c00e121843179f24eb181ee74a61" member_type: VOTER last_known_addr { host: "127.0.107.194" port: 41083 }, Status: LMP_MISMATCH, Last received: 0.0, Next index: 1, Last known committed idx: 0, Time since last communication: 0.000s
I20260713 08:59:28.854650  1846 raft_consensus.cc:493] T 140753857c8b49d6947851130732f40f P fc51c00e121843179f24eb181ee74a61 [term 0 FOLLOWER]: Starting pre-election (no leader contacted us within the election timeout)
I20260713 08:59:28.858256  1846 raft_consensus.cc:515] T 140753857c8b49d6947851130732f40f P fc51c00e121843179f24eb181ee74a61 [term 0 FOLLOWER]: Starting pre-election with config: opid_index: -1 OBSOLETE_local: false peers { permanent_uuid: "32d21b88cf1b4f98bf5fe3da1463179b" member_type: VOTER last_known_addr { host: "127.0.107.193" port: 45929 } } peers { permanent_uuid: "fc51c00e121843179f24eb181ee74a61" member_type: VOTER last_known_addr { host: "127.0.107.194" port: 41083 } } peers { permanent_uuid: "91669909457b45ef9e5be89795d8e36e" member_type: VOTER last_known_addr { host: "127.0.107.195" port: 36881 } }
I20260713 08:59:28.860718  1846 leader_election.cc:290] T 140753857c8b49d6947851130732f40f P fc51c00e121843179f24eb181ee74a61 [CANDIDATE]: Term 1 pre-election: Requested pre-vote from peers 32d21b88cf1b4f98bf5fe3da1463179b (127.0.107.193:45929), 91669909457b45ef9e5be89795d8e36e (127.0.107.195:36881)
I20260713 08:59:28.861286  1760 raft_consensus.cc:2749] T 5ef2920d687d43c8ba8f5b83abb29981 P fc51c00e121843179f24eb181ee74a61 [term 1 FOLLOWER]: Leader pre-election lost for term 1. Reason: could not achieve majority
I20260713 08:59:28.862279  1541 tablet_service.cc:1917] Received RequestConsensusVote() RPC: tablet_id: "140753857c8b49d6947851130732f40f" candidate_uuid: "fc51c00e121843179f24eb181ee74a61" candidate_term: 1 candidate_status { last_received { term: 0 index: 0 } } ignore_live_leader: false dest_uuid: "32d21b88cf1b4f98bf5fe3da1463179b" is_pre_election: true
I20260713 08:59:28.862438  1686 tablet_service.cc:1917] Received RequestConsensusVote() RPC: tablet_id: "140753857c8b49d6947851130732f40f" candidate_uuid: "fc51c00e121843179f24eb181ee74a61" candidate_term: 1 candidate_status { last_received { term: 0 index: 0 } } ignore_live_leader: false dest_uuid: "91669909457b45ef9e5be89795d8e36e" is_pre_election: true
I20260713 08:59:28.864389  1582 leader_election.cc:304] T 140753857c8b49d6947851130732f40f P fc51c00e121843179f24eb181ee74a61 [CANDIDATE]: Term 1 pre-election: Election decided. Result: candidate lost. Election summary: received 3 responses out of 3 voters: 1 yes votes; 2 no votes. yes voters: fc51c00e121843179f24eb181ee74a61; no voters: 32d21b88cf1b4f98bf5fe3da1463179b, 91669909457b45ef9e5be89795d8e36e
I20260713 08:59:28.865130  1897 raft_consensus.cc:2749] T 140753857c8b49d6947851130732f40f P fc51c00e121843179f24eb181ee74a61 [term 0 FOLLOWER]: Leader pre-election lost for term 1. Reason: could not achieve majority
I20260713 08:59:28.875993  1897 raft_consensus.cc:493] T 02f9fceb9dc2428fa33602c7d119a71f P fc51c00e121843179f24eb181ee74a61 [term 0 FOLLOWER]: Starting pre-election (no leader contacted us within the election timeout)
I20260713 08:59:28.876485  1897 raft_consensus.cc:515] T 02f9fceb9dc2428fa33602c7d119a71f P fc51c00e121843179f24eb181ee74a61 [term 0 FOLLOWER]: Starting pre-election with config: opid_index: -1 OBSOLETE_local: false peers { permanent_uuid: "32d21b88cf1b4f98bf5fe3da1463179b" member_type: VOTER last_known_addr { host: "127.0.107.193" port: 45929 } } peers { permanent_uuid: "fc51c00e121843179f24eb181ee74a61" member_type: VOTER last_known_addr { host: "127.0.107.194" port: 41083 } } peers { permanent_uuid: "91669909457b45ef9e5be89795d8e36e" member_type: VOTER last_known_addr { host: "127.0.107.195" port: 36881 } }
I20260713 08:59:28.878715  1875 raft_consensus.cc:493] T 7e8bce83b9ac46ffacec1068e8ec3e1a P 91669909457b45ef9e5be89795d8e36e [term 0 FOLLOWER]: Starting pre-election (no leader contacted us within the election timeout)
I20260713 08:59:28.878366  1897 leader_election.cc:290] T 02f9fceb9dc2428fa33602c7d119a71f P fc51c00e121843179f24eb181ee74a61 [CANDIDATE]: Term 1 pre-election: Requested pre-vote from peers 32d21b88cf1b4f98bf5fe3da1463179b (127.0.107.193:45929), 91669909457b45ef9e5be89795d8e36e (127.0.107.195:36881)
I20260713 08:59:28.879223  1541 tablet_service.cc:1917] Received RequestConsensusVote() RPC: tablet_id: "02f9fceb9dc2428fa33602c7d119a71f" candidate_uuid: "fc51c00e121843179f24eb181ee74a61" candidate_term: 1 candidate_status { last_received { term: 0 index: 0 } } ignore_live_leader: false dest_uuid: "32d21b88cf1b4f98bf5fe3da1463179b" is_pre_election: true
I20260713 08:59:28.879185  1875 raft_consensus.cc:515] T 7e8bce83b9ac46ffacec1068e8ec3e1a P 91669909457b45ef9e5be89795d8e36e [term 0 FOLLOWER]: Starting pre-election with config: opid_index: -1 OBSOLETE_local: false peers { permanent_uuid: "32d21b88cf1b4f98bf5fe3da1463179b" member_type: VOTER last_known_addr { host: "127.0.107.193" port: 45929 } } peers { permanent_uuid: "fc51c00e121843179f24eb181ee74a61" member_type: VOTER last_known_addr { host: "127.0.107.194" port: 41083 } } peers { permanent_uuid: "91669909457b45ef9e5be89795d8e36e" member_type: VOTER last_known_addr { host: "127.0.107.195" port: 36881 } }
I20260713 08:59:28.879410  1686 tablet_service.cc:1917] Received RequestConsensusVote() RPC: tablet_id: "02f9fceb9dc2428fa33602c7d119a71f" candidate_uuid: "fc51c00e121843179f24eb181ee74a61" candidate_term: 1 candidate_status { last_received { term: 0 index: 0 } } ignore_live_leader: false dest_uuid: "91669909457b45ef9e5be89795d8e36e" is_pre_election: true
I20260713 08:59:28.879766  1541 raft_consensus.cc:2468] T 02f9fceb9dc2428fa33602c7d119a71f P 32d21b88cf1b4f98bf5fe3da1463179b [term 0 FOLLOWER]: Leader pre-election vote request: Granting yes vote for candidate fc51c00e121843179f24eb181ee74a61 in term 0.
I20260713 08:59:28.880043  1686 raft_consensus.cc:2468] T 02f9fceb9dc2428fa33602c7d119a71f P 91669909457b45ef9e5be89795d8e36e [term 0 FOLLOWER]: Leader pre-election vote request: Granting yes vote for candidate fc51c00e121843179f24eb181ee74a61 in term 0.
I20260713 08:59:28.880870  1582 leader_election.cc:304] T 02f9fceb9dc2428fa33602c7d119a71f P fc51c00e121843179f24eb181ee74a61 [CANDIDATE]: Term 1 pre-election: Election decided. Result: candidate won. Election summary: received 2 responses out of 3 voters: 2 yes votes; 0 no votes. yes voters: 32d21b88cf1b4f98bf5fe3da1463179b, fc51c00e121843179f24eb181ee74a61; no voters: 
