I20260713 08:59:04.776415   761 raft_consensus.cc:359] T a34adbd17e0542db97d6f9b4b65193d4 P 2c71f5019f074262b5cf4aa42ff95833 [term 0 FOLLOWER]: Replica starting. Triggering 0 pending ops. Active config: opid_index: -1 OBSOLETE_local: false peers { permanent_uuid: "7c24eb1ef1eb40a9829c15e47654ad09" member_type: VOTER last_known_addr { host: "127.0.107.193" port: 35525 } } peers { permanent_uuid: "2c71f5019f074262b5cf4aa42ff95833" member_type: VOTER last_known_addr { host: "127.0.107.194" port: 40863 } } peers { permanent_uuid: "1a43be24b2fc4c0ea3afe81cb5d0fe71" member_type: VOTER last_known_addr { host: "127.0.107.195" port: 34183 } }
I20260713 08:59:04.777369   761 raft_consensus.cc:385] T a34adbd17e0542db97d6f9b4b65193d4 P 2c71f5019f074262b5cf4aa42ff95833 [term 0 FOLLOWER]: Consensus starting up: Expiring failure detector timer to make a prompt election more likely
I20260713 08:59:04.777776   761 raft_consensus.cc:740] T a34adbd17e0542db97d6f9b4b65193d4 P 2c71f5019f074262b5cf4aa42ff95833 [term 0 FOLLOWER]: Becoming Follower/Learner. State: Replica: 2c71f5019f074262b5cf4aa42ff95833, State: Initialized, Role: FOLLOWER
I20260713 08:59:04.778679   761 consensus_queue.cc:260] T a34adbd17e0542db97d6f9b4b65193d4 P 2c71f5019f074262b5cf4aa42ff95833 [NON_LEADER]: Queue going to NON_LEADER mode. State: All replicated index: 0, Majority replicated index: 0, Committed index: 0, Last appended: 0.0, Last appended by leader: 0, Current term: 0, Majority size: -1, State: 0, Mode: NON_LEADER, active raft config: opid_index: -1 OBSOLETE_local: false peers { permanent_uuid: "7c24eb1ef1eb40a9829c15e47654ad09" member_type: VOTER last_known_addr { host: "127.0.107.193" port: 35525 } } peers { permanent_uuid: "2c71f5019f074262b5cf4aa42ff95833" member_type: VOTER last_known_addr { host: "127.0.107.194" port: 40863 } } peers { permanent_uuid: "1a43be24b2fc4c0ea3afe81cb5d0fe71" member_type: VOTER last_known_addr { host: "127.0.107.195" port: 34183 } }
I20260713 08:59:04.782130   740 heartbeater.cc:499] Master 127.0.107.254:42999 was elected leader, sending a full tablet report...
I20260713 08:59:04.782689   759 ts_tablet_manager.cc:1434] T 5aaaf793f365441bb38adf95c60cf85a P 1a43be24b2fc4c0ea3afe81cb5d0fe71: Time spent starting tablet: real 0.049s	user 0.001s	sys 0.027s
I20260713 08:59:04.783890   759 tablet_bootstrap.cc:492] T 2e435c4c6bb24f3098704453619665ea P 1a43be24b2fc4c0ea3afe81cb5d0fe71: Bootstrap starting.
W20260713 08:59:04.789567   592 tablet.cc:2406] T a34adbd17e0542db97d6f9b4b65193d4 P 7c24eb1ef1eb40a9829c15e47654ad09: Can't schedule compaction. Clean time has not been advanced past its initial value.
I20260713 08:59:04.791664   761 ts_tablet_manager.cc:1434] T a34adbd17e0542db97d6f9b4b65193d4 P 2c71f5019f074262b5cf4aa42ff95833: Time spent starting tablet: real 0.019s	user 0.010s	sys 0.005s
I20260713 08:59:04.791824   759 tablet_bootstrap.cc:654] T 2e435c4c6bb24f3098704453619665ea P 1a43be24b2fc4c0ea3afe81cb5d0fe71: Neither blocks nor log segments found. Creating new log.
I20260713 08:59:04.792642   666 heartbeater.cc:499] Master 127.0.107.254:42999 was elected leader, sending a full tablet report...
I20260713 08:59:04.798579   759 tablet_bootstrap.cc:492] T 2e435c4c6bb24f3098704453619665ea P 1a43be24b2fc4c0ea3afe81cb5d0fe71: No bootstrap required, opened a new log
I20260713 08:59:04.799024   759 ts_tablet_manager.cc:1403] T 2e435c4c6bb24f3098704453619665ea P 1a43be24b2fc4c0ea3afe81cb5d0fe71: Time spent bootstrapping tablet: real 0.015s	user 0.009s	sys 0.002s
I20260713 08:59:04.801930   759 raft_consensus.cc:359] T 2e435c4c6bb24f3098704453619665ea P 1a43be24b2fc4c0ea3afe81cb5d0fe71 [term 0 FOLLOWER]: Replica starting. Triggering 0 pending ops. Active config: opid_index: -1 OBSOLETE_local: false peers { permanent_uuid: "7c24eb1ef1eb40a9829c15e47654ad09" member_type: VOTER last_known_addr { host: "127.0.107.193" port: 35525 } } peers { permanent_uuid: "2c71f5019f074262b5cf4aa42ff95833" member_type: VOTER last_known_addr { host: "127.0.107.194" port: 40863 } } peers { permanent_uuid: "1a43be24b2fc4c0ea3afe81cb5d0fe71" member_type: VOTER last_known_addr { host: "127.0.107.195" port: 34183 } }
I20260713 08:59:04.802657   759 raft_consensus.cc:385] T 2e435c4c6bb24f3098704453619665ea P 1a43be24b2fc4c0ea3afe81cb5d0fe71 [term 0 FOLLOWER]: Consensus starting up: Expiring failure detector timer to make a prompt election more likely
I20260713 08:59:04.802982   759 raft_consensus.cc:740] T 2e435c4c6bb24f3098704453619665ea P 1a43be24b2fc4c0ea3afe81cb5d0fe71 [term 0 FOLLOWER]: Becoming Follower/Learner. State: Replica: 1a43be24b2fc4c0ea3afe81cb5d0fe71, State: Initialized, Role: FOLLOWER
I20260713 08:59:04.803706   759 consensus_queue.cc:260] T 2e435c4c6bb24f3098704453619665ea P 1a43be24b2fc4c0ea3afe81cb5d0fe71 [NON_LEADER]: Queue going to NON_LEADER mode. State: All replicated index: 0, Majority replicated index: 0, Committed index: 0, Last appended: 0.0, Last appended by leader: 0, Current term: 0, Majority size: -1, State: 0, Mode: NON_LEADER, active raft config: opid_index: -1 OBSOLETE_local: false peers { permanent_uuid: "7c24eb1ef1eb40a9829c15e47654ad09" member_type: VOTER last_known_addr { host: "127.0.107.193" port: 35525 } } peers { permanent_uuid: "2c71f5019f074262b5cf4aa42ff95833" member_type: VOTER last_known_addr { host: "127.0.107.194" port: 40863 } } peers { permanent_uuid: "1a43be24b2fc4c0ea3afe81cb5d0fe71" member_type: VOTER last_known_addr { host: "127.0.107.195" port: 34183 } }
I20260713 08:59:04.805568   758 tablet_bootstrap.cc:492] T 5aaaf793f365441bb38adf95c60cf85a P 7c24eb1ef1eb40a9829c15e47654ad09: No bootstrap required, opened a new log
I20260713 08:59:04.806008   758 ts_tablet_manager.cc:1403] T 5aaaf793f365441bb38adf95c60cf85a P 7c24eb1ef1eb40a9829c15e47654ad09: Time spent bootstrapping tablet: real 0.047s	user 0.005s	sys 0.008s
I20260713 08:59:04.806067   759 ts_tablet_manager.cc:1434] T 2e435c4c6bb24f3098704453619665ea P 1a43be24b2fc4c0ea3afe81cb5d0fe71: Time spent starting tablet: real 0.007s	user 0.007s	sys 0.000s
I20260713 08:59:04.807039   759 tablet_bootstrap.cc:492] T ed556390f3fa4bb0a76437a00327eafc P 1a43be24b2fc4c0ea3afe81cb5d0fe71: Bootstrap starting.
I20260713 08:59:04.807823   761 tablet_bootstrap.cc:492] T 5aaaf793f365441bb38adf95c60cf85a P 2c71f5019f074262b5cf4aa42ff95833: Bootstrap starting.
I20260713 08:59:04.808811   758 raft_consensus.cc:359] T 5aaaf793f365441bb38adf95c60cf85a P 7c24eb1ef1eb40a9829c15e47654ad09 [term 0 FOLLOWER]: Replica starting. Triggering 0 pending ops. Active config: opid_index: -1 OBSOLETE_local: false peers { permanent_uuid: "1a43be24b2fc4c0ea3afe81cb5d0fe71" member_type: VOTER last_known_addr { host: "127.0.107.195" port: 34183 } } peers { permanent_uuid: "2c71f5019f074262b5cf4aa42ff95833" member_type: VOTER last_known_addr { host: "127.0.107.194" port: 40863 } } peers { permanent_uuid: "7c24eb1ef1eb40a9829c15e47654ad09" member_type: VOTER last_known_addr { host: "127.0.107.193" port: 35525 } }
I20260713 08:59:04.809505   758 raft_consensus.cc:385] T 5aaaf793f365441bb38adf95c60cf85a P 7c24eb1ef1eb40a9829c15e47654ad09 [term 0 FOLLOWER]: Consensus starting up: Expiring failure detector timer to make a prompt election more likely
I20260713 08:59:04.809819   758 raft_consensus.cc:740] T 5aaaf793f365441bb38adf95c60cf85a P 7c24eb1ef1eb40a9829c15e47654ad09 [term 0 FOLLOWER]: Becoming Follower/Learner. State: Replica: 7c24eb1ef1eb40a9829c15e47654ad09, State: Initialized, Role: FOLLOWER
I20260713 08:59:04.810498   758 consensus_queue.cc:260] T 5aaaf793f365441bb38adf95c60cf85a P 7c24eb1ef1eb40a9829c15e47654ad09 [NON_LEADER]: Queue going to NON_LEADER mode. State: All replicated index: 0, Majority replicated index: 0, Committed index: 0, Last appended: 0.0, Last appended by leader: 0, Current term: 0, Majority size: -1, State: 0, Mode: NON_LEADER, active raft config: opid_index: -1 OBSOLETE_local: false peers { permanent_uuid: "1a43be24b2fc4c0ea3afe81cb5d0fe71" member_type: VOTER last_known_addr { host: "127.0.107.195" port: 34183 } } peers { permanent_uuid: "2c71f5019f074262b5cf4aa42ff95833" member_type: VOTER last_known_addr { host: "127.0.107.194" port: 40863 } } peers { permanent_uuid: "7c24eb1ef1eb40a9829c15e47654ad09" member_type: VOTER last_known_addr { host: "127.0.107.193" port: 35525 } }
I20260713 08:59:04.815141   759 tablet_bootstrap.cc:654] T ed556390f3fa4bb0a76437a00327eafc P 1a43be24b2fc4c0ea3afe81cb5d0fe71: Neither blocks nor log segments found. Creating new log.
I20260713 08:59:04.816633   758 ts_tablet_manager.cc:1434] T 5aaaf793f365441bb38adf95c60cf85a P 7c24eb1ef1eb40a9829c15e47654ad09: Time spent starting tablet: real 0.010s	user 0.005s	sys 0.003s
I20260713 08:59:04.817545   758 tablet_bootstrap.cc:492] T 158aebf0425547a59b32f50f53aa3254 P 7c24eb1ef1eb40a9829c15e47654ad09: Bootstrap starting.
I20260713 08:59:04.827847   759 tablet_bootstrap.cc:492] T ed556390f3fa4bb0a76437a00327eafc P 1a43be24b2fc4c0ea3afe81cb5d0fe71: No bootstrap required, opened a new log
I20260713 08:59:04.828349   759 ts_tablet_manager.cc:1403] T ed556390f3fa4bb0a76437a00327eafc P 1a43be24b2fc4c0ea3afe81cb5d0fe71: Time spent bootstrapping tablet: real 0.021s	user 0.014s	sys 0.006s
I20260713 08:59:04.830207   758 tablet_bootstrap.cc:654] T 158aebf0425547a59b32f50f53aa3254 P 7c24eb1ef1eb40a9829c15e47654ad09: Neither blocks nor log segments found. Creating new log.
I20260713 08:59:04.831228   759 raft_consensus.cc:359] T ed556390f3fa4bb0a76437a00327eafc P 1a43be24b2fc4c0ea3afe81cb5d0fe71 [term 0 FOLLOWER]: Replica starting. Triggering 0 pending ops. Active config: opid_index: -1 OBSOLETE_local: false peers { permanent_uuid: "7c24eb1ef1eb40a9829c15e47654ad09" member_type: VOTER last_known_addr { host: "127.0.107.193" port: 35525 } } peers { permanent_uuid: "2c71f5019f074262b5cf4aa42ff95833" member_type: VOTER last_known_addr { host: "127.0.107.194" port: 40863 } } peers { permanent_uuid: "1a43be24b2fc4c0ea3afe81cb5d0fe71" member_type: VOTER last_known_addr { host: "127.0.107.195" port: 34183 } }
I20260713 08:59:04.831794   761 tablet_bootstrap.cc:654] T 5aaaf793f365441bb38adf95c60cf85a P 2c71f5019f074262b5cf4aa42ff95833: Neither blocks nor log segments found. Creating new log.
I20260713 08:59:04.832013   759 raft_consensus.cc:385] T ed556390f3fa4bb0a76437a00327eafc P 1a43be24b2fc4c0ea3afe81cb5d0fe71 [term 0 FOLLOWER]: Consensus starting up: Expiring failure detector timer to make a prompt election more likely
I20260713 08:59:04.832350   759 raft_consensus.cc:740] T ed556390f3fa4bb0a76437a00327eafc P 1a43be24b2fc4c0ea3afe81cb5d0fe71 [term 0 FOLLOWER]: Becoming Follower/Learner. State: Replica: 1a43be24b2fc4c0ea3afe81cb5d0fe71, State: Initialized, Role: FOLLOWER
I20260713 08:59:04.833109   759 consensus_queue.cc:260] T ed556390f3fa4bb0a76437a00327eafc P 1a43be24b2fc4c0ea3afe81cb5d0fe71 [NON_LEADER]: Queue going to NON_LEADER mode. State: All replicated index: 0, Majority replicated index: 0, Committed index: 0, Last appended: 0.0, Last appended by leader: 0, Current term: 0, Majority size: -1, State: 0, Mode: NON_LEADER, active raft config: opid_index: -1 OBSOLETE_local: false peers { permanent_uuid: "7c24eb1ef1eb40a9829c15e47654ad09" member_type: VOTER last_known_addr { host: "127.0.107.193" port: 35525 } } peers { permanent_uuid: "2c71f5019f074262b5cf4aa42ff95833" member_type: VOTER last_known_addr { host: "127.0.107.194" port: 40863 } } peers { permanent_uuid: "1a43be24b2fc4c0ea3afe81cb5d0fe71" member_type: VOTER last_known_addr { host: "127.0.107.195" port: 34183 } }
I20260713 08:59:04.835577   759 ts_tablet_manager.cc:1434] T ed556390f3fa4bb0a76437a00327eafc P 1a43be24b2fc4c0ea3afe81cb5d0fe71: Time spent starting tablet: real 0.007s	user 0.004s	sys 0.002s
I20260713 08:59:04.836777   759 tablet_bootstrap.cc:492] T 3beaa21c7615445a96ff352de080a416 P 1a43be24b2fc4c0ea3afe81cb5d0fe71: Bootstrap starting.
I20260713 08:59:04.844213   759 tablet_bootstrap.cc:654] T 3beaa21c7615445a96ff352de080a416 P 1a43be24b2fc4c0ea3afe81cb5d0fe71: Neither blocks nor log segments found. Creating new log.
I20260713 08:59:04.847647   758 tablet_bootstrap.cc:492] T 158aebf0425547a59b32f50f53aa3254 P 7c24eb1ef1eb40a9829c15e47654ad09: No bootstrap required, opened a new log
I20260713 08:59:04.848078   758 ts_tablet_manager.cc:1403] T 158aebf0425547a59b32f50f53aa3254 P 7c24eb1ef1eb40a9829c15e47654ad09: Time spent bootstrapping tablet: real 0.031s	user 0.008s	sys 0.002s
I20260713 08:59:04.850698   758 raft_consensus.cc:359] T 158aebf0425547a59b32f50f53aa3254 P 7c24eb1ef1eb40a9829c15e47654ad09 [term 0 FOLLOWER]: Replica starting. Triggering 0 pending ops. Active config: opid_index: -1 OBSOLETE_local: false peers { permanent_uuid: "7c24eb1ef1eb40a9829c15e47654ad09" member_type: VOTER last_known_addr { host: "127.0.107.193" port: 35525 } } peers { permanent_uuid: "2c71f5019f074262b5cf4aa42ff95833" member_type: VOTER last_known_addr { host: "127.0.107.194" port: 40863 } } peers { permanent_uuid: "1a43be24b2fc4c0ea3afe81cb5d0fe71" member_type: VOTER last_known_addr { host: "127.0.107.195" port: 34183 } }
I20260713 08:59:04.851361   758 raft_consensus.cc:385] T 158aebf0425547a59b32f50f53aa3254 P 7c24eb1ef1eb40a9829c15e47654ad09 [term 0 FOLLOWER]: Consensus starting up: Expiring failure detector timer to make a prompt election more likely
I20260713 08:59:04.851642   758 raft_consensus.cc:740] T 158aebf0425547a59b32f50f53aa3254 P 7c24eb1ef1eb40a9829c15e47654ad09 [term 0 FOLLOWER]: Becoming Follower/Learner. State: Replica: 7c24eb1ef1eb40a9829c15e47654ad09, State: Initialized, Role: FOLLOWER
I20260713 08:59:04.852321   758 consensus_queue.cc:260] T 158aebf0425547a59b32f50f53aa3254 P 7c24eb1ef1eb40a9829c15e47654ad09 [NON_LEADER]: Queue going to NON_LEADER mode. State: All replicated index: 0, Majority replicated index: 0, Committed index: 0, Last appended: 0.0, Last appended by leader: 0, Current term: 0, Majority size: -1, State: 0, Mode: NON_LEADER, active raft config: opid_index: -1 OBSOLETE_local: false peers { permanent_uuid: "7c24eb1ef1eb40a9829c15e47654ad09" member_type: VOTER last_known_addr { host: "127.0.107.193" port: 35525 } } peers { permanent_uuid: "2c71f5019f074262b5cf4aa42ff95833" member_type: VOTER last_known_addr { host: "127.0.107.194" port: 40863 } } peers { permanent_uuid: "1a43be24b2fc4c0ea3afe81cb5d0fe71" member_type: VOTER last_known_addr { host: "127.0.107.195" port: 34183 } }
I20260713 08:59:04.855023   758 ts_tablet_manager.cc:1434] T 158aebf0425547a59b32f50f53aa3254 P 7c24eb1ef1eb40a9829c15e47654ad09: Time spent starting tablet: real 0.007s	user 0.005s	sys 0.000s
I20260713 08:59:04.855815   758 tablet_bootstrap.cc:492] T ed556390f3fa4bb0a76437a00327eafc P 7c24eb1ef1eb40a9829c15e47654ad09: Bootstrap starting.
I20260713 08:59:04.857389   759 tablet_bootstrap.cc:492] T 3beaa21c7615445a96ff352de080a416 P 1a43be24b2fc4c0ea3afe81cb5d0fe71: No bootstrap required, opened a new log
I20260713 08:59:04.857820   759 ts_tablet_manager.cc:1403] T 3beaa21c7615445a96ff352de080a416 P 1a43be24b2fc4c0ea3afe81cb5d0fe71: Time spent bootstrapping tablet: real 0.021s	user 0.014s	sys 0.003s
I20260713 08:59:04.861332   759 raft_consensus.cc:359] T 3beaa21c7615445a96ff352de080a416 P 1a43be24b2fc4c0ea3afe81cb5d0fe71 [term 0 FOLLOWER]: Replica starting. Triggering 0 pending ops. Active config: opid_index: -1 OBSOLETE_local: false peers { permanent_uuid: "7c24eb1ef1eb40a9829c15e47654ad09" member_type: VOTER last_known_addr { host: "127.0.107.193" port: 35525 } } peers { permanent_uuid: "2c71f5019f074262b5cf4aa42ff95833" member_type: VOTER last_known_addr { host: "127.0.107.194" port: 40863 } } peers { permanent_uuid: "1a43be24b2fc4c0ea3afe81cb5d0fe71" member_type: VOTER last_known_addr { host: "127.0.107.195" port: 34183 } }
I20260713 08:59:04.861999   759 raft_consensus.cc:385] T 3beaa21c7615445a96ff352de080a416 P 1a43be24b2fc4c0ea3afe81cb5d0fe71 [term 0 FOLLOWER]: Consensus starting up: Expiring failure detector timer to make a prompt election more likely
I20260713 08:59:04.862195   767 raft_consensus.cc:493] T a34adbd17e0542db97d6f9b4b65193d4 P 2c71f5019f074262b5cf4aa42ff95833 [term 0 FOLLOWER]: Starting pre-election (no leader contacted us within the election timeout)
I20260713 08:59:04.862360   759 raft_consensus.cc:740] T 3beaa21c7615445a96ff352de080a416 P 1a43be24b2fc4c0ea3afe81cb5d0fe71 [term 0 FOLLOWER]: Becoming Follower/Learner. State: Replica: 1a43be24b2fc4c0ea3afe81cb5d0fe71, State: Initialized, Role: FOLLOWER
I20260713 08:59:04.863009   758 tablet_bootstrap.cc:654] T ed556390f3fa4bb0a76437a00327eafc P 7c24eb1ef1eb40a9829c15e47654ad09: Neither blocks nor log segments found. Creating new log.
I20260713 08:59:04.862658   767 raft_consensus.cc:515] T a34adbd17e0542db97d6f9b4b65193d4 P 2c71f5019f074262b5cf4aa42ff95833 [term 0 FOLLOWER]: Starting pre-election with config: opid_index: -1 OBSOLETE_local: false peers { permanent_uuid: "7c24eb1ef1eb40a9829c15e47654ad09" member_type: VOTER last_known_addr { host: "127.0.107.193" port: 35525 } } peers { permanent_uuid: "2c71f5019f074262b5cf4aa42ff95833" member_type: VOTER last_known_addr { host: "127.0.107.194" port: 40863 } } peers { permanent_uuid: "1a43be24b2fc4c0ea3afe81cb5d0fe71" member_type: VOTER last_known_addr { host: "127.0.107.195" port: 34183 } }
I20260713 08:59:04.863197   759 consensus_queue.cc:260] T 3beaa21c7615445a96ff352de080a416 P 1a43be24b2fc4c0ea3afe81cb5d0fe71 [NON_LEADER]: Queue going to NON_LEADER mode. State: All replicated index: 0, Majority replicated index: 0, Committed index: 0, Last appended: 0.0, Last appended by leader: 0, Current term: 0, Majority size: -1, State: 0, Mode: NON_LEADER, active raft config: opid_index: -1 OBSOLETE_local: false peers { permanent_uuid: "7c24eb1ef1eb40a9829c15e47654ad09" member_type: VOTER last_known_addr { host: "127.0.107.193" port: 35525 } } peers { permanent_uuid: "2c71f5019f074262b5cf4aa42ff95833" member_type: VOTER last_known_addr { host: "127.0.107.194" port: 40863 } } peers { permanent_uuid: "1a43be24b2fc4c0ea3afe81cb5d0fe71" member_type: VOTER last_known_addr { host: "127.0.107.195" port: 34183 } }
I20260713 08:59:04.865478   759 ts_tablet_manager.cc:1434] T 3beaa21c7615445a96ff352de080a416 P 1a43be24b2fc4c0ea3afe81cb5d0fe71: Time spent starting tablet: real 0.007s	user 0.008s	sys 0.000s
I20260713 08:59:04.868791   759 tablet_bootstrap.cc:492] T 158aebf0425547a59b32f50f53aa3254 P 1a43be24b2fc4c0ea3afe81cb5d0fe71: Bootstrap starting.
I20260713 08:59:04.866690   767 leader_election.cc:290] T a34adbd17e0542db97d6f9b4b65193d4 P 2c71f5019f074262b5cf4aa42ff95833 [CANDIDATE]: Term 1 pre-election: Requested pre-vote from peers 7c24eb1ef1eb40a9829c15e47654ad09 (127.0.107.193:35525), 1a43be24b2fc4c0ea3afe81cb5d0fe71 (127.0.107.195:34183)
I20260713 08:59:04.882377   761 tablet_bootstrap.cc:492] T 5aaaf793f365441bb38adf95c60cf85a P 2c71f5019f074262b5cf4aa42ff95833: No bootstrap required, opened a new log
I20260713 08:59:04.884688   761 ts_tablet_manager.cc:1403] T 5aaaf793f365441bb38adf95c60cf85a P 2c71f5019f074262b5cf4aa42ff95833: Time spent bootstrapping tablet: real 0.079s	user 0.012s	sys 0.007s
I20260713 08:59:04.888715   761 raft_consensus.cc:359] T 5aaaf793f365441bb38adf95c60cf85a P 2c71f5019f074262b5cf4aa42ff95833 [term 0 FOLLOWER]: Replica starting. Triggering 0 pending ops. Active config: opid_index: -1 OBSOLETE_local: false peers { permanent_uuid: "1a43be24b2fc4c0ea3afe81cb5d0fe71" member_type: VOTER last_known_addr { host: "127.0.107.195" port: 34183 } } peers { permanent_uuid: "2c71f5019f074262b5cf4aa42ff95833" member_type: VOTER last_known_addr { host: "127.0.107.194" port: 40863 } } peers { permanent_uuid: "7c24eb1ef1eb40a9829c15e47654ad09" member_type: VOTER last_known_addr { host: "127.0.107.193" port: 35525 } }
I20260713 08:59:04.889400   761 raft_consensus.cc:385] T 5aaaf793f365441bb38adf95c60cf85a P 2c71f5019f074262b5cf4aa42ff95833 [term 0 FOLLOWER]: Consensus starting up: Expiring failure detector timer to make a prompt election more likely
I20260713 08:59:04.897277   759 tablet_bootstrap.cc:654] T 158aebf0425547a59b32f50f53aa3254 P 1a43be24b2fc4c0ea3afe81cb5d0fe71: Neither blocks nor log segments found. Creating new log.
I20260713 08:59:04.893939   761 raft_consensus.cc:740] T 5aaaf793f365441bb38adf95c60cf85a P 2c71f5019f074262b5cf4aa42ff95833 [term 0 FOLLOWER]: Becoming Follower/Learner. State: Replica: 2c71f5019f074262b5cf4aa42ff95833, State: Initialized, Role: FOLLOWER
I20260713 08:59:04.902030   761 consensus_queue.cc:260] T 5aaaf793f365441bb38adf95c60cf85a P 2c71f5019f074262b5cf4aa42ff95833 [NON_LEADER]: Queue going to NON_LEADER mode. State: All replicated index: 0, Majority replicated index: 0, Committed index: 0, Last appended: 0.0, Last appended by leader: 0, Current term: 0, Majority size: -1, State: 0, Mode: NON_LEADER, active raft config: opid_index: -1 OBSOLETE_local: false peers { permanent_uuid: "1a43be24b2fc4c0ea3afe81cb5d0fe71" member_type: VOTER last_known_addr { host: "127.0.107.195" port: 34183 } } peers { permanent_uuid: "2c71f5019f074262b5cf4aa42ff95833" member_type: VOTER last_known_addr { host: "127.0.107.194" port: 40863 } } peers { permanent_uuid: "7c24eb1ef1eb40a9829c15e47654ad09" member_type: VOTER last_known_addr { host: "127.0.107.193" port: 35525 } }
I20260713 08:59:04.904275   761 ts_tablet_manager.cc:1434] T 5aaaf793f365441bb38adf95c60cf85a P 2c71f5019f074262b5cf4aa42ff95833: Time spent starting tablet: real 0.018s	user 0.005s	sys 0.000s
I20260713 08:59:04.905179   761 tablet_bootstrap.cc:492] T d73a8978795d432abc3f155ca1c2cf67 P 2c71f5019f074262b5cf4aa42ff95833: Bootstrap starting.
I20260713 08:59:04.914459   715 tablet_service.cc:1917] Received RequestConsensusVote() RPC: tablet_id: "a34adbd17e0542db97d6f9b4b65193d4" candidate_uuid: "2c71f5019f074262b5cf4aa42ff95833" candidate_term: 1 candidate_status { last_received { term: 0 index: 0 } } ignore_live_leader: false dest_uuid: "1a43be24b2fc4c0ea3afe81cb5d0fe71" is_pre_election: true
I20260713 08:59:04.926411   758 tablet_bootstrap.cc:492] T ed556390f3fa4bb0a76437a00327eafc P 7c24eb1ef1eb40a9829c15e47654ad09: No bootstrap required, opened a new log
I20260713 08:59:04.930879   758 ts_tablet_manager.cc:1403] T ed556390f3fa4bb0a76437a00327eafc P 7c24eb1ef1eb40a9829c15e47654ad09: Time spent bootstrapping tablet: real 0.075s	user 0.010s	sys 0.008s
W20260713 08:59:04.930119   604 leader_election.cc:343] T a34adbd17e0542db97d6f9b4b65193d4 P 2c71f5019f074262b5cf4aa42ff95833 [CANDIDATE]: Term 1 pre-election: Tablet error from VoteRequest() call to peer 1a43be24b2fc4c0ea3afe81cb5d0fe71 (127.0.107.195:34183): Illegal state: must be running to vote when last-logged opid is not known
I20260713 08:59:04.930727   566 tablet_service.cc:1917] Received RequestConsensusVote() RPC: tablet_id: "a34adbd17e0542db97d6f9b4b65193d4" candidate_uuid: "2c71f5019f074262b5cf4aa42ff95833" candidate_term: 1 candidate_status { last_received { term: 0 index: 0 } } ignore_live_leader: false dest_uuid: "7c24eb1ef1eb40a9829c15e47654ad09" is_pre_election: true
I20260713 08:59:04.931226   761 tablet_bootstrap.cc:654] T d73a8978795d432abc3f155ca1c2cf67 P 2c71f5019f074262b5cf4aa42ff95833: Neither blocks nor log segments found. Creating new log.
I20260713 08:59:04.931643   759 tablet_bootstrap.cc:492] T 158aebf0425547a59b32f50f53aa3254 P 1a43be24b2fc4c0ea3afe81cb5d0fe71: No bootstrap required, opened a new log
I20260713 08:59:04.931806   566 raft_consensus.cc:2468] T a34adbd17e0542db97d6f9b4b65193d4 P 7c24eb1ef1eb40a9829c15e47654ad09 [term 0 FOLLOWER]: Leader pre-election vote request: Granting yes vote for candidate 2c71f5019f074262b5cf4aa42ff95833 in term 0.
I20260713 08:59:04.937309   759 ts_tablet_manager.cc:1403] T 158aebf0425547a59b32f50f53aa3254 P 1a43be24b2fc4c0ea3afe81cb5d0fe71: Time spent bootstrapping tablet: real 0.069s	user 0.012s	sys 0.014s
I20260713 08:59:04.938275   606 leader_election.cc:304] T a34adbd17e0542db97d6f9b4b65193d4 P 2c71f5019f074262b5cf4aa42ff95833 [CANDIDATE]: Term 1 pre-election: Election decided. Result: candidate won. Election summary: received 3 responses out of 3 voters: 2 yes votes; 1 no votes. yes voters: 2c71f5019f074262b5cf4aa42ff95833, 7c24eb1ef1eb40a9829c15e47654ad09; no voters: 1a43be24b2fc4c0ea3afe81cb5d0fe71
I20260713 08:59:04.935667   758 raft_consensus.cc:359] T ed556390f3fa4bb0a76437a00327eafc P 7c24eb1ef1eb40a9829c15e47654ad09 [term 0 FOLLOWER]: Replica starting. Triggering 0 pending ops. Active config: opid_index: -1 OBSOLETE_local: false peers { permanent_uuid: "7c24eb1ef1eb40a9829c15e47654ad09" member_type: VOTER last_known_addr { host: "127.0.107.193" port: 35525 } } peers { permanent_uuid: "2c71f5019f074262b5cf4aa42ff95833" member_type: VOTER last_known_addr { host: "127.0.107.194" port: 40863 } } peers { permanent_uuid: "1a43be24b2fc4c0ea3afe81cb5d0fe71" member_type: VOTER last_known_addr { host: "127.0.107.195" port: 34183 } }
I20260713 08:59:04.939966   767 raft_consensus.cc:2804] T a34adbd17e0542db97d6f9b4b65193d4 P 2c71f5019f074262b5cf4aa42ff95833 [term 0 FOLLOWER]: Leader pre-election won for term 1
I20260713 08:59:04.940182   758 raft_consensus.cc:385] T ed556390f3fa4bb0a76437a00327eafc P 7c24eb1ef1eb40a9829c15e47654ad09 [term 0 FOLLOWER]: Consensus starting up: Expiring failure detector timer to make a prompt election more likely
I20260713 08:59:04.940363   767 raft_consensus.cc:493] T a34adbd17e0542db97d6f9b4b65193d4 P 2c71f5019f074262b5cf4aa42ff95833 [term 0 FOLLOWER]: Starting leader election (no leader contacted us within the election timeout)
I20260713 08:59:04.940533   758 raft_consensus.cc:740] T ed556390f3fa4bb0a76437a00327eafc P 7c24eb1ef1eb40a9829c15e47654ad09 [term 0 FOLLOWER]: Becoming Follower/Learner. State: Replica: 7c24eb1ef1eb40a9829c15e47654ad09, State: Initialized, Role: FOLLOWER
I20260713 08:59:04.940765   767 raft_consensus.cc:3060] T a34adbd17e0542db97d6f9b4b65193d4 P 2c71f5019f074262b5cf4aa42ff95833 [term 0 FOLLOWER]: Advancing to term 1
I20260713 08:59:04.941299   758 consensus_queue.cc:260] T ed556390f3fa4bb0a76437a00327eafc P 7c24eb1ef1eb40a9829c15e47654ad09 [NON_LEADER]: Queue going to NON_LEADER mode. State: All replicated index: 0, Majority replicated index: 0, Committed index: 0, Last appended: 0.0, Last appended by leader: 0, Current term: 0, Majority size: -1, State: 0, Mode: NON_LEADER, active raft config: opid_index: -1 OBSOLETE_local: false peers { permanent_uuid: "7c24eb1ef1eb40a9829c15e47654ad09" member_type: VOTER last_known_addr { host: "127.0.107.193" port: 35525 } } peers { permanent_uuid: "2c71f5019f074262b5cf4aa42ff95833" member_type: VOTER last_known_addr { host: "127.0.107.194" port: 40863 } } peers { permanent_uuid: "1a43be24b2fc4c0ea3afe81cb5d0fe71" member_type: VOTER last_known_addr { host: "127.0.107.195" port: 34183 } }
I20260713 08:59:04.944109   761 tablet_bootstrap.cc:492] T d73a8978795d432abc3f155ca1c2cf67 P 2c71f5019f074262b5cf4aa42ff95833: No bootstrap required, opened a new log
I20260713 08:59:04.944589   761 ts_tablet_manager.cc:1403] T d73a8978795d432abc3f155ca1c2cf67 P 2c71f5019f074262b5cf4aa42ff95833: Time spent bootstrapping tablet: real 0.040s	user 0.015s	sys 0.000s
I20260713 08:59:04.947431   767 raft_consensus.cc:515] T a34adbd17e0542db97d6f9b4b65193d4 P 2c71f5019f074262b5cf4aa42ff95833 [term 1 FOLLOWER]: Starting leader election with config: opid_index: -1 OBSOLETE_local: false peers { permanent_uuid: "7c24eb1ef1eb40a9829c15e47654ad09" member_type: VOTER last_known_addr { host: "127.0.107.193" port: 35525 } } peers { permanent_uuid: "2c71f5019f074262b5cf4aa42ff95833" member_type: VOTER last_known_addr { host: "127.0.107.194" port: 40863 } } peers { permanent_uuid: "1a43be24b2fc4c0ea3afe81cb5d0fe71" member_type: VOTER last_known_addr { host: "127.0.107.195" port: 34183 } }
I20260713 08:59:04.950254   566 tablet_service.cc:1917] Received RequestConsensusVote() RPC: tablet_id: "a34adbd17e0542db97d6f9b4b65193d4" candidate_uuid: "2c71f5019f074262b5cf4aa42ff95833" candidate_term: 1 candidate_status { last_received { term: 0 index: 0 } } ignore_live_leader: false dest_uuid: "7c24eb1ef1eb40a9829c15e47654ad09"
I20260713 08:59:04.950788   566 raft_consensus.cc:3060] T a34adbd17e0542db97d6f9b4b65193d4 P 7c24eb1ef1eb40a9829c15e47654ad09 [term 0 FOLLOWER]: Advancing to term 1
I20260713 08:59:04.951454   715 tablet_service.cc:1917] Received RequestConsensusVote() RPC: tablet_id: "a34adbd17e0542db97d6f9b4b65193d4" candidate_uuid: "2c71f5019f074262b5cf4aa42ff95833" candidate_term: 1 candidate_status { last_received { term: 0 index: 0 } } ignore_live_leader: false dest_uuid: "1a43be24b2fc4c0ea3afe81cb5d0fe71"
I20260713 08:59:04.952003   759 raft_consensus.cc:359] T 158aebf0425547a59b32f50f53aa3254 P 1a43be24b2fc4c0ea3afe81cb5d0fe71 [term 0 FOLLOWER]: Replica starting. Triggering 0 pending ops. Active config: opid_index: -1 OBSOLETE_local: false peers { permanent_uuid: "7c24eb1ef1eb40a9829c15e47654ad09" member_type: VOTER last_known_addr { host: "127.0.107.193" port: 35525 } } peers { permanent_uuid: "2c71f5019f074262b5cf4aa42ff95833" member_type: VOTER last_known_addr { host: "127.0.107.194" port: 40863 } } peers { permanent_uuid: "1a43be24b2fc4c0ea3afe81cb5d0fe71" member_type: VOTER last_known_addr { host: "127.0.107.195" port: 34183 } }
W20260713 08:59:04.952764   604 leader_election.cc:343] T a34adbd17e0542db97d6f9b4b65193d4 P 2c71f5019f074262b5cf4aa42ff95833 [CANDIDATE]: Term 1 election: Tablet error from VoteRequest() call to peer 1a43be24b2fc4c0ea3afe81cb5d0fe71 (127.0.107.195:34183): Illegal state: must be running to vote when last-logged opid is not known
I20260713 08:59:04.952673   759 raft_consensus.cc:385] T 158aebf0425547a59b32f50f53aa3254 P 1a43be24b2fc4c0ea3afe81cb5d0fe71 [term 0 FOLLOWER]: Consensus starting up: Expiring failure detector timer to make a prompt election more likely
I20260713 08:59:04.953272   767 leader_election.cc:290] T a34adbd17e0542db97d6f9b4b65193d4 P 2c71f5019f074262b5cf4aa42ff95833 [CANDIDATE]: Term 1 election: Requested vote from peers 7c24eb1ef1eb40a9829c15e47654ad09 (127.0.107.193:35525), 1a43be24b2fc4c0ea3afe81cb5d0fe71 (127.0.107.195:34183)
I20260713 08:59:04.953390   759 raft_consensus.cc:740] T 158aebf0425547a59b32f50f53aa3254 P 1a43be24b2fc4c0ea3afe81cb5d0fe71 [term 0 FOLLOWER]: Becoming Follower/Learner. State: Replica: 1a43be24b2fc4c0ea3afe81cb5d0fe71, State: Initialized, Role: FOLLOWER
I20260713 08:59:04.954154   759 consensus_queue.cc:260] T 158aebf0425547a59b32f50f53aa3254 P 1a43be24b2fc4c0ea3afe81cb5d0fe71 [NON_LEADER]: Queue going to NON_LEADER mode. State: All replicated index: 0, Majority replicated index: 0, Committed index: 0, Last appended: 0.0, Last appended by leader: 0, Current term: 0, Majority size: -1, State: 0, Mode: NON_LEADER, active raft config: opid_index: -1 OBSOLETE_local: false peers { permanent_uuid: "7c24eb1ef1eb40a9829c15e47654ad09" member_type: VOTER last_known_addr { host: "127.0.107.193" port: 35525 } } peers { permanent_uuid: "2c71f5019f074262b5cf4aa42ff95833" member_type: VOTER last_known_addr { host: "127.0.107.194" port: 40863 } } peers { permanent_uuid: "1a43be24b2fc4c0ea3afe81cb5d0fe71" member_type: VOTER last_known_addr { host: "127.0.107.195" port: 34183 } }
I20260713 08:59:04.956099   759 ts_tablet_manager.cc:1434] T 158aebf0425547a59b32f50f53aa3254 P 1a43be24b2fc4c0ea3afe81cb5d0fe71: Time spent starting tablet: real 0.016s	user 0.003s	sys 0.000s
I20260713 08:59:04.957000   759 tablet_bootstrap.cc:492] T d73a8978795d432abc3f155ca1c2cf67 P 1a43be24b2fc4c0ea3afe81cb5d0fe71: Bootstrap starting.
I20260713 08:59:04.947374   761 raft_consensus.cc:359] T d73a8978795d432abc3f155ca1c2cf67 P 2c71f5019f074262b5cf4aa42ff95833 [term 0 FOLLOWER]: Replica starting. Triggering 0 pending ops. Active config: opid_index: -1 OBSOLETE_local: false peers { permanent_uuid: "7c24eb1ef1eb40a9829c15e47654ad09" member_type: VOTER last_known_addr { host: "127.0.107.193" port: 35525 } } peers { permanent_uuid: "2c71f5019f074262b5cf4aa42ff95833" member_type: VOTER last_known_addr { host: "127.0.107.194" port: 40863 } } peers { permanent_uuid: "1a43be24b2fc4c0ea3afe81cb5d0fe71" member_type: VOTER last_known_addr { host: "127.0.107.195" port: 34183 } }
I20260713 08:59:04.960438   761 raft_consensus.cc:385] T d73a8978795d432abc3f155ca1c2cf67 P 2c71f5019f074262b5cf4aa42ff95833 [term 0 FOLLOWER]: Consensus starting up: Expiring failure detector timer to make a prompt election more likely
I20260713 08:59:04.960732   761 raft_consensus.cc:740] T d73a8978795d432abc3f155ca1c2cf67 P 2c71f5019f074262b5cf4aa42ff95833 [term 0 FOLLOWER]: Becoming Follower/Learner. State: Replica: 2c71f5019f074262b5cf4aa42ff95833, State: Initialized, Role: FOLLOWER
I20260713 08:59:04.961390   761 consensus_queue.cc:260] T d73a8978795d432abc3f155ca1c2cf67 P 2c71f5019f074262b5cf4aa42ff95833 [NON_LEADER]: Queue going to NON_LEADER mode. State: All replicated index: 0, Majority replicated index: 0, Committed index: 0, Last appended: 0.0, Last appended by leader: 0, Current term: 0, Majority size: -1, State: 0, Mode: NON_LEADER, active raft config: opid_index: -1 OBSOLETE_local: false peers { permanent_uuid: "7c24eb1ef1eb40a9829c15e47654ad09" member_type: VOTER last_known_addr { host: "127.0.107.193" port: 35525 } } peers { permanent_uuid: "2c71f5019f074262b5cf4aa42ff95833" member_type: VOTER last_known_addr { host: "127.0.107.194" port: 40863 } } peers { permanent_uuid: "1a43be24b2fc4c0ea3afe81cb5d0fe71" member_type: VOTER last_known_addr { host: "127.0.107.195" port: 34183 } }
I20260713 08:59:04.963016   566 raft_consensus.cc:2468] T a34adbd17e0542db97d6f9b4b65193d4 P 7c24eb1ef1eb40a9829c15e47654ad09 [term 1 FOLLOWER]: Leader election vote request: Granting yes vote for candidate 2c71f5019f074262b5cf4aa42ff95833 in term 1.
I20260713 08:59:04.963380   761 ts_tablet_manager.cc:1434] T d73a8978795d432abc3f155ca1c2cf67 P 2c71f5019f074262b5cf4aa42ff95833: Time spent starting tablet: real 0.018s	user 0.004s	sys 0.000s
I20260713 08:59:04.964252   606 leader_election.cc:304] T a34adbd17e0542db97d6f9b4b65193d4 P 2c71f5019f074262b5cf4aa42ff95833 [CANDIDATE]: Term 1 election: Election decided. Result: candidate won. Election summary: received 3 responses out of 3 voters: 2 yes votes; 1 no votes. yes voters: 2c71f5019f074262b5cf4aa42ff95833, 7c24eb1ef1eb40a9829c15e47654ad09; no voters: 1a43be24b2fc4c0ea3afe81cb5d0fe71
I20260713 08:59:04.964275   761 tablet_bootstrap.cc:492] T 2e435c4c6bb24f3098704453619665ea P 2c71f5019f074262b5cf4aa42ff95833: Bootstrap starting.
I20260713 08:59:04.966879   759 tablet_bootstrap.cc:654] T d73a8978795d432abc3f155ca1c2cf67 P 1a43be24b2fc4c0ea3afe81cb5d0fe71: Neither blocks nor log segments found. Creating new log.
I20260713 08:59:04.979828   758 ts_tablet_manager.cc:1434] T ed556390f3fa4bb0a76437a00327eafc P 7c24eb1ef1eb40a9829c15e47654ad09: Time spent starting tablet: real 0.048s	user 0.008s	sys 0.000s
I20260713 08:59:04.981518   758 tablet_bootstrap.cc:492] T d73a8978795d432abc3f155ca1c2cf67 P 7c24eb1ef1eb40a9829c15e47654ad09: Bootstrap starting.
I20260713 08:59:04.988380   767 raft_consensus.cc:2804] T a34adbd17e0542db97d6f9b4b65193d4 P 2c71f5019f074262b5cf4aa42ff95833 [term 1 FOLLOWER]: Leader election won for term 1
I20260713 08:59:04.976195   761 tablet_bootstrap.cc:654] T 2e435c4c6bb24f3098704453619665ea P 2c71f5019f074262b5cf4aa42ff95833: Neither blocks nor log segments found. Creating new log.
I20260713 08:59:04.988997   767 raft_consensus.cc:697] T a34adbd17e0542db97d6f9b4b65193d4 P 2c71f5019f074262b5cf4aa42ff95833 [term 1 LEADER]: Becoming Leader. State: Replica: 2c71f5019f074262b5cf4aa42ff95833, State: Running, Role: LEADER
I20260713 08:59:04.993217   758 tablet_bootstrap.cc:654] T d73a8978795d432abc3f155ca1c2cf67 P 7c24eb1ef1eb40a9829c15e47654ad09: Neither blocks nor log segments found. Creating new log.
I20260713 08:59:04.992841   767 consensus_queue.cc:237] T a34adbd17e0542db97d6f9b4b65193d4 P 2c71f5019f074262b5cf4aa42ff95833 [LEADER]: Queue going to LEADER mode. State: All replicated index: 0, Majority replicated index: 0, Committed index: 0, Last appended: 0.0, Last appended by leader: 0, Current term: 1, Majority size: 2, State: 0, Mode: LEADER, active raft config: opid_index: -1 OBSOLETE_local: false peers { permanent_uuid: "7c24eb1ef1eb40a9829c15e47654ad09" member_type: VOTER last_known_addr { host: "127.0.107.193" port: 35525 } } peers { permanent_uuid: "2c71f5019f074262b5cf4aa42ff95833" member_type: VOTER last_known_addr { host: "127.0.107.194" port: 40863 } } peers { permanent_uuid: "1a43be24b2fc4c0ea3afe81cb5d0fe71" member_type: VOTER last_known_addr { host: "127.0.107.195" port: 34183 } }
I20260713 08:59:04.994016   759 tablet_bootstrap.cc:492] T d73a8978795d432abc3f155ca1c2cf67 P 1a43be24b2fc4c0ea3afe81cb5d0fe71: No bootstrap required, opened a new log
I20260713 08:59:04.994530   759 ts_tablet_manager.cc:1403] T d73a8978795d432abc3f155ca1c2cf67 P 1a43be24b2fc4c0ea3afe81cb5d0fe71: Time spent bootstrapping tablet: real 0.038s	user 0.012s	sys 0.020s
I20260713 08:59:04.998934   759 raft_consensus.cc:359] T d73a8978795d432abc3f155ca1c2cf67 P 1a43be24b2fc4c0ea3afe81cb5d0fe71 [term 0 FOLLOWER]: Replica starting. Triggering 0 pending ops. Active config: opid_index: -1 OBSOLETE_local: false peers { permanent_uuid: "7c24eb1ef1eb40a9829c15e47654ad09" member_type: VOTER last_known_addr { host: "127.0.107.193" port: 35525 } } peers { permanent_uuid: "2c71f5019f074262b5cf4aa42ff95833" member_type: VOTER last_known_addr { host: "127.0.107.194" port: 40863 } } peers { permanent_uuid: "1a43be24b2fc4c0ea3afe81cb5d0fe71" member_type: VOTER last_known_addr { host: "127.0.107.195" port: 34183 } }
I20260713 08:59:04.999780   759 raft_consensus.cc:385] T d73a8978795d432abc3f155ca1c2cf67 P 1a43be24b2fc4c0ea3afe81cb5d0fe71 [term 0 FOLLOWER]: Consensus starting up: Expiring failure detector timer to make a prompt election more likely
I20260713 08:59:05.000111   759 raft_consensus.cc:740] T d73a8978795d432abc3f155ca1c2cf67 P 1a43be24b2fc4c0ea3afe81cb5d0fe71 [term 0 FOLLOWER]: Becoming Follower/Learner. State: Replica: 1a43be24b2fc4c0ea3afe81cb5d0fe71, State: Initialized, Role: FOLLOWER
I20260713 08:59:05.001289   759 consensus_queue.cc:260] T d73a8978795d432abc3f155ca1c2cf67 P 1a43be24b2fc4c0ea3afe81cb5d0fe71 [NON_LEADER]: Queue going to NON_LEADER mode. State: All replicated index: 0, Majority replicated index: 0, Committed index: 0, Last appended: 0.0, Last appended by leader: 0, Current term: 0, Majority size: -1, State: 0, Mode: NON_LEADER, active raft config: opid_index: -1 OBSOLETE_local: false peers { permanent_uuid: "7c24eb1ef1eb40a9829c15e47654ad09" member_type: VOTER last_known_addr { host: "127.0.107.193" port: 35525 } } peers { permanent_uuid: "2c71f5019f074262b5cf4aa42ff95833" member_type: VOTER last_known_addr { host: "127.0.107.194" port: 40863 } } peers { permanent_uuid: "1a43be24b2fc4c0ea3afe81cb5d0fe71" member_type: VOTER last_known_addr { host: "127.0.107.195" port: 34183 } }
I20260713 08:59:05.011917   761 tablet_bootstrap.cc:492] T 2e435c4c6bb24f3098704453619665ea P 2c71f5019f074262b5cf4aa42ff95833: No bootstrap required, opened a new log
I20260713 08:59:05.012473   761 ts_tablet_manager.cc:1403] T 2e435c4c6bb24f3098704453619665ea P 2c71f5019f074262b5cf4aa42ff95833: Time spent bootstrapping tablet: real 0.048s	user 0.005s	sys 0.014s
I20260713 08:59:05.014365   758 tablet_bootstrap.cc:492] T d73a8978795d432abc3f155ca1c2cf67 P 7c24eb1ef1eb40a9829c15e47654ad09: No bootstrap required, opened a new log
I20260713 08:59:05.014796   758 ts_tablet_manager.cc:1403] T d73a8978795d432abc3f155ca1c2cf67 P 7c24eb1ef1eb40a9829c15e47654ad09: Time spent bootstrapping tablet: real 0.033s	user 0.007s	sys 0.019s
I20260713 08:59:05.015878   761 raft_consensus.cc:359] T 2e435c4c6bb24f3098704453619665ea P 2c71f5019f074262b5cf4aa42ff95833 [term 0 FOLLOWER]: Replica starting. Triggering 0 pending ops. Active config: opid_index: -1 OBSOLETE_local: false peers { permanent_uuid: "7c24eb1ef1eb40a9829c15e47654ad09" member_type: VOTER last_known_addr { host: "127.0.107.193" port: 35525 } } peers { permanent_uuid: "2c71f5019f074262b5cf4aa42ff95833" member_type: VOTER last_known_addr { host: "127.0.107.194" port: 40863 } } peers { permanent_uuid: "1a43be24b2fc4c0ea3afe81cb5d0fe71" member_type: VOTER last_known_addr { host: "127.0.107.195" port: 34183 } }
I20260713 08:59:05.016690   761 raft_consensus.cc:385] T 2e435c4c6bb24f3098704453619665ea P 2c71f5019f074262b5cf4aa42ff95833 [term 0 FOLLOWER]: Consensus starting up: Expiring failure detector timer to make a prompt election more likely
I20260713 08:59:05.017053   761 raft_consensus.cc:740] T 2e435c4c6bb24f3098704453619665ea P 2c71f5019f074262b5cf4aa42ff95833 [term 0 FOLLOWER]: Becoming Follower/Learner. State: Replica: 2c71f5019f074262b5cf4aa42ff95833, State: Initialized, Role: FOLLOWER
I20260713 08:59:05.016537   463 catalog_manager.cc:5697] T a34adbd17e0542db97d6f9b4b65193d4 P 2c71f5019f074262b5cf4aa42ff95833 reported cstate change: term changed from 0 to 1, leader changed from <none> to 2c71f5019f074262b5cf4aa42ff95833 (127.0.107.194). New cstate: current_term: 1 leader_uuid: "2c71f5019f074262b5cf4aa42ff95833" committed_config { opid_index: -1 OBSOLETE_local: false peers { permanent_uuid: "7c24eb1ef1eb40a9829c15e47654ad09" member_type: VOTER last_known_addr { host: "127.0.107.193" port: 35525 } health_report { overall_health: UNKNOWN } } peers { permanent_uuid: "2c71f5019f074262b5cf4aa42ff95833" member_type: VOTER last_known_addr { host: "127.0.107.194" port: 40863 } health_report { overall_health: HEALTHY } } peers { permanent_uuid: "1a43be24b2fc4c0ea3afe81cb5d0fe71" member_type: VOTER last_known_addr { host: "127.0.107.195" port: 34183 } health_report { overall_health: UNKNOWN } } }
I20260713 08:59:05.017448   758 raft_consensus.cc:359] T d73a8978795d432abc3f155ca1c2cf67 P 7c24eb1ef1eb40a9829c15e47654ad09 [term 0 FOLLOWER]: Replica starting. Triggering 0 pending ops. Active config: opid_index: -1 OBSOLETE_local: false peers { permanent_uuid: "7c24eb1ef1eb40a9829c15e47654ad09" member_type: VOTER last_known_addr { host: "127.0.107.193" port: 35525 } } peers { permanent_uuid: "2c71f5019f074262b5cf4aa42ff95833" member_type: VOTER last_known_addr { host: "127.0.107.194" port: 40863 } } peers { permanent_uuid: "1a43be24b2fc4c0ea3afe81cb5d0fe71" member_type: VOTER last_known_addr { host: "127.0.107.195" port: 34183 } }
I20260713 08:59:05.018155   758 raft_consensus.cc:385] T d73a8978795d432abc3f155ca1c2cf67 P 7c24eb1ef1eb40a9829c15e47654ad09 [term 0 FOLLOWER]: Consensus starting up: Expiring failure detector timer to make a prompt election more likely
I20260713 08:59:05.017935   761 consensus_queue.cc:260] T 2e435c4c6bb24f3098704453619665ea P 2c71f5019f074262b5cf4aa42ff95833 [NON_LEADER]: Queue going to NON_LEADER mode. State: All replicated index: 0, Majority replicated index: 0, Committed index: 0, Last appended: 0.0, Last appended by leader: 0, Current term: 0, Majority size: -1, State: 0, Mode: NON_LEADER, active raft config: opid_index: -1 OBSOLETE_local: false peers { permanent_uuid: "7c24eb1ef1eb40a9829c15e47654ad09" member_type: VOTER last_known_addr { host: "127.0.107.193" port: 35525 } } peers { permanent_uuid: "2c71f5019f074262b5cf4aa42ff95833" member_type: VOTER last_known_addr { host: "127.0.107.194" port: 40863 } } peers { permanent_uuid: "1a43be24b2fc4c0ea3afe81cb5d0fe71" member_type: VOTER last_known_addr { host: "127.0.107.195" port: 34183 } }
I20260713 08:59:05.018445   758 raft_consensus.cc:740] T d73a8978795d432abc3f155ca1c2cf67 P 7c24eb1ef1eb40a9829c15e47654ad09 [term 0 FOLLOWER]: Becoming Follower/Learner. State: Replica: 7c24eb1ef1eb40a9829c15e47654ad09, State: Initialized, Role: FOLLOWER
I20260713 08:59:05.019680   758 consensus_queue.cc:260] T d73a8978795d432abc3f155ca1c2cf67 P 7c24eb1ef1eb40a9829c15e47654ad09 [NON_LEADER]: Queue going to NON_LEADER mode. State: All replicated index: 0, Majority replicated index: 0, Committed index: 0, Last appended: 0.0, Last appended by leader: 0, Current term: 0, Majority size: -1, State: 0, Mode: NON_LEADER, active raft config: opid_index: -1 OBSOLETE_local: false peers { permanent_uuid: "7c24eb1ef1eb40a9829c15e47654ad09" member_type: VOTER last_known_addr { host: "127.0.107.193" port: 35525 } } peers { permanent_uuid: "2c71f5019f074262b5cf4aa42ff95833" member_type: VOTER last_known_addr { host: "127.0.107.194" port: 40863 } } peers { permanent_uuid: "1a43be24b2fc4c0ea3afe81cb5d0fe71" member_type: VOTER last_known_addr { host: "127.0.107.195" port: 34183 } }
I20260713 08:59:05.021077   761 ts_tablet_manager.cc:1434] T 2e435c4c6bb24f3098704453619665ea P 2c71f5019f074262b5cf4aa42ff95833: Time spent starting tablet: real 0.008s	user 0.003s	sys 0.004s
I20260713 08:59:05.022050   761 tablet_bootstrap.cc:492] T 3beaa21c7615445a96ff352de080a416 P 2c71f5019f074262b5cf4aa42ff95833: Bootstrap starting.
I20260713 08:59:05.022070   758 ts_tablet_manager.cc:1434] T d73a8978795d432abc3f155ca1c2cf67 P 7c24eb1ef1eb40a9829c15e47654ad09: Time spent starting tablet: real 0.007s	user 0.007s	sys 0.000s
I20260713 08:59:05.023118   758 tablet_bootstrap.cc:492] T f45fcaca62c34d26abcdf3d17bef7048 P 7c24eb1ef1eb40a9829c15e47654ad09: Bootstrap starting.
I20260713 08:59:05.028999   761 tablet_bootstrap.cc:654] T 3beaa21c7615445a96ff352de080a416 P 2c71f5019f074262b5cf4aa42ff95833: Neither blocks nor log segments found. Creating new log.
I20260713 08:59:05.030167   758 tablet_bootstrap.cc:654] T f45fcaca62c34d26abcdf3d17bef7048 P 7c24eb1ef1eb40a9829c15e47654ad09: Neither blocks nor log segments found. Creating new log.
I20260713 08:59:05.037406   759 ts_tablet_manager.cc:1434] T d73a8978795d432abc3f155ca1c2cf67 P 1a43be24b2fc4c0ea3afe81cb5d0fe71: Time spent starting tablet: real 0.043s	user 0.005s	sys 0.005s
I20260713 08:59:05.044807   759 tablet_bootstrap.cc:492] T 9f2ce8569fe24c809be78595bda28c61 P 1a43be24b2fc4c0ea3afe81cb5d0fe71: Bootstrap starting.
I20260713 08:59:05.047839   761 tablet_bootstrap.cc:492] T 3beaa21c7615445a96ff352de080a416 P 2c71f5019f074262b5cf4aa42ff95833: No bootstrap required, opened a new log
I20260713 08:59:05.048467   761 ts_tablet_manager.cc:1403] T 3beaa21c7615445a96ff352de080a416 P 2c71f5019f074262b5cf4aa42ff95833: Time spent bootstrapping tablet: real 0.027s	user 0.018s	sys 0.007s
I20260713 08:59:05.051723   759 tablet_bootstrap.cc:654] T 9f2ce8569fe24c809be78595bda28c61 P 1a43be24b2fc4c0ea3afe81cb5d0fe71: Neither blocks nor log segments found. Creating new log.
I20260713 08:59:05.052264   761 raft_consensus.cc:359] T 3beaa21c7615445a96ff352de080a416 P 2c71f5019f074262b5cf4aa42ff95833 [term 0 FOLLOWER]: Replica starting. Triggering 0 pending ops. Active config: opid_index: -1 OBSOLETE_local: false peers { permanent_uuid: "7c24eb1ef1eb40a9829c15e47654ad09" member_type: VOTER last_known_addr { host: "127.0.107.193" port: 35525 } } peers { permanent_uuid: "2c71f5019f074262b5cf4aa42ff95833" member_type: VOTER last_known_addr { host: "127.0.107.194" port: 40863 } } peers { permanent_uuid: "1a43be24b2fc4c0ea3afe81cb5d0fe71" member_type: VOTER last_known_addr { host: "127.0.107.195" port: 34183 } }
I20260713 08:59:05.053107   761 raft_consensus.cc:385] T 3beaa21c7615445a96ff352de080a416 P 2c71f5019f074262b5cf4aa42ff95833 [term 0 FOLLOWER]: Consensus starting up: Expiring failure detector timer to make a prompt election more likely
I20260713 08:59:05.053467   761 raft_consensus.cc:740] T 3beaa21c7615445a96ff352de080a416 P 2c71f5019f074262b5cf4aa42ff95833 [term 0 FOLLOWER]: Becoming Follower/Learner. State: Replica: 2c71f5019f074262b5cf4aa42ff95833, State: Initialized, Role: FOLLOWER
I20260713 08:59:05.054433   761 consensus_queue.cc:260] T 3beaa21c7615445a96ff352de080a416 P 2c71f5019f074262b5cf4aa42ff95833 [NON_LEADER]: Queue going to NON_LEADER mode. State: All replicated index: 0, Majority replicated index: 0, Committed index: 0, Last appended: 0.0, Last appended by leader: 0, Current term: 0, Majority size: -1, State: 0, Mode: NON_LEADER, active raft config: opid_index: -1 OBSOLETE_local: false peers { permanent_uuid: "7c24eb1ef1eb40a9829c15e47654ad09" member_type: VOTER last_known_addr { host: "127.0.107.193" port: 35525 } } peers { permanent_uuid: "2c71f5019f074262b5cf4aa42ff95833" member_type: VOTER last_known_addr { host: "127.0.107.194" port: 40863 } } peers { permanent_uuid: "1a43be24b2fc4c0ea3afe81cb5d0fe71" member_type: VOTER last_known_addr { host: "127.0.107.195" port: 34183 } }
I20260713 08:59:05.058336   761 ts_tablet_manager.cc:1434] T 3beaa21c7615445a96ff352de080a416 P 2c71f5019f074262b5cf4aa42ff95833: Time spent starting tablet: real 0.009s	user 0.003s	sys 0.004s
I20260713 08:59:05.059645   761 tablet_bootstrap.cc:492] T 158aebf0425547a59b32f50f53aa3254 P 2c71f5019f074262b5cf4aa42ff95833: Bootstrap starting.
I20260713 08:59:05.064365   758 tablet_bootstrap.cc:492] T f45fcaca62c34d26abcdf3d17bef7048 P 7c24eb1ef1eb40a9829c15e47654ad09: No bootstrap required, opened a new log
I20260713 08:59:05.064824   758 ts_tablet_manager.cc:1403] T f45fcaca62c34d26abcdf3d17bef7048 P 7c24eb1ef1eb40a9829c15e47654ad09: Time spent bootstrapping tablet: real 0.042s	user 0.009s	sys 0.009s
I20260713 08:59:05.079770   758 raft_consensus.cc:359] T f45fcaca62c34d26abcdf3d17bef7048 P 7c24eb1ef1eb40a9829c15e47654ad09 [term 0 FOLLOWER]: Replica starting. Triggering 0 pending ops. Active config: opid_index: -1 OBSOLETE_local: false peers { permanent_uuid: "7c24eb1ef1eb40a9829c15e47654ad09" member_type: VOTER last_known_addr { host: "127.0.107.193" port: 35525 } } peers { permanent_uuid: "2c71f5019f074262b5cf4aa42ff95833" member_type: VOTER last_known_addr { host: "127.0.107.194" port: 40863 } } peers { permanent_uuid: "1a43be24b2fc4c0ea3afe81cb5d0fe71" member_type: VOTER last_known_addr { host: "127.0.107.195" port: 34183 } }
I20260713 08:59:05.080549   758 raft_consensus.cc:385] T f45fcaca62c34d26abcdf3d17bef7048 P 7c24eb1ef1eb40a9829c15e47654ad09 [term 0 FOLLOWER]: Consensus starting up: Expiring failure detector timer to make a prompt election more likely
