I20260713 09:04:17.023936 12636 raft_consensus.cc:740] T b1dd13da18f84f83aa4b9473333558bf P c182c37876974d94acac47ec8f443454 [term 0 FOLLOWER]: Becoming Follower/Learner. State: Replica: c182c37876974d94acac47ec8f443454, State: Initialized, Role: FOLLOWER
I20260713 09:04:17.025111 12636 consensus_queue.cc:260] T b1dd13da18f84f83aa4b9473333558bf P c182c37876974d94acac47ec8f443454 [NON_LEADER]: Queue going to NON_LEADER mode. State: All replicated index: 0, Majority replicated index: 0, Committed index: 0, Last appended: 0.0, Last appended by leader: 0, Current term: 0, Majority size: -1, State: 0, Mode: NON_LEADER, active raft config: opid_index: -1 OBSOLETE_local: false peers { permanent_uuid: "c182c37876974d94acac47ec8f443454" member_type: VOTER last_known_addr { host: "127.10.247.1" port: 33217 } } peers { permanent_uuid: "e2ddaafd1c44478a9a51bf0d4f2bf599" member_type: VOTER last_known_addr { host: "127.10.247.2" port: 41953 } } peers { permanent_uuid: "a1bee0e2601e47cea3cde2ba9444e6bc" member_type: VOTER last_known_addr { host: "127.10.247.3" port: 36589 } }
I20260713 09:04:17.026402 12637 raft_consensus.cc:493] T 99126068b28f4985ba689dd4527030fa P a1bee0e2601e47cea3cde2ba9444e6bc [term 0 FOLLOWER]: Starting pre-election (no leader contacted us within the election timeout)
I20260713 09:04:17.033226 12637 raft_consensus.cc:515] T 99126068b28f4985ba689dd4527030fa P a1bee0e2601e47cea3cde2ba9444e6bc [term 0 FOLLOWER]: Starting pre-election with config: opid_index: -1 OBSOLETE_local: false peers { permanent_uuid: "e2ddaafd1c44478a9a51bf0d4f2bf599" member_type: VOTER last_known_addr { host: "127.10.247.2" port: 41953 } } peers { permanent_uuid: "a1bee0e2601e47cea3cde2ba9444e6bc" member_type: VOTER last_known_addr { host: "127.10.247.3" port: 36589 } } peers { permanent_uuid: "c182c37876974d94acac47ec8f443454" member_type: VOTER last_known_addr { host: "127.10.247.1" port: 33217 } }
I20260713 09:04:17.032941 12633 tablet_bootstrap.cc:654] T b75def826b0844ecb27f7ddbb62effb1 P a1bee0e2601e47cea3cde2ba9444e6bc: Neither blocks nor log segments found. Creating new log.
I20260713 09:04:17.040915 12593 tablet_service.cc:1917] Received RequestConsensusVote() RPC: tablet_id: "7c48efcb15c74b5e9d6ec3f91aba6507" candidate_uuid: "c182c37876974d94acac47ec8f443454" candidate_term: 1 candidate_status { last_received { term: 0 index: 0 } } ignore_live_leader: false dest_uuid: "a1bee0e2601e47cea3cde2ba9444e6bc" is_pre_election: true
I20260713 09:04:17.041742 12593 raft_consensus.cc:2468] T 7c48efcb15c74b5e9d6ec3f91aba6507 P a1bee0e2601e47cea3cde2ba9444e6bc [term 0 FOLLOWER]: Leader pre-election vote request: Granting yes vote for candidate c182c37876974d94acac47ec8f443454 in term 0.
I20260713 09:04:17.043272 12592 tablet_service.cc:1917] Received RequestConsensusVote() RPC: tablet_id: "ea6ba876a2ac4bf3bde6f1dac7aa3c5a" candidate_uuid: "e2ddaafd1c44478a9a51bf0d4f2bf599" candidate_term: 1 candidate_status { last_received { term: 0 index: 0 } } ignore_live_leader: false dest_uuid: "a1bee0e2601e47cea3cde2ba9444e6bc" is_pre_election: true
I20260713 09:04:17.044051 12407 leader_election.cc:304] T 7c48efcb15c74b5e9d6ec3f91aba6507 P c182c37876974d94acac47ec8f443454 [CANDIDATE]: Term 1 pre-election: Election decided. Result: candidate won. Election summary: received 2 responses out of 3 voters: 2 yes votes; 0 no votes. yes voters: a1bee0e2601e47cea3cde2ba9444e6bc, c182c37876974d94acac47ec8f443454; no voters: 
I20260713 09:04:17.044232 12592 raft_consensus.cc:2468] T ea6ba876a2ac4bf3bde6f1dac7aa3c5a P a1bee0e2601e47cea3cde2ba9444e6bc [term 0 FOLLOWER]: Leader pre-election vote request: Granting yes vote for candidate e2ddaafd1c44478a9a51bf0d4f2bf599 in term 0.
I20260713 09:04:17.044960 12642 raft_consensus.cc:2804] T 7c48efcb15c74b5e9d6ec3f91aba6507 P c182c37876974d94acac47ec8f443454 [term 0 FOLLOWER]: Leader pre-election won for term 1
I20260713 09:04:17.045329 12642 raft_consensus.cc:493] T 7c48efcb15c74b5e9d6ec3f91aba6507 P c182c37876974d94acac47ec8f443454 [term 0 FOLLOWER]: Starting leader election (no leader contacted us within the election timeout)
I20260713 09:04:17.045863 12637 leader_election.cc:290] T 99126068b28f4985ba689dd4527030fa P a1bee0e2601e47cea3cde2ba9444e6bc [CANDIDATE]: Term 1 pre-election: Requested pre-vote from peers e2ddaafd1c44478a9a51bf0d4f2bf599 (127.10.247.2:41953), c182c37876974d94acac47ec8f443454 (127.10.247.1:33217)
I20260713 09:04:17.046980 12636 ts_tablet_manager.cc:1434] T b1dd13da18f84f83aa4b9473333558bf P c182c37876974d94acac47ec8f443454: Time spent starting tablet: real 0.033s	user 0.007s	sys 0.001s
I20260713 09:04:17.047194 12642 raft_consensus.cc:3060] T 7c48efcb15c74b5e9d6ec3f91aba6507 P c182c37876974d94acac47ec8f443454 [term 0 FOLLOWER]: Advancing to term 1
I20260713 09:04:17.078528 12636 tablet_bootstrap.cc:492] T 6a395b1aba474c6899a2b6db6404aa41 P c182c37876974d94acac47ec8f443454: Bootstrap starting.
I20260713 09:04:17.090082 12482 leader_election.cc:304] T ea6ba876a2ac4bf3bde6f1dac7aa3c5a P e2ddaafd1c44478a9a51bf0d4f2bf599 [CANDIDATE]: Term 1 pre-election: Election decided. Result: candidate won. Election summary: received 2 responses out of 3 voters: 2 yes votes; 0 no votes. yes voters: a1bee0e2601e47cea3cde2ba9444e6bc, e2ddaafd1c44478a9a51bf0d4f2bf599; no voters: 
I20260713 09:04:17.091377 12639 raft_consensus.cc:2804] T ea6ba876a2ac4bf3bde6f1dac7aa3c5a P e2ddaafd1c44478a9a51bf0d4f2bf599 [term 0 FOLLOWER]: Leader pre-election won for term 1
I20260713 09:04:17.091857 12639 raft_consensus.cc:493] T ea6ba876a2ac4bf3bde6f1dac7aa3c5a P e2ddaafd1c44478a9a51bf0d4f2bf599 [term 0 FOLLOWER]: Starting leader election (no leader contacted us within the election timeout)
I20260713 09:04:17.092090 12634 tablet_bootstrap.cc:492] T 0fcce1598c904e30a46e13fb38d79af1 P e2ddaafd1c44478a9a51bf0d4f2bf599: No bootstrap required, opened a new log
I20260713 09:04:17.092300 12639 raft_consensus.cc:3060] T ea6ba876a2ac4bf3bde6f1dac7aa3c5a P e2ddaafd1c44478a9a51bf0d4f2bf599 [term 0 FOLLOWER]: Advancing to term 1
I20260713 09:04:17.092788 12634 ts_tablet_manager.cc:1403] T 0fcce1598c904e30a46e13fb38d79af1 P e2ddaafd1c44478a9a51bf0d4f2bf599: Time spent bootstrapping tablet: real 0.109s	user 0.017s	sys 0.043s
I20260713 09:04:17.097110 12519 tablet_service.cc:1917] Received RequestConsensusVote() RPC: tablet_id: "7c48efcb15c74b5e9d6ec3f91aba6507" candidate_uuid: "c182c37876974d94acac47ec8f443454" candidate_term: 1 candidate_status { last_received { term: 0 index: 0 } } ignore_live_leader: false dest_uuid: "e2ddaafd1c44478a9a51bf0d4f2bf599" is_pre_election: true
I20260713 09:04:17.098182 12637 raft_consensus.cc:493] T 39d47a0b4b01483198c11c7ff35a6843 P a1bee0e2601e47cea3cde2ba9444e6bc [term 0 FOLLOWER]: Starting pre-election (no leader contacted us within the election timeout)
I20260713 09:04:17.098667 12637 raft_consensus.cc:515] T 39d47a0b4b01483198c11c7ff35a6843 P a1bee0e2601e47cea3cde2ba9444e6bc [term 0 FOLLOWER]: Starting pre-election with config: opid_index: -1 OBSOLETE_local: false peers { permanent_uuid: "c182c37876974d94acac47ec8f443454" member_type: VOTER last_known_addr { host: "127.10.247.1" port: 33217 } } peers { permanent_uuid: "e2ddaafd1c44478a9a51bf0d4f2bf599" member_type: VOTER last_known_addr { host: "127.10.247.2" port: 41953 } } peers { permanent_uuid: "a1bee0e2601e47cea3cde2ba9444e6bc" member_type: VOTER last_known_addr { host: "127.10.247.3" port: 36589 } }
I20260713 09:04:17.098944 12633 tablet_bootstrap.cc:492] T b75def826b0844ecb27f7ddbb62effb1 P a1bee0e2601e47cea3cde2ba9444e6bc: No bootstrap required, opened a new log
I20260713 09:04:17.099436 12633 ts_tablet_manager.cc:1403] T b75def826b0844ecb27f7ddbb62effb1 P a1bee0e2601e47cea3cde2ba9444e6bc: Time spent bootstrapping tablet: real 0.090s	user 0.025s	sys 0.026s
I20260713 09:04:17.097864 12519 raft_consensus.cc:2468] T 7c48efcb15c74b5e9d6ec3f91aba6507 P e2ddaafd1c44478a9a51bf0d4f2bf599 [term 0 FOLLOWER]: Leader pre-election vote request: Granting yes vote for candidate c182c37876974d94acac47ec8f443454 in term 0.
I20260713 09:04:17.101552 12637 leader_election.cc:290] T 39d47a0b4b01483198c11c7ff35a6843 P a1bee0e2601e47cea3cde2ba9444e6bc [CANDIDATE]: Term 1 pre-election: Requested pre-vote from peers c182c37876974d94acac47ec8f443454 (127.10.247.1:33217), e2ddaafd1c44478a9a51bf0d4f2bf599 (127.10.247.2:41953)
I20260713 09:04:17.101677 12634 raft_consensus.cc:359] T 0fcce1598c904e30a46e13fb38d79af1 P e2ddaafd1c44478a9a51bf0d4f2bf599 [term 0 FOLLOWER]: Replica starting. Triggering 0 pending ops. Active config: opid_index: -1 OBSOLETE_local: false peers { permanent_uuid: "c182c37876974d94acac47ec8f443454" member_type: VOTER last_known_addr { host: "127.10.247.1" port: 33217 } } peers { permanent_uuid: "e2ddaafd1c44478a9a51bf0d4f2bf599" member_type: VOTER last_known_addr { host: "127.10.247.2" port: 41953 } } peers { permanent_uuid: "a1bee0e2601e47cea3cde2ba9444e6bc" member_type: VOTER last_known_addr { host: "127.10.247.3" port: 36589 } }
I20260713 09:04:17.102460 12634 raft_consensus.cc:385] T 0fcce1598c904e30a46e13fb38d79af1 P e2ddaafd1c44478a9a51bf0d4f2bf599 [term 0 FOLLOWER]: Consensus starting up: Expiring failure detector timer to make a prompt election more likely
I20260713 09:04:17.102748 12634 raft_consensus.cc:740] T 0fcce1598c904e30a46e13fb38d79af1 P e2ddaafd1c44478a9a51bf0d4f2bf599 [term 0 FOLLOWER]: Becoming Follower/Learner. State: Replica: e2ddaafd1c44478a9a51bf0d4f2bf599, State: Initialized, Role: FOLLOWER
I20260713 09:04:17.103042 12444 tablet_service.cc:1917] Received RequestConsensusVote() RPC: tablet_id: "ea6ba876a2ac4bf3bde6f1dac7aa3c5a" candidate_uuid: "e2ddaafd1c44478a9a51bf0d4f2bf599" candidate_term: 1 candidate_status { last_received { term: 0 index: 0 } } ignore_live_leader: false dest_uuid: "c182c37876974d94acac47ec8f443454" is_pre_election: true
I20260713 09:04:17.103528 12634 consensus_queue.cc:260] T 0fcce1598c904e30a46e13fb38d79af1 P e2ddaafd1c44478a9a51bf0d4f2bf599 [NON_LEADER]: Queue going to NON_LEADER mode. State: All replicated index: 0, Majority replicated index: 0, Committed index: 0, Last appended: 0.0, Last appended by leader: 0, Current term: 0, Majority size: -1, State: 0, Mode: NON_LEADER, active raft config: opid_index: -1 OBSOLETE_local: false peers { permanent_uuid: "c182c37876974d94acac47ec8f443454" member_type: VOTER last_known_addr { host: "127.10.247.1" port: 33217 } } peers { permanent_uuid: "e2ddaafd1c44478a9a51bf0d4f2bf599" member_type: VOTER last_known_addr { host: "127.10.247.2" port: 41953 } } peers { permanent_uuid: "a1bee0e2601e47cea3cde2ba9444e6bc" member_type: VOTER last_known_addr { host: "127.10.247.3" port: 36589 } }
I20260713 09:04:17.104171 12642 raft_consensus.cc:515] T 7c48efcb15c74b5e9d6ec3f91aba6507 P c182c37876974d94acac47ec8f443454 [term 1 FOLLOWER]: Starting leader election with config: opid_index: -1 OBSOLETE_local: false peers { permanent_uuid: "c182c37876974d94acac47ec8f443454" member_type: VOTER last_known_addr { host: "127.10.247.1" port: 33217 } } peers { permanent_uuid: "e2ddaafd1c44478a9a51bf0d4f2bf599" member_type: VOTER last_known_addr { host: "127.10.247.2" port: 41953 } } peers { permanent_uuid: "a1bee0e2601e47cea3cde2ba9444e6bc" member_type: VOTER last_known_addr { host: "127.10.247.3" port: 36589 } }
W20260713 09:04:17.105650 12483 leader_election.cc:343] T ea6ba876a2ac4bf3bde6f1dac7aa3c5a P e2ddaafd1c44478a9a51bf0d4f2bf599 [CANDIDATE]: Term 1 pre-election: Tablet error from VoteRequest() call to peer c182c37876974d94acac47ec8f443454 (127.10.247.1:33217): Illegal state: must be running to vote when last-logged opid is not known
I20260713 09:04:17.106868 12665 raft_consensus.cc:493] T 99126068b28f4985ba689dd4527030fa P c182c37876974d94acac47ec8f443454 [term 0 FOLLOWER]: Starting pre-election (no leader contacted us within the election timeout)
I20260713 09:04:17.107236 12639 raft_consensus.cc:515] T ea6ba876a2ac4bf3bde6f1dac7aa3c5a P e2ddaafd1c44478a9a51bf0d4f2bf599 [term 1 FOLLOWER]: Starting leader election with config: opid_index: -1 OBSOLETE_local: false peers { permanent_uuid: "c182c37876974d94acac47ec8f443454" member_type: VOTER last_known_addr { host: "127.10.247.1" port: 33217 } } peers { permanent_uuid: "e2ddaafd1c44478a9a51bf0d4f2bf599" member_type: VOTER last_known_addr { host: "127.10.247.2" port: 41953 } } peers { permanent_uuid: "a1bee0e2601e47cea3cde2ba9444e6bc" member_type: VOTER last_known_addr { host: "127.10.247.3" port: 36589 } }
I20260713 09:04:17.107647 12519 tablet_service.cc:1917] Received RequestConsensusVote() RPC: tablet_id: "7c48efcb15c74b5e9d6ec3f91aba6507" candidate_uuid: "c182c37876974d94acac47ec8f443454" candidate_term: 1 candidate_status { last_received { term: 0 index: 0 } } ignore_live_leader: false dest_uuid: "e2ddaafd1c44478a9a51bf0d4f2bf599"
I20260713 09:04:17.108230 12519 raft_consensus.cc:3060] T 7c48efcb15c74b5e9d6ec3f91aba6507 P e2ddaafd1c44478a9a51bf0d4f2bf599 [term 0 FOLLOWER]: Advancing to term 1
I20260713 09:04:17.107895 12665 raft_consensus.cc:515] T 99126068b28f4985ba689dd4527030fa P c182c37876974d94acac47ec8f443454 [term 0 FOLLOWER]: Starting pre-election with config: opid_index: -1 OBSOLETE_local: false peers { permanent_uuid: "e2ddaafd1c44478a9a51bf0d4f2bf599" member_type: VOTER last_known_addr { host: "127.10.247.2" port: 41953 } } peers { permanent_uuid: "a1bee0e2601e47cea3cde2ba9444e6bc" member_type: VOTER last_known_addr { host: "127.10.247.3" port: 36589 } } peers { permanent_uuid: "c182c37876974d94acac47ec8f443454" member_type: VOTER last_known_addr { host: "127.10.247.1" port: 33217 } }
I20260713 09:04:17.108382 12592 tablet_service.cc:1917] Received RequestConsensusVote() RPC: tablet_id: "7c48efcb15c74b5e9d6ec3f91aba6507" candidate_uuid: "c182c37876974d94acac47ec8f443454" candidate_term: 1 candidate_status { last_received { term: 0 index: 0 } } ignore_live_leader: false dest_uuid: "a1bee0e2601e47cea3cde2ba9444e6bc"
I20260713 09:04:17.107000 12642 leader_election.cc:290] T 7c48efcb15c74b5e9d6ec3f91aba6507 P c182c37876974d94acac47ec8f443454 [CANDIDATE]: Term 1 election: Requested vote from peers e2ddaafd1c44478a9a51bf0d4f2bf599 (127.10.247.2:41953), a1bee0e2601e47cea3cde2ba9444e6bc (127.10.247.3:36589)
I20260713 09:04:17.109866 12444 tablet_service.cc:1917] Received RequestConsensusVote() RPC: tablet_id: "ea6ba876a2ac4bf3bde6f1dac7aa3c5a" candidate_uuid: "e2ddaafd1c44478a9a51bf0d4f2bf599" candidate_term: 1 candidate_status { last_received { term: 0 index: 0 } } ignore_live_leader: false dest_uuid: "c182c37876974d94acac47ec8f443454"
I20260713 09:04:17.110415 12593 tablet_service.cc:1917] Received RequestConsensusVote() RPC: tablet_id: "ea6ba876a2ac4bf3bde6f1dac7aa3c5a" candidate_uuid: "e2ddaafd1c44478a9a51bf0d4f2bf599" candidate_term: 1 candidate_status { last_received { term: 0 index: 0 } } ignore_live_leader: false dest_uuid: "a1bee0e2601e47cea3cde2ba9444e6bc"
I20260713 09:04:17.110965 12593 raft_consensus.cc:3060] T ea6ba876a2ac4bf3bde6f1dac7aa3c5a P a1bee0e2601e47cea3cde2ba9444e6bc [term 0 FOLLOWER]: Advancing to term 1
W20260713 09:04:17.111251 12483 leader_election.cc:343] T ea6ba876a2ac4bf3bde6f1dac7aa3c5a P e2ddaafd1c44478a9a51bf0d4f2bf599 [CANDIDATE]: Term 1 election: Tablet error from VoteRequest() call to peer c182c37876974d94acac47ec8f443454 (127.10.247.1:33217): Illegal state: must be running to vote when last-logged opid is not known
I20260713 09:04:17.114106 12592 raft_consensus.cc:3060] T 7c48efcb15c74b5e9d6ec3f91aba6507 P a1bee0e2601e47cea3cde2ba9444e6bc [term 0 FOLLOWER]: Advancing to term 1
I20260713 09:04:17.120743 12593 raft_consensus.cc:2468] T ea6ba876a2ac4bf3bde6f1dac7aa3c5a P a1bee0e2601e47cea3cde2ba9444e6bc [term 1 FOLLOWER]: Leader election vote request: Granting yes vote for candidate e2ddaafd1c44478a9a51bf0d4f2bf599 in term 1.
I20260713 09:04:17.120820 12444 tablet_service.cc:1917] Received RequestConsensusVote() RPC: tablet_id: "99126068b28f4985ba689dd4527030fa" candidate_uuid: "a1bee0e2601e47cea3cde2ba9444e6bc" candidate_term: 1 candidate_status { last_received { term: 0 index: 0 } } ignore_live_leader: false dest_uuid: "c182c37876974d94acac47ec8f443454" is_pre_election: true
I20260713 09:04:17.117202 12639 leader_election.cc:290] T ea6ba876a2ac4bf3bde6f1dac7aa3c5a P e2ddaafd1c44478a9a51bf0d4f2bf599 [CANDIDATE]: Term 1 election: Requested vote from peers c182c37876974d94acac47ec8f443454 (127.10.247.1:33217), a1bee0e2601e47cea3cde2ba9444e6bc (127.10.247.3:36589)
I20260713 09:04:17.123515 12443 tablet_service.cc:1917] Received RequestConsensusVote() RPC: tablet_id: "39d47a0b4b01483198c11c7ff35a6843" candidate_uuid: "a1bee0e2601e47cea3cde2ba9444e6bc" candidate_term: 1 candidate_status { last_received { term: 0 index: 0 } } ignore_live_leader: false dest_uuid: "c182c37876974d94acac47ec8f443454" is_pre_election: true
I20260713 09:04:17.128201 12665 leader_election.cc:290] T 99126068b28f4985ba689dd4527030fa P c182c37876974d94acac47ec8f443454 [CANDIDATE]: Term 1 pre-election: Requested pre-vote from peers e2ddaafd1c44478a9a51bf0d4f2bf599 (127.10.247.2:41953), a1bee0e2601e47cea3cde2ba9444e6bc (127.10.247.3:36589)
I20260713 09:04:17.128473 12482 leader_election.cc:304] T ea6ba876a2ac4bf3bde6f1dac7aa3c5a P e2ddaafd1c44478a9a51bf0d4f2bf599 [CANDIDATE]: Term 1 election: Election decided. Result: candidate won. Election summary: received 3 responses out of 3 voters: 2 yes votes; 1 no votes. yes voters: a1bee0e2601e47cea3cde2ba9444e6bc, e2ddaafd1c44478a9a51bf0d4f2bf599; no voters: c182c37876974d94acac47ec8f443454
I20260713 09:04:17.130193 12518 tablet_service.cc:1917] Received RequestConsensusVote() RPC: tablet_id: "99126068b28f4985ba689dd4527030fa" candidate_uuid: "c182c37876974d94acac47ec8f443454" candidate_term: 1 candidate_status { last_received { term: 0 index: 0 } } ignore_live_leader: false dest_uuid: "e2ddaafd1c44478a9a51bf0d4f2bf599" is_pre_election: true
I20260713 09:04:17.121491 12444 raft_consensus.cc:2468] T 99126068b28f4985ba689dd4527030fa P c182c37876974d94acac47ec8f443454 [term 0 FOLLOWER]: Leader pre-election vote request: Granting yes vote for candidate a1bee0e2601e47cea3cde2ba9444e6bc in term 0.
I20260713 09:04:17.131616 12634 ts_tablet_manager.cc:1434] T 0fcce1598c904e30a46e13fb38d79af1 P e2ddaafd1c44478a9a51bf0d4f2bf599: Time spent starting tablet: real 0.038s	user 0.023s	sys 0.002s
W20260713 09:04:17.132514 12557 leader_election.cc:343] T 39d47a0b4b01483198c11c7ff35a6843 P a1bee0e2601e47cea3cde2ba9444e6bc [CANDIDATE]: Term 1 pre-election: Tablet error from VoteRequest() call to peer c182c37876974d94acac47ec8f443454 (127.10.247.1:33217): Illegal state: must be running to vote when last-logged opid is not known
I20260713 09:04:17.132225 12639 raft_consensus.cc:493] T 280833f1f6fe4a21abfde0f4ea34c6cd P e2ddaafd1c44478a9a51bf0d4f2bf599 [term 0 FOLLOWER]: Starting pre-election (no leader contacted us within the election timeout)
I20260713 09:04:17.140709 12639 raft_consensus.cc:515] T 280833f1f6fe4a21abfde0f4ea34c6cd P e2ddaafd1c44478a9a51bf0d4f2bf599 [term 0 FOLLOWER]: Starting pre-election with config: opid_index: -1 OBSOLETE_local: false peers { permanent_uuid: "c182c37876974d94acac47ec8f443454" member_type: VOTER last_known_addr { host: "127.10.247.1" port: 33217 } } peers { permanent_uuid: "e2ddaafd1c44478a9a51bf0d4f2bf599" member_type: VOTER last_known_addr { host: "127.10.247.2" port: 41953 } } peers { permanent_uuid: "a1bee0e2601e47cea3cde2ba9444e6bc" member_type: VOTER last_known_addr { host: "127.10.247.3" port: 36589 } }
I20260713 09:04:17.141242 12634 tablet_bootstrap.cc:492] T 99126068b28f4985ba689dd4527030fa P e2ddaafd1c44478a9a51bf0d4f2bf599: Bootstrap starting.
I20260713 09:04:17.136186 12666 raft_consensus.cc:2804] T ea6ba876a2ac4bf3bde6f1dac7aa3c5a P e2ddaafd1c44478a9a51bf0d4f2bf599 [term 1 FOLLOWER]: Leader election won for term 1
I20260713 09:04:17.127313 12592 raft_consensus.cc:2468] T 7c48efcb15c74b5e9d6ec3f91aba6507 P a1bee0e2601e47cea3cde2ba9444e6bc [term 1 FOLLOWER]: Leader election vote request: Granting yes vote for candidate c182c37876974d94acac47ec8f443454 in term 1.
I20260713 09:04:17.143119 12557 leader_election.cc:304] T 99126068b28f4985ba689dd4527030fa P a1bee0e2601e47cea3cde2ba9444e6bc [CANDIDATE]: Term 1 pre-election: Election decided. Result: candidate won. Election summary: received 2 responses out of 3 voters: 2 yes votes; 0 no votes. yes voters: a1bee0e2601e47cea3cde2ba9444e6bc, c182c37876974d94acac47ec8f443454; no voters: 
W20260713 09:04:17.133613 12409 leader_election.cc:343] T 99126068b28f4985ba689dd4527030fa P c182c37876974d94acac47ec8f443454 [CANDIDATE]: Term 1 pre-election: Tablet error from VoteRequest() call to peer e2ddaafd1c44478a9a51bf0d4f2bf599 (127.10.247.2:41953): Illegal state: must be running to vote when last-logged opid is not known
I20260713 09:04:17.143712 12407 leader_election.cc:304] T 7c48efcb15c74b5e9d6ec3f91aba6507 P c182c37876974d94acac47ec8f443454 [CANDIDATE]: Term 1 election: Election decided. Result: candidate won. Election summary: received 2 responses out of 3 voters: 2 yes votes; 0 no votes. yes voters: a1bee0e2601e47cea3cde2ba9444e6bc, c182c37876974d94acac47ec8f443454; no voters: 
I20260713 09:04:17.144542 12665 raft_consensus.cc:2804] T 7c48efcb15c74b5e9d6ec3f91aba6507 P c182c37876974d94acac47ec8f443454 [term 1 FOLLOWER]: Leader election won for term 1
I20260713 09:04:17.145187 12665 raft_consensus.cc:697] T 7c48efcb15c74b5e9d6ec3f91aba6507 P c182c37876974d94acac47ec8f443454 [term 1 LEADER]: Becoming Leader. State: Replica: c182c37876974d94acac47ec8f443454, State: Running, Role: LEADER
I20260713 09:04:17.145730 12636 tablet_bootstrap.cc:654] T 6a395b1aba474c6899a2b6db6404aa41 P c182c37876974d94acac47ec8f443454: Neither blocks nor log segments found. Creating new log.
I20260713 09:04:17.146252 12665 consensus_queue.cc:237] T 7c48efcb15c74b5e9d6ec3f91aba6507 P c182c37876974d94acac47ec8f443454 [LEADER]: Queue going to LEADER mode. State: All replicated index: 0, Majority replicated index: 0, Committed index: 0, Last appended: 0.0, Last appended by leader: 0, Current term: 1, Majority size: 2, State: 0, Mode: LEADER, active raft config: opid_index: -1 OBSOLETE_local: false peers { permanent_uuid: "c182c37876974d94acac47ec8f443454" member_type: VOTER last_known_addr { host: "127.10.247.1" port: 33217 } } peers { permanent_uuid: "e2ddaafd1c44478a9a51bf0d4f2bf599" member_type: VOTER last_known_addr { host: "127.10.247.2" port: 41953 } } peers { permanent_uuid: "a1bee0e2601e47cea3cde2ba9444e6bc" member_type: VOTER last_known_addr { host: "127.10.247.3" port: 36589 } }
I20260713 09:04:17.145182 12444 tablet_service.cc:1917] Received RequestConsensusVote() RPC: tablet_id: "280833f1f6fe4a21abfde0f4ea34c6cd" candidate_uuid: "e2ddaafd1c44478a9a51bf0d4f2bf599" candidate_term: 1 candidate_status { last_received { term: 0 index: 0 } } ignore_live_leader: false dest_uuid: "c182c37876974d94acac47ec8f443454" is_pre_election: true
I20260713 09:04:17.134641 12519 raft_consensus.cc:2468] T 7c48efcb15c74b5e9d6ec3f91aba6507 P e2ddaafd1c44478a9a51bf0d4f2bf599 [term 1 FOLLOWER]: Leader election vote request: Granting yes vote for candidate c182c37876974d94acac47ec8f443454 in term 1.
W20260713 09:04:17.150125 12483 leader_election.cc:343] T 280833f1f6fe4a21abfde0f4ea34c6cd P e2ddaafd1c44478a9a51bf0d4f2bf599 [CANDIDATE]: Term 1 pre-election: Tablet error from VoteRequest() call to peer c182c37876974d94acac47ec8f443454 (127.10.247.1:33217): Illegal state: must be running to vote when last-logged opid is not known
I20260713 09:04:17.150401 12637 raft_consensus.cc:2804] T 99126068b28f4985ba689dd4527030fa P a1bee0e2601e47cea3cde2ba9444e6bc [term 0 FOLLOWER]: Leader pre-election won for term 1
I20260713 09:04:17.150758 12637 raft_consensus.cc:493] T 99126068b28f4985ba689dd4527030fa P a1bee0e2601e47cea3cde2ba9444e6bc [term 0 FOLLOWER]: Starting leader election (no leader contacted us within the election timeout)
I20260713 09:04:17.151108 12637 raft_consensus.cc:3060] T 99126068b28f4985ba689dd4527030fa P a1bee0e2601e47cea3cde2ba9444e6bc [term 0 FOLLOWER]: Advancing to term 1
I20260713 09:04:17.141664 12633 raft_consensus.cc:359] T b75def826b0844ecb27f7ddbb62effb1 P a1bee0e2601e47cea3cde2ba9444e6bc [term 0 FOLLOWER]: Replica starting. Triggering 0 pending ops. Active config: opid_index: -1 OBSOLETE_local: false peers { permanent_uuid: "c182c37876974d94acac47ec8f443454" member_type: VOTER last_known_addr { host: "127.10.247.1" port: 33217 } } peers { permanent_uuid: "e2ddaafd1c44478a9a51bf0d4f2bf599" member_type: VOTER last_known_addr { host: "127.10.247.2" port: 41953 } } peers { permanent_uuid: "a1bee0e2601e47cea3cde2ba9444e6bc" member_type: VOTER last_known_addr { host: "127.10.247.3" port: 36589 } }
I20260713 09:04:17.153935 12633 raft_consensus.cc:385] T b75def826b0844ecb27f7ddbb62effb1 P a1bee0e2601e47cea3cde2ba9444e6bc [term 0 FOLLOWER]: Consensus starting up: Expiring failure detector timer to make a prompt election more likely
I20260713 09:04:17.154865 12633 raft_consensus.cc:740] T b75def826b0844ecb27f7ddbb62effb1 P a1bee0e2601e47cea3cde2ba9444e6bc [term 0 FOLLOWER]: Becoming Follower/Learner. State: Replica: a1bee0e2601e47cea3cde2ba9444e6bc, State: Initialized, Role: FOLLOWER
I20260713 09:04:17.155081 12634 tablet_bootstrap.cc:654] T 99126068b28f4985ba689dd4527030fa P e2ddaafd1c44478a9a51bf0d4f2bf599: Neither blocks nor log segments found. Creating new log.
I20260713 09:04:17.159628 12637 raft_consensus.cc:515] T 99126068b28f4985ba689dd4527030fa P a1bee0e2601e47cea3cde2ba9444e6bc [term 1 FOLLOWER]: Starting leader election with config: opid_index: -1 OBSOLETE_local: false peers { permanent_uuid: "e2ddaafd1c44478a9a51bf0d4f2bf599" member_type: VOTER last_known_addr { host: "127.10.247.2" port: 41953 } } peers { permanent_uuid: "a1bee0e2601e47cea3cde2ba9444e6bc" member_type: VOTER last_known_addr { host: "127.10.247.3" port: 36589 } } peers { permanent_uuid: "c182c37876974d94acac47ec8f443454" member_type: VOTER last_known_addr { host: "127.10.247.1" port: 33217 } }
I20260713 09:04:17.155769 12519 tablet_service.cc:1917] Received RequestConsensusVote() RPC: tablet_id: "99126068b28f4985ba689dd4527030fa" candidate_uuid: "a1bee0e2601e47cea3cde2ba9444e6bc" candidate_term: 1 candidate_status { last_received { term: 0 index: 0 } } ignore_live_leader: false dest_uuid: "e2ddaafd1c44478a9a51bf0d4f2bf599" is_pre_election: true
W20260713 09:04:17.162109 12558 leader_election.cc:343] T 99126068b28f4985ba689dd4527030fa P a1bee0e2601e47cea3cde2ba9444e6bc [CANDIDATE]: Term 1 pre-election: Tablet error from VoteRequest() call to peer e2ddaafd1c44478a9a51bf0d4f2bf599 (127.10.247.2:41953): Illegal state: must be running to vote when last-logged opid is not known
I20260713 09:04:17.161926 12633 consensus_queue.cc:260] T b75def826b0844ecb27f7ddbb62effb1 P a1bee0e2601e47cea3cde2ba9444e6bc [NON_LEADER]: Queue going to NON_LEADER mode. State: All replicated index: 0, Majority replicated index: 0, Committed index: 0, Last appended: 0.0, Last appended by leader: 0, Current term: 0, Majority size: -1, State: 0, Mode: NON_LEADER, active raft config: opid_index: -1 OBSOLETE_local: false peers { permanent_uuid: "c182c37876974d94acac47ec8f443454" member_type: VOTER last_known_addr { host: "127.10.247.1" port: 33217 } } peers { permanent_uuid: "e2ddaafd1c44478a9a51bf0d4f2bf599" member_type: VOTER last_known_addr { host: "127.10.247.2" port: 41953 } } peers { permanent_uuid: "a1bee0e2601e47cea3cde2ba9444e6bc" member_type: VOTER last_known_addr { host: "127.10.247.3" port: 36589 } }
I20260713 09:04:17.156364 12667 raft_consensus.cc:493] T 39d47a0b4b01483198c11c7ff35a6843 P e2ddaafd1c44478a9a51bf0d4f2bf599 [term 0 FOLLOWER]: Starting pre-election (no leader contacted us within the election timeout)
I20260713 09:04:17.156302 12518 tablet_service.cc:1917] Received RequestConsensusVote() RPC: tablet_id: "39d47a0b4b01483198c11c7ff35a6843" candidate_uuid: "a1bee0e2601e47cea3cde2ba9444e6bc" candidate_term: 1 candidate_status { last_received { term: 0 index: 0 } } ignore_live_leader: false dest_uuid: "e2ddaafd1c44478a9a51bf0d4f2bf599" is_pre_election: true
I20260713 09:04:17.153878 12592 tablet_service.cc:1917] Received RequestConsensusVote() RPC: tablet_id: "280833f1f6fe4a21abfde0f4ea34c6cd" candidate_uuid: "e2ddaafd1c44478a9a51bf0d4f2bf599" candidate_term: 1 candidate_status { last_received { term: 0 index: 0 } } ignore_live_leader: false dest_uuid: "a1bee0e2601e47cea3cde2ba9444e6bc" is_pre_election: true
I20260713 09:04:17.163635 12592 raft_consensus.cc:2468] T 280833f1f6fe4a21abfde0f4ea34c6cd P a1bee0e2601e47cea3cde2ba9444e6bc [term 0 FOLLOWER]: Leader pre-election vote request: Granting yes vote for candidate e2ddaafd1c44478a9a51bf0d4f2bf599 in term 0.
I20260713 09:04:17.163925 12666 raft_consensus.cc:697] T ea6ba876a2ac4bf3bde6f1dac7aa3c5a P e2ddaafd1c44478a9a51bf0d4f2bf599 [term 1 LEADER]: Becoming Leader. State: Replica: e2ddaafd1c44478a9a51bf0d4f2bf599, State: Running, Role: LEADER
I20260713 09:04:17.164842 12482 leader_election.cc:304] T 280833f1f6fe4a21abfde0f4ea34c6cd P e2ddaafd1c44478a9a51bf0d4f2bf599 [CANDIDATE]: Term 1 pre-election: Election decided. Result: candidate won. Election summary: received 3 responses out of 3 voters: 2 yes votes; 1 no votes. yes voters: a1bee0e2601e47cea3cde2ba9444e6bc, e2ddaafd1c44478a9a51bf0d4f2bf599; no voters: c182c37876974d94acac47ec8f443454
I20260713 09:04:17.165117 12636 tablet_bootstrap.cc:492] T 6a395b1aba474c6899a2b6db6404aa41 P c182c37876974d94acac47ec8f443454: No bootstrap required, opened a new log
I20260713 09:04:17.166182 12636 ts_tablet_manager.cc:1403] T 6a395b1aba474c6899a2b6db6404aa41 P c182c37876974d94acac47ec8f443454: Time spent bootstrapping tablet: real 0.088s	user 0.013s	sys 0.003s
I20260713 09:04:17.165159 12666 consensus_queue.cc:237] T ea6ba876a2ac4bf3bde6f1dac7aa3c5a P e2ddaafd1c44478a9a51bf0d4f2bf599 [LEADER]: Queue going to LEADER mode. State: All replicated index: 0, Majority replicated index: 0, Committed index: 0, Last appended: 0.0, Last appended by leader: 0, Current term: 1, Majority size: 2, State: 0, Mode: LEADER, active raft config: opid_index: -1 OBSOLETE_local: false peers { permanent_uuid: "c182c37876974d94acac47ec8f443454" member_type: VOTER last_known_addr { host: "127.10.247.1" port: 33217 } } peers { permanent_uuid: "e2ddaafd1c44478a9a51bf0d4f2bf599" member_type: VOTER last_known_addr { host: "127.10.247.2" port: 41953 } } peers { permanent_uuid: "a1bee0e2601e47cea3cde2ba9444e6bc" member_type: VOTER last_known_addr { host: "127.10.247.3" port: 36589 } }
I20260713 09:04:17.166270 12667 raft_consensus.cc:515] T 39d47a0b4b01483198c11c7ff35a6843 P e2ddaafd1c44478a9a51bf0d4f2bf599 [term 0 FOLLOWER]: Starting pre-election with config: opid_index: -1 OBSOLETE_local: false peers { permanent_uuid: "c182c37876974d94acac47ec8f443454" member_type: VOTER last_known_addr { host: "127.10.247.1" port: 33217 } } peers { permanent_uuid: "e2ddaafd1c44478a9a51bf0d4f2bf599" member_type: VOTER last_known_addr { host: "127.10.247.2" port: 41953 } } peers { permanent_uuid: "a1bee0e2601e47cea3cde2ba9444e6bc" member_type: VOTER last_known_addr { host: "127.10.247.3" port: 36589 } }
I20260713 09:04:17.167431 12518 raft_consensus.cc:2468] T 39d47a0b4b01483198c11c7ff35a6843 P e2ddaafd1c44478a9a51bf0d4f2bf599 [term 0 FOLLOWER]: Leader pre-election vote request: Granting yes vote for candidate a1bee0e2601e47cea3cde2ba9444e6bc in term 0.
I20260713 09:04:17.167346 12519 tablet_service.cc:1917] Received RequestConsensusVote() RPC: tablet_id: "99126068b28f4985ba689dd4527030fa" candidate_uuid: "a1bee0e2601e47cea3cde2ba9444e6bc" candidate_term: 1 candidate_status { last_received { term: 0 index: 0 } } ignore_live_leader: false dest_uuid: "e2ddaafd1c44478a9a51bf0d4f2bf599"
W20260713 09:04:17.168898 12558 leader_election.cc:343] T 99126068b28f4985ba689dd4527030fa P a1bee0e2601e47cea3cde2ba9444e6bc [CANDIDATE]: Term 1 election: Tablet error from VoteRequest() call to peer e2ddaafd1c44478a9a51bf0d4f2bf599 (127.10.247.2:41953): Illegal state: must be running to vote when last-logged opid is not known
I20260713 09:04:17.169448 12636 raft_consensus.cc:359] T 6a395b1aba474c6899a2b6db6404aa41 P c182c37876974d94acac47ec8f443454 [term 0 FOLLOWER]: Replica starting. Triggering 0 pending ops. Active config: opid_index: -1 OBSOLETE_local: false peers { permanent_uuid: "c182c37876974d94acac47ec8f443454" member_type: VOTER last_known_addr { host: "127.10.247.1" port: 33217 } } peers { permanent_uuid: "e2ddaafd1c44478a9a51bf0d4f2bf599" member_type: VOTER last_known_addr { host: "127.10.247.2" port: 41953 } } peers { permanent_uuid: "a1bee0e2601e47cea3cde2ba9444e6bc" member_type: VOTER last_known_addr { host: "127.10.247.3" port: 36589 } }
I20260713 09:04:17.170492 12636 raft_consensus.cc:385] T 6a395b1aba474c6899a2b6db6404aa41 P c182c37876974d94acac47ec8f443454 [term 0 FOLLOWER]: Consensus starting up: Expiring failure detector timer to make a prompt election more likely
I20260713 09:04:17.170850 12636 raft_consensus.cc:740] T 6a395b1aba474c6899a2b6db6404aa41 P c182c37876974d94acac47ec8f443454 [term 0 FOLLOWER]: Becoming Follower/Learner. State: Replica: c182c37876974d94acac47ec8f443454, State: Initialized, Role: FOLLOWER
I20260713 09:04:17.171146 12558 leader_election.cc:304] T 39d47a0b4b01483198c11c7ff35a6843 P a1bee0e2601e47cea3cde2ba9444e6bc [CANDIDATE]: Term 1 pre-election: Election decided. Result: candidate won. Election summary: received 3 responses out of 3 voters: 2 yes votes; 1 no votes. yes voters: a1bee0e2601e47cea3cde2ba9444e6bc, e2ddaafd1c44478a9a51bf0d4f2bf599; no voters: c182c37876974d94acac47ec8f443454
I20260713 09:04:17.171818 12637 leader_election.cc:290] T 99126068b28f4985ba689dd4527030fa P a1bee0e2601e47cea3cde2ba9444e6bc [CANDIDATE]: Term 1 election: Requested vote from peers e2ddaafd1c44478a9a51bf0d4f2bf599 (127.10.247.2:41953), c182c37876974d94acac47ec8f443454 (127.10.247.1:33217)
I20260713 09:04:17.157269 12639 leader_election.cc:290] T 280833f1f6fe4a21abfde0f4ea34c6cd P e2ddaafd1c44478a9a51bf0d4f2bf599 [CANDIDATE]: Term 1 pre-election: Requested pre-vote from peers c182c37876974d94acac47ec8f443454 (127.10.247.1:33217), a1bee0e2601e47cea3cde2ba9444e6bc (127.10.247.3:36589)
I20260713 09:04:17.171236 12444 tablet_service.cc:1917] Received RequestConsensusVote() RPC: tablet_id: "99126068b28f4985ba689dd4527030fa" candidate_uuid: "a1bee0e2601e47cea3cde2ba9444e6bc" candidate_term: 1 candidate_status { last_received { term: 0 index: 0 } } ignore_live_leader: false dest_uuid: "c182c37876974d94acac47ec8f443454"
I20260713 09:04:17.172703 12444 raft_consensus.cc:3060] T 99126068b28f4985ba689dd4527030fa P c182c37876974d94acac47ec8f443454 [term 0 FOLLOWER]: Advancing to term 1
I20260713 09:04:17.173012 12639 raft_consensus.cc:2804] T 280833f1f6fe4a21abfde0f4ea34c6cd P e2ddaafd1c44478a9a51bf0d4f2bf599 [term 0 FOLLOWER]: Leader pre-election won for term 1
I20260713 09:04:17.173436 12639 raft_consensus.cc:493] T 280833f1f6fe4a21abfde0f4ea34c6cd P e2ddaafd1c44478a9a51bf0d4f2bf599 [term 0 FOLLOWER]: Starting leader election (no leader contacted us within the election timeout)
I20260713 09:04:17.173808 12639 raft_consensus.cc:3060] T 280833f1f6fe4a21abfde0f4ea34c6cd P e2ddaafd1c44478a9a51bf0d4f2bf599 [term 0 FOLLOWER]: Advancing to term 1
I20260713 09:04:17.171758 12636 consensus_queue.cc:260] T 6a395b1aba474c6899a2b6db6404aa41 P c182c37876974d94acac47ec8f443454 [NON_LEADER]: Queue going to NON_LEADER mode. State: All replicated index: 0, Majority replicated index: 0, Committed index: 0, Last appended: 0.0, Last appended by leader: 0, Current term: 0, Majority size: -1, State: 0, Mode: NON_LEADER, active raft config: opid_index: -1 OBSOLETE_local: false peers { permanent_uuid: "c182c37876974d94acac47ec8f443454" member_type: VOTER last_known_addr { host: "127.10.247.1" port: 33217 } } peers { permanent_uuid: "e2ddaafd1c44478a9a51bf0d4f2bf599" member_type: VOTER last_known_addr { host: "127.10.247.2" port: 41953 } } peers { permanent_uuid: "a1bee0e2601e47cea3cde2ba9444e6bc" member_type: VOTER last_known_addr { host: "127.10.247.3" port: 36589 } }
I20260713 09:04:17.178068 12636 ts_tablet_manager.cc:1434] T 6a395b1aba474c6899a2b6db6404aa41 P c182c37876974d94acac47ec8f443454: Time spent starting tablet: real 0.011s	user 0.008s	sys 0.001s
I20260713 09:04:17.179308 12636 tablet_bootstrap.cc:492] T ea6ba876a2ac4bf3bde6f1dac7aa3c5a P c182c37876974d94acac47ec8f443454: Bootstrap starting.
I20260713 09:04:17.156997 12593 tablet_service.cc:1917] Received RequestConsensusVote() RPC: tablet_id: "99126068b28f4985ba689dd4527030fa" candidate_uuid: "c182c37876974d94acac47ec8f443454" candidate_term: 1 candidate_status { last_received { term: 0 index: 0 } } ignore_live_leader: false dest_uuid: "a1bee0e2601e47cea3cde2ba9444e6bc" is_pre_election: true
I20260713 09:04:17.180739 12593 raft_consensus.cc:2393] T 99126068b28f4985ba689dd4527030fa P a1bee0e2601e47cea3cde2ba9444e6bc [term 1 FOLLOWER]: Leader pre-election vote request: Denying vote to candidate c182c37876974d94acac47ec8f443454 in current term 1: Already voted for candidate a1bee0e2601e47cea3cde2ba9444e6bc in this term.
I20260713 09:04:17.180922 12444 raft_consensus.cc:2468] T 99126068b28f4985ba689dd4527030fa P c182c37876974d94acac47ec8f443454 [term 1 FOLLOWER]: Leader election vote request: Granting yes vote for candidate a1bee0e2601e47cea3cde2ba9444e6bc in term 1.
I20260713 09:04:17.182015 12407 leader_election.cc:304] T 99126068b28f4985ba689dd4527030fa P c182c37876974d94acac47ec8f443454 [CANDIDATE]: Term 1 pre-election: Election decided. Result: candidate lost. Election summary: received 3 responses out of 3 voters: 1 yes votes; 2 no votes. yes voters: c182c37876974d94acac47ec8f443454; no voters: a1bee0e2601e47cea3cde2ba9444e6bc, e2ddaafd1c44478a9a51bf0d4f2bf599
I20260713 09:04:17.183343 12665 raft_consensus.cc:2749] T 99126068b28f4985ba689dd4527030fa P c182c37876974d94acac47ec8f443454 [term 1 FOLLOWER]: Leader pre-election lost for term 1. Reason: could not achieve majority
I20260713 09:04:17.181986 12557 leader_election.cc:304] T 99126068b28f4985ba689dd4527030fa P a1bee0e2601e47cea3cde2ba9444e6bc [CANDIDATE]: Term 1 election: Election decided. Result: candidate won. Election summary: received 3 responses out of 3 voters: 2 yes votes; 1 no votes. yes voters: a1bee0e2601e47cea3cde2ba9444e6bc, c182c37876974d94acac47ec8f443454; no voters: e2ddaafd1c44478a9a51bf0d4f2bf599
I20260713 09:04:17.164112 12339 catalog_manager.cc:5697] T 7c48efcb15c74b5e9d6ec3f91aba6507 P c182c37876974d94acac47ec8f443454 reported cstate change: term changed from 0 to 1, leader changed from <none> to c182c37876974d94acac47ec8f443454 (127.10.247.1). New cstate: current_term: 1 leader_uuid: "c182c37876974d94acac47ec8f443454" committed_config { opid_index: -1 OBSOLETE_local: false peers { permanent_uuid: "c182c37876974d94acac47ec8f443454" member_type: VOTER last_known_addr { host: "127.10.247.1" port: 33217 } health_report { overall_health: HEALTHY } } peers { permanent_uuid: "e2ddaafd1c44478a9a51bf0d4f2bf599" member_type: VOTER last_known_addr { host: "127.10.247.2" port: 41953 } health_report { overall_health: UNKNOWN } } peers { permanent_uuid: "a1bee0e2601e47cea3cde2ba9444e6bc" member_type: VOTER last_known_addr { host: "127.10.247.3" port: 36589 } health_report { overall_health: UNKNOWN } } }
I20260713 09:04:17.194598 12443 tablet_service.cc:1917] Received RequestConsensusVote() RPC: tablet_id: "39d47a0b4b01483198c11c7ff35a6843" candidate_uuid: "e2ddaafd1c44478a9a51bf0d4f2bf599" candidate_term: 1 candidate_status { last_received { term: 0 index: 0 } } ignore_live_leader: false dest_uuid: "c182c37876974d94acac47ec8f443454" is_pre_election: true
I20260713 09:04:17.195996 12636 tablet_bootstrap.cc:654] T ea6ba876a2ac4bf3bde6f1dac7aa3c5a P c182c37876974d94acac47ec8f443454: Neither blocks nor log segments found. Creating new log.
W20260713 09:04:17.196280 12483 leader_election.cc:343] T 39d47a0b4b01483198c11c7ff35a6843 P e2ddaafd1c44478a9a51bf0d4f2bf599 [CANDIDATE]: Term 1 pre-election: Tablet error from VoteRequest() call to peer c182c37876974d94acac47ec8f443454 (127.10.247.1:33217): Illegal state: must be running to vote when last-logged opid is not known
I20260713 09:04:17.198316 12637 raft_consensus.cc:2804] T 39d47a0b4b01483198c11c7ff35a6843 P a1bee0e2601e47cea3cde2ba9444e6bc [term 0 FOLLOWER]: Leader pre-election won for term 1
I20260713 09:04:17.198751 12637 raft_consensus.cc:493] T 39d47a0b4b01483198c11c7ff35a6843 P a1bee0e2601e47cea3cde2ba9444e6bc [term 0 FOLLOWER]: Starting leader election (no leader contacted us within the election timeout)
I20260713 09:04:17.199112 12637 raft_consensus.cc:3060] T 39d47a0b4b01483198c11c7ff35a6843 P a1bee0e2601e47cea3cde2ba9444e6bc [term 0 FOLLOWER]: Advancing to term 1
I20260713 09:04:17.203066 12674 raft_consensus.cc:2804] T 99126068b28f4985ba689dd4527030fa P a1bee0e2601e47cea3cde2ba9444e6bc [term 1 FOLLOWER]: Leader election won for term 1
I20260713 09:04:17.203578 12674 raft_consensus.cc:697] T 99126068b28f4985ba689dd4527030fa P a1bee0e2601e47cea3cde2ba9444e6bc [term 1 LEADER]: Becoming Leader. State: Replica: a1bee0e2601e47cea3cde2ba9444e6bc, State: Running, Role: LEADER
I20260713 09:04:17.203538 12593 tablet_service.cc:1917] Received RequestConsensusVote() RPC: tablet_id: "39d47a0b4b01483198c11c7ff35a6843" candidate_uuid: "e2ddaafd1c44478a9a51bf0d4f2bf599" candidate_term: 1 candidate_status { last_received { term: 0 index: 0 } } ignore_live_leader: false dest_uuid: "a1bee0e2601e47cea3cde2ba9444e6bc" is_pre_election: true
I20260713 09:04:17.204273 12667 leader_election.cc:290] T 39d47a0b4b01483198c11c7ff35a6843 P e2ddaafd1c44478a9a51bf0d4f2bf599 [CANDIDATE]: Term 1 pre-election: Requested pre-vote from peers c182c37876974d94acac47ec8f443454 (127.10.247.1:33217), a1bee0e2601e47cea3cde2ba9444e6bc (127.10.247.3:36589)
I20260713 09:04:17.204535 12674 consensus_queue.cc:237] T 99126068b28f4985ba689dd4527030fa P a1bee0e2601e47cea3cde2ba9444e6bc [LEADER]: Queue going to LEADER mode. State: All replicated index: 0, Majority replicated index: 0, Committed index: 0, Last appended: 0.0, Last appended by leader: 0, Current term: 1, Majority size: 2, State: 0, Mode: LEADER, active raft config: opid_index: -1 OBSOLETE_local: false peers { permanent_uuid: "e2ddaafd1c44478a9a51bf0d4f2bf599" member_type: VOTER last_known_addr { host: "127.10.247.2" port: 41953 } } peers { permanent_uuid: "a1bee0e2601e47cea3cde2ba9444e6bc" member_type: VOTER last_known_addr { host: "127.10.247.3" port: 36589 } } peers { permanent_uuid: "c182c37876974d94acac47ec8f443454" member_type: VOTER last_known_addr { host: "127.10.247.1" port: 33217 } }
I20260713 09:04:17.208370 12639 raft_consensus.cc:515] T 280833f1f6fe4a21abfde0f4ea34c6cd P e2ddaafd1c44478a9a51bf0d4f2bf599 [term 1 FOLLOWER]: Starting leader election with config: opid_index: -1 OBSOLETE_local: false peers { permanent_uuid: "c182c37876974d94acac47ec8f443454" member_type: VOTER last_known_addr { host: "127.10.247.1" port: 33217 } } peers { permanent_uuid: "e2ddaafd1c44478a9a51bf0d4f2bf599" member_type: VOTER last_known_addr { host: "127.10.247.2" port: 41953 } } peers { permanent_uuid: "a1bee0e2601e47cea3cde2ba9444e6bc" member_type: VOTER last_known_addr { host: "127.10.247.3" port: 36589 } }
I20260713 09:04:17.212417 12637 raft_consensus.cc:515] T 39d47a0b4b01483198c11c7ff35a6843 P a1bee0e2601e47cea3cde2ba9444e6bc [term 1 FOLLOWER]: Starting leader election with config: opid_index: -1 OBSOLETE_local: false peers { permanent_uuid: "c182c37876974d94acac47ec8f443454" member_type: VOTER last_known_addr { host: "127.10.247.1" port: 33217 } } peers { permanent_uuid: "e2ddaafd1c44478a9a51bf0d4f2bf599" member_type: VOTER last_known_addr { host: "127.10.247.2" port: 41953 } } peers { permanent_uuid: "a1bee0e2601e47cea3cde2ba9444e6bc" member_type: VOTER last_known_addr { host: "127.10.247.3" port: 36589 } }
I20260713 09:04:17.215404 12593 raft_consensus.cc:2393] T 39d47a0b4b01483198c11c7ff35a6843 P a1bee0e2601e47cea3cde2ba9444e6bc [term 1 FOLLOWER]: Leader pre-election vote request: Denying vote to candidate e2ddaafd1c44478a9a51bf0d4f2bf599 in current term 1: Already voted for candidate a1bee0e2601e47cea3cde2ba9444e6bc in this term.
I20260713 09:04:17.220950 12665 raft_consensus.cc:493] T b1dd13da18f84f83aa4b9473333558bf P c182c37876974d94acac47ec8f443454 [term 0 FOLLOWER]: Starting pre-election (no leader contacted us within the election timeout)
I20260713 09:04:17.221473 12665 raft_consensus.cc:515] T b1dd13da18f84f83aa4b9473333558bf P c182c37876974d94acac47ec8f443454 [term 0 FOLLOWER]: Starting pre-election with config: opid_index: -1 OBSOLETE_local: false peers { permanent_uuid: "c182c37876974d94acac47ec8f443454" member_type: VOTER last_known_addr { host: "127.10.247.1" port: 33217 } } peers { permanent_uuid: "e2ddaafd1c44478a9a51bf0d4f2bf599" member_type: VOTER last_known_addr { host: "127.10.247.2" port: 41953 } } peers { permanent_uuid: "a1bee0e2601e47cea3cde2ba9444e6bc" member_type: VOTER last_known_addr { host: "127.10.247.3" port: 36589 } }
I20260713 09:04:17.223699 12665 leader_election.cc:290] T b1dd13da18f84f83aa4b9473333558bf P c182c37876974d94acac47ec8f443454 [CANDIDATE]: Term 1 pre-election: Requested pre-vote from peers e2ddaafd1c44478a9a51bf0d4f2bf599 (127.10.247.2:41953), a1bee0e2601e47cea3cde2ba9444e6bc (127.10.247.3:36589)
I20260713 09:04:17.224298 12482 leader_election.cc:304] T 39d47a0b4b01483198c11c7ff35a6843 P e2ddaafd1c44478a9a51bf0d4f2bf599 [CANDIDATE]: Term 1 pre-election: Election decided. Result: candidate lost. Election summary: received 3 responses out of 3 voters: 1 yes votes; 2 no votes. yes voters: e2ddaafd1c44478a9a51bf0d4f2bf599; no voters: a1bee0e2601e47cea3cde2ba9444e6bc, c182c37876974d94acac47ec8f443454
I20260713 09:04:17.225128 12666 raft_consensus.cc:3060] T 39d47a0b4b01483198c11c7ff35a6843 P e2ddaafd1c44478a9a51bf0d4f2bf599 [term 0 FOLLOWER]: Advancing to term 1
I20260713 09:04:17.225237 12592 tablet_service.cc:1917] Received RequestConsensusVote() RPC: tablet_id: "b1dd13da18f84f83aa4b9473333558bf" candidate_uuid: "c182c37876974d94acac47ec8f443454" candidate_term: 1 candidate_status { last_received { term: 0 index: 0 } } ignore_live_leader: false dest_uuid: "a1bee0e2601e47cea3cde2ba9444e6bc" is_pre_election: true
I20260713 09:04:17.226766 12637 leader_election.cc:290] T 39d47a0b4b01483198c11c7ff35a6843 P a1bee0e2601e47cea3cde2ba9444e6bc [CANDIDATE]: Term 1 election: Requested vote from peers c182c37876974d94acac47ec8f443454 (127.10.247.1:33217), e2ddaafd1c44478a9a51bf0d4f2bf599 (127.10.247.2:41953)
W20260713 09:04:17.227046 12407 leader_election.cc:343] T b1dd13da18f84f83aa4b9473333558bf P c182c37876974d94acac47ec8f443454 [CANDIDATE]: Term 1 pre-election: Tablet error from VoteRequest() call to peer a1bee0e2601e47cea3cde2ba9444e6bc (127.10.247.3:36589): Illegal state: must be running to vote when last-logged opid is not known
I20260713 09:04:17.227795 12518 tablet_service.cc:1917] Received RequestConsensusVote() RPC: tablet_id: "39d47a0b4b01483198c11c7ff35a6843" candidate_uuid: "a1bee0e2601e47cea3cde2ba9444e6bc" candidate_term: 1 candidate_status { last_received { term: 0 index: 0 } } ignore_live_leader: false dest_uuid: "e2ddaafd1c44478a9a51bf0d4f2bf599"
I20260713 09:04:17.228624 12636 tablet_bootstrap.cc:492] T ea6ba876a2ac4bf3bde6f1dac7aa3c5a P c182c37876974d94acac47ec8f443454: No bootstrap required, opened a new log
I20260713 09:04:17.228796 12444 tablet_service.cc:1917] Received RequestConsensusVote() RPC: tablet_id: "39d47a0b4b01483198c11c7ff35a6843" candidate_uuid: "a1bee0e2601e47cea3cde2ba9444e6bc" candidate_term: 1 candidate_status { last_received { term: 0 index: 0 } } ignore_live_leader: false dest_uuid: "c182c37876974d94acac47ec8f443454"
I20260713 09:04:17.229099 12519 tablet_service.cc:1917] Received RequestConsensusVote() RPC: tablet_id: "b1dd13da18f84f83aa4b9473333558bf" candidate_uuid: "c182c37876974d94acac47ec8f443454" candidate_term: 1 candidate_status { last_received { term: 0 index: 0 } } ignore_live_leader: false dest_uuid: "e2ddaafd1c44478a9a51bf0d4f2bf599" is_pre_election: true
I20260713 09:04:17.229405 12636 ts_tablet_manager.cc:1403] T ea6ba876a2ac4bf3bde6f1dac7aa3c5a P c182c37876974d94acac47ec8f443454: Time spent bootstrapping tablet: real 0.050s	user 0.021s	sys 0.001s
I20260713 09:04:17.234078 12592 tablet_service.cc:1917] Received RequestConsensusVote() RPC: tablet_id: "280833f1f6fe4a21abfde0f4ea34c6cd" candidate_uuid: "e2ddaafd1c44478a9a51bf0d4f2bf599" candidate_term: 1 candidate_status { last_received { term: 0 index: 0 } } ignore_live_leader: false dest_uuid: "a1bee0e2601e47cea3cde2ba9444e6bc"
I20260713 09:04:17.234647 12592 raft_consensus.cc:3060] T 280833f1f6fe4a21abfde0f4ea34c6cd P a1bee0e2601e47cea3cde2ba9444e6bc [term 0 FOLLOWER]: Advancing to term 1
I20260713 09:04:17.235038 12634 tablet_bootstrap.cc:492] T 99126068b28f4985ba689dd4527030fa P e2ddaafd1c44478a9a51bf0d4f2bf599: No bootstrap required, opened a new log
I20260713 09:04:17.235495 12634 ts_tablet_manager.cc:1403] T 99126068b28f4985ba689dd4527030fa P e2ddaafd1c44478a9a51bf0d4f2bf599: Time spent bootstrapping tablet: real 0.094s	user 0.018s	sys 0.022s
W20260713 09:04:17.231474 12557 leader_election.cc:343] T 39d47a0b4b01483198c11c7ff35a6843 P a1bee0e2601e47cea3cde2ba9444e6bc [CANDIDATE]: Term 1 election: Tablet error from VoteRequest() call to peer c182c37876974d94acac47ec8f443454 (127.10.247.1:33217): Illegal state: must be running to vote when last-logged opid is not known
I20260713 09:04:17.230376 12665 raft_consensus.cc:493] T 0fcce1598c904e30a46e13fb38d79af1 P c182c37876974d94acac47ec8f443454 [term 0 FOLLOWER]: Starting pre-election (no leader contacted us within the election timeout)
W20260713 09:04:17.239446 12409 leader_election.cc:343] T b1dd13da18f84f83aa4b9473333558bf P c182c37876974d94acac47ec8f443454 [CANDIDATE]: Term 1 pre-election: Tablet error from VoteRequest() call to peer e2ddaafd1c44478a9a51bf0d4f2bf599 (127.10.247.2:41953): Illegal state: must be running to vote when last-logged opid is not known
