I20260713 09:03:47.526481  6054 ts_tablet_manager.cc:1434] T b7e0432e8d7245f393927e88f441623c P ea22617ed6c84501971921c819f70a44: Time spent starting tablet: real 0.011s	user 0.009s	sys 0.000s
I20260713 09:03:47.526512  6055 raft_consensus.cc:359] T b7e0432e8d7245f393927e88f441623c P 32edf1e324d8491ca6251a9f90f63bca [term 0 FOLLOWER]: Replica starting. Triggering 0 pending ops. Active config: opid_index: -1 OBSOLETE_local: false peers { permanent_uuid: "32edf1e324d8491ca6251a9f90f63bca" member_type: VOTER last_known_addr { host: "127.5.151.129" port: 38705 } } peers { permanent_uuid: "691276deb4044ca380361f9431eb905d" member_type: VOTER last_known_addr { host: "127.5.151.130" port: 40383 } } peers { permanent_uuid: "ea22617ed6c84501971921c819f70a44" member_type: VOTER last_known_addr { host: "127.5.151.131" port: 37147 } }
I20260713 09:03:47.523795  5757 catalog_manager.cc:5697] T 738938979b584f5cbe9cdfa3aaf3e8a9 P 691276deb4044ca380361f9431eb905d reported cstate change: term changed from 0 to 1, leader changed from <none> to 691276deb4044ca380361f9431eb905d (127.5.151.130). New cstate: current_term: 1 leader_uuid: "691276deb4044ca380361f9431eb905d" committed_config { opid_index: -1 OBSOLETE_local: false peers { permanent_uuid: "32edf1e324d8491ca6251a9f90f63bca" member_type: VOTER last_known_addr { host: "127.5.151.129" port: 38705 } health_report { overall_health: UNKNOWN } } peers { permanent_uuid: "691276deb4044ca380361f9431eb905d" member_type: VOTER last_known_addr { host: "127.5.151.130" port: 40383 } health_report { overall_health: HEALTHY } } peers { permanent_uuid: "ea22617ed6c84501971921c819f70a44" member_type: VOTER last_known_addr { host: "127.5.151.131" port: 37147 } health_report { overall_health: UNKNOWN } } }
I20260713 09:03:47.527437  6058 leader_election.cc:290] T 583e80f89f844ee2b3fbb8f92741f6d4 P 691276deb4044ca380361f9431eb905d [CANDIDATE]: Term 1 election: Requested vote from peers 32edf1e324d8491ca6251a9f90f63bca (127.5.151.129:38705), ea22617ed6c84501971921c819f70a44 (127.5.151.131:37147)
I20260713 09:03:47.527426  6055 raft_consensus.cc:385] T b7e0432e8d7245f393927e88f441623c P 32edf1e324d8491ca6251a9f90f63bca [term 0 FOLLOWER]: Consensus starting up: Expiring failure detector timer to make a prompt election more likely
I20260713 09:03:47.528616  6055 raft_consensus.cc:740] T b7e0432e8d7245f393927e88f441623c P 32edf1e324d8491ca6251a9f90f63bca [term 0 FOLLOWER]: Becoming Follower/Learner. State: Replica: 32edf1e324d8491ca6251a9f90f63bca, State: Initialized, Role: FOLLOWER
I20260713 09:03:47.528528  5757 catalog_manager.cc:5697] T 445c9a3df8144636b8596f5b7ea794a6 P 691276deb4044ca380361f9431eb905d reported cstate change: term changed from 0 to 1, leader changed from <none> to 691276deb4044ca380361f9431eb905d (127.5.151.130). New cstate: current_term: 1 leader_uuid: "691276deb4044ca380361f9431eb905d" committed_config { opid_index: -1 OBSOLETE_local: false peers { permanent_uuid: "ea22617ed6c84501971921c819f70a44" member_type: VOTER last_known_addr { host: "127.5.151.131" port: 37147 } health_report { overall_health: UNKNOWN } } peers { permanent_uuid: "691276deb4044ca380361f9431eb905d" member_type: VOTER last_known_addr { host: "127.5.151.130" port: 40383 } health_report { overall_health: HEALTHY } } peers { permanent_uuid: "32edf1e324d8491ca6251a9f90f63bca" member_type: VOTER last_known_addr { host: "127.5.151.129" port: 38705 } health_report { overall_health: UNKNOWN } } }
I20260713 09:03:47.529844  6055 consensus_queue.cc:260] T b7e0432e8d7245f393927e88f441623c P 32edf1e324d8491ca6251a9f90f63bca [NON_LEADER]: Queue going to NON_LEADER mode. State: All replicated index: 0, Majority replicated index: 0, Committed index: 0, Last appended: 0.0, Last appended by leader: 0, Current term: 0, Majority size: -1, State: 0, Mode: NON_LEADER, active raft config: opid_index: -1 OBSOLETE_local: false peers { permanent_uuid: "32edf1e324d8491ca6251a9f90f63bca" member_type: VOTER last_known_addr { host: "127.5.151.129" port: 38705 } } peers { permanent_uuid: "691276deb4044ca380361f9431eb905d" member_type: VOTER last_known_addr { host: "127.5.151.130" port: 40383 } } peers { permanent_uuid: "ea22617ed6c84501971921c819f70a44" member_type: VOTER last_known_addr { host: "127.5.151.131" port: 37147 } }
I20260713 09:03:47.533381  6055 ts_tablet_manager.cc:1434] T b7e0432e8d7245f393927e88f441623c P 32edf1e324d8491ca6251a9f90f63bca: Time spent starting tablet: real 0.011s	user 0.009s	sys 0.000s
I20260713 09:03:47.534632  6055 tablet_bootstrap.cc:492] T 5ba2fa9186b0408e8751ff585a38fde3 P 32edf1e324d8491ca6251a9f90f63bca: Bootstrap starting.
I20260713 09:03:47.535668  6009 tablet_service.cc:1917] Received RequestConsensusVote() RPC: tablet_id: "583e80f89f844ee2b3fbb8f92741f6d4" candidate_uuid: "691276deb4044ca380361f9431eb905d" candidate_term: 1 candidate_status { last_received { term: 0 index: 0 } } ignore_live_leader: false dest_uuid: "ea22617ed6c84501971921c819f70a44"
I20260713 09:03:47.536360  6009 raft_consensus.cc:3060] T 583e80f89f844ee2b3fbb8f92741f6d4 P ea22617ed6c84501971921c819f70a44 [term 0 FOLLOWER]: Advancing to term 1
I20260713 09:03:47.540156  6058 raft_consensus.cc:493] T fd8b64c88b6f4dd29b4b9f2f4737c250 P 691276deb4044ca380361f9431eb905d [term 0 FOLLOWER]: Starting pre-election (no leader contacted us within the election timeout)
I20260713 09:03:47.540673  6058 raft_consensus.cc:515] T fd8b64c88b6f4dd29b4b9f2f4737c250 P 691276deb4044ca380361f9431eb905d [term 0 FOLLOWER]: Starting pre-election with config: opid_index: -1 OBSOLETE_local: false peers { permanent_uuid: "32edf1e324d8491ca6251a9f90f63bca" member_type: VOTER last_known_addr { host: "127.5.151.129" port: 38705 } } peers { permanent_uuid: "691276deb4044ca380361f9431eb905d" member_type: VOTER last_known_addr { host: "127.5.151.130" port: 40383 } } peers { permanent_uuid: "ea22617ed6c84501971921c819f70a44" member_type: VOTER last_known_addr { host: "127.5.151.131" port: 37147 } }
I20260713 09:03:47.543031  6055 tablet_bootstrap.cc:654] T 5ba2fa9186b0408e8751ff585a38fde3 P 32edf1e324d8491ca6251a9f90f63bca: Neither blocks nor log segments found. Creating new log.
I20260713 09:03:47.542972  6058 leader_election.cc:290] T fd8b64c88b6f4dd29b4b9f2f4737c250 P 691276deb4044ca380361f9431eb905d [CANDIDATE]: Term 1 pre-election: Requested pre-vote from peers 32edf1e324d8491ca6251a9f90f63bca (127.5.151.129:38705), ea22617ed6c84501971921c819f70a44 (127.5.151.131:37147)
I20260713 09:03:47.543849  6009 raft_consensus.cc:2468] T 583e80f89f844ee2b3fbb8f92741f6d4 P ea22617ed6c84501971921c819f70a44 [term 1 FOLLOWER]: Leader election vote request: Granting yes vote for candidate 691276deb4044ca380361f9431eb905d in term 1.
I20260713 09:03:47.546900  6053 consensus_queue.cc:260] T b7e0432e8d7245f393927e88f441623c P 691276deb4044ca380361f9431eb905d [NON_LEADER]: Queue going to NON_LEADER mode. State: All replicated index: 0, Majority replicated index: 0, Committed index: 0, Last appended: 0.0, Last appended by leader: 0, Current term: 0, Majority size: -1, State: 0, Mode: NON_LEADER, active raft config: opid_index: -1 OBSOLETE_local: false peers { permanent_uuid: "32edf1e324d8491ca6251a9f90f63bca" member_type: VOTER last_known_addr { host: "127.5.151.129" port: 38705 } } peers { permanent_uuid: "691276deb4044ca380361f9431eb905d" member_type: VOTER last_known_addr { host: "127.5.151.130" port: 40383 } } peers { permanent_uuid: "ea22617ed6c84501971921c819f70a44" member_type: VOTER last_known_addr { host: "127.5.151.131" port: 37147 } }
I20260713 09:03:47.550519  5860 tablet_service.cc:1917] Received RequestConsensusVote() RPC: tablet_id: "fd8b64c88b6f4dd29b4b9f2f4737c250" candidate_uuid: "691276deb4044ca380361f9431eb905d" candidate_term: 1 candidate_status { last_received { term: 0 index: 0 } } ignore_live_leader: false dest_uuid: "32edf1e324d8491ca6251a9f90f63bca" is_pre_election: true
I20260713 09:03:47.551327  6053 ts_tablet_manager.cc:1434] T b7e0432e8d7245f393927e88f441623c P 691276deb4044ca380361f9431eb905d: Time spent starting tablet: real 0.035s	user 0.011s	sys 0.000s
I20260713 09:03:47.557354  6053 tablet_bootstrap.cc:492] T dcf44cdc3e074399a3a15cb7bb1907e3 P 691276deb4044ca380361f9431eb905d: Bootstrap starting.
I20260713 09:03:47.555796  5860 raft_consensus.cc:2468] T fd8b64c88b6f4dd29b4b9f2f4737c250 P 32edf1e324d8491ca6251a9f90f63bca [term 0 FOLLOWER]: Leader pre-election vote request: Granting yes vote for candidate 691276deb4044ca380361f9431eb905d in term 0.
I20260713 09:03:47.558702  5757 catalog_manager.cc:5697] T 583e80f89f844ee2b3fbb8f92741f6d4 P 691276deb4044ca380361f9431eb905d reported cstate change: term changed from 0 to 1, leader changed from <none> to 691276deb4044ca380361f9431eb905d (127.5.151.130). New cstate: current_term: 1 leader_uuid: "691276deb4044ca380361f9431eb905d" committed_config { opid_index: -1 OBSOLETE_local: false peers { permanent_uuid: "32edf1e324d8491ca6251a9f90f63bca" member_type: VOTER last_known_addr { host: "127.5.151.129" port: 38705 } health_report { overall_health: UNKNOWN } } peers { permanent_uuid: "691276deb4044ca380361f9431eb905d" member_type: VOTER last_known_addr { host: "127.5.151.130" port: 40383 } health_report { overall_health: HEALTHY } } peers { permanent_uuid: "ea22617ed6c84501971921c819f70a44" member_type: VOTER last_known_addr { host: "127.5.151.131" port: 37147 } health_report { overall_health: UNKNOWN } } }
I20260713 09:03:47.560236  5900 leader_election.cc:304] T fd8b64c88b6f4dd29b4b9f2f4737c250 P 691276deb4044ca380361f9431eb905d [CANDIDATE]: Term 1 pre-election: Election decided. Result: candidate won. Election summary: received 2 responses out of 3 voters: 2 yes votes; 0 no votes. yes voters: 32edf1e324d8491ca6251a9f90f63bca, 691276deb4044ca380361f9431eb905d; no voters: 
I20260713 09:03:47.560990  6058 raft_consensus.cc:2804] T fd8b64c88b6f4dd29b4b9f2f4737c250 P 691276deb4044ca380361f9431eb905d [term 0 FOLLOWER]: Leader pre-election won for term 1
I20260713 09:03:47.561398  6058 raft_consensus.cc:493] T fd8b64c88b6f4dd29b4b9f2f4737c250 P 691276deb4044ca380361f9431eb905d [term 0 FOLLOWER]: Starting leader election (no leader contacted us within the election timeout)
I20260713 09:03:47.561739  6058 raft_consensus.cc:3060] T fd8b64c88b6f4dd29b4b9f2f4737c250 P 691276deb4044ca380361f9431eb905d [term 0 FOLLOWER]: Advancing to term 1
I20260713 09:03:47.551687  6009 tablet_service.cc:1917] Received RequestConsensusVote() RPC: tablet_id: "fd8b64c88b6f4dd29b4b9f2f4737c250" candidate_uuid: "691276deb4044ca380361f9431eb905d" candidate_term: 1 candidate_status { last_received { term: 0 index: 0 } } ignore_live_leader: false dest_uuid: "ea22617ed6c84501971921c819f70a44" is_pre_election: true
I20260713 09:03:47.562605  6009 raft_consensus.cc:2468] T fd8b64c88b6f4dd29b4b9f2f4737c250 P ea22617ed6c84501971921c819f70a44 [term 0 FOLLOWER]: Leader pre-election vote request: Granting yes vote for candidate 691276deb4044ca380361f9431eb905d in term 0.
I20260713 09:03:47.563079  6053 tablet_bootstrap.cc:654] T dcf44cdc3e074399a3a15cb7bb1907e3 P 691276deb4044ca380361f9431eb905d: Neither blocks nor log segments found. Creating new log.
I20260713 09:03:47.553462  6089 raft_consensus.cc:493] T 334775f02a634027a765d5a0aeee1145 P ea22617ed6c84501971921c819f70a44 [term 0 FOLLOWER]: Starting pre-election (no leader contacted us within the election timeout)
I20260713 09:03:47.564477  6089 raft_consensus.cc:515] T 334775f02a634027a765d5a0aeee1145 P ea22617ed6c84501971921c819f70a44 [term 0 FOLLOWER]: Starting pre-election with config: opid_index: -1 OBSOLETE_local: false peers { permanent_uuid: "32edf1e324d8491ca6251a9f90f63bca" member_type: VOTER last_known_addr { host: "127.5.151.129" port: 38705 } } peers { permanent_uuid: "691276deb4044ca380361f9431eb905d" member_type: VOTER last_known_addr { host: "127.5.151.130" port: 40383 } } peers { permanent_uuid: "ea22617ed6c84501971921c819f70a44" member_type: VOTER last_known_addr { host: "127.5.151.131" port: 37147 } }
I20260713 09:03:47.566519  6089 leader_election.cc:290] T 334775f02a634027a765d5a0aeee1145 P ea22617ed6c84501971921c819f70a44 [CANDIDATE]: Term 1 pre-election: Requested pre-vote from peers 32edf1e324d8491ca6251a9f90f63bca (127.5.151.129:38705), 691276deb4044ca380361f9431eb905d (127.5.151.130:40383)
I20260713 09:03:47.567539  6089 raft_consensus.cc:493] T 60cae3bb447344da969f9262cc872d95 P ea22617ed6c84501971921c819f70a44 [term 0 FOLLOWER]: Starting pre-election (no leader contacted us within the election timeout)
I20260713 09:03:47.567598  5936 tablet_service.cc:1917] Received RequestConsensusVote() RPC: tablet_id: "334775f02a634027a765d5a0aeee1145" candidate_uuid: "ea22617ed6c84501971921c819f70a44" candidate_term: 1 candidate_status { last_received { term: 0 index: 0 } } ignore_live_leader: false dest_uuid: "691276deb4044ca380361f9431eb905d" is_pre_election: true
I20260713 09:03:47.567955  5860 tablet_service.cc:1917] Received RequestConsensusVote() RPC: tablet_id: "334775f02a634027a765d5a0aeee1145" candidate_uuid: "ea22617ed6c84501971921c819f70a44" candidate_term: 1 candidate_status { last_received { term: 0 index: 0 } } ignore_live_leader: false dest_uuid: "32edf1e324d8491ca6251a9f90f63bca" is_pre_election: true
I20260713 09:03:47.568231  6053 tablet_bootstrap.cc:492] T dcf44cdc3e074399a3a15cb7bb1907e3 P 691276deb4044ca380361f9431eb905d: No bootstrap required, opened a new log
I20260713 09:03:47.568015  6089 raft_consensus.cc:515] T 60cae3bb447344da969f9262cc872d95 P ea22617ed6c84501971921c819f70a44 [term 0 FOLLOWER]: Starting pre-election with config: opid_index: -1 OBSOLETE_local: false peers { permanent_uuid: "32edf1e324d8491ca6251a9f90f63bca" member_type: VOTER last_known_addr { host: "127.5.151.129" port: 38705 } } peers { permanent_uuid: "691276deb4044ca380361f9431eb905d" member_type: VOTER last_known_addr { host: "127.5.151.130" port: 40383 } } peers { permanent_uuid: "ea22617ed6c84501971921c819f70a44" member_type: VOTER last_known_addr { host: "127.5.151.131" port: 37147 } }
I20260713 09:03:47.568271  5936 raft_consensus.cc:2468] T 334775f02a634027a765d5a0aeee1145 P 691276deb4044ca380361f9431eb905d [term 0 FOLLOWER]: Leader pre-election vote request: Granting yes vote for candidate ea22617ed6c84501971921c819f70a44 in term 0.
I20260713 09:03:47.568773  6053 ts_tablet_manager.cc:1403] T dcf44cdc3e074399a3a15cb7bb1907e3 P 691276deb4044ca380361f9431eb905d: Time spent bootstrapping tablet: real 0.012s	user 0.006s	sys 0.004s
W20260713 09:03:47.569345  5974 leader_election.cc:343] T 334775f02a634027a765d5a0aeee1145 P ea22617ed6c84501971921c819f70a44 [CANDIDATE]: Term 1 pre-election: Tablet error from VoteRequest() call to peer 32edf1e324d8491ca6251a9f90f63bca (127.5.151.129:38705): Illegal state: must be running to vote when last-logged opid is not known
I20260713 09:03:47.569864  5973 leader_election.cc:304] T 334775f02a634027a765d5a0aeee1145 P ea22617ed6c84501971921c819f70a44 [CANDIDATE]: Term 1 pre-election: Election decided. Result: candidate won. Election summary: received 3 responses out of 3 voters: 2 yes votes; 1 no votes. yes voters: 691276deb4044ca380361f9431eb905d, ea22617ed6c84501971921c819f70a44; no voters: 32edf1e324d8491ca6251a9f90f63bca
I20260713 09:03:47.570060  6089 leader_election.cc:290] T 60cae3bb447344da969f9262cc872d95 P ea22617ed6c84501971921c819f70a44 [CANDIDATE]: Term 1 pre-election: Requested pre-vote from peers 32edf1e324d8491ca6251a9f90f63bca (127.5.151.129:38705), 691276deb4044ca380361f9431eb905d (127.5.151.130:40383)
I20260713 09:03:47.570909  5860 tablet_service.cc:1917] Received RequestConsensusVote() RPC: tablet_id: "60cae3bb447344da969f9262cc872d95" candidate_uuid: "ea22617ed6c84501971921c819f70a44" candidate_term: 1 candidate_status { last_received { term: 0 index: 0 } } ignore_live_leader: false dest_uuid: "32edf1e324d8491ca6251a9f90f63bca" is_pre_election: true
I20260713 09:03:47.554320  6055 tablet_bootstrap.cc:492] T 5ba2fa9186b0408e8751ff585a38fde3 P 32edf1e324d8491ca6251a9f90f63bca: No bootstrap required, opened a new log
I20260713 09:03:47.572079  6055 ts_tablet_manager.cc:1403] T 5ba2fa9186b0408e8751ff585a38fde3 P 32edf1e324d8491ca6251a9f90f63bca: Time spent bootstrapping tablet: real 0.038s	user 0.014s	sys 0.005s
I20260713 09:03:47.572099  5936 tablet_service.cc:1917] Received RequestConsensusVote() RPC: tablet_id: "60cae3bb447344da969f9262cc872d95" candidate_uuid: "ea22617ed6c84501971921c819f70a44" candidate_term: 1 candidate_status { last_received { term: 0 index: 0 } } ignore_live_leader: false dest_uuid: "691276deb4044ca380361f9431eb905d" is_pre_election: true
I20260713 09:03:47.573048  5936 raft_consensus.cc:2393] T 60cae3bb447344da969f9262cc872d95 P 691276deb4044ca380361f9431eb905d [term 1 FOLLOWER]: Leader pre-election vote request: Denying vote to candidate ea22617ed6c84501971921c819f70a44 in current term 1: Already voted for candidate 32edf1e324d8491ca6251a9f90f63bca in this term.
I20260713 09:03:47.573825  6058 raft_consensus.cc:515] T fd8b64c88b6f4dd29b4b9f2f4737c250 P 691276deb4044ca380361f9431eb905d [term 1 FOLLOWER]: Starting leader election with config: opid_index: -1 OBSOLETE_local: false peers { permanent_uuid: "32edf1e324d8491ca6251a9f90f63bca" member_type: VOTER last_known_addr { host: "127.5.151.129" port: 38705 } } peers { permanent_uuid: "691276deb4044ca380361f9431eb905d" member_type: VOTER last_known_addr { host: "127.5.151.130" port: 40383 } } peers { permanent_uuid: "ea22617ed6c84501971921c819f70a44" member_type: VOTER last_known_addr { host: "127.5.151.131" port: 37147 } }
I20260713 09:03:47.574196  5973 leader_election.cc:304] T 60cae3bb447344da969f9262cc872d95 P ea22617ed6c84501971921c819f70a44 [CANDIDATE]: Term 1 pre-election: Election decided. Result: candidate lost. Election summary: received 3 responses out of 3 voters: 1 yes votes; 2 no votes. yes voters: ea22617ed6c84501971921c819f70a44; no voters: 32edf1e324d8491ca6251a9f90f63bca, 691276deb4044ca380361f9431eb905d
I20260713 09:03:47.574714  6055 raft_consensus.cc:359] T 5ba2fa9186b0408e8751ff585a38fde3 P 32edf1e324d8491ca6251a9f90f63bca [term 0 FOLLOWER]: Replica starting. Triggering 0 pending ops. Active config: opid_index: -1 OBSOLETE_local: false peers { permanent_uuid: "32edf1e324d8491ca6251a9f90f63bca" member_type: VOTER last_known_addr { host: "127.5.151.129" port: 38705 } } peers { permanent_uuid: "691276deb4044ca380361f9431eb905d" member_type: VOTER last_known_addr { host: "127.5.151.130" port: 40383 } } peers { permanent_uuid: "ea22617ed6c84501971921c819f70a44" member_type: VOTER last_known_addr { host: "127.5.151.131" port: 37147 } }
I20260713 09:03:47.575415  6055 raft_consensus.cc:385] T 5ba2fa9186b0408e8751ff585a38fde3 P 32edf1e324d8491ca6251a9f90f63bca [term 0 FOLLOWER]: Consensus starting up: Expiring failure detector timer to make a prompt election more likely
I20260713 09:03:47.575323  6089 raft_consensus.cc:2804] T 334775f02a634027a765d5a0aeee1145 P ea22617ed6c84501971921c819f70a44 [term 0 FOLLOWER]: Leader pre-election won for term 1
I20260713 09:03:47.575405  6060 raft_consensus.cc:3060] T 60cae3bb447344da969f9262cc872d95 P ea22617ed6c84501971921c819f70a44 [term 0 FOLLOWER]: Advancing to term 1
I20260713 09:03:47.575884  6055 raft_consensus.cc:740] T 5ba2fa9186b0408e8751ff585a38fde3 P 32edf1e324d8491ca6251a9f90f63bca [term 0 FOLLOWER]: Becoming Follower/Learner. State: Replica: 32edf1e324d8491ca6251a9f90f63bca, State: Initialized, Role: FOLLOWER
I20260713 09:03:47.577131  6009 tablet_service.cc:1917] Received RequestConsensusVote() RPC: tablet_id: "fd8b64c88b6f4dd29b4b9f2f4737c250" candidate_uuid: "691276deb4044ca380361f9431eb905d" candidate_term: 1 candidate_status { last_received { term: 0 index: 0 } } ignore_live_leader: false dest_uuid: "ea22617ed6c84501971921c819f70a44"
I20260713 09:03:47.576938  6055 consensus_queue.cc:260] T 5ba2fa9186b0408e8751ff585a38fde3 P 32edf1e324d8491ca6251a9f90f63bca [NON_LEADER]: Queue going to NON_LEADER mode. State: All replicated index: 0, Majority replicated index: 0, Committed index: 0, Last appended: 0.0, Last appended by leader: 0, Current term: 0, Majority size: -1, State: 0, Mode: NON_LEADER, active raft config: opid_index: -1 OBSOLETE_local: false peers { permanent_uuid: "32edf1e324d8491ca6251a9f90f63bca" member_type: VOTER last_known_addr { host: "127.5.151.129" port: 38705 } } peers { permanent_uuid: "691276deb4044ca380361f9431eb905d" member_type: VOTER last_known_addr { host: "127.5.151.130" port: 40383 } } peers { permanent_uuid: "ea22617ed6c84501971921c819f70a44" member_type: VOTER last_known_addr { host: "127.5.151.131" port: 37147 } }
I20260713 09:03:47.577682  6009 raft_consensus.cc:3060] T fd8b64c88b6f4dd29b4b9f2f4737c250 P ea22617ed6c84501971921c819f70a44 [term 0 FOLLOWER]: Advancing to term 1
I20260713 09:03:47.571381  6053 raft_consensus.cc:359] T dcf44cdc3e074399a3a15cb7bb1907e3 P 691276deb4044ca380361f9431eb905d [term 0 FOLLOWER]: Replica starting. Triggering 0 pending ops. Active config: opid_index: -1 OBSOLETE_local: false peers { permanent_uuid: "32edf1e324d8491ca6251a9f90f63bca" member_type: VOTER last_known_addr { host: "127.5.151.129" port: 38705 } } peers { permanent_uuid: "691276deb4044ca380361f9431eb905d" member_type: VOTER last_known_addr { host: "127.5.151.130" port: 40383 } } peers { permanent_uuid: "ea22617ed6c84501971921c819f70a44" member_type: VOTER last_known_addr { host: "127.5.151.131" port: 37147 } }
I20260713 09:03:47.579402  6053 raft_consensus.cc:385] T dcf44cdc3e074399a3a15cb7bb1907e3 P 691276deb4044ca380361f9431eb905d [term 0 FOLLOWER]: Consensus starting up: Expiring failure detector timer to make a prompt election more likely
I20260713 09:03:47.579674  6053 raft_consensus.cc:740] T dcf44cdc3e074399a3a15cb7bb1907e3 P 691276deb4044ca380361f9431eb905d [term 0 FOLLOWER]: Becoming Follower/Learner. State: Replica: 691276deb4044ca380361f9431eb905d, State: Initialized, Role: FOLLOWER
I20260713 09:03:47.580314  6053 consensus_queue.cc:260] T dcf44cdc3e074399a3a15cb7bb1907e3 P 691276deb4044ca380361f9431eb905d [NON_LEADER]: Queue going to NON_LEADER mode. State: All replicated index: 0, Majority replicated index: 0, Committed index: 0, Last appended: 0.0, Last appended by leader: 0, Current term: 0, Majority size: -1, State: 0, Mode: NON_LEADER, active raft config: opid_index: -1 OBSOLETE_local: false peers { permanent_uuid: "32edf1e324d8491ca6251a9f90f63bca" member_type: VOTER last_known_addr { host: "127.5.151.129" port: 38705 } } peers { permanent_uuid: "691276deb4044ca380361f9431eb905d" member_type: VOTER last_known_addr { host: "127.5.151.130" port: 40383 } } peers { permanent_uuid: "ea22617ed6c84501971921c819f70a44" member_type: VOTER last_known_addr { host: "127.5.151.131" port: 37147 } }
I20260713 09:03:47.581070  5860 tablet_service.cc:1917] Received RequestConsensusVote() RPC: tablet_id: "fd8b64c88b6f4dd29b4b9f2f4737c250" candidate_uuid: "691276deb4044ca380361f9431eb905d" candidate_term: 1 candidate_status { last_received { term: 0 index: 0 } } ignore_live_leader: false dest_uuid: "32edf1e324d8491ca6251a9f90f63bca"
I20260713 09:03:47.581668  5860 raft_consensus.cc:3060] T fd8b64c88b6f4dd29b4b9f2f4737c250 P 32edf1e324d8491ca6251a9f90f63bca [term 0 FOLLOWER]: Advancing to term 1
I20260713 09:03:47.582558  6053 ts_tablet_manager.cc:1434] T dcf44cdc3e074399a3a15cb7bb1907e3 P 691276deb4044ca380361f9431eb905d: Time spent starting tablet: real 0.013s	user 0.005s	sys 0.000s
I20260713 09:03:47.582978  6089 raft_consensus.cc:493] T 334775f02a634027a765d5a0aeee1145 P ea22617ed6c84501971921c819f70a44 [term 0 FOLLOWER]: Starting leader election (no leader contacted us within the election timeout)
I20260713 09:03:47.583400  6089 raft_consensus.cc:3060] T 334775f02a634027a765d5a0aeee1145 P ea22617ed6c84501971921c819f70a44 [term 0 FOLLOWER]: Advancing to term 1
I20260713 09:03:47.582633  6060 raft_consensus.cc:2749] T 60cae3bb447344da969f9262cc872d95 P ea22617ed6c84501971921c819f70a44 [term 1 FOLLOWER]: Leader pre-election lost for term 1. Reason: could not achieve majority
I20260713 09:03:47.588114  6009 raft_consensus.cc:2468] T fd8b64c88b6f4dd29b4b9f2f4737c250 P ea22617ed6c84501971921c819f70a44 [term 1 FOLLOWER]: Leader election vote request: Granting yes vote for candidate 691276deb4044ca380361f9431eb905d in term 1.
I20260713 09:03:47.590780  6055 ts_tablet_manager.cc:1434] T 5ba2fa9186b0408e8751ff585a38fde3 P 32edf1e324d8491ca6251a9f90f63bca: Time spent starting tablet: real 0.018s	user 0.002s	sys 0.003s
I20260713 09:03:47.591689  6055 tablet_bootstrap.cc:492] T 334775f02a634027a765d5a0aeee1145 P 32edf1e324d8491ca6251a9f90f63bca: Bootstrap starting.
I20260713 09:03:47.591463  6089 raft_consensus.cc:515] T 334775f02a634027a765d5a0aeee1145 P ea22617ed6c84501971921c819f70a44 [term 1 FOLLOWER]: Starting leader election with config: opid_index: -1 OBSOLETE_local: false peers { permanent_uuid: "32edf1e324d8491ca6251a9f90f63bca" member_type: VOTER last_known_addr { host: "127.5.151.129" port: 38705 } } peers { permanent_uuid: "691276deb4044ca380361f9431eb905d" member_type: VOTER last_known_addr { host: "127.5.151.130" port: 40383 } } peers { permanent_uuid: "ea22617ed6c84501971921c819f70a44" member_type: VOTER last_known_addr { host: "127.5.151.131" port: 37147 } }
I20260713 09:03:47.592307  5860 raft_consensus.cc:2468] T fd8b64c88b6f4dd29b4b9f2f4737c250 P 32edf1e324d8491ca6251a9f90f63bca [term 1 FOLLOWER]: Leader election vote request: Granting yes vote for candidate 691276deb4044ca380361f9431eb905d in term 1.
I20260713 09:03:47.594025  5901 leader_election.cc:304] T fd8b64c88b6f4dd29b4b9f2f4737c250 P 691276deb4044ca380361f9431eb905d [CANDIDATE]: Term 1 election: Election decided. Result: candidate won. Election summary: received 2 responses out of 3 voters: 2 yes votes; 0 no votes. yes voters: 691276deb4044ca380361f9431eb905d, ea22617ed6c84501971921c819f70a44; no voters: 
I20260713 09:03:47.594650  5936 tablet_service.cc:1917] Received RequestConsensusVote() RPC: tablet_id: "334775f02a634027a765d5a0aeee1145" candidate_uuid: "ea22617ed6c84501971921c819f70a44" candidate_term: 1 candidate_status { last_received { term: 0 index: 0 } } ignore_live_leader: false dest_uuid: "691276deb4044ca380361f9431eb905d"
I20260713 09:03:47.594954  6097 raft_consensus.cc:2804] T fd8b64c88b6f4dd29b4b9f2f4737c250 P 691276deb4044ca380361f9431eb905d [term 1 FOLLOWER]: Leader election won for term 1
I20260713 09:03:47.595225  5936 raft_consensus.cc:3060] T 334775f02a634027a765d5a0aeee1145 P 691276deb4044ca380361f9431eb905d [term 0 FOLLOWER]: Advancing to term 1
I20260713 09:03:47.595414  6097 raft_consensus.cc:697] T fd8b64c88b6f4dd29b4b9f2f4737c250 P 691276deb4044ca380361f9431eb905d [term 1 LEADER]: Becoming Leader. State: Replica: 691276deb4044ca380361f9431eb905d, State: Running, Role: LEADER
I20260713 09:03:47.595809  6063 raft_consensus.cc:493] T dcf44cdc3e074399a3a15cb7bb1907e3 P 32edf1e324d8491ca6251a9f90f63bca [term 0 FOLLOWER]: Starting pre-election (no leader contacted us within the election timeout)
I20260713 09:03:47.596240  6097 consensus_queue.cc:237] T fd8b64c88b6f4dd29b4b9f2f4737c250 P 691276deb4044ca380361f9431eb905d [LEADER]: Queue going to LEADER mode. State: All replicated index: 0, Majority replicated index: 0, Committed index: 0, Last appended: 0.0, Last appended by leader: 0, Current term: 1, Majority size: 2, State: 0, Mode: LEADER, active raft config: opid_index: -1 OBSOLETE_local: false peers { permanent_uuid: "32edf1e324d8491ca6251a9f90f63bca" member_type: VOTER last_known_addr { host: "127.5.151.129" port: 38705 } } peers { permanent_uuid: "691276deb4044ca380361f9431eb905d" member_type: VOTER last_known_addr { host: "127.5.151.130" port: 40383 } } peers { permanent_uuid: "ea22617ed6c84501971921c819f70a44" member_type: VOTER last_known_addr { host: "127.5.151.131" port: 37147 } }
I20260713 09:03:47.597585  6055 tablet_bootstrap.cc:654] T 334775f02a634027a765d5a0aeee1145 P 32edf1e324d8491ca6251a9f90f63bca: Neither blocks nor log segments found. Creating new log.
I20260713 09:03:47.596243  6063 raft_consensus.cc:515] T dcf44cdc3e074399a3a15cb7bb1907e3 P 32edf1e324d8491ca6251a9f90f63bca [term 0 FOLLOWER]: Starting pre-election with config: opid_index: -1 OBSOLETE_local: false peers { permanent_uuid: "32edf1e324d8491ca6251a9f90f63bca" member_type: VOTER last_known_addr { host: "127.5.151.129" port: 38705 } } peers { permanent_uuid: "691276deb4044ca380361f9431eb905d" member_type: VOTER last_known_addr { host: "127.5.151.130" port: 40383 } } peers { permanent_uuid: "ea22617ed6c84501971921c819f70a44" member_type: VOTER last_known_addr { host: "127.5.151.131" port: 37147 } }
I20260713 09:03:47.599678  5860 tablet_service.cc:1917] Received RequestConsensusVote() RPC: tablet_id: "334775f02a634027a765d5a0aeee1145" candidate_uuid: "ea22617ed6c84501971921c819f70a44" candidate_term: 1 candidate_status { last_received { term: 0 index: 0 } } ignore_live_leader: false dest_uuid: "32edf1e324d8491ca6251a9f90f63bca"
I20260713 09:03:47.600723  6063 leader_election.cc:290] T dcf44cdc3e074399a3a15cb7bb1907e3 P 32edf1e324d8491ca6251a9f90f63bca [CANDIDATE]: Term 1 pre-election: Requested pre-vote from peers 691276deb4044ca380361f9431eb905d (127.5.151.130:40383), ea22617ed6c84501971921c819f70a44 (127.5.151.131:37147)
W20260713 09:03:47.600914  5974 leader_election.cc:343] T 334775f02a634027a765d5a0aeee1145 P ea22617ed6c84501971921c819f70a44 [CANDIDATE]: Term 1 election: Tablet error from VoteRequest() call to peer 32edf1e324d8491ca6251a9f90f63bca (127.5.151.129:38705): Illegal state: must be running to vote when last-logged opid is not known
I20260713 09:03:47.602532  5936 raft_consensus.cc:2468] T 334775f02a634027a765d5a0aeee1145 P 691276deb4044ca380361f9431eb905d [term 1 FOLLOWER]: Leader election vote request: Granting yes vote for candidate ea22617ed6c84501971921c819f70a44 in term 1.
I20260713 09:03:47.576162  6058 leader_election.cc:290] T fd8b64c88b6f4dd29b4b9f2f4737c250 P 691276deb4044ca380361f9431eb905d [CANDIDATE]: Term 1 election: Requested vote from peers 32edf1e324d8491ca6251a9f90f63bca (127.5.151.129:38705), ea22617ed6c84501971921c819f70a44 (127.5.151.131:37147)
I20260713 09:03:47.608686  5935 tablet_service.cc:1917] Received RequestConsensusVote() RPC: tablet_id: "dcf44cdc3e074399a3a15cb7bb1907e3" candidate_uuid: "32edf1e324d8491ca6251a9f90f63bca" candidate_term: 1 candidate_status { last_received { term: 0 index: 0 } } ignore_live_leader: false dest_uuid: "691276deb4044ca380361f9431eb905d" is_pre_election: true
I20260713 09:03:47.609295  5973 leader_election.cc:304] T 334775f02a634027a765d5a0aeee1145 P ea22617ed6c84501971921c819f70a44 [CANDIDATE]: Term 1 election: Election decided. Result: candidate won. Election summary: received 3 responses out of 3 voters: 2 yes votes; 1 no votes. yes voters: 691276deb4044ca380361f9431eb905d, ea22617ed6c84501971921c819f70a44; no voters: 32edf1e324d8491ca6251a9f90f63bca
I20260713 09:03:47.599294  6089 leader_election.cc:290] T 334775f02a634027a765d5a0aeee1145 P ea22617ed6c84501971921c819f70a44 [CANDIDATE]: Term 1 election: Requested vote from peers 32edf1e324d8491ca6251a9f90f63bca (127.5.151.129:38705), 691276deb4044ca380361f9431eb905d (127.5.151.130:40383)
I20260713 09:03:47.609786  6009 tablet_service.cc:1917] Received RequestConsensusVote() RPC: tablet_id: "dcf44cdc3e074399a3a15cb7bb1907e3" candidate_uuid: "32edf1e324d8491ca6251a9f90f63bca" candidate_term: 1 candidate_status { last_received { term: 0 index: 0 } } ignore_live_leader: false dest_uuid: "ea22617ed6c84501971921c819f70a44" is_pre_election: true
I20260713 09:03:47.613607  5935 raft_consensus.cc:2468] T dcf44cdc3e074399a3a15cb7bb1907e3 P 691276deb4044ca380361f9431eb905d [term 0 FOLLOWER]: Leader pre-election vote request: Granting yes vote for candidate 32edf1e324d8491ca6251a9f90f63bca in term 0.
I20260713 09:03:47.615440  5824 leader_election.cc:304] T dcf44cdc3e074399a3a15cb7bb1907e3 P 32edf1e324d8491ca6251a9f90f63bca [CANDIDATE]: Term 1 pre-election: Election decided. Result: candidate won. Election summary: received 2 responses out of 3 voters: 2 yes votes; 0 no votes. yes voters: 32edf1e324d8491ca6251a9f90f63bca, 691276deb4044ca380361f9431eb905d; no voters: 
I20260713 09:03:47.615808  6009 raft_consensus.cc:2468] T dcf44cdc3e074399a3a15cb7bb1907e3 P ea22617ed6c84501971921c819f70a44 [term 0 FOLLOWER]: Leader pre-election vote request: Granting yes vote for candidate 32edf1e324d8491ca6251a9f90f63bca in term 0.
I20260713 09:03:47.616351  6063 raft_consensus.cc:2804] T dcf44cdc3e074399a3a15cb7bb1907e3 P 32edf1e324d8491ca6251a9f90f63bca [term 0 FOLLOWER]: Leader pre-election won for term 1
I20260713 09:03:47.616724  6063 raft_consensus.cc:493] T dcf44cdc3e074399a3a15cb7bb1907e3 P 32edf1e324d8491ca6251a9f90f63bca [term 0 FOLLOWER]: Starting leader election (no leader contacted us within the election timeout)
I20260713 09:03:47.617288  6063 raft_consensus.cc:3060] T dcf44cdc3e074399a3a15cb7bb1907e3 P 32edf1e324d8491ca6251a9f90f63bca [term 0 FOLLOWER]: Advancing to term 1
I20260713 09:03:47.618064  6089 raft_consensus.cc:2804] T 334775f02a634027a765d5a0aeee1145 P ea22617ed6c84501971921c819f70a44 [term 1 FOLLOWER]: Leader election won for term 1
I20260713 09:03:47.618511  6089 raft_consensus.cc:697] T 334775f02a634027a765d5a0aeee1145 P ea22617ed6c84501971921c819f70a44 [term 1 LEADER]: Becoming Leader. State: Replica: ea22617ed6c84501971921c819f70a44, State: Running, Role: LEADER
I20260713 09:03:47.619311  6089 consensus_queue.cc:237] T 334775f02a634027a765d5a0aeee1145 P ea22617ed6c84501971921c819f70a44 [LEADER]: Queue going to LEADER mode. State: All replicated index: 0, Majority replicated index: 0, Committed index: 0, Last appended: 0.0, Last appended by leader: 0, Current term: 1, Majority size: 2, State: 0, Mode: LEADER, active raft config: opid_index: -1 OBSOLETE_local: false peers { permanent_uuid: "32edf1e324d8491ca6251a9f90f63bca" member_type: VOTER last_known_addr { host: "127.5.151.129" port: 38705 } } peers { permanent_uuid: "691276deb4044ca380361f9431eb905d" member_type: VOTER last_known_addr { host: "127.5.151.130" port: 40383 } } peers { permanent_uuid: "ea22617ed6c84501971921c819f70a44" member_type: VOTER last_known_addr { host: "127.5.151.131" port: 37147 } }
I20260713 09:03:47.621634  6055 tablet_bootstrap.cc:492] T 334775f02a634027a765d5a0aeee1145 P 32edf1e324d8491ca6251a9f90f63bca: No bootstrap required, opened a new log
I20260713 09:03:47.622040  6055 ts_tablet_manager.cc:1403] T 334775f02a634027a765d5a0aeee1145 P 32edf1e324d8491ca6251a9f90f63bca: Time spent bootstrapping tablet: real 0.031s	user 0.023s	sys 0.000s
I20260713 09:03:47.622450  5757 catalog_manager.cc:5697] T fd8b64c88b6f4dd29b4b9f2f4737c250 P 691276deb4044ca380361f9431eb905d reported cstate change: term changed from 0 to 1, leader changed from <none> to 691276deb4044ca380361f9431eb905d (127.5.151.130). New cstate: current_term: 1 leader_uuid: "691276deb4044ca380361f9431eb905d" committed_config { opid_index: -1 OBSOLETE_local: false peers { permanent_uuid: "32edf1e324d8491ca6251a9f90f63bca" member_type: VOTER last_known_addr { host: "127.5.151.129" port: 38705 } health_report { overall_health: UNKNOWN } } peers { permanent_uuid: "691276deb4044ca380361f9431eb905d" member_type: VOTER last_known_addr { host: "127.5.151.130" port: 40383 } health_report { overall_health: HEALTHY } } peers { permanent_uuid: "ea22617ed6c84501971921c819f70a44" member_type: VOTER last_known_addr { host: "127.5.151.131" port: 37147 } health_report { overall_health: UNKNOWN } } }
I20260713 09:03:47.625067  6055 raft_consensus.cc:359] T 334775f02a634027a765d5a0aeee1145 P 32edf1e324d8491ca6251a9f90f63bca [term 0 FOLLOWER]: Replica starting. Triggering 0 pending ops. Active config: opid_index: -1 OBSOLETE_local: false peers { permanent_uuid: "32edf1e324d8491ca6251a9f90f63bca" member_type: VOTER last_known_addr { host: "127.5.151.129" port: 38705 } } peers { permanent_uuid: "691276deb4044ca380361f9431eb905d" member_type: VOTER last_known_addr { host: "127.5.151.130" port: 40383 } } peers { permanent_uuid: "ea22617ed6c84501971921c819f70a44" member_type: VOTER last_known_addr { host: "127.5.151.131" port: 37147 } }
I20260713 09:03:47.625701  6055 raft_consensus.cc:385] T 334775f02a634027a765d5a0aeee1145 P 32edf1e324d8491ca6251a9f90f63bca [term 0 FOLLOWER]: Consensus starting up: Expiring failure detector timer to make a prompt election more likely
I20260713 09:03:47.625552  6063 raft_consensus.cc:515] T dcf44cdc3e074399a3a15cb7bb1907e3 P 32edf1e324d8491ca6251a9f90f63bca [term 1 FOLLOWER]: Starting leader election with config: opid_index: -1 OBSOLETE_local: false peers { permanent_uuid: "32edf1e324d8491ca6251a9f90f63bca" member_type: VOTER last_known_addr { host: "127.5.151.129" port: 38705 } } peers { permanent_uuid: "691276deb4044ca380361f9431eb905d" member_type: VOTER last_known_addr { host: "127.5.151.130" port: 40383 } } peers { permanent_uuid: "ea22617ed6c84501971921c819f70a44" member_type: VOTER last_known_addr { host: "127.5.151.131" port: 37147 } }
I20260713 09:03:47.626086  6055 raft_consensus.cc:740] T 334775f02a634027a765d5a0aeee1145 P 32edf1e324d8491ca6251a9f90f63bca [term 0 FOLLOWER]: Becoming Follower/Learner. State: Replica: 32edf1e324d8491ca6251a9f90f63bca, State: Initialized, Role: FOLLOWER
I20260713 09:03:47.626732  6055 consensus_queue.cc:260] T 334775f02a634027a765d5a0aeee1145 P 32edf1e324d8491ca6251a9f90f63bca [NON_LEADER]: Queue going to NON_LEADER mode. State: All replicated index: 0, Majority replicated index: 0, Committed index: 0, Last appended: 0.0, Last appended by leader: 0, Current term: 0, Majority size: -1, State: 0, Mode: NON_LEADER, active raft config: opid_index: -1 OBSOLETE_local: false peers { permanent_uuid: "32edf1e324d8491ca6251a9f90f63bca" member_type: VOTER last_known_addr { host: "127.5.151.129" port: 38705 } } peers { permanent_uuid: "691276deb4044ca380361f9431eb905d" member_type: VOTER last_known_addr { host: "127.5.151.130" port: 40383 } } peers { permanent_uuid: "ea22617ed6c84501971921c819f70a44" member_type: VOTER last_known_addr { host: "127.5.151.131" port: 37147 } }
I20260713 09:03:47.628350  5935 tablet_service.cc:1917] Received RequestConsensusVote() RPC: tablet_id: "dcf44cdc3e074399a3a15cb7bb1907e3" candidate_uuid: "32edf1e324d8491ca6251a9f90f63bca" candidate_term: 1 candidate_status { last_received { term: 0 index: 0 } } ignore_live_leader: false dest_uuid: "691276deb4044ca380361f9431eb905d"
I20260713 09:03:47.628822  6055 ts_tablet_manager.cc:1434] T 334775f02a634027a765d5a0aeee1145 P 32edf1e324d8491ca6251a9f90f63bca: Time spent starting tablet: real 0.006s	user 0.007s	sys 0.000s
I20260713 09:03:47.628904  5935 raft_consensus.cc:3060] T dcf44cdc3e074399a3a15cb7bb1907e3 P 691276deb4044ca380361f9431eb905d [term 0 FOLLOWER]: Advancing to term 1
I20260713 09:03:47.630592  6009 tablet_service.cc:1917] Received RequestConsensusVote() RPC: tablet_id: "dcf44cdc3e074399a3a15cb7bb1907e3" candidate_uuid: "32edf1e324d8491ca6251a9f90f63bca" candidate_term: 1 candidate_status { last_received { term: 0 index: 0 } } ignore_live_leader: false dest_uuid: "ea22617ed6c84501971921c819f70a44"
I20260713 09:03:47.632862  6009 raft_consensus.cc:3060] T dcf44cdc3e074399a3a15cb7bb1907e3 P ea22617ed6c84501971921c819f70a44 [term 0 FOLLOWER]: Advancing to term 1
I20260713 09:03:47.636319  5935 raft_consensus.cc:2468] T dcf44cdc3e074399a3a15cb7bb1907e3 P 691276deb4044ca380361f9431eb905d [term 1 FOLLOWER]: Leader election vote request: Granting yes vote for candidate 32edf1e324d8491ca6251a9f90f63bca in term 1.
I20260713 09:03:47.637300  5824 leader_election.cc:304] T dcf44cdc3e074399a3a15cb7bb1907e3 P 32edf1e324d8491ca6251a9f90f63bca [CANDIDATE]: Term 1 election: Election decided. Result: candidate won. Election summary: received 2 responses out of 3 voters: 2 yes votes; 0 no votes. yes voters: 32edf1e324d8491ca6251a9f90f63bca, 691276deb4044ca380361f9431eb905d; no voters: 
I20260713 09:03:47.631271  6063 leader_election.cc:290] T dcf44cdc3e074399a3a15cb7bb1907e3 P 32edf1e324d8491ca6251a9f90f63bca [CANDIDATE]: Term 1 election: Requested vote from peers 691276deb4044ca380361f9431eb905d (127.5.151.130:40383), ea22617ed6c84501971921c819f70a44 (127.5.151.131:37147)
I20260713 09:03:47.638348  6061 raft_consensus.cc:2804] T dcf44cdc3e074399a3a15cb7bb1907e3 P 32edf1e324d8491ca6251a9f90f63bca [term 1 FOLLOWER]: Leader election won for term 1
I20260713 09:03:47.638790  6061 raft_consensus.cc:697] T dcf44cdc3e074399a3a15cb7bb1907e3 P 32edf1e324d8491ca6251a9f90f63bca [term 1 LEADER]: Becoming Leader. State: Replica: 32edf1e324d8491ca6251a9f90f63bca, State: Running, Role: LEADER
I20260713 09:03:47.639611  6061 consensus_queue.cc:237] T dcf44cdc3e074399a3a15cb7bb1907e3 P 32edf1e324d8491ca6251a9f90f63bca [LEADER]: Queue going to LEADER mode. State: All replicated index: 0, Majority replicated index: 0, Committed index: 0, Last appended: 0.0, Last appended by leader: 0, Current term: 1, Majority size: 2, State: 0, Mode: LEADER, active raft config: opid_index: -1 OBSOLETE_local: false peers { permanent_uuid: "32edf1e324d8491ca6251a9f90f63bca" member_type: VOTER last_known_addr { host: "127.5.151.129" port: 38705 } } peers { permanent_uuid: "691276deb4044ca380361f9431eb905d" member_type: VOTER last_known_addr { host: "127.5.151.130" port: 40383 } } peers { permanent_uuid: "ea22617ed6c84501971921c819f70a44" member_type: VOTER last_known_addr { host: "127.5.151.131" port: 37147 } }
I20260713 09:03:47.640996  5756 catalog_manager.cc:5697] T 334775f02a634027a765d5a0aeee1145 P ea22617ed6c84501971921c819f70a44 reported cstate change: term changed from 0 to 1, leader changed from <none> to ea22617ed6c84501971921c819f70a44 (127.5.151.131). New cstate: current_term: 1 leader_uuid: "ea22617ed6c84501971921c819f70a44" committed_config { opid_index: -1 OBSOLETE_local: false peers { permanent_uuid: "32edf1e324d8491ca6251a9f90f63bca" member_type: VOTER last_known_addr { host: "127.5.151.129" port: 38705 } health_report { overall_health: UNKNOWN } } peers { permanent_uuid: "691276deb4044ca380361f9431eb905d" member_type: VOTER last_known_addr { host: "127.5.151.130" port: 40383 } health_report { overall_health: UNKNOWN } } peers { permanent_uuid: "ea22617ed6c84501971921c819f70a44" member_type: VOTER last_known_addr { host: "127.5.151.131" port: 37147 } health_report { overall_health: HEALTHY } } }
I20260713 09:03:47.650576  6009 raft_consensus.cc:2468] T dcf44cdc3e074399a3a15cb7bb1907e3 P ea22617ed6c84501971921c819f70a44 [term 1 FOLLOWER]: Leader election vote request: Granting yes vote for candidate 32edf1e324d8491ca6251a9f90f63bca in term 1.
I20260713 09:03:47.652560  5755 catalog_manager.cc:5697] T dcf44cdc3e074399a3a15cb7bb1907e3 P 32edf1e324d8491ca6251a9f90f63bca reported cstate change: term changed from 0 to 1, leader changed from <none> to 32edf1e324d8491ca6251a9f90f63bca (127.5.151.129). New cstate: current_term: 1 leader_uuid: "32edf1e324d8491ca6251a9f90f63bca" committed_config { opid_index: -1 OBSOLETE_local: false peers { permanent_uuid: "32edf1e324d8491ca6251a9f90f63bca" member_type: VOTER last_known_addr { host: "127.5.151.129" port: 38705 } health_report { overall_health: HEALTHY } } peers { permanent_uuid: "691276deb4044ca380361f9431eb905d" member_type: VOTER last_known_addr { host: "127.5.151.130" port: 40383 } health_report { overall_health: UNKNOWN } } peers { permanent_uuid: "ea22617ed6c84501971921c819f70a44" member_type: VOTER last_known_addr { host: "127.5.151.131" port: 37147 } health_report { overall_health: UNKNOWN } } }
I20260713 09:03:47.662683  6089 raft_consensus.cc:493] T b7e0432e8d7245f393927e88f441623c P ea22617ed6c84501971921c819f70a44 [term 0 FOLLOWER]: Starting pre-election (no leader contacted us within the election timeout)
I20260713 09:03:47.663272  6089 raft_consensus.cc:515] T b7e0432e8d7245f393927e88f441623c P ea22617ed6c84501971921c819f70a44 [term 0 FOLLOWER]: Starting pre-election with config: opid_index: -1 OBSOLETE_local: false peers { permanent_uuid: "32edf1e324d8491ca6251a9f90f63bca" member_type: VOTER last_known_addr { host: "127.5.151.129" port: 38705 } } peers { permanent_uuid: "691276deb4044ca380361f9431eb905d" member_type: VOTER last_known_addr { host: "127.5.151.130" port: 40383 } } peers { permanent_uuid: "ea22617ed6c84501971921c819f70a44" member_type: VOTER last_known_addr { host: "127.5.151.131" port: 37147 } }
I20260713 09:03:47.666443  5860 tablet_service.cc:1917] Received RequestConsensusVote() RPC: tablet_id: "b7e0432e8d7245f393927e88f441623c" candidate_uuid: "ea22617ed6c84501971921c819f70a44" candidate_term: 1 candidate_status { last_received { term: 0 index: 0 } } ignore_live_leader: false dest_uuid: "32edf1e324d8491ca6251a9f90f63bca" is_pre_election: true
I20260713 09:03:47.667169  5860 raft_consensus.cc:2468] T b7e0432e8d7245f393927e88f441623c P 32edf1e324d8491ca6251a9f90f63bca [term 0 FOLLOWER]: Leader pre-election vote request: Granting yes vote for candidate ea22617ed6c84501971921c819f70a44 in term 0.
I20260713 09:03:47.667354  5935 tablet_service.cc:1917] Received RequestConsensusVote() RPC: tablet_id: "b7e0432e8d7245f393927e88f441623c" candidate_uuid: "ea22617ed6c84501971921c819f70a44" candidate_term: 1 candidate_status { last_received { term: 0 index: 0 } } ignore_live_leader: false dest_uuid: "691276deb4044ca380361f9431eb905d" is_pre_election: true
I20260713 09:03:47.667975  5935 raft_consensus.cc:2468] T b7e0432e8d7245f393927e88f441623c P 691276deb4044ca380361f9431eb905d [term 0 FOLLOWER]: Leader pre-election vote request: Granting yes vote for candidate ea22617ed6c84501971921c819f70a44 in term 0.
I20260713 09:03:47.668531  5974 leader_election.cc:304] T b7e0432e8d7245f393927e88f441623c P ea22617ed6c84501971921c819f70a44 [CANDIDATE]: Term 1 pre-election: Election decided. Result: candidate won. Election summary: received 2 responses out of 3 voters: 2 yes votes; 0 no votes. yes voters: 32edf1e324d8491ca6251a9f90f63bca, ea22617ed6c84501971921c819f70a44; no voters: 
I20260713 09:03:47.668766  6089 leader_election.cc:290] T b7e0432e8d7245f393927e88f441623c P ea22617ed6c84501971921c819f70a44 [CANDIDATE]: Term 1 pre-election: Requested pre-vote from peers 32edf1e324d8491ca6251a9f90f63bca (127.5.151.129:38705), 691276deb4044ca380361f9431eb905d (127.5.151.130:40383)
I20260713 09:03:47.669456  6089 raft_consensus.cc:2804] T b7e0432e8d7245f393927e88f441623c P ea22617ed6c84501971921c819f70a44 [term 0 FOLLOWER]: Leader pre-election won for term 1
I20260713 09:03:47.669866  6089 raft_consensus.cc:493] T b7e0432e8d7245f393927e88f441623c P ea22617ed6c84501971921c819f70a44 [term 0 FOLLOWER]: Starting leader election (no leader contacted us within the election timeout)
I20260713 09:03:47.670177  6089 raft_consensus.cc:3060] T b7e0432e8d7245f393927e88f441623c P ea22617ed6c84501971921c819f70a44 [term 0 FOLLOWER]: Advancing to term 1
I20260713 09:03:47.674935  6089 raft_consensus.cc:515] T b7e0432e8d7245f393927e88f441623c P ea22617ed6c84501971921c819f70a44 [term 1 FOLLOWER]: Starting leader election with config: opid_index: -1 OBSOLETE_local: false peers { permanent_uuid: "32edf1e324d8491ca6251a9f90f63bca" member_type: VOTER last_known_addr { host: "127.5.151.129" port: 38705 } } peers { permanent_uuid: "691276deb4044ca380361f9431eb905d" member_type: VOTER last_known_addr { host: "127.5.151.130" port: 40383 } } peers { permanent_uuid: "ea22617ed6c84501971921c819f70a44" member_type: VOTER last_known_addr { host: "127.5.151.131" port: 37147 } }
I20260713 09:03:47.677501  5860 tablet_service.cc:1917] Received RequestConsensusVote() RPC: tablet_id: "b7e0432e8d7245f393927e88f441623c" candidate_uuid: "ea22617ed6c84501971921c819f70a44" candidate_term: 1 candidate_status { last_received { term: 0 index: 0 } } ignore_live_leader: false dest_uuid: "32edf1e324d8491ca6251a9f90f63bca"
I20260713 09:03:47.678102  5860 raft_consensus.cc:3060] T b7e0432e8d7245f393927e88f441623c P 32edf1e324d8491ca6251a9f90f63bca [term 0 FOLLOWER]: Advancing to term 1
I20260713 09:03:47.678748  6061 consensus_queue.cc:1048] T 60cae3bb447344da969f9262cc872d95 P 32edf1e324d8491ca6251a9f90f63bca [LEADER]: Connected to new peer: Peer: permanent_uuid: "691276deb4044ca380361f9431eb905d" member_type: VOTER last_known_addr { host: "127.5.151.130" port: 40383 }, Status: LMP_MISMATCH, Last received: 0.0, Next index: 1, Last known committed idx: 0, Time since last communication: 0.000s
I20260713 09:03:47.681599  5936 tablet_service.cc:1917] Received RequestConsensusVote() RPC: tablet_id: "b7e0432e8d7245f393927e88f441623c" candidate_uuid: "ea22617ed6c84501971921c819f70a44" candidate_term: 1 candidate_status { last_received { term: 0 index: 0 } } ignore_live_leader: false dest_uuid: "691276deb4044ca380361f9431eb905d"
I20260713 09:03:47.682145  5936 raft_consensus.cc:3060] T b7e0432e8d7245f393927e88f441623c P 691276deb4044ca380361f9431eb905d [term 0 FOLLOWER]: Advancing to term 1
I20260713 09:03:47.685491  5860 raft_consensus.cc:2468] T b7e0432e8d7245f393927e88f441623c P 32edf1e324d8491ca6251a9f90f63bca [term 1 FOLLOWER]: Leader election vote request: Granting yes vote for candidate ea22617ed6c84501971921c819f70a44 in term 1.
I20260713 09:03:47.687106  5974 leader_election.cc:304] T b7e0432e8d7245f393927e88f441623c P ea22617ed6c84501971921c819f70a44 [CANDIDATE]: Term 1 election: Election decided. Result: candidate won. Election summary: received 2 responses out of 3 voters: 2 yes votes; 0 no votes. yes voters: 32edf1e324d8491ca6251a9f90f63bca, ea22617ed6c84501971921c819f70a44; no voters: 
I20260713 09:03:47.688311  6060 raft_consensus.cc:2804] T b7e0432e8d7245f393927e88f441623c P ea22617ed6c84501971921c819f70a44 [term 1 FOLLOWER]: Leader election won for term 1
I20260713 09:03:47.688504  5936 raft_consensus.cc:2468] T b7e0432e8d7245f393927e88f441623c P 691276deb4044ca380361f9431eb905d [term 1 FOLLOWER]: Leader election vote request: Granting yes vote for candidate ea22617ed6c84501971921c819f70a44 in term 1.
