I20260713 09:04:10.357368  7319 consensus_queue.cc:237] T 789ddd0466a0469f82c9b5cb1abbc7fa P 68670324861d429ead0a3e5f11264ab4 [LEADER]: Queue going to LEADER mode. State: All replicated index: 0, Majority replicated index: 0, Committed index: 0, Last appended: 0.0, Last appended by leader: 0, Current term: 1, Majority size: 2, State: 0, Mode: LEADER, active raft config: opid_index: -1 OBSOLETE_local: false peers { permanent_uuid: "60824f0a6a1349f8a588dd889747b930" member_type: VOTER last_known_addr { host: "127.5.188.1" port: 46083 } } peers { permanent_uuid: "68670324861d429ead0a3e5f11264ab4" member_type: VOTER last_known_addr { host: "127.5.188.2" port: 38129 } } peers { permanent_uuid: "be28d0865140436bbed167e823730c2a" member_type: VOTER last_known_addr { host: "127.5.188.3" port: 45105 } }
I20260713 09:04:10.351210  7174 raft_consensus.cc:359] T 789ddd0466a0469f82c9b5cb1abbc7fa P be28d0865140436bbed167e823730c2a [term 0 FOLLOWER]: Replica starting. Triggering 0 pending ops. Active config: opid_index: -1 OBSOLETE_local: false peers { permanent_uuid: "60824f0a6a1349f8a588dd889747b930" member_type: VOTER last_known_addr { host: "127.5.188.1" port: 46083 } } peers { permanent_uuid: "68670324861d429ead0a3e5f11264ab4" member_type: VOTER last_known_addr { host: "127.5.188.2" port: 38129 } } peers { permanent_uuid: "be28d0865140436bbed167e823730c2a" member_type: VOTER last_known_addr { host: "127.5.188.3" port: 45105 } }
I20260713 09:04:10.363122  7174 raft_consensus.cc:385] T 789ddd0466a0469f82c9b5cb1abbc7fa P be28d0865140436bbed167e823730c2a [term 0 FOLLOWER]: Consensus starting up: Expiring failure detector timer to make a prompt election more likely
I20260713 09:04:10.363411  7174 raft_consensus.cc:740] T 789ddd0466a0469f82c9b5cb1abbc7fa P be28d0865140436bbed167e823730c2a [term 0 FOLLOWER]: Becoming Follower/Learner. State: Replica: be28d0865140436bbed167e823730c2a, State: Initialized, Role: FOLLOWER
I20260713 09:04:10.364084  7174 consensus_queue.cc:260] T 789ddd0466a0469f82c9b5cb1abbc7fa P be28d0865140436bbed167e823730c2a [NON_LEADER]: Queue going to NON_LEADER mode. State: All replicated index: 0, Majority replicated index: 0, Committed index: 0, Last appended: 0.0, Last appended by leader: 0, Current term: 0, Majority size: -1, State: 0, Mode: NON_LEADER, active raft config: opid_index: -1 OBSOLETE_local: false peers { permanent_uuid: "60824f0a6a1349f8a588dd889747b930" member_type: VOTER last_known_addr { host: "127.5.188.1" port: 46083 } } peers { permanent_uuid: "68670324861d429ead0a3e5f11264ab4" member_type: VOTER last_known_addr { host: "127.5.188.2" port: 38129 } } peers { permanent_uuid: "be28d0865140436bbed167e823730c2a" member_type: VOTER last_known_addr { host: "127.5.188.3" port: 45105 } }
I20260713 09:04:10.364970  7130 raft_consensus.cc:3060] T 789ddd0466a0469f82c9b5cb1abbc7fa P be28d0865140436bbed167e823730c2a [term 0 FOLLOWER]: Advancing to term 1
I20260713 09:04:10.372860  7130 raft_consensus.cc:2468] T 789ddd0466a0469f82c9b5cb1abbc7fa P be28d0865140436bbed167e823730c2a [term 1 FOLLOWER]: Leader election vote request: Granting yes vote for candidate 68670324861d429ead0a3e5f11264ab4 in term 1.
I20260713 09:04:10.377746  7174 ts_tablet_manager.cc:1434] T 789ddd0466a0469f82c9b5cb1abbc7fa P be28d0865140436bbed167e823730c2a: Time spent starting tablet: real 0.043s	user 0.007s	sys 0.002s
I20260713 09:04:10.378739  7174 tablet_bootstrap.cc:492] T 98d383f017da4e00b43e0e6b79475eec P be28d0865140436bbed167e823730c2a: Bootstrap starting.
I20260713 09:04:10.387337  7176 tablet_bootstrap.cc:492] T b8010210b5d2452aa3a094529af7691b P 68670324861d429ead0a3e5f11264ab4: No bootstrap required, opened a new log
I20260713 09:04:10.388224  7176 ts_tablet_manager.cc:1403] T b8010210b5d2452aa3a094529af7691b P 68670324861d429ead0a3e5f11264ab4: Time spent bootstrapping tablet: real 0.095s	user 0.033s	sys 0.047s
I20260713 09:04:10.391119  7174 tablet_bootstrap.cc:654] T 98d383f017da4e00b43e0e6b79475eec P be28d0865140436bbed167e823730c2a: Neither blocks nor log segments found. Creating new log.
I20260713 09:04:10.391470  7176 raft_consensus.cc:359] T b8010210b5d2452aa3a094529af7691b P 68670324861d429ead0a3e5f11264ab4 [term 0 FOLLOWER]: Replica starting. Triggering 0 pending ops. Active config: opid_index: -1 OBSOLETE_local: false peers { permanent_uuid: "60824f0a6a1349f8a588dd889747b930" member_type: VOTER last_known_addr { host: "127.5.188.1" port: 46083 } } peers { permanent_uuid: "68670324861d429ead0a3e5f11264ab4" member_type: VOTER last_known_addr { host: "127.5.188.2" port: 38129 } } peers { permanent_uuid: "be28d0865140436bbed167e823730c2a" member_type: VOTER last_known_addr { host: "127.5.188.3" port: 45105 } }
I20260713 09:04:10.392427  7176 raft_consensus.cc:385] T b8010210b5d2452aa3a094529af7691b P 68670324861d429ead0a3e5f11264ab4 [term 0 FOLLOWER]: Consensus starting up: Expiring failure detector timer to make a prompt election more likely
I20260713 09:04:10.392727  7176 raft_consensus.cc:740] T b8010210b5d2452aa3a094529af7691b P 68670324861d429ead0a3e5f11264ab4 [term 0 FOLLOWER]: Becoming Follower/Learner. State: Replica: 68670324861d429ead0a3e5f11264ab4, State: Initialized, Role: FOLLOWER
I20260713 09:04:10.393580  7176 consensus_queue.cc:260] T b8010210b5d2452aa3a094529af7691b P 68670324861d429ead0a3e5f11264ab4 [NON_LEADER]: Queue going to NON_LEADER mode. State: All replicated index: 0, Majority replicated index: 0, Committed index: 0, Last appended: 0.0, Last appended by leader: 0, Current term: 0, Majority size: -1, State: 0, Mode: NON_LEADER, active raft config: opid_index: -1 OBSOLETE_local: false peers { permanent_uuid: "60824f0a6a1349f8a588dd889747b930" member_type: VOTER last_known_addr { host: "127.5.188.1" port: 46083 } } peers { permanent_uuid: "68670324861d429ead0a3e5f11264ab4" member_type: VOTER last_known_addr { host: "127.5.188.2" port: 38129 } } peers { permanent_uuid: "be28d0865140436bbed167e823730c2a" member_type: VOTER last_known_addr { host: "127.5.188.3" port: 45105 } }
I20260713 09:04:10.395376  7176 ts_tablet_manager.cc:1434] T b8010210b5d2452aa3a094529af7691b P 68670324861d429ead0a3e5f11264ab4: Time spent starting tablet: real 0.007s	user 0.006s	sys 0.000s
I20260713 09:04:10.398315  7173 tablet_bootstrap.cc:492] T b8010210b5d2452aa3a094529af7691b P 60824f0a6a1349f8a588dd889747b930: No bootstrap required, opened a new log
I20260713 09:04:10.398767  7173 ts_tablet_manager.cc:1403] T b8010210b5d2452aa3a094529af7691b P 60824f0a6a1349f8a588dd889747b930: Time spent bootstrapping tablet: real 0.128s	user 0.012s	sys 0.003s
I20260713 09:04:10.401548  7173 raft_consensus.cc:359] T b8010210b5d2452aa3a094529af7691b P 60824f0a6a1349f8a588dd889747b930 [term 0 FOLLOWER]: Replica starting. Triggering 0 pending ops. Active config: opid_index: -1 OBSOLETE_local: false peers { permanent_uuid: "60824f0a6a1349f8a588dd889747b930" member_type: VOTER last_known_addr { host: "127.5.188.1" port: 46083 } } peers { permanent_uuid: "68670324861d429ead0a3e5f11264ab4" member_type: VOTER last_known_addr { host: "127.5.188.2" port: 38129 } } peers { permanent_uuid: "be28d0865140436bbed167e823730c2a" member_type: VOTER last_known_addr { host: "127.5.188.3" port: 45105 } }
I20260713 09:04:10.402259  7173 raft_consensus.cc:385] T b8010210b5d2452aa3a094529af7691b P 60824f0a6a1349f8a588dd889747b930 [term 0 FOLLOWER]: Consensus starting up: Expiring failure detector timer to make a prompt election more likely
I20260713 09:04:10.402518  7173 raft_consensus.cc:740] T b8010210b5d2452aa3a094529af7691b P 60824f0a6a1349f8a588dd889747b930 [term 0 FOLLOWER]: Becoming Follower/Learner. State: Replica: 60824f0a6a1349f8a588dd889747b930, State: Initialized, Role: FOLLOWER
I20260713 09:04:10.403266  7173 consensus_queue.cc:260] T b8010210b5d2452aa3a094529af7691b P 60824f0a6a1349f8a588dd889747b930 [NON_LEADER]: Queue going to NON_LEADER mode. State: All replicated index: 0, Majority replicated index: 0, Committed index: 0, Last appended: 0.0, Last appended by leader: 0, Current term: 0, Majority size: -1, State: 0, Mode: NON_LEADER, active raft config: opid_index: -1 OBSOLETE_local: false peers { permanent_uuid: "60824f0a6a1349f8a588dd889747b930" member_type: VOTER last_known_addr { host: "127.5.188.1" port: 46083 } } peers { permanent_uuid: "68670324861d429ead0a3e5f11264ab4" member_type: VOTER last_known_addr { host: "127.5.188.2" port: 38129 } } peers { permanent_uuid: "be28d0865140436bbed167e823730c2a" member_type: VOTER last_known_addr { host: "127.5.188.3" port: 45105 } }
I20260713 09:04:10.396785  7176 tablet_bootstrap.cc:492] T 50a6968c516845bfbebdbfba5886ba7a P 68670324861d429ead0a3e5f11264ab4: Bootstrap starting.
I20260713 09:04:10.405347  7173 ts_tablet_manager.cc:1434] T b8010210b5d2452aa3a094529af7691b P 60824f0a6a1349f8a588dd889747b930: Time spent starting tablet: real 0.006s	user 0.008s	sys 0.000s
I20260713 09:04:10.406352  6881 catalog_manager.cc:5697] T 4a832d7943e742fabf9010a7b4029d01 P 68670324861d429ead0a3e5f11264ab4 reported cstate change: term changed from 0 to 1, leader changed from <none> to 68670324861d429ead0a3e5f11264ab4 (127.5.188.2). New cstate: current_term: 1 leader_uuid: "68670324861d429ead0a3e5f11264ab4" committed_config { opid_index: -1 OBSOLETE_local: false peers { permanent_uuid: "60824f0a6a1349f8a588dd889747b930" member_type: VOTER last_known_addr { host: "127.5.188.1" port: 46083 } health_report { overall_health: UNKNOWN } } peers { permanent_uuid: "68670324861d429ead0a3e5f11264ab4" member_type: VOTER last_known_addr { host: "127.5.188.2" port: 38129 } health_report { overall_health: HEALTHY } } peers { permanent_uuid: "be28d0865140436bbed167e823730c2a" member_type: VOTER last_known_addr { host: "127.5.188.3" port: 45105 } health_report { overall_health: UNKNOWN } } }
I20260713 09:04:10.409667  7173 tablet_bootstrap.cc:492] T 8390c2254e9e4bb2a9bc36264a9f6c41 P 60824f0a6a1349f8a588dd889747b930: Bootstrap starting.
I20260713 09:04:10.407883  6881 catalog_manager.cc:5697] T 98d383f017da4e00b43e0e6b79475eec P 68670324861d429ead0a3e5f11264ab4 reported cstate change: term changed from 0 to 1, leader changed from <none> to 68670324861d429ead0a3e5f11264ab4 (127.5.188.2). New cstate: current_term: 1 leader_uuid: "68670324861d429ead0a3e5f11264ab4" committed_config { opid_index: -1 OBSOLETE_local: false peers { permanent_uuid: "60824f0a6a1349f8a588dd889747b930" member_type: VOTER last_known_addr { host: "127.5.188.1" port: 46083 } health_report { overall_health: UNKNOWN } } peers { permanent_uuid: "68670324861d429ead0a3e5f11264ab4" member_type: VOTER last_known_addr { host: "127.5.188.2" port: 38129 } health_report { overall_health: HEALTHY } } peers { permanent_uuid: "be28d0865140436bbed167e823730c2a" member_type: VOTER last_known_addr { host: "127.5.188.3" port: 45105 } health_report { overall_health: UNKNOWN } } }
I20260713 09:04:10.416451  7173 tablet_bootstrap.cc:654] T 8390c2254e9e4bb2a9bc36264a9f6c41 P 60824f0a6a1349f8a588dd889747b930: Neither blocks nor log segments found. Creating new log.
I20260713 09:04:10.413373  7176 tablet_bootstrap.cc:654] T 50a6968c516845bfbebdbfba5886ba7a P 68670324861d429ead0a3e5f11264ab4: Neither blocks nor log segments found. Creating new log.
I20260713 09:04:10.426898  7176 tablet_bootstrap.cc:492] T 50a6968c516845bfbebdbfba5886ba7a P 68670324861d429ead0a3e5f11264ab4: No bootstrap required, opened a new log
I20260713 09:04:10.427493  7176 ts_tablet_manager.cc:1403] T 50a6968c516845bfbebdbfba5886ba7a P 68670324861d429ead0a3e5f11264ab4: Time spent bootstrapping tablet: real 0.031s	user 0.016s	sys 0.000s
I20260713 09:04:10.427760  7174 tablet_bootstrap.cc:492] T 98d383f017da4e00b43e0e6b79475eec P be28d0865140436bbed167e823730c2a: No bootstrap required, opened a new log
I20260713 09:04:10.428452  7174 ts_tablet_manager.cc:1403] T 98d383f017da4e00b43e0e6b79475eec P be28d0865140436bbed167e823730c2a: Time spent bootstrapping tablet: real 0.050s	user 0.020s	sys 0.009s
I20260713 09:04:10.431741  7173 tablet_bootstrap.cc:492] T 8390c2254e9e4bb2a9bc36264a9f6c41 P 60824f0a6a1349f8a588dd889747b930: No bootstrap required, opened a new log
I20260713 09:04:10.431366  7176 raft_consensus.cc:359] T 50a6968c516845bfbebdbfba5886ba7a P 68670324861d429ead0a3e5f11264ab4 [term 0 FOLLOWER]: Replica starting. Triggering 0 pending ops. Active config: opid_index: -1 OBSOLETE_local: false peers { permanent_uuid: "60824f0a6a1349f8a588dd889747b930" member_type: VOTER last_known_addr { host: "127.5.188.1" port: 46083 } } peers { permanent_uuid: "68670324861d429ead0a3e5f11264ab4" member_type: VOTER last_known_addr { host: "127.5.188.2" port: 38129 } } peers { permanent_uuid: "be28d0865140436bbed167e823730c2a" member_type: VOTER last_known_addr { host: "127.5.188.3" port: 45105 } }
I20260713 09:04:10.432315  7173 ts_tablet_manager.cc:1403] T 8390c2254e9e4bb2a9bc36264a9f6c41 P 60824f0a6a1349f8a588dd889747b930: Time spent bootstrapping tablet: real 0.023s	user 0.012s	sys 0.008s
I20260713 09:04:10.432518  7176 raft_consensus.cc:385] T 50a6968c516845bfbebdbfba5886ba7a P 68670324861d429ead0a3e5f11264ab4 [term 0 FOLLOWER]: Consensus starting up: Expiring failure detector timer to make a prompt election more likely
I20260713 09:04:10.432816  7176 raft_consensus.cc:740] T 50a6968c516845bfbebdbfba5886ba7a P 68670324861d429ead0a3e5f11264ab4 [term 0 FOLLOWER]: Becoming Follower/Learner. State: Replica: 68670324861d429ead0a3e5f11264ab4, State: Initialized, Role: FOLLOWER
I20260713 09:04:10.431741  7174 raft_consensus.cc:359] T 98d383f017da4e00b43e0e6b79475eec P be28d0865140436bbed167e823730c2a [term 0 FOLLOWER]: Replica starting. Triggering 0 pending ops. Active config: opid_index: -1 OBSOLETE_local: false peers { permanent_uuid: "60824f0a6a1349f8a588dd889747b930" member_type: VOTER last_known_addr { host: "127.5.188.1" port: 46083 } } peers { permanent_uuid: "68670324861d429ead0a3e5f11264ab4" member_type: VOTER last_known_addr { host: "127.5.188.2" port: 38129 } } peers { permanent_uuid: "be28d0865140436bbed167e823730c2a" member_type: VOTER last_known_addr { host: "127.5.188.3" port: 45105 } }
I20260713 09:04:10.433470  7176 consensus_queue.cc:260] T 50a6968c516845bfbebdbfba5886ba7a P 68670324861d429ead0a3e5f11264ab4 [NON_LEADER]: Queue going to NON_LEADER mode. State: All replicated index: 0, Majority replicated index: 0, Committed index: 0, Last appended: 0.0, Last appended by leader: 0, Current term: 0, Majority size: -1, State: 0, Mode: NON_LEADER, active raft config: opid_index: -1 OBSOLETE_local: false peers { permanent_uuid: "60824f0a6a1349f8a588dd889747b930" member_type: VOTER last_known_addr { host: "127.5.188.1" port: 46083 } } peers { permanent_uuid: "68670324861d429ead0a3e5f11264ab4" member_type: VOTER last_known_addr { host: "127.5.188.2" port: 38129 } } peers { permanent_uuid: "be28d0865140436bbed167e823730c2a" member_type: VOTER last_known_addr { host: "127.5.188.3" port: 45105 } }
I20260713 09:04:10.434341  7174 raft_consensus.cc:385] T 98d383f017da4e00b43e0e6b79475eec P be28d0865140436bbed167e823730c2a [term 0 FOLLOWER]: Consensus starting up: Expiring failure detector timer to make a prompt election more likely
I20260713 09:04:10.434779  7174 raft_consensus.cc:740] T 98d383f017da4e00b43e0e6b79475eec P be28d0865140436bbed167e823730c2a [term 0 FOLLOWER]: Becoming Follower/Learner. State: Replica: be28d0865140436bbed167e823730c2a, State: Initialized, Role: FOLLOWER
I20260713 09:04:10.435101  7173 raft_consensus.cc:359] T 8390c2254e9e4bb2a9bc36264a9f6c41 P 60824f0a6a1349f8a588dd889747b930 [term 0 FOLLOWER]: Replica starting. Triggering 0 pending ops. Active config: opid_index: -1 OBSOLETE_local: false peers { permanent_uuid: "60824f0a6a1349f8a588dd889747b930" member_type: VOTER last_known_addr { host: "127.5.188.1" port: 46083 } } peers { permanent_uuid: "68670324861d429ead0a3e5f11264ab4" member_type: VOTER last_known_addr { host: "127.5.188.2" port: 38129 } } peers { permanent_uuid: "be28d0865140436bbed167e823730c2a" member_type: VOTER last_known_addr { host: "127.5.188.3" port: 45105 } }
I20260713 09:04:10.435755  7173 raft_consensus.cc:385] T 8390c2254e9e4bb2a9bc36264a9f6c41 P 60824f0a6a1349f8a588dd889747b930 [term 0 FOLLOWER]: Consensus starting up: Expiring failure detector timer to make a prompt election more likely
I20260713 09:04:10.435901  7176 ts_tablet_manager.cc:1434] T 50a6968c516845bfbebdbfba5886ba7a P 68670324861d429ead0a3e5f11264ab4: Time spent starting tablet: real 0.008s	user 0.006s	sys 0.001s
I20260713 09:04:10.435441  7174 consensus_queue.cc:260] T 98d383f017da4e00b43e0e6b79475eec P be28d0865140436bbed167e823730c2a [NON_LEADER]: Queue going to NON_LEADER mode. State: All replicated index: 0, Majority replicated index: 0, Committed index: 0, Last appended: 0.0, Last appended by leader: 0, Current term: 0, Majority size: -1, State: 0, Mode: NON_LEADER, active raft config: opid_index: -1 OBSOLETE_local: false peers { permanent_uuid: "60824f0a6a1349f8a588dd889747b930" member_type: VOTER last_known_addr { host: "127.5.188.1" port: 46083 } } peers { permanent_uuid: "68670324861d429ead0a3e5f11264ab4" member_type: VOTER last_known_addr { host: "127.5.188.2" port: 38129 } } peers { permanent_uuid: "be28d0865140436bbed167e823730c2a" member_type: VOTER last_known_addr { host: "127.5.188.3" port: 45105 } }
I20260713 09:04:10.436048  7173 raft_consensus.cc:740] T 8390c2254e9e4bb2a9bc36264a9f6c41 P 60824f0a6a1349f8a588dd889747b930 [term 0 FOLLOWER]: Becoming Follower/Learner. State: Replica: 60824f0a6a1349f8a588dd889747b930, State: Initialized, Role: FOLLOWER
I20260713 09:04:10.436751  7173 consensus_queue.cc:260] T 8390c2254e9e4bb2a9bc36264a9f6c41 P 60824f0a6a1349f8a588dd889747b930 [NON_LEADER]: Queue going to NON_LEADER mode. State: All replicated index: 0, Majority replicated index: 0, Committed index: 0, Last appended: 0.0, Last appended by leader: 0, Current term: 0, Majority size: -1, State: 0, Mode: NON_LEADER, active raft config: opid_index: -1 OBSOLETE_local: false peers { permanent_uuid: "60824f0a6a1349f8a588dd889747b930" member_type: VOTER last_known_addr { host: "127.5.188.1" port: 46083 } } peers { permanent_uuid: "68670324861d429ead0a3e5f11264ab4" member_type: VOTER last_known_addr { host: "127.5.188.2" port: 38129 } } peers { permanent_uuid: "be28d0865140436bbed167e823730c2a" member_type: VOTER last_known_addr { host: "127.5.188.3" port: 45105 } }
I20260713 09:04:10.437836  7174 ts_tablet_manager.cc:1434] T 98d383f017da4e00b43e0e6b79475eec P be28d0865140436bbed167e823730c2a: Time spent starting tablet: real 0.009s	user 0.005s	sys 0.001s
I20260713 09:04:10.438722  7173 ts_tablet_manager.cc:1434] T 8390c2254e9e4bb2a9bc36264a9f6c41 P 60824f0a6a1349f8a588dd889747b930: Time spent starting tablet: real 0.006s	user 0.003s	sys 0.003s
I20260713 09:04:10.438902  7174 tablet_bootstrap.cc:492] T 8390c2254e9e4bb2a9bc36264a9f6c41 P be28d0865140436bbed167e823730c2a: Bootstrap starting.
I20260713 09:04:10.439986  7173 tablet_bootstrap.cc:492] T ebd291b58c57412cabad0ae057396cb0 P 60824f0a6a1349f8a588dd889747b930: Bootstrap starting.
I20260713 09:04:10.447556  6881 catalog_manager.cc:5697] T 789ddd0466a0469f82c9b5cb1abbc7fa P 68670324861d429ead0a3e5f11264ab4 reported cstate change: term changed from 0 to 1, leader changed from <none> to 68670324861d429ead0a3e5f11264ab4 (127.5.188.2). New cstate: current_term: 1 leader_uuid: "68670324861d429ead0a3e5f11264ab4" committed_config { opid_index: -1 OBSOLETE_local: false peers { permanent_uuid: "60824f0a6a1349f8a588dd889747b930" member_type: VOTER last_known_addr { host: "127.5.188.1" port: 46083 } health_report { overall_health: UNKNOWN } } peers { permanent_uuid: "68670324861d429ead0a3e5f11264ab4" member_type: VOTER last_known_addr { host: "127.5.188.2" port: 38129 } health_report { overall_health: HEALTHY } } peers { permanent_uuid: "be28d0865140436bbed167e823730c2a" member_type: VOTER last_known_addr { host: "127.5.188.3" port: 45105 } health_report { overall_health: UNKNOWN } } }
I20260713 09:04:10.453701  7173 tablet_bootstrap.cc:654] T ebd291b58c57412cabad0ae057396cb0 P 60824f0a6a1349f8a588dd889747b930: Neither blocks nor log segments found. Creating new log.
I20260713 09:04:10.453872  7174 tablet_bootstrap.cc:654] T 8390c2254e9e4bb2a9bc36264a9f6c41 P be28d0865140436bbed167e823730c2a: Neither blocks nor log segments found. Creating new log.
I20260713 09:04:10.463306  7173 tablet_bootstrap.cc:492] T ebd291b58c57412cabad0ae057396cb0 P 60824f0a6a1349f8a588dd889747b930: No bootstrap required, opened a new log
I20260713 09:04:10.463760  7173 ts_tablet_manager.cc:1403] T ebd291b58c57412cabad0ae057396cb0 P 60824f0a6a1349f8a588dd889747b930: Time spent bootstrapping tablet: real 0.024s	user 0.009s	sys 0.006s
I20260713 09:04:10.464046  7174 tablet_bootstrap.cc:492] T 8390c2254e9e4bb2a9bc36264a9f6c41 P be28d0865140436bbed167e823730c2a: No bootstrap required, opened a new log
I20260713 09:04:10.464495  7174 ts_tablet_manager.cc:1403] T 8390c2254e9e4bb2a9bc36264a9f6c41 P be28d0865140436bbed167e823730c2a: Time spent bootstrapping tablet: real 0.026s	user 0.009s	sys 0.005s
I20260713 09:04:10.466396  7173 raft_consensus.cc:359] T ebd291b58c57412cabad0ae057396cb0 P 60824f0a6a1349f8a588dd889747b930 [term 0 FOLLOWER]: Replica starting. Triggering 0 pending ops. Active config: opid_index: -1 OBSOLETE_local: false peers { permanent_uuid: "60824f0a6a1349f8a588dd889747b930" member_type: VOTER last_known_addr { host: "127.5.188.1" port: 46083 } } peers { permanent_uuid: "68670324861d429ead0a3e5f11264ab4" member_type: VOTER last_known_addr { host: "127.5.188.2" port: 38129 } } peers { permanent_uuid: "be28d0865140436bbed167e823730c2a" member_type: VOTER last_known_addr { host: "127.5.188.3" port: 45105 } }
I20260713 09:04:10.467082  7173 raft_consensus.cc:385] T ebd291b58c57412cabad0ae057396cb0 P 60824f0a6a1349f8a588dd889747b930 [term 0 FOLLOWER]: Consensus starting up: Expiring failure detector timer to make a prompt election more likely
I20260713 09:04:10.467468  7173 raft_consensus.cc:740] T ebd291b58c57412cabad0ae057396cb0 P 60824f0a6a1349f8a588dd889747b930 [term 0 FOLLOWER]: Becoming Follower/Learner. State: Replica: 60824f0a6a1349f8a588dd889747b930, State: Initialized, Role: FOLLOWER
I20260713 09:04:10.467106  7174 raft_consensus.cc:359] T 8390c2254e9e4bb2a9bc36264a9f6c41 P be28d0865140436bbed167e823730c2a [term 0 FOLLOWER]: Replica starting. Triggering 0 pending ops. Active config: opid_index: -1 OBSOLETE_local: false peers { permanent_uuid: "60824f0a6a1349f8a588dd889747b930" member_type: VOTER last_known_addr { host: "127.5.188.1" port: 46083 } } peers { permanent_uuid: "68670324861d429ead0a3e5f11264ab4" member_type: VOTER last_known_addr { host: "127.5.188.2" port: 38129 } } peers { permanent_uuid: "be28d0865140436bbed167e823730c2a" member_type: VOTER last_known_addr { host: "127.5.188.3" port: 45105 } }
I20260713 09:04:10.468245  7173 consensus_queue.cc:260] T ebd291b58c57412cabad0ae057396cb0 P 60824f0a6a1349f8a588dd889747b930 [NON_LEADER]: Queue going to NON_LEADER mode. State: All replicated index: 0, Majority replicated index: 0, Committed index: 0, Last appended: 0.0, Last appended by leader: 0, Current term: 0, Majority size: -1, State: 0, Mode: NON_LEADER, active raft config: opid_index: -1 OBSOLETE_local: false peers { permanent_uuid: "60824f0a6a1349f8a588dd889747b930" member_type: VOTER last_known_addr { host: "127.5.188.1" port: 46083 } } peers { permanent_uuid: "68670324861d429ead0a3e5f11264ab4" member_type: VOTER last_known_addr { host: "127.5.188.2" port: 38129 } } peers { permanent_uuid: "be28d0865140436bbed167e823730c2a" member_type: VOTER last_known_addr { host: "127.5.188.3" port: 45105 } }
I20260713 09:04:10.468734  7174 raft_consensus.cc:385] T 8390c2254e9e4bb2a9bc36264a9f6c41 P be28d0865140436bbed167e823730c2a [term 0 FOLLOWER]: Consensus starting up: Expiring failure detector timer to make a prompt election more likely
I20260713 09:04:10.469050  7174 raft_consensus.cc:740] T 8390c2254e9e4bb2a9bc36264a9f6c41 P be28d0865140436bbed167e823730c2a [term 0 FOLLOWER]: Becoming Follower/Learner. State: Replica: be28d0865140436bbed167e823730c2a, State: Initialized, Role: FOLLOWER
I20260713 09:04:10.469761  7174 consensus_queue.cc:260] T 8390c2254e9e4bb2a9bc36264a9f6c41 P be28d0865140436bbed167e823730c2a [NON_LEADER]: Queue going to NON_LEADER mode. State: All replicated index: 0, Majority replicated index: 0, Committed index: 0, Last appended: 0.0, Last appended by leader: 0, Current term: 0, Majority size: -1, State: 0, Mode: NON_LEADER, active raft config: opid_index: -1 OBSOLETE_local: false peers { permanent_uuid: "60824f0a6a1349f8a588dd889747b930" member_type: VOTER last_known_addr { host: "127.5.188.1" port: 46083 } } peers { permanent_uuid: "68670324861d429ead0a3e5f11264ab4" member_type: VOTER last_known_addr { host: "127.5.188.2" port: 38129 } } peers { permanent_uuid: "be28d0865140436bbed167e823730c2a" member_type: VOTER last_known_addr { host: "127.5.188.3" port: 45105 } }
I20260713 09:04:10.470304  7173 ts_tablet_manager.cc:1434] T ebd291b58c57412cabad0ae057396cb0 P 60824f0a6a1349f8a588dd889747b930: Time spent starting tablet: real 0.006s	user 0.003s	sys 0.004s
I20260713 09:04:10.471190  7173 tablet_bootstrap.cc:492] T 50a6968c516845bfbebdbfba5886ba7a P 60824f0a6a1349f8a588dd889747b930: Bootstrap starting.
I20260713 09:04:10.471805  7174 ts_tablet_manager.cc:1434] T 8390c2254e9e4bb2a9bc36264a9f6c41 P be28d0865140436bbed167e823730c2a: Time spent starting tablet: real 0.007s	user 0.006s	sys 0.000s
I20260713 09:04:10.475219  7174 tablet_bootstrap.cc:492] T b8010210b5d2452aa3a094529af7691b P be28d0865140436bbed167e823730c2a: Bootstrap starting.
I20260713 09:04:10.476666  7173 tablet_bootstrap.cc:654] T 50a6968c516845bfbebdbfba5886ba7a P 60824f0a6a1349f8a588dd889747b930: Neither blocks nor log segments found. Creating new log.
I20260713 09:04:10.484108  7174 tablet_bootstrap.cc:654] T b8010210b5d2452aa3a094529af7691b P be28d0865140436bbed167e823730c2a: Neither blocks nor log segments found. Creating new log.
I20260713 09:04:10.487703  7173 tablet_bootstrap.cc:492] T 50a6968c516845bfbebdbfba5886ba7a P 60824f0a6a1349f8a588dd889747b930: No bootstrap required, opened a new log
I20260713 09:04:10.488170  7173 ts_tablet_manager.cc:1403] T 50a6968c516845bfbebdbfba5886ba7a P 60824f0a6a1349f8a588dd889747b930: Time spent bootstrapping tablet: real 0.017s	user 0.007s	sys 0.007s
I20260713 09:04:10.490828  7173 raft_consensus.cc:359] T 50a6968c516845bfbebdbfba5886ba7a P 60824f0a6a1349f8a588dd889747b930 [term 0 FOLLOWER]: Replica starting. Triggering 0 pending ops. Active config: opid_index: -1 OBSOLETE_local: false peers { permanent_uuid: "60824f0a6a1349f8a588dd889747b930" member_type: VOTER last_known_addr { host: "127.5.188.1" port: 46083 } } peers { permanent_uuid: "68670324861d429ead0a3e5f11264ab4" member_type: VOTER last_known_addr { host: "127.5.188.2" port: 38129 } } peers { permanent_uuid: "be28d0865140436bbed167e823730c2a" member_type: VOTER last_known_addr { host: "127.5.188.3" port: 45105 } }
I20260713 09:04:10.491520  7173 raft_consensus.cc:385] T 50a6968c516845bfbebdbfba5886ba7a P 60824f0a6a1349f8a588dd889747b930 [term 0 FOLLOWER]: Consensus starting up: Expiring failure detector timer to make a prompt election more likely
I20260713 09:04:10.491815  7173 raft_consensus.cc:740] T 50a6968c516845bfbebdbfba5886ba7a P 60824f0a6a1349f8a588dd889747b930 [term 0 FOLLOWER]: Becoming Follower/Learner. State: Replica: 60824f0a6a1349f8a588dd889747b930, State: Initialized, Role: FOLLOWER
I20260713 09:04:10.492475  7174 tablet_bootstrap.cc:492] T b8010210b5d2452aa3a094529af7691b P be28d0865140436bbed167e823730c2a: No bootstrap required, opened a new log
I20260713 09:04:10.492442  7173 consensus_queue.cc:260] T 50a6968c516845bfbebdbfba5886ba7a P 60824f0a6a1349f8a588dd889747b930 [NON_LEADER]: Queue going to NON_LEADER mode. State: All replicated index: 0, Majority replicated index: 0, Committed index: 0, Last appended: 0.0, Last appended by leader: 0, Current term: 0, Majority size: -1, State: 0, Mode: NON_LEADER, active raft config: opid_index: -1 OBSOLETE_local: false peers { permanent_uuid: "60824f0a6a1349f8a588dd889747b930" member_type: VOTER last_known_addr { host: "127.5.188.1" port: 46083 } } peers { permanent_uuid: "68670324861d429ead0a3e5f11264ab4" member_type: VOTER last_known_addr { host: "127.5.188.2" port: 38129 } } peers { permanent_uuid: "be28d0865140436bbed167e823730c2a" member_type: VOTER last_known_addr { host: "127.5.188.3" port: 45105 } }
I20260713 09:04:10.493089  7179 raft_consensus.cc:493] T 1441fe7586dc476595f19ee77c311e71 P be28d0865140436bbed167e823730c2a [term 0 FOLLOWER]: Starting pre-election (no leader contacted us within the election timeout)
I20260713 09:04:10.493757  7174 ts_tablet_manager.cc:1403] T b8010210b5d2452aa3a094529af7691b P be28d0865140436bbed167e823730c2a: Time spent bootstrapping tablet: real 0.019s	user 0.007s	sys 0.007s
I20260713 09:04:10.493575  7179 raft_consensus.cc:515] T 1441fe7586dc476595f19ee77c311e71 P be28d0865140436bbed167e823730c2a [term 0 FOLLOWER]: Starting pre-election with config: opid_index: -1 OBSOLETE_local: false peers { permanent_uuid: "60824f0a6a1349f8a588dd889747b930" member_type: VOTER last_known_addr { host: "127.5.188.1" port: 46083 } } peers { permanent_uuid: "68670324861d429ead0a3e5f11264ab4" member_type: VOTER last_known_addr { host: "127.5.188.2" port: 38129 } } peers { permanent_uuid: "be28d0865140436bbed167e823730c2a" member_type: VOTER last_known_addr { host: "127.5.188.3" port: 45105 } }
I20260713 09:04:10.496474  6984 tablet_service.cc:1917] Received RequestConsensusVote() RPC: tablet_id: "1441fe7586dc476595f19ee77c311e71" candidate_uuid: "be28d0865140436bbed167e823730c2a" candidate_term: 1 candidate_status { last_received { term: 0 index: 0 } } ignore_live_leader: false dest_uuid: "60824f0a6a1349f8a588dd889747b930" is_pre_election: true
I20260713 09:04:10.496404  7174 raft_consensus.cc:359] T b8010210b5d2452aa3a094529af7691b P be28d0865140436bbed167e823730c2a [term 0 FOLLOWER]: Replica starting. Triggering 0 pending ops. Active config: opid_index: -1 OBSOLETE_local: false peers { permanent_uuid: "60824f0a6a1349f8a588dd889747b930" member_type: VOTER last_known_addr { host: "127.5.188.1" port: 46083 } } peers { permanent_uuid: "68670324861d429ead0a3e5f11264ab4" member_type: VOTER last_known_addr { host: "127.5.188.2" port: 38129 } } peers { permanent_uuid: "be28d0865140436bbed167e823730c2a" member_type: VOTER last_known_addr { host: "127.5.188.3" port: 45105 } }
I20260713 09:04:10.497279  7174 raft_consensus.cc:385] T b8010210b5d2452aa3a094529af7691b P be28d0865140436bbed167e823730c2a [term 0 FOLLOWER]: Consensus starting up: Expiring failure detector timer to make a prompt election more likely
I20260713 09:04:10.497578  7174 raft_consensus.cc:740] T b8010210b5d2452aa3a094529af7691b P be28d0865140436bbed167e823730c2a [term 0 FOLLOWER]: Becoming Follower/Learner. State: Replica: be28d0865140436bbed167e823730c2a, State: Initialized, Role: FOLLOWER
I20260713 09:04:10.498601  7173 ts_tablet_manager.cc:1434] T 50a6968c516845bfbebdbfba5886ba7a P 60824f0a6a1349f8a588dd889747b930: Time spent starting tablet: real 0.010s	user 0.007s	sys 0.000s
I20260713 09:04:10.498234  7174 consensus_queue.cc:260] T b8010210b5d2452aa3a094529af7691b P be28d0865140436bbed167e823730c2a [NON_LEADER]: Queue going to NON_LEADER mode. State: All replicated index: 0, Majority replicated index: 0, Committed index: 0, Last appended: 0.0, Last appended by leader: 0, Current term: 0, Majority size: -1, State: 0, Mode: NON_LEADER, active raft config: opid_index: -1 OBSOLETE_local: false peers { permanent_uuid: "60824f0a6a1349f8a588dd889747b930" member_type: VOTER last_known_addr { host: "127.5.188.1" port: 46083 } } peers { permanent_uuid: "68670324861d429ead0a3e5f11264ab4" member_type: VOTER last_known_addr { host: "127.5.188.2" port: 38129 } } peers { permanent_uuid: "be28d0865140436bbed167e823730c2a" member_type: VOTER last_known_addr { host: "127.5.188.3" port: 45105 } }
I20260713 09:04:10.499536  7058 tablet_service.cc:1917] Received RequestConsensusVote() RPC: tablet_id: "1441fe7586dc476595f19ee77c311e71" candidate_uuid: "be28d0865140436bbed167e823730c2a" candidate_term: 1 candidate_status { last_received { term: 0 index: 0 } } ignore_live_leader: false dest_uuid: "68670324861d429ead0a3e5f11264ab4" is_pre_election: true
I20260713 09:04:10.498193  7179 leader_election.cc:290] T 1441fe7586dc476595f19ee77c311e71 P be28d0865140436bbed167e823730c2a [CANDIDATE]: Term 1 pre-election: Requested pre-vote from peers 60824f0a6a1349f8a588dd889747b930 (127.5.188.1:46083), 68670324861d429ead0a3e5f11264ab4 (127.5.188.2:38129)
I20260713 09:04:10.500331  7058 raft_consensus.cc:2393] T 1441fe7586dc476595f19ee77c311e71 P 68670324861d429ead0a3e5f11264ab4 [term 1 FOLLOWER]: Leader pre-election vote request: Denying vote to candidate be28d0865140436bbed167e823730c2a in current term 1: Already voted for candidate 60824f0a6a1349f8a588dd889747b930 in this term.
I20260713 09:04:10.501504  7096 leader_election.cc:304] T 1441fe7586dc476595f19ee77c311e71 P be28d0865140436bbed167e823730c2a [CANDIDATE]: Term 1 pre-election: Election decided. Result: candidate lost. Election summary: received 3 responses out of 3 voters: 1 yes votes; 2 no votes. yes voters: be28d0865140436bbed167e823730c2a; no voters: 60824f0a6a1349f8a588dd889747b930, 68670324861d429ead0a3e5f11264ab4
I20260713 09:04:10.502995  7174 ts_tablet_manager.cc:1434] T b8010210b5d2452aa3a094529af7691b P be28d0865140436bbed167e823730c2a: Time spent starting tablet: real 0.009s	user 0.005s	sys 0.001s
I20260713 09:04:10.503896  7174 tablet_bootstrap.cc:492] T ebd291b58c57412cabad0ae057396cb0 P be28d0865140436bbed167e823730c2a: Bootstrap starting.
I20260713 09:04:10.505122  7179 raft_consensus.cc:3060] T 1441fe7586dc476595f19ee77c311e71 P be28d0865140436bbed167e823730c2a [term 0 FOLLOWER]: Advancing to term 1
I20260713 09:04:10.509732  7174 tablet_bootstrap.cc:654] T ebd291b58c57412cabad0ae057396cb0 P be28d0865140436bbed167e823730c2a: Neither blocks nor log segments found. Creating new log.
I20260713 09:04:10.512953  7179 raft_consensus.cc:2749] T 1441fe7586dc476595f19ee77c311e71 P be28d0865140436bbed167e823730c2a [term 1 FOLLOWER]: Leader pre-election lost for term 1. Reason: could not achieve majority
I20260713 09:04:10.514562  7174 tablet_bootstrap.cc:492] T ebd291b58c57412cabad0ae057396cb0 P be28d0865140436bbed167e823730c2a: No bootstrap required, opened a new log
I20260713 09:04:10.514971  7174 ts_tablet_manager.cc:1403] T ebd291b58c57412cabad0ae057396cb0 P be28d0865140436bbed167e823730c2a: Time spent bootstrapping tablet: real 0.011s	user 0.009s	sys 0.000s
I20260713 09:04:10.516767  7174 raft_consensus.cc:359] T ebd291b58c57412cabad0ae057396cb0 P be28d0865140436bbed167e823730c2a [term 0 FOLLOWER]: Replica starting. Triggering 0 pending ops. Active config: opid_index: -1 OBSOLETE_local: false peers { permanent_uuid: "60824f0a6a1349f8a588dd889747b930" member_type: VOTER last_known_addr { host: "127.5.188.1" port: 46083 } } peers { permanent_uuid: "68670324861d429ead0a3e5f11264ab4" member_type: VOTER last_known_addr { host: "127.5.188.2" port: 38129 } } peers { permanent_uuid: "be28d0865140436bbed167e823730c2a" member_type: VOTER last_known_addr { host: "127.5.188.3" port: 45105 } }
I20260713 09:04:10.517347  7174 raft_consensus.cc:385] T ebd291b58c57412cabad0ae057396cb0 P be28d0865140436bbed167e823730c2a [term 0 FOLLOWER]: Consensus starting up: Expiring failure detector timer to make a prompt election more likely
I20260713 09:04:10.517576  7174 raft_consensus.cc:740] T ebd291b58c57412cabad0ae057396cb0 P be28d0865140436bbed167e823730c2a [term 0 FOLLOWER]: Becoming Follower/Learner. State: Replica: be28d0865140436bbed167e823730c2a, State: Initialized, Role: FOLLOWER
I20260713 09:04:10.518136  7174 consensus_queue.cc:260] T ebd291b58c57412cabad0ae057396cb0 P be28d0865140436bbed167e823730c2a [NON_LEADER]: Queue going to NON_LEADER mode. State: All replicated index: 0, Majority replicated index: 0, Committed index: 0, Last appended: 0.0, Last appended by leader: 0, Current term: 0, Majority size: -1, State: 0, Mode: NON_LEADER, active raft config: opid_index: -1 OBSOLETE_local: false peers { permanent_uuid: "60824f0a6a1349f8a588dd889747b930" member_type: VOTER last_known_addr { host: "127.5.188.1" port: 46083 } } peers { permanent_uuid: "68670324861d429ead0a3e5f11264ab4" member_type: VOTER last_known_addr { host: "127.5.188.2" port: 38129 } } peers { permanent_uuid: "be28d0865140436bbed167e823730c2a" member_type: VOTER last_known_addr { host: "127.5.188.3" port: 45105 } }
I20260713 09:04:10.519951  7174 ts_tablet_manager.cc:1434] T ebd291b58c57412cabad0ae057396cb0 P be28d0865140436bbed167e823730c2a: Time spent starting tablet: real 0.005s	user 0.005s	sys 0.001s
I20260713 09:04:10.521163  7174 tablet_bootstrap.cc:492] T 50a6968c516845bfbebdbfba5886ba7a P be28d0865140436bbed167e823730c2a: Bootstrap starting.
I20260713 09:04:10.526011  7174 tablet_bootstrap.cc:654] T 50a6968c516845bfbebdbfba5886ba7a P be28d0865140436bbed167e823730c2a: Neither blocks nor log segments found. Creating new log.
I20260713 09:04:10.527308  7283 consensus_queue.cc:1048] T 61c388b6ed1446f9b303c7f4a5181e04 P 60824f0a6a1349f8a588dd889747b930 [LEADER]: Connected to new peer: Peer: permanent_uuid: "68670324861d429ead0a3e5f11264ab4" member_type: VOTER last_known_addr { host: "127.5.188.2" port: 38129 }, Status: LMP_MISMATCH, Last received: 0.0, Next index: 1, Last known committed idx: 0, Time since last communication: 0.000s
I20260713 09:04:10.533010  7174 tablet_bootstrap.cc:492] T 50a6968c516845bfbebdbfba5886ba7a P be28d0865140436bbed167e823730c2a: No bootstrap required, opened a new log
I20260713 09:04:10.533574  7174 ts_tablet_manager.cc:1403] T 50a6968c516845bfbebdbfba5886ba7a P be28d0865140436bbed167e823730c2a: Time spent bootstrapping tablet: real 0.013s	user 0.010s	sys 0.000s
I20260713 09:04:10.536219  7174 raft_consensus.cc:359] T 50a6968c516845bfbebdbfba5886ba7a P be28d0865140436bbed167e823730c2a [term 0 FOLLOWER]: Replica starting. Triggering 0 pending ops. Active config: opid_index: -1 OBSOLETE_local: false peers { permanent_uuid: "60824f0a6a1349f8a588dd889747b930" member_type: VOTER last_known_addr { host: "127.5.188.1" port: 46083 } } peers { permanent_uuid: "68670324861d429ead0a3e5f11264ab4" member_type: VOTER last_known_addr { host: "127.5.188.2" port: 38129 } } peers { permanent_uuid: "be28d0865140436bbed167e823730c2a" member_type: VOTER last_known_addr { host: "127.5.188.3" port: 45105 } }
I20260713 09:04:10.536911  7174 raft_consensus.cc:385] T 50a6968c516845bfbebdbfba5886ba7a P be28d0865140436bbed167e823730c2a [term 0 FOLLOWER]: Consensus starting up: Expiring failure detector timer to make a prompt election more likely
I20260713 09:04:10.537163  7174 raft_consensus.cc:740] T 50a6968c516845bfbebdbfba5886ba7a P be28d0865140436bbed167e823730c2a [term 0 FOLLOWER]: Becoming Follower/Learner. State: Replica: be28d0865140436bbed167e823730c2a, State: Initialized, Role: FOLLOWER
I20260713 09:04:10.537803  7174 consensus_queue.cc:260] T 50a6968c516845bfbebdbfba5886ba7a P be28d0865140436bbed167e823730c2a [NON_LEADER]: Queue going to NON_LEADER mode. State: All replicated index: 0, Majority replicated index: 0, Committed index: 0, Last appended: 0.0, Last appended by leader: 0, Current term: 0, Majority size: -1, State: 0, Mode: NON_LEADER, active raft config: opid_index: -1 OBSOLETE_local: false peers { permanent_uuid: "60824f0a6a1349f8a588dd889747b930" member_type: VOTER last_known_addr { host: "127.5.188.1" port: 46083 } } peers { permanent_uuid: "68670324861d429ead0a3e5f11264ab4" member_type: VOTER last_known_addr { host: "127.5.188.2" port: 38129 } } peers { permanent_uuid: "be28d0865140436bbed167e823730c2a" member_type: VOTER last_known_addr { host: "127.5.188.3" port: 45105 } }
I20260713 09:04:10.539798  7174 ts_tablet_manager.cc:1434] T 50a6968c516845bfbebdbfba5886ba7a P be28d0865140436bbed167e823730c2a: Time spent starting tablet: real 0.006s	user 0.004s	sys 0.000s
I20260713 09:04:10.540434  7183 raft_consensus.cc:493] T ebd291b58c57412cabad0ae057396cb0 P 60824f0a6a1349f8a588dd889747b930 [term 0 FOLLOWER]: Starting pre-election (no leader contacted us within the election timeout)
I20260713 09:04:10.540926  7183 raft_consensus.cc:515] T ebd291b58c57412cabad0ae057396cb0 P 60824f0a6a1349f8a588dd889747b930 [term 0 FOLLOWER]: Starting pre-election with config: opid_index: -1 OBSOLETE_local: false peers { permanent_uuid: "60824f0a6a1349f8a588dd889747b930" member_type: VOTER last_known_addr { host: "127.5.188.1" port: 46083 } } peers { permanent_uuid: "68670324861d429ead0a3e5f11264ab4" member_type: VOTER last_known_addr { host: "127.5.188.2" port: 38129 } } peers { permanent_uuid: "be28d0865140436bbed167e823730c2a" member_type: VOTER last_known_addr { host: "127.5.188.3" port: 45105 } }
I20260713 09:04:10.540944  7220 consensus_queue.cc:1048] T 61c388b6ed1446f9b303c7f4a5181e04 P 60824f0a6a1349f8a588dd889747b930 [LEADER]: Connected to new peer: Peer: permanent_uuid: "be28d0865140436bbed167e823730c2a" member_type: VOTER last_known_addr { host: "127.5.188.3" port: 45105 }, Status: LMP_MISMATCH, Last received: 0.0, Next index: 1, Last known committed idx: 0, Time since last communication: 0.001s
I20260713 09:04:10.542968  7183 leader_election.cc:290] T ebd291b58c57412cabad0ae057396cb0 P 60824f0a6a1349f8a588dd889747b930 [CANDIDATE]: Term 1 pre-election: Requested pre-vote from peers 68670324861d429ead0a3e5f11264ab4 (127.5.188.2:38129), be28d0865140436bbed167e823730c2a (127.5.188.3:45105)
I20260713 09:04:10.544682  7133 tablet_service.cc:1917] Received RequestConsensusVote() RPC: tablet_id: "ebd291b58c57412cabad0ae057396cb0" candidate_uuid: "60824f0a6a1349f8a588dd889747b930" candidate_term: 1 candidate_status { last_received { term: 0 index: 0 } } ignore_live_leader: false dest_uuid: "be28d0865140436bbed167e823730c2a" is_pre_election: true
I20260713 09:04:10.545176  7059 tablet_service.cc:1917] Received RequestConsensusVote() RPC: tablet_id: "ebd291b58c57412cabad0ae057396cb0" candidate_uuid: "60824f0a6a1349f8a588dd889747b930" candidate_term: 1 candidate_status { last_received { term: 0 index: 0 } } ignore_live_leader: false dest_uuid: "68670324861d429ead0a3e5f11264ab4" is_pre_election: true
I20260713 09:04:10.545392  7133 raft_consensus.cc:2468] T ebd291b58c57412cabad0ae057396cb0 P be28d0865140436bbed167e823730c2a [term 0 FOLLOWER]: Leader pre-election vote request: Granting yes vote for candidate 60824f0a6a1349f8a588dd889747b930 in term 0.
I20260713 09:04:10.545773  7059 raft_consensus.cc:2468] T ebd291b58c57412cabad0ae057396cb0 P 68670324861d429ead0a3e5f11264ab4 [term 0 FOLLOWER]: Leader pre-election vote request: Granting yes vote for candidate 60824f0a6a1349f8a588dd889747b930 in term 0.
I20260713 09:04:10.546919  6950 leader_election.cc:304] T ebd291b58c57412cabad0ae057396cb0 P 60824f0a6a1349f8a588dd889747b930 [CANDIDATE]: Term 1 pre-election: Election decided. Result: candidate won. Election summary: received 2 responses out of 3 voters: 2 yes votes; 0 no votes. yes voters: 60824f0a6a1349f8a588dd889747b930, be28d0865140436bbed167e823730c2a; no voters: 
I20260713 09:04:10.549770  7220 raft_consensus.cc:2804] T ebd291b58c57412cabad0ae057396cb0 P 60824f0a6a1349f8a588dd889747b930 [term 0 FOLLOWER]: Leader pre-election won for term 1
I20260713 09:04:10.550220  7220 raft_consensus.cc:493] T ebd291b58c57412cabad0ae057396cb0 P 60824f0a6a1349f8a588dd889747b930 [term 0 FOLLOWER]: Starting leader election (no leader contacted us within the election timeout)
I20260713 09:04:10.550621  7220 raft_consensus.cc:3060] T ebd291b58c57412cabad0ae057396cb0 P 60824f0a6a1349f8a588dd889747b930 [term 0 FOLLOWER]: Advancing to term 1
I20260713 09:04:10.562879  7220 raft_consensus.cc:515] T ebd291b58c57412cabad0ae057396cb0 P 60824f0a6a1349f8a588dd889747b930 [term 1 FOLLOWER]: Starting leader election with config: opid_index: -1 OBSOLETE_local: false peers { permanent_uuid: "60824f0a6a1349f8a588dd889747b930" member_type: VOTER last_known_addr { host: "127.5.188.1" port: 46083 } } peers { permanent_uuid: "68670324861d429ead0a3e5f11264ab4" member_type: VOTER last_known_addr { host: "127.5.188.2" port: 38129 } } peers { permanent_uuid: "be28d0865140436bbed167e823730c2a" member_type: VOTER last_known_addr { host: "127.5.188.3" port: 45105 } }
I20260713 09:04:10.564819  7220 leader_election.cc:290] T ebd291b58c57412cabad0ae057396cb0 P 60824f0a6a1349f8a588dd889747b930 [CANDIDATE]: Term 1 election: Requested vote from peers 68670324861d429ead0a3e5f11264ab4 (127.5.188.2:38129), be28d0865140436bbed167e823730c2a (127.5.188.3:45105)
I20260713 09:04:10.565553  7058 tablet_service.cc:1917] Received RequestConsensusVote() RPC: tablet_id: "ebd291b58c57412cabad0ae057396cb0" candidate_uuid: "60824f0a6a1349f8a588dd889747b930" candidate_term: 1 candidate_status { last_received { term: 0 index: 0 } } ignore_live_leader: false dest_uuid: "68670324861d429ead0a3e5f11264ab4"
I20260713 09:04:10.566047  7130 tablet_service.cc:1917] Received RequestConsensusVote() RPC: tablet_id: "ebd291b58c57412cabad0ae057396cb0" candidate_uuid: "60824f0a6a1349f8a588dd889747b930" candidate_term: 1 candidate_status { last_received { term: 0 index: 0 } } ignore_live_leader: false dest_uuid: "be28d0865140436bbed167e823730c2a"
I20260713 09:04:10.566220  7058 raft_consensus.cc:3060] T ebd291b58c57412cabad0ae057396cb0 P 68670324861d429ead0a3e5f11264ab4 [term 0 FOLLOWER]: Advancing to term 1
I20260713 09:04:10.566706  7130 raft_consensus.cc:3060] T ebd291b58c57412cabad0ae057396cb0 P be28d0865140436bbed167e823730c2a [term 0 FOLLOWER]: Advancing to term 1
I20260713 09:04:10.572764  7058 raft_consensus.cc:2468] T ebd291b58c57412cabad0ae057396cb0 P 68670324861d429ead0a3e5f11264ab4 [term 1 FOLLOWER]: Leader election vote request: Granting yes vote for candidate 60824f0a6a1349f8a588dd889747b930 in term 1.
I20260713 09:04:10.572832  7130 raft_consensus.cc:2468] T ebd291b58c57412cabad0ae057396cb0 P be28d0865140436bbed167e823730c2a [term 1 FOLLOWER]: Leader election vote request: Granting yes vote for candidate 60824f0a6a1349f8a588dd889747b930 in term 1.
I20260713 09:04:10.574230  6947 leader_election.cc:304] T ebd291b58c57412cabad0ae057396cb0 P 60824f0a6a1349f8a588dd889747b930 [CANDIDATE]: Term 1 election: Election decided. Result: candidate won. Election summary: received 2 responses out of 3 voters: 2 yes votes; 0 no votes. yes voters: 60824f0a6a1349f8a588dd889747b930, 68670324861d429ead0a3e5f11264ab4; no voters: 
I20260713 09:04:10.575145  7220 raft_consensus.cc:2804] T ebd291b58c57412cabad0ae057396cb0 P 60824f0a6a1349f8a588dd889747b930 [term 1 FOLLOWER]: Leader election won for term 1
I20260713 09:04:10.575690  7220 raft_consensus.cc:697] T ebd291b58c57412cabad0ae057396cb0 P 60824f0a6a1349f8a588dd889747b930 [term 1 LEADER]: Becoming Leader. State: Replica: 60824f0a6a1349f8a588dd889747b930, State: Running, Role: LEADER
I20260713 09:04:10.576553  7220 consensus_queue.cc:237] T ebd291b58c57412cabad0ae057396cb0 P 60824f0a6a1349f8a588dd889747b930 [LEADER]: Queue going to LEADER mode. State: All replicated index: 0, Majority replicated index: 0, Committed index: 0, Last appended: 0.0, Last appended by leader: 0, Current term: 1, Majority size: 2, State: 0, Mode: LEADER, active raft config: opid_index: -1 OBSOLETE_local: false peers { permanent_uuid: "60824f0a6a1349f8a588dd889747b930" member_type: VOTER last_known_addr { host: "127.5.188.1" port: 46083 } } peers { permanent_uuid: "68670324861d429ead0a3e5f11264ab4" member_type: VOTER last_known_addr { host: "127.5.188.2" port: 38129 } } peers { permanent_uuid: "be28d0865140436bbed167e823730c2a" member_type: VOTER last_known_addr { host: "127.5.188.3" port: 45105 } }
I20260713 09:04:10.578450  7248 raft_consensus.cc:493] T b8010210b5d2452aa3a094529af7691b P 68670324861d429ead0a3e5f11264ab4 [term 0 FOLLOWER]: Starting pre-election (no leader contacted us within the election timeout)
I20260713 09:04:10.578981  7248 raft_consensus.cc:515] T b8010210b5d2452aa3a094529af7691b P 68670324861d429ead0a3e5f11264ab4 [term 0 FOLLOWER]: Starting pre-election with config: opid_index: -1 OBSOLETE_local: false peers { permanent_uuid: "60824f0a6a1349f8a588dd889747b930" member_type: VOTER last_known_addr { host: "127.5.188.1" port: 46083 } } peers { permanent_uuid: "68670324861d429ead0a3e5f11264ab4" member_type: VOTER last_known_addr { host: "127.5.188.2" port: 38129 } } peers { permanent_uuid: "be28d0865140436bbed167e823730c2a" member_type: VOTER last_known_addr { host: "127.5.188.3" port: 45105 } }
I20260713 09:04:10.581020  7248 leader_election.cc:290] T b8010210b5d2452aa3a094529af7691b P 68670324861d429ead0a3e5f11264ab4 [CANDIDATE]: Term 1 pre-election: Requested pre-vote from peers 60824f0a6a1349f8a588dd889747b930 (127.5.188.1:46083), be28d0865140436bbed167e823730c2a (127.5.188.3:45105)
I20260713 09:04:10.582296  6984 tablet_service.cc:1917] Received RequestConsensusVote() RPC: tablet_id: "b8010210b5d2452aa3a094529af7691b" candidate_uuid: "68670324861d429ead0a3e5f11264ab4" candidate_term: 1 candidate_status { last_received { term: 0 index: 0 } } ignore_live_leader: false dest_uuid: "60824f0a6a1349f8a588dd889747b930" is_pre_election: true
I20260713 09:04:10.582671  7130 tablet_service.cc:1917] Received RequestConsensusVote() RPC: tablet_id: "b8010210b5d2452aa3a094529af7691b" candidate_uuid: "68670324861d429ead0a3e5f11264ab4" candidate_term: 1 candidate_status { last_received { term: 0 index: 0 } } ignore_live_leader: false dest_uuid: "be28d0865140436bbed167e823730c2a" is_pre_election: true
I20260713 09:04:10.583051  6984 raft_consensus.cc:2468] T b8010210b5d2452aa3a094529af7691b P 60824f0a6a1349f8a588dd889747b930 [term 0 FOLLOWER]: Leader pre-election vote request: Granting yes vote for candidate 68670324861d429ead0a3e5f11264ab4 in term 0.
