I20260713 09:04:08.189702  7174 consensus_queue.cc:260] T b4fafd9f2fcc4e0785318fe7b836f8c7 P be28d0865140436bbed167e823730c2a [NON_LEADER]: Queue going to NON_LEADER mode. State: All replicated index: 0, Majority replicated index: 0, Committed index: 0, Last appended: 0.0, Last appended by leader: 0, Current term: 0, Majority size: -1, State: 0, Mode: NON_LEADER, active raft config: opid_index: -1 OBSOLETE_local: false peers { permanent_uuid: "60824f0a6a1349f8a588dd889747b930" member_type: VOTER last_known_addr { host: "127.5.188.1" port: 46083 } } peers { permanent_uuid: "68670324861d429ead0a3e5f11264ab4" member_type: VOTER last_known_addr { host: "127.5.188.2" port: 38129 } } peers { permanent_uuid: "be28d0865140436bbed167e823730c2a" member_type: VOTER last_known_addr { host: "127.5.188.3" port: 45105 } }
I20260713 09:04:08.190831  6982 tablet_service.cc:1917] Received RequestConsensusVote() RPC: tablet_id: "82d542895dbd47e2a47c476634e49aec" candidate_uuid: "be28d0865140436bbed167e823730c2a" candidate_term: 1 candidate_status { last_received { term: 0 index: 0 } } ignore_live_leader: false dest_uuid: "60824f0a6a1349f8a588dd889747b930" is_pre_election: true
I20260713 09:04:08.191242  7058 tablet_service.cc:1917] Received RequestConsensusVote() RPC: tablet_id: "82d542895dbd47e2a47c476634e49aec" candidate_uuid: "be28d0865140436bbed167e823730c2a" candidate_term: 1 candidate_status { last_received { term: 0 index: 0 } } ignore_live_leader: false dest_uuid: "68670324861d429ead0a3e5f11264ab4" is_pre_election: true
I20260713 09:04:08.191939  7058 raft_consensus.cc:2468] T 82d542895dbd47e2a47c476634e49aec P 68670324861d429ead0a3e5f11264ab4 [term 0 FOLLOWER]: Leader pre-election vote request: Granting yes vote for candidate be28d0865140436bbed167e823730c2a in term 0.
W20260713 09:04:08.192543  7097 leader_election.cc:343] T 82d542895dbd47e2a47c476634e49aec P be28d0865140436bbed167e823730c2a [CANDIDATE]: Term 1 pre-election: Tablet error from VoteRequest() call to peer 60824f0a6a1349f8a588dd889747b930 (127.5.188.1:46083): Illegal state: must be running to vote when last-logged opid is not known
I20260713 09:04:08.192817  7173 tablet_bootstrap.cc:654] T 82d542895dbd47e2a47c476634e49aec P 60824f0a6a1349f8a588dd889747b930: Neither blocks nor log segments found. Creating new log.
I20260713 09:04:08.193616  7096 leader_election.cc:304] T 82d542895dbd47e2a47c476634e49aec P be28d0865140436bbed167e823730c2a [CANDIDATE]: Term 1 pre-election: Election decided. Result: candidate won. Election summary: received 3 responses out of 3 voters: 2 yes votes; 1 no votes. yes voters: 68670324861d429ead0a3e5f11264ab4, be28d0865140436bbed167e823730c2a; no voters: 60824f0a6a1349f8a588dd889747b930
I20260713 09:04:08.187611  7176 ts_tablet_manager.cc:1434] T 82d542895dbd47e2a47c476634e49aec P 68670324861d429ead0a3e5f11264ab4: Time spent starting tablet: real 0.015s	user 0.001s	sys 0.005s
I20260713 09:04:08.195771  7176 tablet_bootstrap.cc:492] T 288a0bdfe4ed4ead836ca64edcb996e2 P 68670324861d429ead0a3e5f11264ab4: Bootstrap starting.
I20260713 09:04:08.204874  7179 raft_consensus.cc:2804] T 82d542895dbd47e2a47c476634e49aec P be28d0865140436bbed167e823730c2a [term 0 FOLLOWER]: Leader pre-election won for term 1
I20260713 09:04:08.205440  7179 raft_consensus.cc:493] T 82d542895dbd47e2a47c476634e49aec P be28d0865140436bbed167e823730c2a [term 0 FOLLOWER]: Starting leader election (no leader contacted us within the election timeout)
I20260713 09:04:08.205837  7179 raft_consensus.cc:3060] T 82d542895dbd47e2a47c476634e49aec P be28d0865140436bbed167e823730c2a [term 0 FOLLOWER]: Advancing to term 1
I20260713 09:04:08.209339  7203 leader_election.cc:290] T 82d542895dbd47e2a47c476634e49aec P be28d0865140436bbed167e823730c2a [CANDIDATE]: Term 1 pre-election: Requested pre-vote from peers 60824f0a6a1349f8a588dd889747b930 (127.5.188.1:46083), 68670324861d429ead0a3e5f11264ab4 (127.5.188.2:38129)
I20260713 09:04:08.212762  7203 raft_consensus.cc:493] T b4fafd9f2fcc4e0785318fe7b836f8c7 P be28d0865140436bbed167e823730c2a [term 0 FOLLOWER]: Starting pre-election (no leader contacted us within the election timeout)
I20260713 09:04:08.213455  7203 raft_consensus.cc:515] T b4fafd9f2fcc4e0785318fe7b836f8c7 P be28d0865140436bbed167e823730c2a [term 0 FOLLOWER]: Starting pre-election with config: opid_index: -1 OBSOLETE_local: false peers { permanent_uuid: "60824f0a6a1349f8a588dd889747b930" member_type: VOTER last_known_addr { host: "127.5.188.1" port: 46083 } } peers { permanent_uuid: "68670324861d429ead0a3e5f11264ab4" member_type: VOTER last_known_addr { host: "127.5.188.2" port: 38129 } } peers { permanent_uuid: "be28d0865140436bbed167e823730c2a" member_type: VOTER last_known_addr { host: "127.5.188.3" port: 45105 } }
I20260713 09:04:08.217324  6982 tablet_service.cc:1917] Received RequestConsensusVote() RPC: tablet_id: "b4fafd9f2fcc4e0785318fe7b836f8c7" candidate_uuid: "be28d0865140436bbed167e823730c2a" candidate_term: 1 candidate_status { last_received { term: 0 index: 0 } } ignore_live_leader: false dest_uuid: "60824f0a6a1349f8a588dd889747b930" is_pre_election: true
I20260713 09:04:08.217813  7203 leader_election.cc:290] T b4fafd9f2fcc4e0785318fe7b836f8c7 P be28d0865140436bbed167e823730c2a [CANDIDATE]: Term 1 pre-election: Requested pre-vote from peers 60824f0a6a1349f8a588dd889747b930 (127.5.188.1:46083), 68670324861d429ead0a3e5f11264ab4 (127.5.188.2:38129)
I20260713 09:04:08.224689  7173 tablet_bootstrap.cc:492] T 82d542895dbd47e2a47c476634e49aec P 60824f0a6a1349f8a588dd889747b930: No bootstrap required, opened a new log
I20260713 09:04:08.225425  7173 ts_tablet_manager.cc:1403] T 82d542895dbd47e2a47c476634e49aec P 60824f0a6a1349f8a588dd889747b930: Time spent bootstrapping tablet: real 0.045s	user 0.020s	sys 0.020s
I20260713 09:04:08.225149  7058 tablet_service.cc:1917] Received RequestConsensusVote() RPC: tablet_id: "b4fafd9f2fcc4e0785318fe7b836f8c7" candidate_uuid: "be28d0865140436bbed167e823730c2a" candidate_term: 1 candidate_status { last_received { term: 0 index: 0 } } ignore_live_leader: false dest_uuid: "68670324861d429ead0a3e5f11264ab4" is_pre_election: true
I20260713 09:04:08.226289  7058 raft_consensus.cc:2468] T b4fafd9f2fcc4e0785318fe7b836f8c7 P 68670324861d429ead0a3e5f11264ab4 [term 0 FOLLOWER]: Leader pre-election vote request: Granting yes vote for candidate be28d0865140436bbed167e823730c2a in term 0.
I20260713 09:04:08.226567  6881 catalog_manager.cc:5697] T 01a9233c3eef4b56a13a3a3d729482e7 P be28d0865140436bbed167e823730c2a reported cstate change: term changed from 0 to 1, leader changed from <none> to be28d0865140436bbed167e823730c2a (127.5.188.3). New cstate: current_term: 1 leader_uuid: "be28d0865140436bbed167e823730c2a" committed_config { opid_index: -1 OBSOLETE_local: false peers { permanent_uuid: "60824f0a6a1349f8a588dd889747b930" member_type: VOTER last_known_addr { host: "127.5.188.1" port: 46083 } health_report { overall_health: UNKNOWN } } peers { permanent_uuid: "68670324861d429ead0a3e5f11264ab4" member_type: VOTER last_known_addr { host: "127.5.188.2" port: 38129 } health_report { overall_health: UNKNOWN } } peers { permanent_uuid: "be28d0865140436bbed167e823730c2a" member_type: VOTER last_known_addr { host: "127.5.188.3" port: 45105 } health_report { overall_health: HEALTHY } } }
W20260713 09:04:08.228365  7097 leader_election.cc:343] T b4fafd9f2fcc4e0785318fe7b836f8c7 P be28d0865140436bbed167e823730c2a [CANDIDATE]: Term 1 pre-election: Tablet error from VoteRequest() call to peer 60824f0a6a1349f8a588dd889747b930 (127.5.188.1:46083): Illegal state: must be running to vote when last-logged opid is not known
I20260713 09:04:08.215464  6882 catalog_manager.cc:5697] T e2acc1651b464692adeec75156ab4fd4 P 60824f0a6a1349f8a588dd889747b930 reported cstate change: term changed from 0 to 1, leader changed from <none> to 60824f0a6a1349f8a588dd889747b930 (127.5.188.1). New cstate: current_term: 1 leader_uuid: "60824f0a6a1349f8a588dd889747b930" committed_config { opid_index: -1 OBSOLETE_local: false peers { permanent_uuid: "60824f0a6a1349f8a588dd889747b930" member_type: VOTER last_known_addr { host: "127.5.188.1" port: 46083 } health_report { overall_health: HEALTHY } } peers { permanent_uuid: "68670324861d429ead0a3e5f11264ab4" member_type: VOTER last_known_addr { host: "127.5.188.2" port: 38129 } health_report { overall_health: UNKNOWN } } peers { permanent_uuid: "be28d0865140436bbed167e823730c2a" member_type: VOTER last_known_addr { host: "127.5.188.3" port: 45105 } health_report { overall_health: UNKNOWN } } }
I20260713 09:04:08.229372  7173 raft_consensus.cc:359] T 82d542895dbd47e2a47c476634e49aec P 60824f0a6a1349f8a588dd889747b930 [term 0 FOLLOWER]: Replica starting. Triggering 0 pending ops. Active config: opid_index: -1 OBSOLETE_local: false peers { permanent_uuid: "60824f0a6a1349f8a588dd889747b930" member_type: VOTER last_known_addr { host: "127.5.188.1" port: 46083 } } peers { permanent_uuid: "68670324861d429ead0a3e5f11264ab4" member_type: VOTER last_known_addr { host: "127.5.188.2" port: 38129 } } peers { permanent_uuid: "be28d0865140436bbed167e823730c2a" member_type: VOTER last_known_addr { host: "127.5.188.3" port: 45105 } }
I20260713 09:04:08.230165  7173 raft_consensus.cc:385] T 82d542895dbd47e2a47c476634e49aec P 60824f0a6a1349f8a588dd889747b930 [term 0 FOLLOWER]: Consensus starting up: Expiring failure detector timer to make a prompt election more likely
I20260713 09:04:08.230479  7173 raft_consensus.cc:740] T 82d542895dbd47e2a47c476634e49aec P 60824f0a6a1349f8a588dd889747b930 [term 0 FOLLOWER]: Becoming Follower/Learner. State: Replica: 60824f0a6a1349f8a588dd889747b930, State: Initialized, Role: FOLLOWER
I20260713 09:04:08.231429  7173 consensus_queue.cc:260] T 82d542895dbd47e2a47c476634e49aec P 60824f0a6a1349f8a588dd889747b930 [NON_LEADER]: Queue going to NON_LEADER mode. State: All replicated index: 0, Majority replicated index: 0, Committed index: 0, Last appended: 0.0, Last appended by leader: 0, Current term: 0, Majority size: -1, State: 0, Mode: NON_LEADER, active raft config: opid_index: -1 OBSOLETE_local: false peers { permanent_uuid: "60824f0a6a1349f8a588dd889747b930" member_type: VOTER last_known_addr { host: "127.5.188.1" port: 46083 } } peers { permanent_uuid: "68670324861d429ead0a3e5f11264ab4" member_type: VOTER last_known_addr { host: "127.5.188.2" port: 38129 } } peers { permanent_uuid: "be28d0865140436bbed167e823730c2a" member_type: VOTER last_known_addr { host: "127.5.188.3" port: 45105 } }
I20260713 09:04:08.231719  7179 raft_consensus.cc:515] T 82d542895dbd47e2a47c476634e49aec P be28d0865140436bbed167e823730c2a [term 1 FOLLOWER]: Starting leader election with config: opid_index: -1 OBSOLETE_local: false peers { permanent_uuid: "60824f0a6a1349f8a588dd889747b930" member_type: VOTER last_known_addr { host: "127.5.188.1" port: 46083 } } peers { permanent_uuid: "68670324861d429ead0a3e5f11264ab4" member_type: VOTER last_known_addr { host: "127.5.188.2" port: 38129 } } peers { permanent_uuid: "be28d0865140436bbed167e823730c2a" member_type: VOTER last_known_addr { host: "127.5.188.3" port: 45105 } }
I20260713 09:04:08.233026  7176 tablet_bootstrap.cc:654] T 288a0bdfe4ed4ead836ca64edcb996e2 P 68670324861d429ead0a3e5f11264ab4: Neither blocks nor log segments found. Creating new log.
I20260713 09:04:08.234568  7173 ts_tablet_manager.cc:1434] T 82d542895dbd47e2a47c476634e49aec P 60824f0a6a1349f8a588dd889747b930: Time spent starting tablet: real 0.009s	user 0.006s	sys 0.000s
I20260713 09:04:08.235186  6982 tablet_service.cc:1917] Received RequestConsensusVote() RPC: tablet_id: "82d542895dbd47e2a47c476634e49aec" candidate_uuid: "be28d0865140436bbed167e823730c2a" candidate_term: 1 candidate_status { last_received { term: 0 index: 0 } } ignore_live_leader: false dest_uuid: "60824f0a6a1349f8a588dd889747b930"
I20260713 09:04:08.235787  7173 tablet_bootstrap.cc:492] T b4fafd9f2fcc4e0785318fe7b836f8c7 P 60824f0a6a1349f8a588dd889747b930: Bootstrap starting.
I20260713 09:04:08.235860  6982 raft_consensus.cc:3060] T 82d542895dbd47e2a47c476634e49aec P 60824f0a6a1349f8a588dd889747b930 [term 0 FOLLOWER]: Advancing to term 1
I20260713 09:04:08.237273  7096 leader_election.cc:304] T b4fafd9f2fcc4e0785318fe7b836f8c7 P be28d0865140436bbed167e823730c2a [CANDIDATE]: Term 1 pre-election: Election decided. Result: candidate won. Election summary: received 3 responses out of 3 voters: 2 yes votes; 1 no votes. yes voters: 68670324861d429ead0a3e5f11264ab4, be28d0865140436bbed167e823730c2a; no voters: 60824f0a6a1349f8a588dd889747b930
I20260713 09:04:08.238620  7207 raft_consensus.cc:2804] T b4fafd9f2fcc4e0785318fe7b836f8c7 P be28d0865140436bbed167e823730c2a [term 0 FOLLOWER]: Leader pre-election won for term 1
I20260713 09:04:08.239044  7207 raft_consensus.cc:493] T b4fafd9f2fcc4e0785318fe7b836f8c7 P be28d0865140436bbed167e823730c2a [term 0 FOLLOWER]: Starting leader election (no leader contacted us within the election timeout)
I20260713 09:04:08.239400  7207 raft_consensus.cc:3060] T b4fafd9f2fcc4e0785318fe7b836f8c7 P be28d0865140436bbed167e823730c2a [term 0 FOLLOWER]: Advancing to term 1
I20260713 09:04:08.243707  7173 tablet_bootstrap.cc:654] T b4fafd9f2fcc4e0785318fe7b836f8c7 P 60824f0a6a1349f8a588dd889747b930: Neither blocks nor log segments found. Creating new log.
I20260713 09:04:08.244814  7174 ts_tablet_manager.cc:1434] T b4fafd9f2fcc4e0785318fe7b836f8c7 P be28d0865140436bbed167e823730c2a: Time spent starting tablet: real 0.065s	user 0.013s	sys 0.016s
I20260713 09:04:08.245863  7179 leader_election.cc:290] T 82d542895dbd47e2a47c476634e49aec P be28d0865140436bbed167e823730c2a [CANDIDATE]: Term 1 election: Requested vote from peers 60824f0a6a1349f8a588dd889747b930 (127.5.188.1:46083), 68670324861d429ead0a3e5f11264ab4 (127.5.188.2:38129)
I20260713 09:04:08.246282  7174 tablet_bootstrap.cc:492] T 3efa793edb794541b7d81d1b4d62697c P be28d0865140436bbed167e823730c2a: Bootstrap starting.
I20260713 09:04:08.251885  7058 tablet_service.cc:1917] Received RequestConsensusVote() RPC: tablet_id: "82d542895dbd47e2a47c476634e49aec" candidate_uuid: "be28d0865140436bbed167e823730c2a" candidate_term: 1 candidate_status { last_received { term: 0 index: 0 } } ignore_live_leader: false dest_uuid: "68670324861d429ead0a3e5f11264ab4"
I20260713 09:04:08.252868  7058 raft_consensus.cc:3060] T 82d542895dbd47e2a47c476634e49aec P 68670324861d429ead0a3e5f11264ab4 [term 0 FOLLOWER]: Advancing to term 1
I20260713 09:04:08.254383  6982 raft_consensus.cc:2468] T 82d542895dbd47e2a47c476634e49aec P 60824f0a6a1349f8a588dd889747b930 [term 1 FOLLOWER]: Leader election vote request: Granting yes vote for candidate be28d0865140436bbed167e823730c2a in term 1.
I20260713 09:04:08.258818  7174 tablet_bootstrap.cc:654] T 3efa793edb794541b7d81d1b4d62697c P be28d0865140436bbed167e823730c2a: Neither blocks nor log segments found. Creating new log.
I20260713 09:04:08.262472  7097 leader_election.cc:304] T 82d542895dbd47e2a47c476634e49aec P be28d0865140436bbed167e823730c2a [CANDIDATE]: Term 1 election: Election decided. Result: candidate won. Election summary: received 2 responses out of 3 voters: 2 yes votes; 0 no votes. yes voters: 60824f0a6a1349f8a588dd889747b930, be28d0865140436bbed167e823730c2a; no voters: 
I20260713 09:04:08.264914  7179 raft_consensus.cc:2804] T 82d542895dbd47e2a47c476634e49aec P be28d0865140436bbed167e823730c2a [term 1 FOLLOWER]: Leader election won for term 1
I20260713 09:04:08.266480  7179 raft_consensus.cc:697] T 82d542895dbd47e2a47c476634e49aec P be28d0865140436bbed167e823730c2a [term 1 LEADER]: Becoming Leader. State: Replica: be28d0865140436bbed167e823730c2a, State: Running, Role: LEADER
I20260713 09:04:08.271001  7179 consensus_queue.cc:237] T 82d542895dbd47e2a47c476634e49aec P be28d0865140436bbed167e823730c2a [LEADER]: Queue going to LEADER mode. State: All replicated index: 0, Majority replicated index: 0, Committed index: 0, Last appended: 0.0, Last appended by leader: 0, Current term: 1, Majority size: 2, State: 0, Mode: LEADER, active raft config: opid_index: -1 OBSOLETE_local: false peers { permanent_uuid: "60824f0a6a1349f8a588dd889747b930" member_type: VOTER last_known_addr { host: "127.5.188.1" port: 46083 } } peers { permanent_uuid: "68670324861d429ead0a3e5f11264ab4" member_type: VOTER last_known_addr { host: "127.5.188.2" port: 38129 } } peers { permanent_uuid: "be28d0865140436bbed167e823730c2a" member_type: VOTER last_known_addr { host: "127.5.188.3" port: 45105 } }
I20260713 09:04:08.273895  7207 raft_consensus.cc:515] T b4fafd9f2fcc4e0785318fe7b836f8c7 P be28d0865140436bbed167e823730c2a [term 1 FOLLOWER]: Starting leader election with config: opid_index: -1 OBSOLETE_local: false peers { permanent_uuid: "60824f0a6a1349f8a588dd889747b930" member_type: VOTER last_known_addr { host: "127.5.188.1" port: 46083 } } peers { permanent_uuid: "68670324861d429ead0a3e5f11264ab4" member_type: VOTER last_known_addr { host: "127.5.188.2" port: 38129 } } peers { permanent_uuid: "be28d0865140436bbed167e823730c2a" member_type: VOTER last_known_addr { host: "127.5.188.3" port: 45105 } }
I20260713 09:04:08.277356  7173 tablet_bootstrap.cc:492] T b4fafd9f2fcc4e0785318fe7b836f8c7 P 60824f0a6a1349f8a588dd889747b930: No bootstrap required, opened a new log
I20260713 09:04:08.279065  7207 leader_election.cc:290] T b4fafd9f2fcc4e0785318fe7b836f8c7 P be28d0865140436bbed167e823730c2a [CANDIDATE]: Term 1 election: Requested vote from peers 60824f0a6a1349f8a588dd889747b930 (127.5.188.1:46083), 68670324861d429ead0a3e5f11264ab4 (127.5.188.2:38129)
I20260713 09:04:08.277910  7173 ts_tablet_manager.cc:1403] T b4fafd9f2fcc4e0785318fe7b836f8c7 P 60824f0a6a1349f8a588dd889747b930: Time spent bootstrapping tablet: real 0.042s	user 0.031s	sys 0.000s
I20260713 09:04:08.281308  6982 tablet_service.cc:1917] Received RequestConsensusVote() RPC: tablet_id: "b4fafd9f2fcc4e0785318fe7b836f8c7" candidate_uuid: "be28d0865140436bbed167e823730c2a" candidate_term: 1 candidate_status { last_received { term: 0 index: 0 } } ignore_live_leader: false dest_uuid: "60824f0a6a1349f8a588dd889747b930"
I20260713 09:04:08.283057  7173 raft_consensus.cc:359] T b4fafd9f2fcc4e0785318fe7b836f8c7 P 60824f0a6a1349f8a588dd889747b930 [term 0 FOLLOWER]: Replica starting. Triggering 0 pending ops. Active config: opid_index: -1 OBSOLETE_local: false peers { permanent_uuid: "60824f0a6a1349f8a588dd889747b930" member_type: VOTER last_known_addr { host: "127.5.188.1" port: 46083 } } peers { permanent_uuid: "68670324861d429ead0a3e5f11264ab4" member_type: VOTER last_known_addr { host: "127.5.188.2" port: 38129 } } peers { permanent_uuid: "be28d0865140436bbed167e823730c2a" member_type: VOTER last_known_addr { host: "127.5.188.3" port: 45105 } }
I20260713 09:04:08.283856  7173 raft_consensus.cc:385] T b4fafd9f2fcc4e0785318fe7b836f8c7 P 60824f0a6a1349f8a588dd889747b930 [term 0 FOLLOWER]: Consensus starting up: Expiring failure detector timer to make a prompt election more likely
I20260713 09:04:08.284206  7173 raft_consensus.cc:740] T b4fafd9f2fcc4e0785318fe7b836f8c7 P 60824f0a6a1349f8a588dd889747b930 [term 0 FOLLOWER]: Becoming Follower/Learner. State: Replica: 60824f0a6a1349f8a588dd889747b930, State: Initialized, Role: FOLLOWER
I20260713 09:04:08.284157  7059 tablet_service.cc:1917] Received RequestConsensusVote() RPC: tablet_id: "b4fafd9f2fcc4e0785318fe7b836f8c7" candidate_uuid: "be28d0865140436bbed167e823730c2a" candidate_term: 1 candidate_status { last_received { term: 0 index: 0 } } ignore_live_leader: false dest_uuid: "68670324861d429ead0a3e5f11264ab4"
I20260713 09:04:08.284912  7058 raft_consensus.cc:2468] T 82d542895dbd47e2a47c476634e49aec P 68670324861d429ead0a3e5f11264ab4 [term 1 FOLLOWER]: Leader election vote request: Granting yes vote for candidate be28d0865140436bbed167e823730c2a in term 1.
I20260713 09:04:08.285153  7059 raft_consensus.cc:3060] T b4fafd9f2fcc4e0785318fe7b836f8c7 P 68670324861d429ead0a3e5f11264ab4 [term 0 FOLLOWER]: Advancing to term 1
I20260713 09:04:08.285445  7173 consensus_queue.cc:260] T b4fafd9f2fcc4e0785318fe7b836f8c7 P 60824f0a6a1349f8a588dd889747b930 [NON_LEADER]: Queue going to NON_LEADER mode. State: All replicated index: 0, Majority replicated index: 0, Committed index: 0, Last appended: 0.0, Last appended by leader: 0, Current term: 0, Majority size: -1, State: 0, Mode: NON_LEADER, active raft config: opid_index: -1 OBSOLETE_local: false peers { permanent_uuid: "60824f0a6a1349f8a588dd889747b930" member_type: VOTER last_known_addr { host: "127.5.188.1" port: 46083 } } peers { permanent_uuid: "68670324861d429ead0a3e5f11264ab4" member_type: VOTER last_known_addr { host: "127.5.188.2" port: 38129 } } peers { permanent_uuid: "be28d0865140436bbed167e823730c2a" member_type: VOTER last_known_addr { host: "127.5.188.3" port: 45105 } }
I20260713 09:04:08.288406  7173 ts_tablet_manager.cc:1434] T b4fafd9f2fcc4e0785318fe7b836f8c7 P 60824f0a6a1349f8a588dd889747b930: Time spent starting tablet: real 0.009s	user 0.005s	sys 0.002s
I20260713 09:04:08.288417  7176 tablet_bootstrap.cc:492] T 288a0bdfe4ed4ead836ca64edcb996e2 P 68670324861d429ead0a3e5f11264ab4: No bootstrap required, opened a new log
I20260713 09:04:08.289263  7176 ts_tablet_manager.cc:1403] T 288a0bdfe4ed4ead836ca64edcb996e2 P 68670324861d429ead0a3e5f11264ab4: Time spent bootstrapping tablet: real 0.094s	user 0.011s	sys 0.010s
I20260713 09:04:08.291157  7174 tablet_bootstrap.cc:492] T 3efa793edb794541b7d81d1b4d62697c P be28d0865140436bbed167e823730c2a: No bootstrap required, opened a new log
W20260713 09:04:08.291232  7097 leader_election.cc:343] T b4fafd9f2fcc4e0785318fe7b836f8c7 P be28d0865140436bbed167e823730c2a [CANDIDATE]: Term 1 election: Tablet error from VoteRequest() call to peer 60824f0a6a1349f8a588dd889747b930 (127.5.188.1:46083): Illegal state: must be running to vote when last-logged opid is not known
I20260713 09:04:08.291834  7174 ts_tablet_manager.cc:1403] T 3efa793edb794541b7d81d1b4d62697c P be28d0865140436bbed167e823730c2a: Time spent bootstrapping tablet: real 0.046s	user 0.017s	sys 0.004s
I20260713 09:04:08.292074  7173 tablet_bootstrap.cc:492] T 4a6a8492c08c4ab3b15a0c254aacdccb P 60824f0a6a1349f8a588dd889747b930: Bootstrap starting.
I20260713 09:04:08.293802  7176 raft_consensus.cc:359] T 288a0bdfe4ed4ead836ca64edcb996e2 P 68670324861d429ead0a3e5f11264ab4 [term 0 FOLLOWER]: Replica starting. Triggering 0 pending ops. Active config: opid_index: -1 OBSOLETE_local: false peers { permanent_uuid: "60824f0a6a1349f8a588dd889747b930" member_type: VOTER last_known_addr { host: "127.5.188.1" port: 46083 } } peers { permanent_uuid: "68670324861d429ead0a3e5f11264ab4" member_type: VOTER last_known_addr { host: "127.5.188.2" port: 38129 } } peers { permanent_uuid: "be28d0865140436bbed167e823730c2a" member_type: VOTER last_known_addr { host: "127.5.188.3" port: 45105 } }
I20260713 09:04:08.294682  7176 raft_consensus.cc:385] T 288a0bdfe4ed4ead836ca64edcb996e2 P 68670324861d429ead0a3e5f11264ab4 [term 0 FOLLOWER]: Consensus starting up: Expiring failure detector timer to make a prompt election more likely
I20260713 09:04:08.295018  7176 raft_consensus.cc:740] T 288a0bdfe4ed4ead836ca64edcb996e2 P 68670324861d429ead0a3e5f11264ab4 [term 0 FOLLOWER]: Becoming Follower/Learner. State: Replica: 68670324861d429ead0a3e5f11264ab4, State: Initialized, Role: FOLLOWER
I20260713 09:04:08.294915  7174 raft_consensus.cc:359] T 3efa793edb794541b7d81d1b4d62697c P be28d0865140436bbed167e823730c2a [term 0 FOLLOWER]: Replica starting. Triggering 0 pending ops. Active config: opid_index: -1 OBSOLETE_local: false peers { permanent_uuid: "60824f0a6a1349f8a588dd889747b930" member_type: VOTER last_known_addr { host: "127.5.188.1" port: 46083 } } peers { permanent_uuid: "68670324861d429ead0a3e5f11264ab4" member_type: VOTER last_known_addr { host: "127.5.188.2" port: 38129 } } peers { permanent_uuid: "be28d0865140436bbed167e823730c2a" member_type: VOTER last_known_addr { host: "127.5.188.3" port: 45105 } }
I20260713 09:04:08.295753  7174 raft_consensus.cc:385] T 3efa793edb794541b7d81d1b4d62697c P be28d0865140436bbed167e823730c2a [term 0 FOLLOWER]: Consensus starting up: Expiring failure detector timer to make a prompt election more likely
I20260713 09:04:08.296067  7174 raft_consensus.cc:740] T 3efa793edb794541b7d81d1b4d62697c P be28d0865140436bbed167e823730c2a [term 0 FOLLOWER]: Becoming Follower/Learner. State: Replica: be28d0865140436bbed167e823730c2a, State: Initialized, Role: FOLLOWER
I20260713 09:04:08.296175  7176 consensus_queue.cc:260] T 288a0bdfe4ed4ead836ca64edcb996e2 P 68670324861d429ead0a3e5f11264ab4 [NON_LEADER]: Queue going to NON_LEADER mode. State: All replicated index: 0, Majority replicated index: 0, Committed index: 0, Last appended: 0.0, Last appended by leader: 0, Current term: 0, Majority size: -1, State: 0, Mode: NON_LEADER, active raft config: opid_index: -1 OBSOLETE_local: false peers { permanent_uuid: "60824f0a6a1349f8a588dd889747b930" member_type: VOTER last_known_addr { host: "127.5.188.1" port: 46083 } } peers { permanent_uuid: "68670324861d429ead0a3e5f11264ab4" member_type: VOTER last_known_addr { host: "127.5.188.2" port: 38129 } } peers { permanent_uuid: "be28d0865140436bbed167e823730c2a" member_type: VOTER last_known_addr { host: "127.5.188.3" port: 45105 } }
I20260713 09:04:08.297163  7174 consensus_queue.cc:260] T 3efa793edb794541b7d81d1b4d62697c P be28d0865140436bbed167e823730c2a [NON_LEADER]: Queue going to NON_LEADER mode. State: All replicated index: 0, Majority replicated index: 0, Committed index: 0, Last appended: 0.0, Last appended by leader: 0, Current term: 0, Majority size: -1, State: 0, Mode: NON_LEADER, active raft config: opid_index: -1 OBSOLETE_local: false peers { permanent_uuid: "60824f0a6a1349f8a588dd889747b930" member_type: VOTER last_known_addr { host: "127.5.188.1" port: 46083 } } peers { permanent_uuid: "68670324861d429ead0a3e5f11264ab4" member_type: VOTER last_known_addr { host: "127.5.188.2" port: 38129 } } peers { permanent_uuid: "be28d0865140436bbed167e823730c2a" member_type: VOTER last_known_addr { host: "127.5.188.3" port: 45105 } }
I20260713 09:04:08.299140  7059 raft_consensus.cc:2468] T b4fafd9f2fcc4e0785318fe7b836f8c7 P 68670324861d429ead0a3e5f11264ab4 [term 1 FOLLOWER]: Leader election vote request: Granting yes vote for candidate be28d0865140436bbed167e823730c2a in term 1.
I20260713 09:04:08.306257  7096 leader_election.cc:304] T b4fafd9f2fcc4e0785318fe7b836f8c7 P be28d0865140436bbed167e823730c2a [CANDIDATE]: Term 1 election: Election decided. Result: candidate won. Election summary: received 3 responses out of 3 voters: 2 yes votes; 1 no votes. yes voters: 68670324861d429ead0a3e5f11264ab4, be28d0865140436bbed167e823730c2a; no voters: 60824f0a6a1349f8a588dd889747b930
I20260713 09:04:08.308409  7179 raft_consensus.cc:2804] T b4fafd9f2fcc4e0785318fe7b836f8c7 P be28d0865140436bbed167e823730c2a [term 1 FOLLOWER]: Leader election won for term 1
I20260713 09:04:08.299806  7174 ts_tablet_manager.cc:1434] T 3efa793edb794541b7d81d1b4d62697c P be28d0865140436bbed167e823730c2a: Time spent starting tablet: real 0.008s	user 0.000s	sys 0.006s
I20260713 09:04:08.302050  7173 tablet_bootstrap.cc:654] T 4a6a8492c08c4ab3b15a0c254aacdccb P 60824f0a6a1349f8a588dd889747b930: Neither blocks nor log segments found. Creating new log.
I20260713 09:04:08.311698  7174 tablet_bootstrap.cc:492] T 288a0bdfe4ed4ead836ca64edcb996e2 P be28d0865140436bbed167e823730c2a: Bootstrap starting.
I20260713 09:04:08.311812  7181 consensus_queue.cc:1048] T 35ac2817827342a1977906573a4570bb P 60824f0a6a1349f8a588dd889747b930 [LEADER]: Connected to new peer: Peer: permanent_uuid: "be28d0865140436bbed167e823730c2a" member_type: VOTER last_known_addr { host: "127.5.188.3" port: 45105 }, Status: LMP_MISMATCH, Last received: 0.0, Next index: 1, Last known committed idx: 0, Time since last communication: 0.001s
I20260713 09:04:08.299328  7176 ts_tablet_manager.cc:1434] T 288a0bdfe4ed4ead836ca64edcb996e2 P 68670324861d429ead0a3e5f11264ab4: Time spent starting tablet: real 0.010s	user 0.007s	sys 0.000s
I20260713 09:04:08.313863  7176 tablet_bootstrap.cc:492] T e20ed57f19a5454395d0ea90f81a1e63 P 68670324861d429ead0a3e5f11264ab4: Bootstrap starting.
I20260713 09:04:08.319206  7174 tablet_bootstrap.cc:654] T 288a0bdfe4ed4ead836ca64edcb996e2 P be28d0865140436bbed167e823730c2a: Neither blocks nor log segments found. Creating new log.
I20260713 09:04:08.319758  7179 raft_consensus.cc:697] T b4fafd9f2fcc4e0785318fe7b836f8c7 P be28d0865140436bbed167e823730c2a [term 1 LEADER]: Becoming Leader. State: Replica: be28d0865140436bbed167e823730c2a, State: Running, Role: LEADER
I20260713 09:04:08.323829  7179 consensus_queue.cc:237] T b4fafd9f2fcc4e0785318fe7b836f8c7 P be28d0865140436bbed167e823730c2a [LEADER]: Queue going to LEADER mode. State: All replicated index: 0, Majority replicated index: 0, Committed index: 0, Last appended: 0.0, Last appended by leader: 0, Current term: 1, Majority size: 2, State: 0, Mode: LEADER, active raft config: opid_index: -1 OBSOLETE_local: false peers { permanent_uuid: "60824f0a6a1349f8a588dd889747b930" member_type: VOTER last_known_addr { host: "127.5.188.1" port: 46083 } } peers { permanent_uuid: "68670324861d429ead0a3e5f11264ab4" member_type: VOTER last_known_addr { host: "127.5.188.2" port: 38129 } } peers { permanent_uuid: "be28d0865140436bbed167e823730c2a" member_type: VOTER last_known_addr { host: "127.5.188.3" port: 45105 } }
I20260713 09:04:08.322865  7176 tablet_bootstrap.cc:654] T e20ed57f19a5454395d0ea90f81a1e63 P 68670324861d429ead0a3e5f11264ab4: Neither blocks nor log segments found. Creating new log.
I20260713 09:04:08.321966  6882 catalog_manager.cc:5697] T 82d542895dbd47e2a47c476634e49aec P be28d0865140436bbed167e823730c2a reported cstate change: term changed from 0 to 1, leader changed from <none> to be28d0865140436bbed167e823730c2a (127.5.188.3). New cstate: current_term: 1 leader_uuid: "be28d0865140436bbed167e823730c2a" committed_config { opid_index: -1 OBSOLETE_local: false peers { permanent_uuid: "60824f0a6a1349f8a588dd889747b930" member_type: VOTER last_known_addr { host: "127.5.188.1" port: 46083 } health_report { overall_health: UNKNOWN } } peers { permanent_uuid: "68670324861d429ead0a3e5f11264ab4" member_type: VOTER last_known_addr { host: "127.5.188.2" port: 38129 } health_report { overall_health: UNKNOWN } } peers { permanent_uuid: "be28d0865140436bbed167e823730c2a" member_type: VOTER last_known_addr { host: "127.5.188.3" port: 45105 } health_report { overall_health: HEALTHY } } }
I20260713 09:04:08.327531  7174 tablet_bootstrap.cc:492] T 288a0bdfe4ed4ead836ca64edcb996e2 P be28d0865140436bbed167e823730c2a: No bootstrap required, opened a new log
I20260713 09:04:08.328091  7174 ts_tablet_manager.cc:1403] T 288a0bdfe4ed4ead836ca64edcb996e2 P be28d0865140436bbed167e823730c2a: Time spent bootstrapping tablet: real 0.019s	user 0.009s	sys 0.004s
I20260713 09:04:08.328899  7173 tablet_bootstrap.cc:492] T 4a6a8492c08c4ab3b15a0c254aacdccb P 60824f0a6a1349f8a588dd889747b930: No bootstrap required, opened a new log
I20260713 09:04:08.329604  7173 ts_tablet_manager.cc:1403] T 4a6a8492c08c4ab3b15a0c254aacdccb P 60824f0a6a1349f8a588dd889747b930: Time spent bootstrapping tablet: real 0.040s	user 0.010s	sys 0.004s
I20260713 09:04:08.333904  7173 raft_consensus.cc:359] T 4a6a8492c08c4ab3b15a0c254aacdccb P 60824f0a6a1349f8a588dd889747b930 [term 0 FOLLOWER]: Replica starting. Triggering 0 pending ops. Active config: opid_index: -1 OBSOLETE_local: false peers { permanent_uuid: "60824f0a6a1349f8a588dd889747b930" member_type: VOTER last_known_addr { host: "127.5.188.1" port: 46083 } } peers { permanent_uuid: "68670324861d429ead0a3e5f11264ab4" member_type: VOTER last_known_addr { host: "127.5.188.2" port: 38129 } } peers { permanent_uuid: "be28d0865140436bbed167e823730c2a" member_type: VOTER last_known_addr { host: "127.5.188.3" port: 45105 } }
I20260713 09:04:08.335990  7173 raft_consensus.cc:385] T 4a6a8492c08c4ab3b15a0c254aacdccb P 60824f0a6a1349f8a588dd889747b930 [term 0 FOLLOWER]: Consensus starting up: Expiring failure detector timer to make a prompt election more likely
I20260713 09:04:08.336331  7173 raft_consensus.cc:740] T 4a6a8492c08c4ab3b15a0c254aacdccb P 60824f0a6a1349f8a588dd889747b930 [term 0 FOLLOWER]: Becoming Follower/Learner. State: Replica: 60824f0a6a1349f8a588dd889747b930, State: Initialized, Role: FOLLOWER
I20260713 09:04:08.338140  7174 raft_consensus.cc:359] T 288a0bdfe4ed4ead836ca64edcb996e2 P be28d0865140436bbed167e823730c2a [term 0 FOLLOWER]: Replica starting. Triggering 0 pending ops. Active config: opid_index: -1 OBSOLETE_local: false peers { permanent_uuid: "60824f0a6a1349f8a588dd889747b930" member_type: VOTER last_known_addr { host: "127.5.188.1" port: 46083 } } peers { permanent_uuid: "68670324861d429ead0a3e5f11264ab4" member_type: VOTER last_known_addr { host: "127.5.188.2" port: 38129 } } peers { permanent_uuid: "be28d0865140436bbed167e823730c2a" member_type: VOTER last_known_addr { host: "127.5.188.3" port: 45105 } }
I20260713 09:04:08.339439  7174 raft_consensus.cc:385] T 288a0bdfe4ed4ead836ca64edcb996e2 P be28d0865140436bbed167e823730c2a [term 0 FOLLOWER]: Consensus starting up: Expiring failure detector timer to make a prompt election more likely
I20260713 09:04:08.340051  7174 raft_consensus.cc:740] T 288a0bdfe4ed4ead836ca64edcb996e2 P be28d0865140436bbed167e823730c2a [term 0 FOLLOWER]: Becoming Follower/Learner. State: Replica: be28d0865140436bbed167e823730c2a, State: Initialized, Role: FOLLOWER
I20260713 09:04:08.339536  7173 consensus_queue.cc:260] T 4a6a8492c08c4ab3b15a0c254aacdccb P 60824f0a6a1349f8a588dd889747b930 [NON_LEADER]: Queue going to NON_LEADER mode. State: All replicated index: 0, Majority replicated index: 0, Committed index: 0, Last appended: 0.0, Last appended by leader: 0, Current term: 0, Majority size: -1, State: 0, Mode: NON_LEADER, active raft config: opid_index: -1 OBSOLETE_local: false peers { permanent_uuid: "60824f0a6a1349f8a588dd889747b930" member_type: VOTER last_known_addr { host: "127.5.188.1" port: 46083 } } peers { permanent_uuid: "68670324861d429ead0a3e5f11264ab4" member_type: VOTER last_known_addr { host: "127.5.188.2" port: 38129 } } peers { permanent_uuid: "be28d0865140436bbed167e823730c2a" member_type: VOTER last_known_addr { host: "127.5.188.3" port: 45105 } }
I20260713 09:04:08.341300  7174 consensus_queue.cc:260] T 288a0bdfe4ed4ead836ca64edcb996e2 P be28d0865140436bbed167e823730c2a [NON_LEADER]: Queue going to NON_LEADER mode. State: All replicated index: 0, Majority replicated index: 0, Committed index: 0, Last appended: 0.0, Last appended by leader: 0, Current term: 0, Majority size: -1, State: 0, Mode: NON_LEADER, active raft config: opid_index: -1 OBSOLETE_local: false peers { permanent_uuid: "60824f0a6a1349f8a588dd889747b930" member_type: VOTER last_known_addr { host: "127.5.188.1" port: 46083 } } peers { permanent_uuid: "68670324861d429ead0a3e5f11264ab4" member_type: VOTER last_known_addr { host: "127.5.188.2" port: 38129 } } peers { permanent_uuid: "be28d0865140436bbed167e823730c2a" member_type: VOTER last_known_addr { host: "127.5.188.3" port: 45105 } }
I20260713 09:04:08.349443  7178 raft_consensus.cc:493] T 288a0bdfe4ed4ead836ca64edcb996e2 P 68670324861d429ead0a3e5f11264ab4 [term 0 FOLLOWER]: Starting pre-election (no leader contacted us within the election timeout)
I20260713 09:04:08.350369  7178 raft_consensus.cc:515] T 288a0bdfe4ed4ead836ca64edcb996e2 P 68670324861d429ead0a3e5f11264ab4 [term 0 FOLLOWER]: Starting pre-election with config: opid_index: -1 OBSOLETE_local: false peers { permanent_uuid: "60824f0a6a1349f8a588dd889747b930" member_type: VOTER last_known_addr { host: "127.5.188.1" port: 46083 } } peers { permanent_uuid: "68670324861d429ead0a3e5f11264ab4" member_type: VOTER last_known_addr { host: "127.5.188.2" port: 38129 } } peers { permanent_uuid: "be28d0865140436bbed167e823730c2a" member_type: VOTER last_known_addr { host: "127.5.188.3" port: 45105 } }
I20260713 09:04:08.353356  7178 leader_election.cc:290] T 288a0bdfe4ed4ead836ca64edcb996e2 P 68670324861d429ead0a3e5f11264ab4 [CANDIDATE]: Term 1 pre-election: Requested pre-vote from peers 60824f0a6a1349f8a588dd889747b930 (127.5.188.1:46083), be28d0865140436bbed167e823730c2a (127.5.188.3:45105)
I20260713 09:04:08.353600  6982 tablet_service.cc:1917] Received RequestConsensusVote() RPC: tablet_id: "288a0bdfe4ed4ead836ca64edcb996e2" candidate_uuid: "68670324861d429ead0a3e5f11264ab4" candidate_term: 1 candidate_status { last_received { term: 0 index: 0 } } ignore_live_leader: false dest_uuid: "60824f0a6a1349f8a588dd889747b930" is_pre_election: true
W20260713 09:04:08.355433  7023 leader_election.cc:343] T 288a0bdfe4ed4ead836ca64edcb996e2 P 68670324861d429ead0a3e5f11264ab4 [CANDIDATE]: Term 1 pre-election: Tablet error from VoteRequest() call to peer 60824f0a6a1349f8a588dd889747b930 (127.5.188.1:46083): Illegal state: must be running to vote when last-logged opid is not known
I20260713 09:04:08.355810  7173 ts_tablet_manager.cc:1434] T 4a6a8492c08c4ab3b15a0c254aacdccb P 60824f0a6a1349f8a588dd889747b930: Time spent starting tablet: real 0.026s	user 0.007s	sys 0.003s
I20260713 09:04:08.356622  7132 tablet_service.cc:1917] Received RequestConsensusVote() RPC: tablet_id: "288a0bdfe4ed4ead836ca64edcb996e2" candidate_uuid: "68670324861d429ead0a3e5f11264ab4" candidate_term: 1 candidate_status { last_received { term: 0 index: 0 } } ignore_live_leader: false dest_uuid: "be28d0865140436bbed167e823730c2a" is_pre_election: true
I20260713 09:04:08.356930  7181 consensus_queue.cc:1048] T 35ac2817827342a1977906573a4570bb P 60824f0a6a1349f8a588dd889747b930 [LEADER]: Connected to new peer: Peer: permanent_uuid: "68670324861d429ead0a3e5f11264ab4" member_type: VOTER last_known_addr { host: "127.5.188.2" port: 38129 }, Status: LMP_MISMATCH, Last received: 0.0, Next index: 1, Last known committed idx: 0, Time since last communication: 0.000s
I20260713 09:04:08.357448  7132 raft_consensus.cc:2468] T 288a0bdfe4ed4ead836ca64edcb996e2 P be28d0865140436bbed167e823730c2a [term 0 FOLLOWER]: Leader pre-election vote request: Granting yes vote for candidate 68670324861d429ead0a3e5f11264ab4 in term 0.
I20260713 09:04:08.358132  7173 tablet_bootstrap.cc:492] T 3efa793edb794541b7d81d1b4d62697c P 60824f0a6a1349f8a588dd889747b930: Bootstrap starting.
I20260713 09:04:08.359042  7025 leader_election.cc:304] T 288a0bdfe4ed4ead836ca64edcb996e2 P 68670324861d429ead0a3e5f11264ab4 [CANDIDATE]: Term 1 pre-election: Election decided. Result: candidate won. Election summary: received 3 responses out of 3 voters: 2 yes votes; 1 no votes. yes voters: 68670324861d429ead0a3e5f11264ab4, be28d0865140436bbed167e823730c2a; no voters: 60824f0a6a1349f8a588dd889747b930
I20260713 09:04:08.360719  6879 catalog_manager.cc:5697] T b4fafd9f2fcc4e0785318fe7b836f8c7 P be28d0865140436bbed167e823730c2a reported cstate change: term changed from 0 to 1, leader changed from <none> to be28d0865140436bbed167e823730c2a (127.5.188.3). New cstate: current_term: 1 leader_uuid: "be28d0865140436bbed167e823730c2a" committed_config { opid_index: -1 OBSOLETE_local: false peers { permanent_uuid: "60824f0a6a1349f8a588dd889747b930" member_type: VOTER last_known_addr { host: "127.5.188.1" port: 46083 } health_report { overall_health: UNKNOWN } } peers { permanent_uuid: "68670324861d429ead0a3e5f11264ab4" member_type: VOTER last_known_addr { host: "127.5.188.2" port: 38129 } health_report { overall_health: UNKNOWN } } peers { permanent_uuid: "be28d0865140436bbed167e823730c2a" member_type: VOTER last_known_addr { host: "127.5.188.3" port: 45105 } health_report { overall_health: HEALTHY } } }
I20260713 09:04:08.363869  7178 raft_consensus.cc:2804] T 288a0bdfe4ed4ead836ca64edcb996e2 P 68670324861d429ead0a3e5f11264ab4 [term 0 FOLLOWER]: Leader pre-election won for term 1
I20260713 09:04:08.366250  7178 raft_consensus.cc:493] T 288a0bdfe4ed4ead836ca64edcb996e2 P 68670324861d429ead0a3e5f11264ab4 [term 0 FOLLOWER]: Starting leader election (no leader contacted us within the election timeout)
I20260713 09:04:08.368160  7178 raft_consensus.cc:3060] T 288a0bdfe4ed4ead836ca64edcb996e2 P 68670324861d429ead0a3e5f11264ab4 [term 0 FOLLOWER]: Advancing to term 1
I20260713 09:04:08.368755  7174 ts_tablet_manager.cc:1434] T 288a0bdfe4ed4ead836ca64edcb996e2 P be28d0865140436bbed167e823730c2a: Time spent starting tablet: real 0.040s	user 0.009s	sys 0.000s
I20260713 09:04:08.372825  7173 tablet_bootstrap.cc:654] T 3efa793edb794541b7d81d1b4d62697c P 60824f0a6a1349f8a588dd889747b930: Neither blocks nor log segments found. Creating new log.
I20260713 09:04:08.373780  7179 raft_consensus.cc:493] T 3efa793edb794541b7d81d1b4d62697c P be28d0865140436bbed167e823730c2a [term 0 FOLLOWER]: Starting pre-election (no leader contacted us within the election timeout)
I20260713 09:04:08.374503  7174 tablet_bootstrap.cc:492] T 4a6a8492c08c4ab3b15a0c254aacdccb P be28d0865140436bbed167e823730c2a: Bootstrap starting.
I20260713 09:04:08.374399  7179 raft_consensus.cc:515] T 3efa793edb794541b7d81d1b4d62697c P be28d0865140436bbed167e823730c2a [term 0 FOLLOWER]: Starting pre-election with config: opid_index: -1 OBSOLETE_local: false peers { permanent_uuid: "60824f0a6a1349f8a588dd889747b930" member_type: VOTER last_known_addr { host: "127.5.188.1" port: 46083 } } peers { permanent_uuid: "68670324861d429ead0a3e5f11264ab4" member_type: VOTER last_known_addr { host: "127.5.188.2" port: 38129 } } peers { permanent_uuid: "be28d0865140436bbed167e823730c2a" member_type: VOTER last_known_addr { host: "127.5.188.3" port: 45105 } }
I20260713 09:04:08.379528  7058 tablet_service.cc:1917] Received RequestConsensusVote() RPC: tablet_id: "3efa793edb794541b7d81d1b4d62697c" candidate_uuid: "be28d0865140436bbed167e823730c2a" candidate_term: 1 candidate_status { last_received { term: 0 index: 0 } } ignore_live_leader: false dest_uuid: "68670324861d429ead0a3e5f11264ab4" is_pre_election: true
I20260713 09:04:08.379724  6982 tablet_service.cc:1917] Received RequestConsensusVote() RPC: tablet_id: "3efa793edb794541b7d81d1b4d62697c" candidate_uuid: "be28d0865140436bbed167e823730c2a" candidate_term: 1 candidate_status { last_received { term: 0 index: 0 } } ignore_live_leader: false dest_uuid: "60824f0a6a1349f8a588dd889747b930" is_pre_election: true
W20260713 09:04:08.381592  7097 leader_election.cc:343] T 3efa793edb794541b7d81d1b4d62697c P be28d0865140436bbed167e823730c2a [CANDIDATE]: Term 1 pre-election: Tablet error from VoteRequest() call to peer 60824f0a6a1349f8a588dd889747b930 (127.5.188.1:46083): Illegal state: must be running to vote when last-logged opid is not known
W20260713 09:04:08.383683  7096 leader_election.cc:343] T 3efa793edb794541b7d81d1b4d62697c P be28d0865140436bbed167e823730c2a [CANDIDATE]: Term 1 pre-election: Tablet error from VoteRequest() call to peer 68670324861d429ead0a3e5f11264ab4 (127.5.188.2:38129): Illegal state: must be running to vote when last-logged opid is not known
I20260713 09:04:08.384203  7096 leader_election.cc:304] T 3efa793edb794541b7d81d1b4d62697c P be28d0865140436bbed167e823730c2a [CANDIDATE]: Term 1 pre-election: Election decided. Result: candidate lost. Election summary: received 3 responses out of 3 voters: 1 yes votes; 2 no votes. yes voters: be28d0865140436bbed167e823730c2a; no voters: 60824f0a6a1349f8a588dd889747b930, 68670324861d429ead0a3e5f11264ab4
I20260713 09:04:08.385130  7207 raft_consensus.cc:2749] T 3efa793edb794541b7d81d1b4d62697c P be28d0865140436bbed167e823730c2a [term 0 FOLLOWER]: Leader pre-election lost for term 1. Reason: could not achieve majority
I20260713 09:04:08.380735  7179 leader_election.cc:290] T 3efa793edb794541b7d81d1b4d62697c P be28d0865140436bbed167e823730c2a [CANDIDATE]: Term 1 pre-election: Requested pre-vote from peers 60824f0a6a1349f8a588dd889747b930 (127.5.188.1:46083), 68670324861d429ead0a3e5f11264ab4 (127.5.188.2:38129)
I20260713 09:04:08.393541  7174 tablet_bootstrap.cc:654] T 4a6a8492c08c4ab3b15a0c254aacdccb P be28d0865140436bbed167e823730c2a: Neither blocks nor log segments found. Creating new log.
I20260713 09:04:08.400434  7176 tablet_bootstrap.cc:492] T e20ed57f19a5454395d0ea90f81a1e63 P 68670324861d429ead0a3e5f11264ab4: No bootstrap required, opened a new log
I20260713 09:04:08.401257  7176 ts_tablet_manager.cc:1403] T e20ed57f19a5454395d0ea90f81a1e63 P 68670324861d429ead0a3e5f11264ab4: Time spent bootstrapping tablet: real 0.088s	user 0.011s	sys 0.009s
I20260713 09:04:08.406267  7176 raft_consensus.cc:359] T e20ed57f19a5454395d0ea90f81a1e63 P 68670324861d429ead0a3e5f11264ab4 [term 0 FOLLOWER]: Replica starting. Triggering 0 pending ops. Active config: opid_index: -1 OBSOLETE_local: false peers { permanent_uuid: "60824f0a6a1349f8a588dd889747b930" member_type: VOTER last_known_addr { host: "127.5.188.1" port: 46083 } } peers { permanent_uuid: "68670324861d429ead0a3e5f11264ab4" member_type: VOTER last_known_addr { host: "127.5.188.2" port: 38129 } } peers { permanent_uuid: "be28d0865140436bbed167e823730c2a" member_type: VOTER last_known_addr { host: "127.5.188.3" port: 45105 } }
I20260713 09:04:08.407143  7176 raft_consensus.cc:385] T e20ed57f19a5454395d0ea90f81a1e63 P 68670324861d429ead0a3e5f11264ab4 [term 0 FOLLOWER]: Consensus starting up: Expiring failure detector timer to make a prompt election more likely
I20260713 09:04:08.407503  7176 raft_consensus.cc:740] T e20ed57f19a5454395d0ea90f81a1e63 P 68670324861d429ead0a3e5f11264ab4 [term 0 FOLLOWER]: Becoming Follower/Learner. State: Replica: 68670324861d429ead0a3e5f11264ab4, State: Initialized, Role: FOLLOWER
I20260713 09:04:08.408210  7173 tablet_bootstrap.cc:492] T 3efa793edb794541b7d81d1b4d62697c P 60824f0a6a1349f8a588dd889747b930: No bootstrap required, opened a new log
I20260713 09:04:08.408663  7173 ts_tablet_manager.cc:1403] T 3efa793edb794541b7d81d1b4d62697c P 60824f0a6a1349f8a588dd889747b930: Time spent bootstrapping tablet: real 0.052s	user 0.017s	sys 0.002s
I20260713 09:04:08.409085  7174 tablet_bootstrap.cc:492] T 4a6a8492c08c4ab3b15a0c254aacdccb P be28d0865140436bbed167e823730c2a: No bootstrap required, opened a new log
I20260713 09:04:08.408506  7176 consensus_queue.cc:260] T e20ed57f19a5454395d0ea90f81a1e63 P 68670324861d429ead0a3e5f11264ab4 [NON_LEADER]: Queue going to NON_LEADER mode. State: All replicated index: 0, Majority replicated index: 0, Committed index: 0, Last appended: 0.0, Last appended by leader: 0, Current term: 0, Majority size: -1, State: 0, Mode: NON_LEADER, active raft config: opid_index: -1 OBSOLETE_local: false peers { permanent_uuid: "60824f0a6a1349f8a588dd889747b930" member_type: VOTER last_known_addr { host: "127.5.188.1" port: 46083 } } peers { permanent_uuid: "68670324861d429ead0a3e5f11264ab4" member_type: VOTER last_known_addr { host: "127.5.188.2" port: 38129 } } peers { permanent_uuid: "be28d0865140436bbed167e823730c2a" member_type: VOTER last_known_addr { host: "127.5.188.3" port: 45105 } }
I20260713 09:04:08.409616  7174 ts_tablet_manager.cc:1403] T 4a6a8492c08c4ab3b15a0c254aacdccb P be28d0865140436bbed167e823730c2a: Time spent bootstrapping tablet: real 0.040s	user 0.023s	sys 0.000s
I20260713 09:04:08.411157  7173 raft_consensus.cc:359] T 3efa793edb794541b7d81d1b4d62697c P 60824f0a6a1349f8a588dd889747b930 [term 0 FOLLOWER]: Replica starting. Triggering 0 pending ops. Active config: opid_index: -1 OBSOLETE_local: false peers { permanent_uuid: "60824f0a6a1349f8a588dd889747b930" member_type: VOTER last_known_addr { host: "127.5.188.1" port: 46083 } } peers { permanent_uuid: "68670324861d429ead0a3e5f11264ab4" member_type: VOTER last_known_addr { host: "127.5.188.2" port: 38129 } } peers { permanent_uuid: "be28d0865140436bbed167e823730c2a" member_type: VOTER last_known_addr { host: "127.5.188.3" port: 45105 } }
I20260713 09:04:08.411815  7173 raft_consensus.cc:385] T 3efa793edb794541b7d81d1b4d62697c P 60824f0a6a1349f8a588dd889747b930 [term 0 FOLLOWER]: Consensus starting up: Expiring failure detector timer to make a prompt election more likely
I20260713 09:04:08.412132  7173 raft_consensus.cc:740] T 3efa793edb794541b7d81d1b4d62697c P 60824f0a6a1349f8a588dd889747b930 [term 0 FOLLOWER]: Becoming Follower/Learner. State: Replica: 60824f0a6a1349f8a588dd889747b930, State: Initialized, Role: FOLLOWER
I20260713 09:04:08.411860  7178 raft_consensus.cc:515] T 288a0bdfe4ed4ead836ca64edcb996e2 P 68670324861d429ead0a3e5f11264ab4 [term 1 FOLLOWER]: Starting leader election with config: opid_index: -1 OBSOLETE_local: false peers { permanent_uuid: "60824f0a6a1349f8a588dd889747b930" member_type: VOTER last_known_addr { host: "127.5.188.1" port: 46083 } } peers { permanent_uuid: "68670324861d429ead0a3e5f11264ab4" member_type: VOTER last_known_addr { host: "127.5.188.2" port: 38129 } } peers { permanent_uuid: "be28d0865140436bbed167e823730c2a" member_type: VOTER last_known_addr { host: "127.5.188.3" port: 45105 } }
I20260713 09:04:08.413053  7174 raft_consensus.cc:359] T 4a6a8492c08c4ab3b15a0c254aacdccb P be28d0865140436bbed167e823730c2a [term 0 FOLLOWER]: Replica starting. Triggering 0 pending ops. Active config: opid_index: -1 OBSOLETE_local: false peers { permanent_uuid: "60824f0a6a1349f8a588dd889747b930" member_type: VOTER last_known_addr { host: "127.5.188.1" port: 46083 } } peers { permanent_uuid: "68670324861d429ead0a3e5f11264ab4" member_type: VOTER last_known_addr { host: "127.5.188.2" port: 38129 } } peers { permanent_uuid: "be28d0865140436bbed167e823730c2a" member_type: VOTER last_known_addr { host: "127.5.188.3" port: 45105 } }
