I20260713 09:03:54.425416  6724 raft_consensus.cc:493] T a64475fa4b104175a8b3df671a8079e0 P aa1a7f7656bd4bada6014dcc202748ce [term 0 FOLLOWER]: Starting leader election (no leader contacted us within the election timeout)
I20260713 09:03:54.425691  6724 raft_consensus.cc:3060] T a64475fa4b104175a8b3df671a8079e0 P aa1a7f7656bd4bada6014dcc202748ce [term 0 FOLLOWER]: Advancing to term 1
I20260713 09:03:54.430233  6724 raft_consensus.cc:515] T a64475fa4b104175a8b3df671a8079e0 P aa1a7f7656bd4bada6014dcc202748ce [term 1 FOLLOWER]: Starting leader election with config: opid_index: -1 OBSOLETE_local: false peers { permanent_uuid: "eafb5cc255fd44ffbd441af9a7f02b39" member_type: VOTER last_known_addr { host: "127.5.188.1" port: 46771 } } peers { permanent_uuid: "e14c7f309f71425daaa70cd13062dc65" member_type: VOTER last_known_addr { host: "127.5.188.2" port: 39037 } } peers { permanent_uuid: "aa1a7f7656bd4bada6014dcc202748ce" member_type: VOTER last_known_addr { host: "127.5.188.3" port: 45589 } }
I20260713 09:03:54.431950  6724 leader_election.cc:290] T a64475fa4b104175a8b3df671a8079e0 P aa1a7f7656bd4bada6014dcc202748ce [CANDIDATE]: Term 1 election: Requested vote from peers eafb5cc255fd44ffbd441af9a7f02b39 (127.5.188.1:46771), e14c7f309f71425daaa70cd13062dc65 (127.5.188.2:39037)
I20260713 09:03:54.432821  6491 tablet_service.cc:1917] Received RequestConsensusVote() RPC: tablet_id: "a64475fa4b104175a8b3df671a8079e0" candidate_uuid: "aa1a7f7656bd4bada6014dcc202748ce" candidate_term: 1 candidate_status { last_received { term: 0 index: 0 } } ignore_live_leader: false dest_uuid: "eafb5cc255fd44ffbd441af9a7f02b39"
I20260713 09:03:54.433005  6565 tablet_service.cc:1917] Received RequestConsensusVote() RPC: tablet_id: "a64475fa4b104175a8b3df671a8079e0" candidate_uuid: "aa1a7f7656bd4bada6014dcc202748ce" candidate_term: 1 candidate_status { last_received { term: 0 index: 0 } } ignore_live_leader: false dest_uuid: "e14c7f309f71425daaa70cd13062dc65"
I20260713 09:03:54.433503  6491 raft_consensus.cc:3060] T a64475fa4b104175a8b3df671a8079e0 P eafb5cc255fd44ffbd441af9a7f02b39 [term 0 FOLLOWER]: Advancing to term 1
I20260713 09:03:54.433561  6565 raft_consensus.cc:3060] T a64475fa4b104175a8b3df671a8079e0 P e14c7f309f71425daaa70cd13062dc65 [term 0 FOLLOWER]: Advancing to term 1
I20260713 09:03:54.438803  6565 raft_consensus.cc:2468] T a64475fa4b104175a8b3df671a8079e0 P e14c7f309f71425daaa70cd13062dc65 [term 1 FOLLOWER]: Leader election vote request: Granting yes vote for candidate aa1a7f7656bd4bada6014dcc202748ce in term 1.
I20260713 09:03:54.439713  6491 raft_consensus.cc:2468] T a64475fa4b104175a8b3df671a8079e0 P eafb5cc255fd44ffbd441af9a7f02b39 [term 1 FOLLOWER]: Leader election vote request: Granting yes vote for candidate aa1a7f7656bd4bada6014dcc202748ce in term 1.
I20260713 09:03:54.439795  6604 leader_election.cc:304] T a64475fa4b104175a8b3df671a8079e0 P aa1a7f7656bd4bada6014dcc202748ce [CANDIDATE]: Term 1 election: Election decided. Result: candidate won. Election summary: received 2 responses out of 3 voters: 2 yes votes; 0 no votes. yes voters: aa1a7f7656bd4bada6014dcc202748ce, e14c7f309f71425daaa70cd13062dc65; no voters: 
I20260713 09:03:54.440585  6724 raft_consensus.cc:2804] T a64475fa4b104175a8b3df671a8079e0 P aa1a7f7656bd4bada6014dcc202748ce [term 1 FOLLOWER]: Leader election won for term 1
I20260713 09:03:54.441066  6724 raft_consensus.cc:697] T a64475fa4b104175a8b3df671a8079e0 P aa1a7f7656bd4bada6014dcc202748ce [term 1 LEADER]: Becoming Leader. State: Replica: aa1a7f7656bd4bada6014dcc202748ce, State: Running, Role: LEADER
I20260713 09:03:54.441875  6724 consensus_queue.cc:237] T a64475fa4b104175a8b3df671a8079e0 P aa1a7f7656bd4bada6014dcc202748ce [LEADER]: Queue going to LEADER mode. State: All replicated index: 0, Majority replicated index: 0, Committed index: 0, Last appended: 0.0, Last appended by leader: 0, Current term: 1, Majority size: 2, State: 0, Mode: LEADER, active raft config: opid_index: -1 OBSOLETE_local: false peers { permanent_uuid: "eafb5cc255fd44ffbd441af9a7f02b39" member_type: VOTER last_known_addr { host: "127.5.188.1" port: 46771 } } peers { permanent_uuid: "e14c7f309f71425daaa70cd13062dc65" member_type: VOTER last_known_addr { host: "127.5.188.2" port: 39037 } } peers { permanent_uuid: "aa1a7f7656bd4bada6014dcc202748ce" member_type: VOTER last_known_addr { host: "127.5.188.3" port: 45589 } }
I20260713 09:03:54.449934  6387 catalog_manager.cc:5697] T a64475fa4b104175a8b3df671a8079e0 P aa1a7f7656bd4bada6014dcc202748ce reported cstate change: term changed from 0 to 1, leader changed from <none> to aa1a7f7656bd4bada6014dcc202748ce (127.5.188.3). New cstate: current_term: 1 leader_uuid: "aa1a7f7656bd4bada6014dcc202748ce" committed_config { opid_index: -1 OBSOLETE_local: false peers { permanent_uuid: "eafb5cc255fd44ffbd441af9a7f02b39" member_type: VOTER last_known_addr { host: "127.5.188.1" port: 46771 } health_report { overall_health: UNKNOWN } } peers { permanent_uuid: "e14c7f309f71425daaa70cd13062dc65" member_type: VOTER last_known_addr { host: "127.5.188.2" port: 39037 } health_report { overall_health: UNKNOWN } } peers { permanent_uuid: "aa1a7f7656bd4bada6014dcc202748ce" member_type: VOTER last_known_addr { host: "127.5.188.3" port: 45589 } health_report { overall_health: HEALTHY } } }
I20260713 09:03:54.453639  6565 raft_consensus.cc:3060] T f9377c1642f34eb998d16bcc6f553f8c P e14c7f309f71425daaa70cd13062dc65 [term 0 FOLLOWER]: Advancing to term 1
I20260713 09:03:54.460296  6692 consensus_queue.cc:1048] T f9377c1642f34eb998d16bcc6f553f8c P eafb5cc255fd44ffbd441af9a7f02b39 [LEADER]: Connected to new peer: Peer: permanent_uuid: "e14c7f309f71425daaa70cd13062dc65" member_type: VOTER last_known_addr { host: "127.5.188.2" port: 39037 }, Status: LMP_MISMATCH, Last received: 0.0, Next index: 1, Last known committed idx: 0, Time since last communication: 0.000s
I20260713 09:03:54.465727  6692 consensus_queue.cc:1048] T f9377c1642f34eb998d16bcc6f553f8c P eafb5cc255fd44ffbd441af9a7f02b39 [LEADER]: Connected to new peer: Peer: permanent_uuid: "aa1a7f7656bd4bada6014dcc202748ce" member_type: VOTER last_known_addr { host: "127.5.188.3" port: 45589 }, Status: LMP_MISMATCH, Last received: 0.0, Next index: 1, Last known committed idx: 0, Time since last communication: 0.000s
I20260713 09:03:54.484722  6692 consensus_queue.cc:1048] T c4875dbc346d40d388d2123417740958 P eafb5cc255fd44ffbd441af9a7f02b39 [LEADER]: Connected to new peer: Peer: permanent_uuid: "e14c7f309f71425daaa70cd13062dc65" member_type: VOTER last_known_addr { host: "127.5.188.2" port: 39037 }, Status: LMP_MISMATCH, Last received: 0.0, Next index: 1, Last known committed idx: 0, Time since last communication: 0.000s
I20260713 09:03:54.503269  6727 consensus_queue.cc:1048] T c4875dbc346d40d388d2123417740958 P eafb5cc255fd44ffbd441af9a7f02b39 [LEADER]: Connected to new peer: Peer: permanent_uuid: "aa1a7f7656bd4bada6014dcc202748ce" member_type: VOTER last_known_addr { host: "127.5.188.3" port: 45589 }, Status: LMP_MISMATCH, Last received: 0.0, Next index: 1, Last known committed idx: 0, Time since last communication: 0.001s
I20260713 09:03:54.505666  6727 consensus_queue.cc:1048] T 7f7c5c5cdfd147759cb1aa8b88e67ca6 P eafb5cc255fd44ffbd441af9a7f02b39 [LEADER]: Connected to new peer: Peer: permanent_uuid: "aa1a7f7656bd4bada6014dcc202748ce" member_type: VOTER last_known_addr { host: "127.5.188.3" port: 45589 }, Status: LMP_MISMATCH, Last received: 0.0, Next index: 1, Last known committed idx: 0, Time since last communication: 0.000s
I20260713 09:03:54.521165  6765 consensus_queue.cc:1048] T 7f7c5c5cdfd147759cb1aa8b88e67ca6 P eafb5cc255fd44ffbd441af9a7f02b39 [LEADER]: Connected to new peer: Peer: permanent_uuid: "e14c7f309f71425daaa70cd13062dc65" member_type: VOTER last_known_addr { host: "127.5.188.2" port: 39037 }, Status: LMP_MISMATCH, Last received: 0.0, Next index: 1, Last known committed idx: 0, Time since last communication: 0.001s
I20260713 09:03:54.719095  6641 tablet_service.cc:2072] Received LeaderStepDown RPC: tablet_id: "0cc32efe719a4b1fb487a67246a314ac"
dest_uuid: "aa1a7f7656bd4bada6014dcc202748ce"
mode: GRACEFUL
new_leader_uuid: "eafb5cc255fd44ffbd441af9a7f02b39"
 from {username='slave'} at 127.0.0.1:46432
I20260713 09:03:54.719643  6641 raft_consensus.cc:606] T 0cc32efe719a4b1fb487a67246a314ac P aa1a7f7656bd4bada6014dcc202748ce [term 1 LEADER]: Received request to transfer leadership to TS eafb5cc255fd44ffbd441af9a7f02b39
I20260713 09:03:54.725575  6641 tablet_service.cc:2072] Received LeaderStepDown RPC: tablet_id: "6c821cf92dfe4676bed2fa9f80123528"
dest_uuid: "aa1a7f7656bd4bada6014dcc202748ce"
mode: GRACEFUL
new_leader_uuid: "eafb5cc255fd44ffbd441af9a7f02b39"
 from {username='slave'} at 127.0.0.1:46432
I20260713 09:03:54.726094  6641 raft_consensus.cc:606] T 6c821cf92dfe4676bed2fa9f80123528 P aa1a7f7656bd4bada6014dcc202748ce [term 1 LEADER]: Received request to transfer leadership to TS eafb5cc255fd44ffbd441af9a7f02b39
I20260713 09:03:54.731487  6641 tablet_service.cc:2072] Received LeaderStepDown RPC: tablet_id: "0bca144f00d443a88867508cea1587be"
dest_uuid: "aa1a7f7656bd4bada6014dcc202748ce"
mode: GRACEFUL
new_leader_uuid: "eafb5cc255fd44ffbd441af9a7f02b39"
 from {username='slave'} at 127.0.0.1:46432
I20260713 09:03:54.732029  6641 raft_consensus.cc:606] T 0bca144f00d443a88867508cea1587be P aa1a7f7656bd4bada6014dcc202748ce [term 1 LEADER]: Received request to transfer leadership to TS eafb5cc255fd44ffbd441af9a7f02b39
I20260713 09:03:54.746506  6709 raft_consensus.cc:993] T 6c821cf92dfe4676bed2fa9f80123528 P aa1a7f7656bd4bada6014dcc202748ce: : Instructing follower eafb5cc255fd44ffbd441af9a7f02b39 to start an election
I20260713 09:03:54.747067  6724 raft_consensus.cc:1081] T 6c821cf92dfe4676bed2fa9f80123528 P aa1a7f7656bd4bada6014dcc202748ce [term 1 LEADER]: Signalling peer eafb5cc255fd44ffbd441af9a7f02b39 to start an election
I20260713 09:03:54.748863  6491 tablet_service.cc:2044] Received Run Leader Election RPC: tablet_id: "6c821cf92dfe4676bed2fa9f80123528"
dest_uuid: "eafb5cc255fd44ffbd441af9a7f02b39"
 from {username='slave'} at 127.0.0.1:34484
I20260713 09:03:54.749464  6491 raft_consensus.cc:493] T 6c821cf92dfe4676bed2fa9f80123528 P eafb5cc255fd44ffbd441af9a7f02b39 [term 1 FOLLOWER]: Starting forced leader election (received explicit request)
I20260713 09:03:54.749935  6491 raft_consensus.cc:3060] T 6c821cf92dfe4676bed2fa9f80123528 P eafb5cc255fd44ffbd441af9a7f02b39 [term 1 FOLLOWER]: Advancing to term 2
I20260713 09:03:54.750382  6564 tablet_service.cc:2072] Received LeaderStepDown RPC: tablet_id: "73a149d491bd448d81ae3faf815dba74"
dest_uuid: "e14c7f309f71425daaa70cd13062dc65"
mode: GRACEFUL
new_leader_uuid: "eafb5cc255fd44ffbd441af9a7f02b39"
 from {username='slave'} at 127.0.0.1:48292
I20260713 09:03:54.751151  6564 raft_consensus.cc:606] T 73a149d491bd448d81ae3faf815dba74 P e14c7f309f71425daaa70cd13062dc65 [term 1 LEADER]: Received request to transfer leadership to TS eafb5cc255fd44ffbd441af9a7f02b39
I20260713 09:03:54.757051  6491 raft_consensus.cc:515] T 6c821cf92dfe4676bed2fa9f80123528 P eafb5cc255fd44ffbd441af9a7f02b39 [term 2 FOLLOWER]: Starting forced leader election with config: opid_index: -1 OBSOLETE_local: false peers { permanent_uuid: "eafb5cc255fd44ffbd441af9a7f02b39" member_type: VOTER last_known_addr { host: "127.5.188.1" port: 46771 } } peers { permanent_uuid: "e14c7f309f71425daaa70cd13062dc65" member_type: VOTER last_known_addr { host: "127.5.188.2" port: 39037 } } peers { permanent_uuid: "aa1a7f7656bd4bada6014dcc202748ce" member_type: VOTER last_known_addr { host: "127.5.188.3" port: 45589 } }
I20260713 09:03:54.759932  6491 leader_election.cc:290] T 6c821cf92dfe4676bed2fa9f80123528 P eafb5cc255fd44ffbd441af9a7f02b39 [CANDIDATE]: Term 2 election: Requested vote from peers e14c7f309f71425daaa70cd13062dc65 (127.5.188.2:39037), aa1a7f7656bd4bada6014dcc202748ce (127.5.188.3:45589)
I20260713 09:03:54.760175  6564 tablet_service.cc:1917] Received RequestConsensusVote() RPC: tablet_id: "6c821cf92dfe4676bed2fa9f80123528" candidate_uuid: "eafb5cc255fd44ffbd441af9a7f02b39" candidate_term: 2 candidate_status { last_received { term: 1 index: 1 } } ignore_live_leader: true dest_uuid: "e14c7f309f71425daaa70cd13062dc65"
I20260713 09:03:54.760587  6641 tablet_service.cc:1917] Received RequestConsensusVote() RPC: tablet_id: "6c821cf92dfe4676bed2fa9f80123528" candidate_uuid: "eafb5cc255fd44ffbd441af9a7f02b39" candidate_term: 2 candidate_status { last_received { term: 1 index: 1 } } ignore_live_leader: true dest_uuid: "aa1a7f7656bd4bada6014dcc202748ce"
I20260713 09:03:54.760850  6564 raft_consensus.cc:3060] T 6c821cf92dfe4676bed2fa9f80123528 P e14c7f309f71425daaa70cd13062dc65 [term 1 FOLLOWER]: Advancing to term 2
I20260713 09:03:54.761262  6641 raft_consensus.cc:3055] T 6c821cf92dfe4676bed2fa9f80123528 P aa1a7f7656bd4bada6014dcc202748ce [term 1 LEADER]: Stepping down as leader of term 1
I20260713 09:03:54.761458  6640 tablet_service.cc:2072] Received LeaderStepDown RPC: tablet_id: "2a878f42fda648bfbd76c5026712f381"
dest_uuid: "aa1a7f7656bd4bada6014dcc202748ce"
mode: GRACEFUL
new_leader_uuid: "e14c7f309f71425daaa70cd13062dc65"
 from {username='slave'} at 127.0.0.1:46432
I20260713 09:03:54.761683  6641 raft_consensus.cc:740] T 6c821cf92dfe4676bed2fa9f80123528 P aa1a7f7656bd4bada6014dcc202748ce [term 1 LEADER]: Becoming Follower/Learner. State: Replica: aa1a7f7656bd4bada6014dcc202748ce, State: Running, Role: LEADER
I20260713 09:03:54.762192  6640 raft_consensus.cc:606] T 2a878f42fda648bfbd76c5026712f381 P aa1a7f7656bd4bada6014dcc202748ce [term 1 LEADER]: Received request to transfer leadership to TS e14c7f309f71425daaa70cd13062dc65
I20260713 09:03:54.762676  6641 consensus_queue.cc:260] T 6c821cf92dfe4676bed2fa9f80123528 P aa1a7f7656bd4bada6014dcc202748ce [NON_LEADER]: Queue going to NON_LEADER mode. State: All replicated index: 0, Majority replicated index: 1, Committed index: 1, Last appended: 1.1, Last appended by leader: 1, Current term: 1, Majority size: -1, State: 0, Mode: NON_LEADER, active raft config: opid_index: -1 OBSOLETE_local: false peers { permanent_uuid: "eafb5cc255fd44ffbd441af9a7f02b39" member_type: VOTER last_known_addr { host: "127.5.188.1" port: 46771 } } peers { permanent_uuid: "e14c7f309f71425daaa70cd13062dc65" member_type: VOTER last_known_addr { host: "127.5.188.2" port: 39037 } } peers { permanent_uuid: "aa1a7f7656bd4bada6014dcc202748ce" member_type: VOTER last_known_addr { host: "127.5.188.3" port: 45589 } }
I20260713 09:03:54.764119  6641 raft_consensus.cc:3060] T 6c821cf92dfe4676bed2fa9f80123528 P aa1a7f7656bd4bada6014dcc202748ce [term 1 FOLLOWER]: Advancing to term 2
I20260713 09:03:54.767884  6564 raft_consensus.cc:2468] T 6c821cf92dfe4676bed2fa9f80123528 P e14c7f309f71425daaa70cd13062dc65 [term 2 FOLLOWER]: Leader election vote request: Granting yes vote for candidate eafb5cc255fd44ffbd441af9a7f02b39 in term 2.
I20260713 09:03:54.769240  6455 leader_election.cc:304] T 6c821cf92dfe4676bed2fa9f80123528 P eafb5cc255fd44ffbd441af9a7f02b39 [CANDIDATE]: Term 2 election: Election decided. Result: candidate won. Election summary: received 2 responses out of 3 voters: 2 yes votes; 0 no votes. yes voters: e14c7f309f71425daaa70cd13062dc65, eafb5cc255fd44ffbd441af9a7f02b39; no voters: 
I20260713 09:03:54.770205  6765 raft_consensus.cc:2804] T 6c821cf92dfe4676bed2fa9f80123528 P eafb5cc255fd44ffbd441af9a7f02b39 [term 2 FOLLOWER]: Leader election won for term 2
I20260713 09:03:54.770746  6765 raft_consensus.cc:697] T 6c821cf92dfe4676bed2fa9f80123528 P eafb5cc255fd44ffbd441af9a7f02b39 [term 2 LEADER]: Becoming Leader. State: Replica: eafb5cc255fd44ffbd441af9a7f02b39, State: Running, Role: LEADER
I20260713 09:03:54.771724  6765 consensus_queue.cc:237] T 6c821cf92dfe4676bed2fa9f80123528 P eafb5cc255fd44ffbd441af9a7f02b39 [LEADER]: Queue going to LEADER mode. State: All replicated index: 0, Majority replicated index: 1, Committed index: 1, Last appended: 1.1, Last appended by leader: 1, Current term: 2, Majority size: 2, State: 0, Mode: LEADER, active raft config: opid_index: -1 OBSOLETE_local: false peers { permanent_uuid: "eafb5cc255fd44ffbd441af9a7f02b39" member_type: VOTER last_known_addr { host: "127.5.188.1" port: 46771 } } peers { permanent_uuid: "e14c7f309f71425daaa70cd13062dc65" member_type: VOTER last_known_addr { host: "127.5.188.2" port: 39037 } } peers { permanent_uuid: "aa1a7f7656bd4bada6014dcc202748ce" member_type: VOTER last_known_addr { host: "127.5.188.3" port: 45589 } }
I20260713 09:03:54.773849  6641 raft_consensus.cc:2468] T 6c821cf92dfe4676bed2fa9f80123528 P aa1a7f7656bd4bada6014dcc202748ce [term 2 FOLLOWER]: Leader election vote request: Granting yes vote for candidate eafb5cc255fd44ffbd441af9a7f02b39 in term 2.
I20260713 09:03:54.776247  6709 raft_consensus.cc:993] T 0bca144f00d443a88867508cea1587be P aa1a7f7656bd4bada6014dcc202748ce: : Instructing follower eafb5cc255fd44ffbd441af9a7f02b39 to start an election
I20260713 09:03:54.776795  6724 raft_consensus.cc:1081] T 0bca144f00d443a88867508cea1587be P aa1a7f7656bd4bada6014dcc202748ce [term 1 LEADER]: Signalling peer eafb5cc255fd44ffbd441af9a7f02b39 to start an election
I20260713 09:03:54.778893  6491 tablet_service.cc:2044] Received Run Leader Election RPC: tablet_id: "0bca144f00d443a88867508cea1587be"
dest_uuid: "eafb5cc255fd44ffbd441af9a7f02b39"
 from {username='slave'} at 127.0.0.1:34484
I20260713 09:03:54.779521  6491 raft_consensus.cc:493] T 0bca144f00d443a88867508cea1587be P eafb5cc255fd44ffbd441af9a7f02b39 [term 1 FOLLOWER]: Starting forced leader election (received explicit request)
I20260713 09:03:54.779942  6491 raft_consensus.cc:3060] T 0bca144f00d443a88867508cea1587be P eafb5cc255fd44ffbd441af9a7f02b39 [term 1 FOLLOWER]: Advancing to term 2
I20260713 09:03:54.782711  6492 tablet_service.cc:2072] Received LeaderStepDown RPC: tablet_id: "f9377c1642f34eb998d16bcc6f553f8c"
dest_uuid: "eafb5cc255fd44ffbd441af9a7f02b39"
mode: GRACEFUL
new_leader_uuid: "e14c7f309f71425daaa70cd13062dc65"
 from {username='slave'} at 127.0.0.1:34494
I20260713 09:03:54.782383  6387 catalog_manager.cc:5697] T 6c821cf92dfe4676bed2fa9f80123528 P eafb5cc255fd44ffbd441af9a7f02b39 reported cstate change: term changed from 1 to 2, leader changed from aa1a7f7656bd4bada6014dcc202748ce (127.5.188.3) to eafb5cc255fd44ffbd441af9a7f02b39 (127.5.188.1). New cstate: current_term: 2 leader_uuid: "eafb5cc255fd44ffbd441af9a7f02b39" committed_config { opid_index: -1 OBSOLETE_local: false peers { permanent_uuid: "eafb5cc255fd44ffbd441af9a7f02b39" member_type: VOTER last_known_addr { host: "127.5.188.1" port: 46771 } health_report { overall_health: HEALTHY } } peers { permanent_uuid: "e14c7f309f71425daaa70cd13062dc65" member_type: VOTER last_known_addr { host: "127.5.188.2" port: 39037 } health_report { overall_health: UNKNOWN } } peers { permanent_uuid: "aa1a7f7656bd4bada6014dcc202748ce" member_type: VOTER last_known_addr { host: "127.5.188.3" port: 45589 } health_report { overall_health: UNKNOWN } } }
I20260713 09:03:54.783407  6492 raft_consensus.cc:606] T f9377c1642f34eb998d16bcc6f553f8c P eafb5cc255fd44ffbd441af9a7f02b39 [term 1 LEADER]: Received request to transfer leadership to TS e14c7f309f71425daaa70cd13062dc65
I20260713 09:03:54.787225  6491 raft_consensus.cc:515] T 0bca144f00d443a88867508cea1587be P eafb5cc255fd44ffbd441af9a7f02b39 [term 2 FOLLOWER]: Starting forced leader election with config: opid_index: -1 OBSOLETE_local: false peers { permanent_uuid: "eafb5cc255fd44ffbd441af9a7f02b39" member_type: VOTER last_known_addr { host: "127.5.188.1" port: 46771 } } peers { permanent_uuid: "e14c7f309f71425daaa70cd13062dc65" member_type: VOTER last_known_addr { host: "127.5.188.2" port: 39037 } } peers { permanent_uuid: "aa1a7f7656bd4bada6014dcc202748ce" member_type: VOTER last_known_addr { host: "127.5.188.3" port: 45589 } }
I20260713 09:03:54.790089  6564 tablet_service.cc:1917] Received RequestConsensusVote() RPC: tablet_id: "0bca144f00d443a88867508cea1587be" candidate_uuid: "eafb5cc255fd44ffbd441af9a7f02b39" candidate_term: 2 candidate_status { last_received { term: 1 index: 1 } } ignore_live_leader: true dest_uuid: "e14c7f309f71425daaa70cd13062dc65"
I20260713 09:03:54.790544  6641 tablet_service.cc:1917] Received RequestConsensusVote() RPC: tablet_id: "0bca144f00d443a88867508cea1587be" candidate_uuid: "eafb5cc255fd44ffbd441af9a7f02b39" candidate_term: 2 candidate_status { last_received { term: 1 index: 1 } } ignore_live_leader: true dest_uuid: "aa1a7f7656bd4bada6014dcc202748ce"
I20260713 09:03:54.790802  6564 raft_consensus.cc:3060] T 0bca144f00d443a88867508cea1587be P e14c7f309f71425daaa70cd13062dc65 [term 1 FOLLOWER]: Advancing to term 2
I20260713 09:03:54.791148  6641 raft_consensus.cc:3055] T 0bca144f00d443a88867508cea1587be P aa1a7f7656bd4bada6014dcc202748ce [term 1 LEADER]: Stepping down as leader of term 1
I20260713 09:03:54.790930  6640 tablet_service.cc:2072] Received LeaderStepDown RPC: tablet_id: "a64475fa4b104175a8b3df671a8079e0"
dest_uuid: "aa1a7f7656bd4bada6014dcc202748ce"
mode: GRACEFUL
new_leader_uuid: "e14c7f309f71425daaa70cd13062dc65"
 from {username='slave'} at 127.0.0.1:46432
I20260713 09:03:54.791621  6641 raft_consensus.cc:740] T 0bca144f00d443a88867508cea1587be P aa1a7f7656bd4bada6014dcc202748ce [term 1 LEADER]: Becoming Follower/Learner. State: Replica: aa1a7f7656bd4bada6014dcc202748ce, State: Running, Role: LEADER
I20260713 09:03:54.791848  6640 raft_consensus.cc:606] T a64475fa4b104175a8b3df671a8079e0 P aa1a7f7656bd4bada6014dcc202748ce [term 1 LEADER]: Received request to transfer leadership to TS e14c7f309f71425daaa70cd13062dc65
I20260713 09:03:54.792565  6641 consensus_queue.cc:260] T 0bca144f00d443a88867508cea1587be P aa1a7f7656bd4bada6014dcc202748ce [NON_LEADER]: Queue going to NON_LEADER mode. State: All replicated index: 0, Majority replicated index: 1, Committed index: 1, Last appended: 1.1, Last appended by leader: 1, Current term: 1, Majority size: -1, State: 0, Mode: NON_LEADER, active raft config: opid_index: -1 OBSOLETE_local: false peers { permanent_uuid: "eafb5cc255fd44ffbd441af9a7f02b39" member_type: VOTER last_known_addr { host: "127.5.188.1" port: 46771 } } peers { permanent_uuid: "e14c7f309f71425daaa70cd13062dc65" member_type: VOTER last_known_addr { host: "127.5.188.2" port: 39037 } } peers { permanent_uuid: "aa1a7f7656bd4bada6014dcc202748ce" member_type: VOTER last_known_addr { host: "127.5.188.3" port: 45589 } }
I20260713 09:03:54.793779  6641 raft_consensus.cc:3060] T 0bca144f00d443a88867508cea1587be P aa1a7f7656bd4bada6014dcc202748ce [term 1 FOLLOWER]: Advancing to term 2
I20260713 09:03:54.798528  6564 raft_consensus.cc:2468] T 0bca144f00d443a88867508cea1587be P e14c7f309f71425daaa70cd13062dc65 [term 2 FOLLOWER]: Leader election vote request: Granting yes vote for candidate eafb5cc255fd44ffbd441af9a7f02b39 in term 2.
I20260713 09:03:54.799423  6492 tablet_service.cc:2072] Received LeaderStepDown RPC: tablet_id: "c4875dbc346d40d388d2123417740958"
dest_uuid: "eafb5cc255fd44ffbd441af9a7f02b39"
mode: GRACEFUL
new_leader_uuid: "aa1a7f7656bd4bada6014dcc202748ce"
 from {username='slave'} at 127.0.0.1:34494
I20260713 09:03:54.800086  6492 raft_consensus.cc:606] T c4875dbc346d40d388d2123417740958 P eafb5cc255fd44ffbd441af9a7f02b39 [term 1 LEADER]: Received request to transfer leadership to TS aa1a7f7656bd4bada6014dcc202748ce
I20260713 09:03:54.799974  6455 leader_election.cc:304] T 0bca144f00d443a88867508cea1587be P eafb5cc255fd44ffbd441af9a7f02b39 [CANDIDATE]: Term 2 election: Election decided. Result: candidate won. Election summary: received 2 responses out of 3 voters: 2 yes votes; 0 no votes. yes voters: e14c7f309f71425daaa70cd13062dc65, eafb5cc255fd44ffbd441af9a7f02b39; no voters: 
I20260713 09:03:54.801179  6641 raft_consensus.cc:2468] T 0bca144f00d443a88867508cea1587be P aa1a7f7656bd4bada6014dcc202748ce [term 2 FOLLOWER]: Leader election vote request: Granting yes vote for candidate eafb5cc255fd44ffbd441af9a7f02b39 in term 2.
I20260713 09:03:54.801079  6765 raft_consensus.cc:2804] T 0bca144f00d443a88867508cea1587be P eafb5cc255fd44ffbd441af9a7f02b39 [term 2 FOLLOWER]: Leader election won for term 2
I20260713 09:03:54.802197  6765 raft_consensus.cc:697] T 0bca144f00d443a88867508cea1587be P eafb5cc255fd44ffbd441af9a7f02b39 [term 2 LEADER]: Becoming Leader. State: Replica: eafb5cc255fd44ffbd441af9a7f02b39, State: Running, Role: LEADER
I20260713 09:03:54.803138  6765 consensus_queue.cc:237] T 0bca144f00d443a88867508cea1587be P eafb5cc255fd44ffbd441af9a7f02b39 [LEADER]: Queue going to LEADER mode. State: All replicated index: 0, Majority replicated index: 1, Committed index: 1, Last appended: 1.1, Last appended by leader: 1, Current term: 2, Majority size: 2, State: 0, Mode: LEADER, active raft config: opid_index: -1 OBSOLETE_local: false peers { permanent_uuid: "eafb5cc255fd44ffbd441af9a7f02b39" member_type: VOTER last_known_addr { host: "127.5.188.1" port: 46771 } } peers { permanent_uuid: "e14c7f309f71425daaa70cd13062dc65" member_type: VOTER last_known_addr { host: "127.5.188.2" port: 39037 } } peers { permanent_uuid: "aa1a7f7656bd4bada6014dcc202748ce" member_type: VOTER last_known_addr { host: "127.5.188.3" port: 45589 } }
I20260713 09:03:54.805555  6491 leader_election.cc:290] T 0bca144f00d443a88867508cea1587be P eafb5cc255fd44ffbd441af9a7f02b39 [CANDIDATE]: Term 2 election: Requested vote from peers e14c7f309f71425daaa70cd13062dc65 (127.5.188.2:39037), aa1a7f7656bd4bada6014dcc202748ce (127.5.188.3:45589)
I20260713 09:03:54.811138  6387 catalog_manager.cc:5697] T 0bca144f00d443a88867508cea1587be P eafb5cc255fd44ffbd441af9a7f02b39 reported cstate change: term changed from 1 to 2, leader changed from aa1a7f7656bd4bada6014dcc202748ce (127.5.188.3) to eafb5cc255fd44ffbd441af9a7f02b39 (127.5.188.1). New cstate: current_term: 2 leader_uuid: "eafb5cc255fd44ffbd441af9a7f02b39" committed_config { opid_index: -1 OBSOLETE_local: false peers { permanent_uuid: "eafb5cc255fd44ffbd441af9a7f02b39" member_type: VOTER last_known_addr { host: "127.5.188.1" port: 46771 } health_report { overall_health: HEALTHY } } peers { permanent_uuid: "e14c7f309f71425daaa70cd13062dc65" member_type: VOTER last_known_addr { host: "127.5.188.2" port: 39037 } health_report { overall_health: UNKNOWN } } peers { permanent_uuid: "aa1a7f7656bd4bada6014dcc202748ce" member_type: VOTER last_known_addr { host: "127.5.188.3" port: 45589 } health_report { overall_health: UNKNOWN } } }
I20260713 09:03:54.867733  6709 raft_consensus.cc:993] T 2a878f42fda648bfbd76c5026712f381 P aa1a7f7656bd4bada6014dcc202748ce: : Instructing follower e14c7f309f71425daaa70cd13062dc65 to start an election
I20260713 09:03:54.868321  6693 raft_consensus.cc:1081] T 2a878f42fda648bfbd76c5026712f381 P aa1a7f7656bd4bada6014dcc202748ce [term 1 LEADER]: Signalling peer e14c7f309f71425daaa70cd13062dc65 to start an election
I20260713 09:03:54.870085  6564 tablet_service.cc:2044] Received Run Leader Election RPC: tablet_id: "2a878f42fda648bfbd76c5026712f381"
dest_uuid: "e14c7f309f71425daaa70cd13062dc65"
 from {username='slave'} at 127.0.0.1:48284
I20260713 09:03:54.870682  6564 raft_consensus.cc:493] T 2a878f42fda648bfbd76c5026712f381 P e14c7f309f71425daaa70cd13062dc65 [term 1 FOLLOWER]: Starting forced leader election (received explicit request)
I20260713 09:03:54.871117  6564 raft_consensus.cc:3060] T 2a878f42fda648bfbd76c5026712f381 P e14c7f309f71425daaa70cd13062dc65 [term 1 FOLLOWER]: Advancing to term 2
I20260713 09:03:54.877597  6564 raft_consensus.cc:515] T 2a878f42fda648bfbd76c5026712f381 P e14c7f309f71425daaa70cd13062dc65 [term 2 FOLLOWER]: Starting forced leader election with config: opid_index: -1 OBSOLETE_local: false peers { permanent_uuid: "eafb5cc255fd44ffbd441af9a7f02b39" member_type: VOTER last_known_addr { host: "127.5.188.1" port: 46771 } } peers { permanent_uuid: "e14c7f309f71425daaa70cd13062dc65" member_type: VOTER last_known_addr { host: "127.5.188.2" port: 39037 } } peers { permanent_uuid: "aa1a7f7656bd4bada6014dcc202748ce" member_type: VOTER last_known_addr { host: "127.5.188.3" port: 45589 } }
I20260713 09:03:54.879729  6564 leader_election.cc:290] T 2a878f42fda648bfbd76c5026712f381 P e14c7f309f71425daaa70cd13062dc65 [CANDIDATE]: Term 2 election: Requested vote from peers eafb5cc255fd44ffbd441af9a7f02b39 (127.5.188.1:46771), aa1a7f7656bd4bada6014dcc202748ce (127.5.188.3:45589)
I20260713 09:03:54.880856  6491 tablet_service.cc:1917] Received RequestConsensusVote() RPC: tablet_id: "2a878f42fda648bfbd76c5026712f381" candidate_uuid: "e14c7f309f71425daaa70cd13062dc65" candidate_term: 2 candidate_status { last_received { term: 1 index: 1 } } ignore_live_leader: true dest_uuid: "eafb5cc255fd44ffbd441af9a7f02b39"
I20260713 09:03:54.880977  6641 tablet_service.cc:1917] Received RequestConsensusVote() RPC: tablet_id: "2a878f42fda648bfbd76c5026712f381" candidate_uuid: "e14c7f309f71425daaa70cd13062dc65" candidate_term: 2 candidate_status { last_received { term: 1 index: 1 } } ignore_live_leader: true dest_uuid: "aa1a7f7656bd4bada6014dcc202748ce"
I20260713 09:03:54.881577  6491 raft_consensus.cc:3060] T 2a878f42fda648bfbd76c5026712f381 P eafb5cc255fd44ffbd441af9a7f02b39 [term 1 FOLLOWER]: Advancing to term 2
I20260713 09:03:54.881690  6641 raft_consensus.cc:3055] T 2a878f42fda648bfbd76c5026712f381 P aa1a7f7656bd4bada6014dcc202748ce [term 1 LEADER]: Stepping down as leader of term 1
I20260713 09:03:54.882118  6641 raft_consensus.cc:740] T 2a878f42fda648bfbd76c5026712f381 P aa1a7f7656bd4bada6014dcc202748ce [term 1 LEADER]: Becoming Follower/Learner. State: Replica: aa1a7f7656bd4bada6014dcc202748ce, State: Running, Role: LEADER
I20260713 09:03:54.882823  6641 consensus_queue.cc:260] T 2a878f42fda648bfbd76c5026712f381 P aa1a7f7656bd4bada6014dcc202748ce [NON_LEADER]: Queue going to NON_LEADER mode. State: All replicated index: 0, Majority replicated index: 1, Committed index: 1, Last appended: 1.1, Last appended by leader: 1, Current term: 1, Majority size: -1, State: 0, Mode: NON_LEADER, active raft config: opid_index: -1 OBSOLETE_local: false peers { permanent_uuid: "eafb5cc255fd44ffbd441af9a7f02b39" member_type: VOTER last_known_addr { host: "127.5.188.1" port: 46771 } } peers { permanent_uuid: "e14c7f309f71425daaa70cd13062dc65" member_type: VOTER last_known_addr { host: "127.5.188.2" port: 39037 } } peers { permanent_uuid: "aa1a7f7656bd4bada6014dcc202748ce" member_type: VOTER last_known_addr { host: "127.5.188.3" port: 45589 } }
I20260713 09:03:54.883721  6641 raft_consensus.cc:3060] T 2a878f42fda648bfbd76c5026712f381 P aa1a7f7656bd4bada6014dcc202748ce [term 1 FOLLOWER]: Advancing to term 2
I20260713 09:03:54.887735  6491 raft_consensus.cc:2468] T 2a878f42fda648bfbd76c5026712f381 P eafb5cc255fd44ffbd441af9a7f02b39 [term 2 FOLLOWER]: Leader election vote request: Granting yes vote for candidate e14c7f309f71425daaa70cd13062dc65 in term 2.
I20260713 09:03:54.888497  6641 raft_consensus.cc:2468] T 2a878f42fda648bfbd76c5026712f381 P aa1a7f7656bd4bada6014dcc202748ce [term 2 FOLLOWER]: Leader election vote request: Granting yes vote for candidate e14c7f309f71425daaa70cd13062dc65 in term 2.
I20260713 09:03:54.889089  6530 leader_election.cc:304] T 2a878f42fda648bfbd76c5026712f381 P e14c7f309f71425daaa70cd13062dc65 [CANDIDATE]: Term 2 election: Election decided. Result: candidate won. Election summary: received 2 responses out of 3 voters: 2 yes votes; 0 no votes. yes voters: e14c7f309f71425daaa70cd13062dc65, eafb5cc255fd44ffbd441af9a7f02b39; no voters: 
I20260713 09:03:54.890030  6713 raft_consensus.cc:2804] T 2a878f42fda648bfbd76c5026712f381 P e14c7f309f71425daaa70cd13062dc65 [term 2 FOLLOWER]: Leader election won for term 2
I20260713 09:03:54.890623  6713 raft_consensus.cc:697] T 2a878f42fda648bfbd76c5026712f381 P e14c7f309f71425daaa70cd13062dc65 [term 2 LEADER]: Becoming Leader. State: Replica: e14c7f309f71425daaa70cd13062dc65, State: Running, Role: LEADER
I20260713 09:03:54.891361  6713 consensus_queue.cc:237] T 2a878f42fda648bfbd76c5026712f381 P e14c7f309f71425daaa70cd13062dc65 [LEADER]: Queue going to LEADER mode. State: All replicated index: 0, Majority replicated index: 1, Committed index: 1, Last appended: 1.1, Last appended by leader: 1, Current term: 2, Majority size: 2, State: 0, Mode: LEADER, active raft config: opid_index: -1 OBSOLETE_local: false peers { permanent_uuid: "eafb5cc255fd44ffbd441af9a7f02b39" member_type: VOTER last_known_addr { host: "127.5.188.1" port: 46771 } } peers { permanent_uuid: "e14c7f309f71425daaa70cd13062dc65" member_type: VOTER last_known_addr { host: "127.5.188.2" port: 39037 } } peers { permanent_uuid: "aa1a7f7656bd4bada6014dcc202748ce" member_type: VOTER last_known_addr { host: "127.5.188.3" port: 45589 } }
I20260713 09:03:54.897718  6387 catalog_manager.cc:5697] T 2a878f42fda648bfbd76c5026712f381 P e14c7f309f71425daaa70cd13062dc65 reported cstate change: term changed from 1 to 2, leader changed from aa1a7f7656bd4bada6014dcc202748ce (127.5.188.3) to e14c7f309f71425daaa70cd13062dc65 (127.5.188.2). New cstate: current_term: 2 leader_uuid: "e14c7f309f71425daaa70cd13062dc65" committed_config { opid_index: -1 OBSOLETE_local: false peers { permanent_uuid: "eafb5cc255fd44ffbd441af9a7f02b39" member_type: VOTER last_known_addr { host: "127.5.188.1" port: 46771 } health_report { overall_health: UNKNOWN } } peers { permanent_uuid: "e14c7f309f71425daaa70cd13062dc65" member_type: VOTER last_known_addr { host: "127.5.188.2" port: 39037 } health_report { overall_health: HEALTHY } } peers { permanent_uuid: "aa1a7f7656bd4bada6014dcc202748ce" member_type: VOTER last_known_addr { host: "127.5.188.3" port: 45589 } health_report { overall_health: UNKNOWN } } }
I20260713 09:03:54.903692  6693 consensus_queue.cc:1048] T a64475fa4b104175a8b3df671a8079e0 P aa1a7f7656bd4bada6014dcc202748ce [LEADER]: Connected to new peer: Peer: permanent_uuid: "e14c7f309f71425daaa70cd13062dc65" member_type: VOTER last_known_addr { host: "127.5.188.2" port: 39037 }, Status: LMP_MISMATCH, Last received: 0.0, Next index: 1, Last known committed idx: 0, Time since last communication: 0.000s
I20260713 09:03:54.905993  6693 raft_consensus.cc:993] T 0cc32efe719a4b1fb487a67246a314ac P aa1a7f7656bd4bada6014dcc202748ce: : Instructing follower eafb5cc255fd44ffbd441af9a7f02b39 to start an election
I20260713 09:03:54.906461  6693 raft_consensus.cc:1081] T 0cc32efe719a4b1fb487a67246a314ac P aa1a7f7656bd4bada6014dcc202748ce [term 1 LEADER]: Signalling peer eafb5cc255fd44ffbd441af9a7f02b39 to start an election
I20260713 09:03:54.908293  6491 tablet_service.cc:2044] Received Run Leader Election RPC: tablet_id: "0cc32efe719a4b1fb487a67246a314ac"
dest_uuid: "eafb5cc255fd44ffbd441af9a7f02b39"
 from {username='slave'} at 127.0.0.1:34484
I20260713 09:03:54.909282  6491 raft_consensus.cc:493] T 0cc32efe719a4b1fb487a67246a314ac P eafb5cc255fd44ffbd441af9a7f02b39 [term 1 FOLLOWER]: Starting forced leader election (received explicit request)
I20260713 09:03:54.909915  6491 raft_consensus.cc:3060] T 0cc32efe719a4b1fb487a67246a314ac P eafb5cc255fd44ffbd441af9a7f02b39 [term 1 FOLLOWER]: Advancing to term 2
I20260713 09:03:54.913407  6724 raft_consensus.cc:993] T a64475fa4b104175a8b3df671a8079e0 P aa1a7f7656bd4bada6014dcc202748ce: : Instructing follower e14c7f309f71425daaa70cd13062dc65 to start an election
I20260713 09:03:54.913893  6724 raft_consensus.cc:1081] T a64475fa4b104175a8b3df671a8079e0 P aa1a7f7656bd4bada6014dcc202748ce [term 1 LEADER]: Signalling peer e14c7f309f71425daaa70cd13062dc65 to start an election
I20260713 09:03:54.916548  6565 tablet_service.cc:2044] Received Run Leader Election RPC: tablet_id: "a64475fa4b104175a8b3df671a8079e0"
dest_uuid: "e14c7f309f71425daaa70cd13062dc65"
 from {username='slave'} at 127.0.0.1:48284
I20260713 09:03:54.917248  6565 raft_consensus.cc:493] T a64475fa4b104175a8b3df671a8079e0 P e14c7f309f71425daaa70cd13062dc65 [term 1 FOLLOWER]: Starting forced leader election (received explicit request)
I20260713 09:03:54.917673  6565 raft_consensus.cc:3060] T a64475fa4b104175a8b3df671a8079e0 P e14c7f309f71425daaa70cd13062dc65 [term 1 FOLLOWER]: Advancing to term 2
I20260713 09:03:54.919602  6491 raft_consensus.cc:515] T 0cc32efe719a4b1fb487a67246a314ac P eafb5cc255fd44ffbd441af9a7f02b39 [term 2 FOLLOWER]: Starting forced leader election with config: opid_index: -1 OBSOLETE_local: false peers { permanent_uuid: "eafb5cc255fd44ffbd441af9a7f02b39" member_type: VOTER last_known_addr { host: "127.5.188.1" port: 46771 } } peers { permanent_uuid: "e14c7f309f71425daaa70cd13062dc65" member_type: VOTER last_known_addr { host: "127.5.188.2" port: 39037 } } peers { permanent_uuid: "aa1a7f7656bd4bada6014dcc202748ce" member_type: VOTER last_known_addr { host: "127.5.188.3" port: 45589 } }
I20260713 09:03:54.920588  6693 consensus_queue.cc:1048] T a64475fa4b104175a8b3df671a8079e0 P aa1a7f7656bd4bada6014dcc202748ce [LEADER]: Connected to new peer: Peer: permanent_uuid: "eafb5cc255fd44ffbd441af9a7f02b39" member_type: VOTER last_known_addr { host: "127.5.188.1" port: 46771 }, Status: LMP_MISMATCH, Last received: 0.0, Next index: 1, Last known committed idx: 0, Time since last communication: 0.000s
I20260713 09:03:54.922624  6491 leader_election.cc:290] T 0cc32efe719a4b1fb487a67246a314ac P eafb5cc255fd44ffbd441af9a7f02b39 [CANDIDATE]: Term 2 election: Requested vote from peers e14c7f309f71425daaa70cd13062dc65 (127.5.188.2:39037), aa1a7f7656bd4bada6014dcc202748ce (127.5.188.3:45589)
I20260713 09:03:54.922493  6567 tablet_service.cc:1917] Received RequestConsensusVote() RPC: tablet_id: "0cc32efe719a4b1fb487a67246a314ac" candidate_uuid: "eafb5cc255fd44ffbd441af9a7f02b39" candidate_term: 2 candidate_status { last_received { term: 1 index: 1 } } ignore_live_leader: true dest_uuid: "e14c7f309f71425daaa70cd13062dc65"
I20260713 09:03:54.923689  6567 raft_consensus.cc:3060] T 0cc32efe719a4b1fb487a67246a314ac P e14c7f309f71425daaa70cd13062dc65 [term 1 FOLLOWER]: Advancing to term 2
I20260713 09:03:54.924015  6641 tablet_service.cc:1917] Received RequestConsensusVote() RPC: tablet_id: "0cc32efe719a4b1fb487a67246a314ac" candidate_uuid: "eafb5cc255fd44ffbd441af9a7f02b39" candidate_term: 2 candidate_status { last_received { term: 1 index: 1 } } ignore_live_leader: true dest_uuid: "aa1a7f7656bd4bada6014dcc202748ce"
I20260713 09:03:54.924685  6641 raft_consensus.cc:3055] T 0cc32efe719a4b1fb487a67246a314ac P aa1a7f7656bd4bada6014dcc202748ce [term 1 LEADER]: Stepping down as leader of term 1
I20260713 09:03:54.925006  6641 raft_consensus.cc:740] T 0cc32efe719a4b1fb487a67246a314ac P aa1a7f7656bd4bada6014dcc202748ce [term 1 LEADER]: Becoming Follower/Learner. State: Replica: aa1a7f7656bd4bada6014dcc202748ce, State: Running, Role: LEADER
I20260713 09:03:54.925777  6641 consensus_queue.cc:260] T 0cc32efe719a4b1fb487a67246a314ac P aa1a7f7656bd4bada6014dcc202748ce [NON_LEADER]: Queue going to NON_LEADER mode. State: All replicated index: 0, Majority replicated index: 1, Committed index: 1, Last appended: 1.1, Last appended by leader: 1, Current term: 1, Majority size: -1, State: 0, Mode: NON_LEADER, active raft config: opid_index: -1 OBSOLETE_local: false peers { permanent_uuid: "eafb5cc255fd44ffbd441af9a7f02b39" member_type: VOTER last_known_addr { host: "127.5.188.1" port: 46771 } } peers { permanent_uuid: "e14c7f309f71425daaa70cd13062dc65" member_type: VOTER last_known_addr { host: "127.5.188.2" port: 39037 } } peers { permanent_uuid: "aa1a7f7656bd4bada6014dcc202748ce" member_type: VOTER last_known_addr { host: "127.5.188.3" port: 45589 } }
I20260713 09:03:54.926138  6565 raft_consensus.cc:515] T a64475fa4b104175a8b3df671a8079e0 P e14c7f309f71425daaa70cd13062dc65 [term 2 FOLLOWER]: Starting forced leader election with config: opid_index: -1 OBSOLETE_local: false peers { permanent_uuid: "eafb5cc255fd44ffbd441af9a7f02b39" member_type: VOTER last_known_addr { host: "127.5.188.1" port: 46771 } } peers { permanent_uuid: "e14c7f309f71425daaa70cd13062dc65" member_type: VOTER last_known_addr { host: "127.5.188.2" port: 39037 } } peers { permanent_uuid: "aa1a7f7656bd4bada6014dcc202748ce" member_type: VOTER last_known_addr { host: "127.5.188.3" port: 45589 } }
I20260713 09:03:54.927520  6641 raft_consensus.cc:3060] T 0cc32efe719a4b1fb487a67246a314ac P aa1a7f7656bd4bada6014dcc202748ce [term 1 FOLLOWER]: Advancing to term 2
I20260713 09:03:54.927580  6564 raft_consensus.cc:1240] T a64475fa4b104175a8b3df671a8079e0 P e14c7f309f71425daaa70cd13062dc65 [term 2 FOLLOWER]: Rejecting Update request from peer aa1a7f7656bd4bada6014dcc202748ce for earlier term 1. Current term is 2. Ops: []
I20260713 09:03:54.933259  6693 consensus_queue.cc:1059] T a64475fa4b104175a8b3df671a8079e0 P aa1a7f7656bd4bada6014dcc202748ce [LEADER]: Peer responded invalid term: Peer: permanent_uuid: "e14c7f309f71425daaa70cd13062dc65" member_type: VOTER last_known_addr { host: "127.5.188.2" port: 39037 }, Status: INVALID_TERM, Last received: 1.1, Next index: 2, Last known committed idx: 0, Time since last communication: 0.000s
I20260713 09:03:54.934437  6693 raft_consensus.cc:3055] T a64475fa4b104175a8b3df671a8079e0 P aa1a7f7656bd4bada6014dcc202748ce [term 1 LEADER]: Stepping down as leader of term 1
I20260713 09:03:54.934827  6693 raft_consensus.cc:740] T a64475fa4b104175a8b3df671a8079e0 P aa1a7f7656bd4bada6014dcc202748ce [term 1 LEADER]: Becoming Follower/Learner. State: Replica: aa1a7f7656bd4bada6014dcc202748ce, State: Running, Role: LEADER
I20260713 09:03:54.935751  6693 consensus_queue.cc:260] T a64475fa4b104175a8b3df671a8079e0 P aa1a7f7656bd4bada6014dcc202748ce [NON_LEADER]: Queue going to NON_LEADER mode. State: All replicated index: 0, Majority replicated index: 1, Committed index: 1, Last appended: 1.1, Last appended by leader: 1, Current term: 1, Majority size: -1, State: 0, Mode: NON_LEADER, active raft config: opid_index: -1 OBSOLETE_local: false peers { permanent_uuid: "eafb5cc255fd44ffbd441af9a7f02b39" member_type: VOTER last_known_addr { host: "127.5.188.1" port: 46771 } } peers { permanent_uuid: "e14c7f309f71425daaa70cd13062dc65" member_type: VOTER last_known_addr { host: "127.5.188.2" port: 39037 } } peers { permanent_uuid: "aa1a7f7656bd4bada6014dcc202748ce" member_type: VOTER last_known_addr { host: "127.5.188.3" port: 45589 } }
I20260713 09:03:54.936796  6693 raft_consensus.cc:3060] T a64475fa4b104175a8b3df671a8079e0 P aa1a7f7656bd4bada6014dcc202748ce [term 1 FOLLOWER]: Advancing to term 2
I20260713 09:03:54.939735  6567 raft_consensus.cc:2468] T 0cc32efe719a4b1fb487a67246a314ac P e14c7f309f71425daaa70cd13062dc65 [term 2 FOLLOWER]: Leader election vote request: Granting yes vote for candidate eafb5cc255fd44ffbd441af9a7f02b39 in term 2.
I20260713 09:03:54.941425  6455 leader_election.cc:304] T 0cc32efe719a4b1fb487a67246a314ac P eafb5cc255fd44ffbd441af9a7f02b39 [CANDIDATE]: Term 2 election: Election decided. Result: candidate won. Election summary: received 2 responses out of 3 voters: 2 yes votes; 0 no votes. yes voters: e14c7f309f71425daaa70cd13062dc65, eafb5cc255fd44ffbd441af9a7f02b39; no voters: 
I20260713 09:03:54.942375  6765 raft_consensus.cc:2804] T 0cc32efe719a4b1fb487a67246a314ac P eafb5cc255fd44ffbd441af9a7f02b39 [term 2 FOLLOWER]: Leader election won for term 2
I20260713 09:03:54.942881  6765 raft_consensus.cc:697] T 0cc32efe719a4b1fb487a67246a314ac P eafb5cc255fd44ffbd441af9a7f02b39 [term 2 LEADER]: Becoming Leader. State: Replica: eafb5cc255fd44ffbd441af9a7f02b39, State: Running, Role: LEADER
I20260713 09:03:54.943660  6765 consensus_queue.cc:237] T 0cc32efe719a4b1fb487a67246a314ac P eafb5cc255fd44ffbd441af9a7f02b39 [LEADER]: Queue going to LEADER mode. State: All replicated index: 0, Majority replicated index: 1, Committed index: 1, Last appended: 1.1, Last appended by leader: 1, Current term: 2, Majority size: 2, State: 0, Mode: LEADER, active raft config: opid_index: -1 OBSOLETE_local: false peers { permanent_uuid: "eafb5cc255fd44ffbd441af9a7f02b39" member_type: VOTER last_known_addr { host: "127.5.188.1" port: 46771 } } peers { permanent_uuid: "e14c7f309f71425daaa70cd13062dc65" member_type: VOTER last_known_addr { host: "127.5.188.2" port: 39037 } } peers { permanent_uuid: "aa1a7f7656bd4bada6014dcc202748ce" member_type: VOTER last_known_addr { host: "127.5.188.3" port: 45589 } }
I20260713 09:03:54.947512  6565 leader_election.cc:290] T a64475fa4b104175a8b3df671a8079e0 P e14c7f309f71425daaa70cd13062dc65 [CANDIDATE]: Term 2 election: Requested vote from peers eafb5cc255fd44ffbd441af9a7f02b39 (127.5.188.1:46771), aa1a7f7656bd4bada6014dcc202748ce (127.5.188.3:45589)
I20260713 09:03:54.948108  6641 raft_consensus.cc:2468] T 0cc32efe719a4b1fb487a67246a314ac P aa1a7f7656bd4bada6014dcc202748ce [term 2 FOLLOWER]: Leader election vote request: Granting yes vote for candidate eafb5cc255fd44ffbd441af9a7f02b39 in term 2.
I20260713 09:03:54.951174  6492 tablet_service.cc:1917] Received RequestConsensusVote() RPC: tablet_id: "a64475fa4b104175a8b3df671a8079e0" candidate_uuid: "e14c7f309f71425daaa70cd13062dc65" candidate_term: 2 candidate_status { last_received { term: 1 index: 1 } } ignore_live_leader: true dest_uuid: "eafb5cc255fd44ffbd441af9a7f02b39"
I20260713 09:03:54.951882  6492 raft_consensus.cc:3060] T a64475fa4b104175a8b3df671a8079e0 P eafb5cc255fd44ffbd441af9a7f02b39 [term 1 FOLLOWER]: Advancing to term 2
I20260713 09:03:54.951225  6641 tablet_service.cc:1917] Received RequestConsensusVote() RPC: tablet_id: "a64475fa4b104175a8b3df671a8079e0" candidate_uuid: "e14c7f309f71425daaa70cd13062dc65" candidate_term: 2 candidate_status { last_received { term: 1 index: 1 } } ignore_live_leader: true dest_uuid: "aa1a7f7656bd4bada6014dcc202748ce"
I20260713 09:03:54.955977  6713 raft_consensus.cc:993] T 73a149d491bd448d81ae3faf815dba74 P e14c7f309f71425daaa70cd13062dc65: : Instructing follower eafb5cc255fd44ffbd441af9a7f02b39 to start an election
I20260713 09:03:54.956542  6685 raft_consensus.cc:1081] T 73a149d491bd448d81ae3faf815dba74 P e14c7f309f71425daaa70cd13062dc65 [term 1 LEADER]: Signalling peer eafb5cc255fd44ffbd441af9a7f02b39 to start an election
I20260713 09:03:54.959733  6492 raft_consensus.cc:2468] T a64475fa4b104175a8b3df671a8079e0 P eafb5cc255fd44ffbd441af9a7f02b39 [term 2 FOLLOWER]: Leader election vote request: Granting yes vote for candidate e14c7f309f71425daaa70cd13062dc65 in term 2.
I20260713 09:03:54.961180  6641 raft_consensus.cc:2468] T a64475fa4b104175a8b3df671a8079e0 P aa1a7f7656bd4bada6014dcc202748ce [term 2 FOLLOWER]: Leader election vote request: Granting yes vote for candidate e14c7f309f71425daaa70cd13062dc65 in term 2.
I20260713 09:03:54.962709  6531 leader_election.cc:304] T a64475fa4b104175a8b3df671a8079e0 P e14c7f309f71425daaa70cd13062dc65 [CANDIDATE]: Term 2 election: Election decided. Result: candidate won. Election summary: received 2 responses out of 3 voters: 2 yes votes; 0 no votes. yes voters: aa1a7f7656bd4bada6014dcc202748ce, e14c7f309f71425daaa70cd13062dc65; no voters: 
I20260713 09:03:54.963323  6491 tablet_service.cc:2044] Received Run Leader Election RPC: tablet_id: "73a149d491bd448d81ae3faf815dba74"
dest_uuid: "eafb5cc255fd44ffbd441af9a7f02b39"
 from {username='slave'} at 127.0.0.1:34478
I20260713 09:03:54.963832  6713 raft_consensus.cc:2804] T a64475fa4b104175a8b3df671a8079e0 P e14c7f309f71425daaa70cd13062dc65 [term 2 FOLLOWER]: Leader election won for term 2
I20260713 09:03:54.963943  6491 raft_consensus.cc:493] T 73a149d491bd448d81ae3faf815dba74 P eafb5cc255fd44ffbd441af9a7f02b39 [term 1 FOLLOWER]: Starting forced leader election (received explicit request)
I20260713 09:03:54.964475  6491 raft_consensus.cc:3060] T 73a149d491bd448d81ae3faf815dba74 P eafb5cc255fd44ffbd441af9a7f02b39 [term 1 FOLLOWER]: Advancing to term 2
I20260713 09:03:54.964465  6713 raft_consensus.cc:697] T a64475fa4b104175a8b3df671a8079e0 P e14c7f309f71425daaa70cd13062dc65 [term 2 LEADER]: Becoming Leader. State: Replica: e14c7f309f71425daaa70cd13062dc65, State: Running, Role: LEADER
I20260713 09:03:54.965564  6713 consensus_queue.cc:237] T a64475fa4b104175a8b3df671a8079e0 P e14c7f309f71425daaa70cd13062dc65 [LEADER]: Queue going to LEADER mode. State: All replicated index: 0, Majority replicated index: 0, Committed index: 0, Last appended: 1.1, Last appended by leader: 1, Current term: 2, Majority size: 2, State: 0, Mode: LEADER, active raft config: opid_index: -1 OBSOLETE_local: false peers { permanent_uuid: "eafb5cc255fd44ffbd441af9a7f02b39" member_type: VOTER last_known_addr { host: "127.5.188.1" port: 46771 } } peers { permanent_uuid: "e14c7f309f71425daaa70cd13062dc65" member_type: VOTER last_known_addr { host: "127.5.188.2" port: 39037 } } peers { permanent_uuid: "aa1a7f7656bd4bada6014dcc202748ce" member_type: VOTER last_known_addr { host: "127.5.188.3" port: 45589 } }
I20260713 09:03:54.970805  6387 catalog_manager.cc:5697] T 0cc32efe719a4b1fb487a67246a314ac P eafb5cc255fd44ffbd441af9a7f02b39 reported cstate change: term changed from 1 to 2, leader changed from aa1a7f7656bd4bada6014dcc202748ce (127.5.188.3) to eafb5cc255fd44ffbd441af9a7f02b39 (127.5.188.1). New cstate: current_term: 2 leader_uuid: "eafb5cc255fd44ffbd441af9a7f02b39" committed_config { opid_index: -1 OBSOLETE_local: false peers { permanent_uuid: "eafb5cc255fd44ffbd441af9a7f02b39" member_type: VOTER last_known_addr { host: "127.5.188.1" port: 46771 } health_report { overall_health: HEALTHY } } peers { permanent_uuid: "e14c7f309f71425daaa70cd13062dc65" member_type: VOTER last_known_addr { host: "127.5.188.2" port: 39037 } health_report { overall_health: UNKNOWN } } peers { permanent_uuid: "aa1a7f7656bd4bada6014dcc202748ce" member_type: VOTER last_known_addr { host: "127.5.188.3" port: 45589 } health_report { overall_health: UNKNOWN } } }
