I20260713 09:04:07.043320  7174 consensus_queue.cc:260] T fb3e18e049bd4faea1f1ce2078d33bd3 P dc50375acdce4f4ca21b6f56adefa890 [NON_LEADER]: Queue going to NON_LEADER mode. State: All replicated index: 0, Majority replicated index: 0, Committed index: 0, Last appended: 0.0, Last appended by leader: 0, Current term: 0, Majority size: -1, State: 0, Mode: NON_LEADER, active raft config: opid_index: -1 OBSOLETE_local: false peers { permanent_uuid: "dc50375acdce4f4ca21b6f56adefa890" member_type: VOTER last_known_addr { host: "127.5.188.1" port: 42437 } } peers { permanent_uuid: "93d9ef4bfb0f4162a933f9b1b6c394f5" member_type: VOTER last_known_addr { host: "127.5.188.2" port: 35009 } } peers { permanent_uuid: "19a3d1ed3cbe44e3b5fac8848debefab" member_type: VOTER last_known_addr { host: "127.5.188.3" port: 42865 } }
I20260713 09:04:07.044457  7218 raft_consensus.cc:493] T 2ca9bb99fd7f4702bb65856a33a7b016 P 19a3d1ed3cbe44e3b5fac8848debefab [term 0 FOLLOWER]: Starting leader election (no leader contacted us within the election timeout)
I20260713 09:04:07.044898  7218 raft_consensus.cc:3060] T 2ca9bb99fd7f4702bb65856a33a7b016 P 19a3d1ed3cbe44e3b5fac8848debefab [term 0 FOLLOWER]: Advancing to term 1
I20260713 09:04:07.050935  7174 ts_tablet_manager.cc:1434] T fb3e18e049bd4faea1f1ce2078d33bd3 P dc50375acdce4f4ca21b6f56adefa890: Time spent starting tablet: real 0.013s	user 0.007s	sys 0.001s
I20260713 09:04:07.051985  7174 tablet_bootstrap.cc:492] T 2ca9bb99fd7f4702bb65856a33a7b016 P dc50375acdce4f4ca21b6f56adefa890: Bootstrap starting.
I20260713 09:04:07.052850  7175 tablet_bootstrap.cc:492] T 3e9731180b924081b0c901a8ce2e7a7f P 19a3d1ed3cbe44e3b5fac8848debefab: Bootstrap starting.
I20260713 09:04:07.060305  7176 tablet_bootstrap.cc:492] T 3e9731180b924081b0c901a8ce2e7a7f P 93d9ef4bfb0f4162a933f9b1b6c394f5: No bootstrap required, opened a new log
I20260713 09:04:07.061038  7176 ts_tablet_manager.cc:1403] T 3e9731180b924081b0c901a8ce2e7a7f P 93d9ef4bfb0f4162a933f9b1b6c394f5: Time spent bootstrapping tablet: real 0.139s	user 0.023s	sys 0.011s
I20260713 09:04:07.064852  7176 raft_consensus.cc:359] T 3e9731180b924081b0c901a8ce2e7a7f P 93d9ef4bfb0f4162a933f9b1b6c394f5 [term 0 FOLLOWER]: Replica starting. Triggering 0 pending ops. Active config: opid_index: -1 OBSOLETE_local: false peers { permanent_uuid: "dc50375acdce4f4ca21b6f56adefa890" member_type: VOTER last_known_addr { host: "127.5.188.1" port: 42437 } } peers { permanent_uuid: "93d9ef4bfb0f4162a933f9b1b6c394f5" member_type: VOTER last_known_addr { host: "127.5.188.2" port: 35009 } } peers { permanent_uuid: "19a3d1ed3cbe44e3b5fac8848debefab" member_type: VOTER last_known_addr { host: "127.5.188.3" port: 42865 } }
I20260713 09:04:07.065580  7176 raft_consensus.cc:385] T 3e9731180b924081b0c901a8ce2e7a7f P 93d9ef4bfb0f4162a933f9b1b6c394f5 [term 0 FOLLOWER]: Consensus starting up: Expiring failure detector timer to make a prompt election more likely
I20260713 09:04:07.065887  7176 raft_consensus.cc:740] T 3e9731180b924081b0c901a8ce2e7a7f P 93d9ef4bfb0f4162a933f9b1b6c394f5 [term 0 FOLLOWER]: Becoming Follower/Learner. State: Replica: 93d9ef4bfb0f4162a933f9b1b6c394f5, State: Initialized, Role: FOLLOWER
I20260713 09:04:07.066298  6983 raft_consensus.cc:2468] T 4ecb25f0e56c4ee5a3b4e66674c87fe8 P dc50375acdce4f4ca21b6f56adefa890 [term 1 FOLLOWER]: Leader election vote request: Granting yes vote for candidate 93d9ef4bfb0f4162a933f9b1b6c394f5 in term 1.
I20260713 09:04:07.072248  7218 raft_consensus.cc:515] T 2ca9bb99fd7f4702bb65856a33a7b016 P 19a3d1ed3cbe44e3b5fac8848debefab [term 1 FOLLOWER]: Starting leader election with config: opid_index: -1 OBSOLETE_local: false peers { permanent_uuid: "dc50375acdce4f4ca21b6f56adefa890" member_type: VOTER last_known_addr { host: "127.5.188.1" port: 42437 } } peers { permanent_uuid: "93d9ef4bfb0f4162a933f9b1b6c394f5" member_type: VOTER last_known_addr { host: "127.5.188.2" port: 35009 } } peers { permanent_uuid: "19a3d1ed3cbe44e3b5fac8848debefab" member_type: VOTER last_known_addr { host: "127.5.188.3" port: 42865 } }
I20260713 09:04:07.074847  7174 tablet_bootstrap.cc:654] T 2ca9bb99fd7f4702bb65856a33a7b016 P dc50375acdce4f4ca21b6f56adefa890: Neither blocks nor log segments found. Creating new log.
I20260713 09:04:07.067009  7176 consensus_queue.cc:260] T 3e9731180b924081b0c901a8ce2e7a7f P 93d9ef4bfb0f4162a933f9b1b6c394f5 [NON_LEADER]: Queue going to NON_LEADER mode. State: All replicated index: 0, Majority replicated index: 0, Committed index: 0, Last appended: 0.0, Last appended by leader: 0, Current term: 0, Majority size: -1, State: 0, Mode: NON_LEADER, active raft config: opid_index: -1 OBSOLETE_local: false peers { permanent_uuid: "dc50375acdce4f4ca21b6f56adefa890" member_type: VOTER last_known_addr { host: "127.5.188.1" port: 42437 } } peers { permanent_uuid: "93d9ef4bfb0f4162a933f9b1b6c394f5" member_type: VOTER last_known_addr { host: "127.5.188.2" port: 35009 } } peers { permanent_uuid: "19a3d1ed3cbe44e3b5fac8848debefab" member_type: VOTER last_known_addr { host: "127.5.188.3" port: 42865 } }
I20260713 09:04:07.075254  6983 tablet_service.cc:1917] Received RequestConsensusVote() RPC: tablet_id: "2ca9bb99fd7f4702bb65856a33a7b016" candidate_uuid: "19a3d1ed3cbe44e3b5fac8848debefab" candidate_term: 1 candidate_status { last_received { term: 0 index: 0 } } ignore_live_leader: false dest_uuid: "dc50375acdce4f4ca21b6f56adefa890"
I20260713 09:04:07.077992  7176 ts_tablet_manager.cc:1434] T 3e9731180b924081b0c901a8ce2e7a7f P 93d9ef4bfb0f4162a933f9b1b6c394f5: Time spent starting tablet: real 0.017s	user 0.007s	sys 0.003s
W20260713 09:04:07.078080  7099 leader_election.cc:343] T 2ca9bb99fd7f4702bb65856a33a7b016 P 19a3d1ed3cbe44e3b5fac8848debefab [CANDIDATE]: Term 1 election: Tablet error from VoteRequest() call to peer dc50375acdce4f4ca21b6f56adefa890 (127.5.188.1:42437): Illegal state: must be running to vote when last-logged opid is not known
I20260713 09:04:07.078234  6882 catalog_manager.cc:5697] T 4ecb25f0e56c4ee5a3b4e66674c87fe8 P 93d9ef4bfb0f4162a933f9b1b6c394f5 reported cstate change: term changed from 0 to 1, leader changed from <none> to 93d9ef4bfb0f4162a933f9b1b6c394f5 (127.5.188.2). New cstate: current_term: 1 leader_uuid: "93d9ef4bfb0f4162a933f9b1b6c394f5" committed_config { opid_index: -1 OBSOLETE_local: false peers { permanent_uuid: "dc50375acdce4f4ca21b6f56adefa890" member_type: VOTER last_known_addr { host: "127.5.188.1" port: 42437 } health_report { overall_health: UNKNOWN } } peers { permanent_uuid: "93d9ef4bfb0f4162a933f9b1b6c394f5" member_type: VOTER last_known_addr { host: "127.5.188.2" port: 35009 } health_report { overall_health: HEALTHY } } peers { permanent_uuid: "19a3d1ed3cbe44e3b5fac8848debefab" member_type: VOTER last_known_addr { host: "127.5.188.3" port: 42865 } health_report { overall_health: UNKNOWN } } }
I20260713 09:04:07.080060  7218 leader_election.cc:290] T 2ca9bb99fd7f4702bb65856a33a7b016 P 19a3d1ed3cbe44e3b5fac8848debefab [CANDIDATE]: Term 1 election: Requested vote from peers dc50375acdce4f4ca21b6f56adefa890 (127.5.188.1:42437), 93d9ef4bfb0f4162a933f9b1b6c394f5 (127.5.188.2:35009)
I20260713 09:04:07.081396  7060 tablet_service.cc:1917] Received RequestConsensusVote() RPC: tablet_id: "2ca9bb99fd7f4702bb65856a33a7b016" candidate_uuid: "19a3d1ed3cbe44e3b5fac8848debefab" candidate_term: 1 candidate_status { last_received { term: 0 index: 0 } } ignore_live_leader: false dest_uuid: "93d9ef4bfb0f4162a933f9b1b6c394f5"
I20260713 09:04:07.083550  7060 raft_consensus.cc:3060] T 2ca9bb99fd7f4702bb65856a33a7b016 P 93d9ef4bfb0f4162a933f9b1b6c394f5 [term 0 FOLLOWER]: Advancing to term 1
I20260713 09:04:07.094504  7175 tablet_bootstrap.cc:654] T 3e9731180b924081b0c901a8ce2e7a7f P 19a3d1ed3cbe44e3b5fac8848debefab: Neither blocks nor log segments found. Creating new log.
I20260713 09:04:07.095497  7060 raft_consensus.cc:2468] T 2ca9bb99fd7f4702bb65856a33a7b016 P 93d9ef4bfb0f4162a933f9b1b6c394f5 [term 1 FOLLOWER]: Leader election vote request: Granting yes vote for candidate 19a3d1ed3cbe44e3b5fac8848debefab in term 1.
I20260713 09:04:07.096582  7100 leader_election.cc:304] T 2ca9bb99fd7f4702bb65856a33a7b016 P 19a3d1ed3cbe44e3b5fac8848debefab [CANDIDATE]: Term 1 election: Election decided. Result: candidate won. Election summary: received 3 responses out of 3 voters: 2 yes votes; 1 no votes. yes voters: 19a3d1ed3cbe44e3b5fac8848debefab, 93d9ef4bfb0f4162a933f9b1b6c394f5; no voters: dc50375acdce4f4ca21b6f56adefa890
I20260713 09:04:07.097499  7218 raft_consensus.cc:2804] T 2ca9bb99fd7f4702bb65856a33a7b016 P 19a3d1ed3cbe44e3b5fac8848debefab [term 1 FOLLOWER]: Leader election won for term 1
I20260713 09:04:07.098032  7218 raft_consensus.cc:697] T 2ca9bb99fd7f4702bb65856a33a7b016 P 19a3d1ed3cbe44e3b5fac8848debefab [term 1 LEADER]: Becoming Leader. State: Replica: 19a3d1ed3cbe44e3b5fac8848debefab, State: Running, Role: LEADER
I20260713 09:04:07.098984  7218 consensus_queue.cc:237] T 2ca9bb99fd7f4702bb65856a33a7b016 P 19a3d1ed3cbe44e3b5fac8848debefab [LEADER]: Queue going to LEADER mode. State: All replicated index: 0, Majority replicated index: 0, Committed index: 0, Last appended: 0.0, Last appended by leader: 0, Current term: 1, Majority size: 2, State: 0, Mode: LEADER, active raft config: opid_index: -1 OBSOLETE_local: false peers { permanent_uuid: "dc50375acdce4f4ca21b6f56adefa890" member_type: VOTER last_known_addr { host: "127.5.188.1" port: 42437 } } peers { permanent_uuid: "93d9ef4bfb0f4162a933f9b1b6c394f5" member_type: VOTER last_known_addr { host: "127.5.188.2" port: 35009 } } peers { permanent_uuid: "19a3d1ed3cbe44e3b5fac8848debefab" member_type: VOTER last_known_addr { host: "127.5.188.3" port: 42865 } }
I20260713 09:04:07.105382  7175 tablet_bootstrap.cc:492] T 3e9731180b924081b0c901a8ce2e7a7f P 19a3d1ed3cbe44e3b5fac8848debefab: No bootstrap required, opened a new log
I20260713 09:04:07.106765  7175 ts_tablet_manager.cc:1403] T 3e9731180b924081b0c901a8ce2e7a7f P 19a3d1ed3cbe44e3b5fac8848debefab: Time spent bootstrapping tablet: real 0.054s	user 0.010s	sys 0.004s
I20260713 09:04:07.109292  7174 tablet_bootstrap.cc:492] T 2ca9bb99fd7f4702bb65856a33a7b016 P dc50375acdce4f4ca21b6f56adefa890: No bootstrap required, opened a new log
I20260713 09:04:07.109747  7174 ts_tablet_manager.cc:1403] T 2ca9bb99fd7f4702bb65856a33a7b016 P dc50375acdce4f4ca21b6f56adefa890: Time spent bootstrapping tablet: real 0.058s	user 0.014s	sys 0.002s
I20260713 09:04:07.110813  7175 raft_consensus.cc:359] T 3e9731180b924081b0c901a8ce2e7a7f P 19a3d1ed3cbe44e3b5fac8848debefab [term 0 FOLLOWER]: Replica starting. Triggering 0 pending ops. Active config: opid_index: -1 OBSOLETE_local: false peers { permanent_uuid: "dc50375acdce4f4ca21b6f56adefa890" member_type: VOTER last_known_addr { host: "127.5.188.1" port: 42437 } } peers { permanent_uuid: "93d9ef4bfb0f4162a933f9b1b6c394f5" member_type: VOTER last_known_addr { host: "127.5.188.2" port: 35009 } } peers { permanent_uuid: "19a3d1ed3cbe44e3b5fac8848debefab" member_type: VOTER last_known_addr { host: "127.5.188.3" port: 42865 } }
I20260713 09:04:07.111634  7175 raft_consensus.cc:385] T 3e9731180b924081b0c901a8ce2e7a7f P 19a3d1ed3cbe44e3b5fac8848debefab [term 0 FOLLOWER]: Consensus starting up: Expiring failure detector timer to make a prompt election more likely
I20260713 09:04:07.111897  7175 raft_consensus.cc:740] T 3e9731180b924081b0c901a8ce2e7a7f P 19a3d1ed3cbe44e3b5fac8848debefab [term 0 FOLLOWER]: Becoming Follower/Learner. State: Replica: 19a3d1ed3cbe44e3b5fac8848debefab, State: Initialized, Role: FOLLOWER
I20260713 09:04:07.112455  7174 raft_consensus.cc:359] T 2ca9bb99fd7f4702bb65856a33a7b016 P dc50375acdce4f4ca21b6f56adefa890 [term 0 FOLLOWER]: Replica starting. Triggering 0 pending ops. Active config: opid_index: -1 OBSOLETE_local: false peers { permanent_uuid: "dc50375acdce4f4ca21b6f56adefa890" member_type: VOTER last_known_addr { host: "127.5.188.1" port: 42437 } } peers { permanent_uuid: "93d9ef4bfb0f4162a933f9b1b6c394f5" member_type: VOTER last_known_addr { host: "127.5.188.2" port: 35009 } } peers { permanent_uuid: "19a3d1ed3cbe44e3b5fac8848debefab" member_type: VOTER last_known_addr { host: "127.5.188.3" port: 42865 } }
I20260713 09:04:07.113196  7174 raft_consensus.cc:385] T 2ca9bb99fd7f4702bb65856a33a7b016 P dc50375acdce4f4ca21b6f56adefa890 [term 0 FOLLOWER]: Consensus starting up: Expiring failure detector timer to make a prompt election more likely
I20260713 09:04:07.112804  7175 consensus_queue.cc:260] T 3e9731180b924081b0c901a8ce2e7a7f P 19a3d1ed3cbe44e3b5fac8848debefab [NON_LEADER]: Queue going to NON_LEADER mode. State: All replicated index: 0, Majority replicated index: 0, Committed index: 0, Last appended: 0.0, Last appended by leader: 0, Current term: 0, Majority size: -1, State: 0, Mode: NON_LEADER, active raft config: opid_index: -1 OBSOLETE_local: false peers { permanent_uuid: "dc50375acdce4f4ca21b6f56adefa890" member_type: VOTER last_known_addr { host: "127.5.188.1" port: 42437 } } peers { permanent_uuid: "93d9ef4bfb0f4162a933f9b1b6c394f5" member_type: VOTER last_known_addr { host: "127.5.188.2" port: 35009 } } peers { permanent_uuid: "19a3d1ed3cbe44e3b5fac8848debefab" member_type: VOTER last_known_addr { host: "127.5.188.3" port: 42865 } }
I20260713 09:04:07.113543  7174 raft_consensus.cc:740] T 2ca9bb99fd7f4702bb65856a33a7b016 P dc50375acdce4f4ca21b6f56adefa890 [term 0 FOLLOWER]: Becoming Follower/Learner. State: Replica: dc50375acdce4f4ca21b6f56adefa890, State: Initialized, Role: FOLLOWER
I20260713 09:04:07.114204  7174 consensus_queue.cc:260] T 2ca9bb99fd7f4702bb65856a33a7b016 P dc50375acdce4f4ca21b6f56adefa890 [NON_LEADER]: Queue going to NON_LEADER mode. State: All replicated index: 0, Majority replicated index: 0, Committed index: 0, Last appended: 0.0, Last appended by leader: 0, Current term: 0, Majority size: -1, State: 0, Mode: NON_LEADER, active raft config: opid_index: -1 OBSOLETE_local: false peers { permanent_uuid: "dc50375acdce4f4ca21b6f56adefa890" member_type: VOTER last_known_addr { host: "127.5.188.1" port: 42437 } } peers { permanent_uuid: "93d9ef4bfb0f4162a933f9b1b6c394f5" member_type: VOTER last_known_addr { host: "127.5.188.2" port: 35009 } } peers { permanent_uuid: "19a3d1ed3cbe44e3b5fac8848debefab" member_type: VOTER last_known_addr { host: "127.5.188.3" port: 42865 } }
I20260713 09:04:07.115111  7175 ts_tablet_manager.cc:1434] T 3e9731180b924081b0c901a8ce2e7a7f P 19a3d1ed3cbe44e3b5fac8848debefab: Time spent starting tablet: real 0.008s	user 0.007s	sys 0.001s
I20260713 09:04:07.116060  7175 tablet_bootstrap.cc:492] T adbc3d0d635b48798ebf6b6b3b94dfa0 P 19a3d1ed3cbe44e3b5fac8848debefab: Bootstrap starting.
I20260713 09:04:07.116506  7174 ts_tablet_manager.cc:1434] T 2ca9bb99fd7f4702bb65856a33a7b016 P dc50375acdce4f4ca21b6f56adefa890: Time spent starting tablet: real 0.007s	user 0.008s	sys 0.000s
I20260713 09:04:07.117345  6880 catalog_manager.cc:5697] T 2ca9bb99fd7f4702bb65856a33a7b016 P 19a3d1ed3cbe44e3b5fac8848debefab reported cstate change: term changed from 0 to 1, leader changed from <none> to 19a3d1ed3cbe44e3b5fac8848debefab (127.5.188.3). New cstate: current_term: 1 leader_uuid: "19a3d1ed3cbe44e3b5fac8848debefab" committed_config { opid_index: -1 OBSOLETE_local: false peers { permanent_uuid: "dc50375acdce4f4ca21b6f56adefa890" member_type: VOTER last_known_addr { host: "127.5.188.1" port: 42437 } health_report { overall_health: UNKNOWN } } peers { permanent_uuid: "93d9ef4bfb0f4162a933f9b1b6c394f5" member_type: VOTER last_known_addr { host: "127.5.188.2" port: 35009 } health_report { overall_health: UNKNOWN } } peers { permanent_uuid: "19a3d1ed3cbe44e3b5fac8848debefab" member_type: VOTER last_known_addr { host: "127.5.188.3" port: 42865 } health_report { overall_health: HEALTHY } } }
I20260713 09:04:07.122047  7175 tablet_bootstrap.cc:654] T adbc3d0d635b48798ebf6b6b3b94dfa0 P 19a3d1ed3cbe44e3b5fac8848debefab: Neither blocks nor log segments found. Creating new log.
I20260713 09:04:07.126762  7175 tablet_bootstrap.cc:492] T adbc3d0d635b48798ebf6b6b3b94dfa0 P 19a3d1ed3cbe44e3b5fac8848debefab: No bootstrap required, opened a new log
I20260713 09:04:07.127202  7175 ts_tablet_manager.cc:1403] T adbc3d0d635b48798ebf6b6b3b94dfa0 P 19a3d1ed3cbe44e3b5fac8848debefab: Time spent bootstrapping tablet: real 0.011s	user 0.009s	sys 0.000s
I20260713 09:04:07.129794  7175 raft_consensus.cc:359] T adbc3d0d635b48798ebf6b6b3b94dfa0 P 19a3d1ed3cbe44e3b5fac8848debefab [term 0 FOLLOWER]: Replica starting. Triggering 0 pending ops. Active config: opid_index: -1 OBSOLETE_local: false peers { permanent_uuid: "dc50375acdce4f4ca21b6f56adefa890" member_type: VOTER last_known_addr { host: "127.5.188.1" port: 42437 } } peers { permanent_uuid: "93d9ef4bfb0f4162a933f9b1b6c394f5" member_type: VOTER last_known_addr { host: "127.5.188.2" port: 35009 } } peers { permanent_uuid: "19a3d1ed3cbe44e3b5fac8848debefab" member_type: VOTER last_known_addr { host: "127.5.188.3" port: 42865 } }
I20260713 09:04:07.130293  7175 raft_consensus.cc:385] T adbc3d0d635b48798ebf6b6b3b94dfa0 P 19a3d1ed3cbe44e3b5fac8848debefab [term 0 FOLLOWER]: Consensus starting up: Expiring failure detector timer to make a prompt election more likely
I20260713 09:04:07.130579  7175 raft_consensus.cc:740] T adbc3d0d635b48798ebf6b6b3b94dfa0 P 19a3d1ed3cbe44e3b5fac8848debefab [term 0 FOLLOWER]: Becoming Follower/Learner. State: Replica: 19a3d1ed3cbe44e3b5fac8848debefab, State: Initialized, Role: FOLLOWER
I20260713 09:04:07.131176  7175 consensus_queue.cc:260] T adbc3d0d635b48798ebf6b6b3b94dfa0 P 19a3d1ed3cbe44e3b5fac8848debefab [NON_LEADER]: Queue going to NON_LEADER mode. State: All replicated index: 0, Majority replicated index: 0, Committed index: 0, Last appended: 0.0, Last appended by leader: 0, Current term: 0, Majority size: -1, State: 0, Mode: NON_LEADER, active raft config: opid_index: -1 OBSOLETE_local: false peers { permanent_uuid: "dc50375acdce4f4ca21b6f56adefa890" member_type: VOTER last_known_addr { host: "127.5.188.1" port: 42437 } } peers { permanent_uuid: "93d9ef4bfb0f4162a933f9b1b6c394f5" member_type: VOTER last_known_addr { host: "127.5.188.2" port: 35009 } } peers { permanent_uuid: "19a3d1ed3cbe44e3b5fac8848debefab" member_type: VOTER last_known_addr { host: "127.5.188.3" port: 42865 } }
I20260713 09:04:07.133030  7175 ts_tablet_manager.cc:1434] T adbc3d0d635b48798ebf6b6b3b94dfa0 P 19a3d1ed3cbe44e3b5fac8848debefab: Time spent starting tablet: real 0.006s	user 0.004s	sys 0.000s
I20260713 09:04:07.133899  7175 tablet_bootstrap.cc:492] T 7e67c177631c400da12f509006b0e9ce P 19a3d1ed3cbe44e3b5fac8848debefab: Bootstrap starting.
I20260713 09:04:07.140120  7175 tablet_bootstrap.cc:654] T 7e67c177631c400da12f509006b0e9ce P 19a3d1ed3cbe44e3b5fac8848debefab: Neither blocks nor log segments found. Creating new log.
I20260713 09:04:07.149904  7175 tablet_bootstrap.cc:492] T 7e67c177631c400da12f509006b0e9ce P 19a3d1ed3cbe44e3b5fac8848debefab: No bootstrap required, opened a new log
I20260713 09:04:07.150341  7175 ts_tablet_manager.cc:1403] T 7e67c177631c400da12f509006b0e9ce P 19a3d1ed3cbe44e3b5fac8848debefab: Time spent bootstrapping tablet: real 0.017s	user 0.010s	sys 0.004s
I20260713 09:04:07.152736  7175 raft_consensus.cc:359] T 7e67c177631c400da12f509006b0e9ce P 19a3d1ed3cbe44e3b5fac8848debefab [term 0 FOLLOWER]: Replica starting. Triggering 0 pending ops. Active config: opid_index: -1 OBSOLETE_local: false peers { permanent_uuid: "dc50375acdce4f4ca21b6f56adefa890" member_type: VOTER last_known_addr { host: "127.5.188.1" port: 42437 } } peers { permanent_uuid: "93d9ef4bfb0f4162a933f9b1b6c394f5" member_type: VOTER last_known_addr { host: "127.5.188.2" port: 35009 } } peers { permanent_uuid: "19a3d1ed3cbe44e3b5fac8848debefab" member_type: VOTER last_known_addr { host: "127.5.188.3" port: 42865 } }
I20260713 09:04:07.153288  7175 raft_consensus.cc:385] T 7e67c177631c400da12f509006b0e9ce P 19a3d1ed3cbe44e3b5fac8848debefab [term 0 FOLLOWER]: Consensus starting up: Expiring failure detector timer to make a prompt election more likely
I20260713 09:04:07.153544  7175 raft_consensus.cc:740] T 7e67c177631c400da12f509006b0e9ce P 19a3d1ed3cbe44e3b5fac8848debefab [term 0 FOLLOWER]: Becoming Follower/Learner. State: Replica: 19a3d1ed3cbe44e3b5fac8848debefab, State: Initialized, Role: FOLLOWER
I20260713 09:04:07.154193  7175 consensus_queue.cc:260] T 7e67c177631c400da12f509006b0e9ce P 19a3d1ed3cbe44e3b5fac8848debefab [NON_LEADER]: Queue going to NON_LEADER mode. State: All replicated index: 0, Majority replicated index: 0, Committed index: 0, Last appended: 0.0, Last appended by leader: 0, Current term: 0, Majority size: -1, State: 0, Mode: NON_LEADER, active raft config: opid_index: -1 OBSOLETE_local: false peers { permanent_uuid: "dc50375acdce4f4ca21b6f56adefa890" member_type: VOTER last_known_addr { host: "127.5.188.1" port: 42437 } } peers { permanent_uuid: "93d9ef4bfb0f4162a933f9b1b6c394f5" member_type: VOTER last_known_addr { host: "127.5.188.2" port: 35009 } } peers { permanent_uuid: "19a3d1ed3cbe44e3b5fac8848debefab" member_type: VOTER last_known_addr { host: "127.5.188.3" port: 42865 } }
I20260713 09:04:07.155727  7175 ts_tablet_manager.cc:1434] T 7e67c177631c400da12f509006b0e9ce P 19a3d1ed3cbe44e3b5fac8848debefab: Time spent starting tablet: real 0.005s	user 0.004s	sys 0.000s
I20260713 09:04:07.160167  7284 consensus_queue.cc:1048] T a4ff66a80aa9460eb641b4f3c9470711 P 19a3d1ed3cbe44e3b5fac8848debefab [LEADER]: Connected to new peer: Peer: permanent_uuid: "93d9ef4bfb0f4162a933f9b1b6c394f5" member_type: VOTER last_known_addr { host: "127.5.188.2" port: 35009 }, Status: LMP_MISMATCH, Last received: 0.0, Next index: 1, Last known committed idx: 0, Time since last communication: 0.000s
I20260713 09:04:07.164932  7332 raft_consensus.cc:493] T 2ca9bb99fd7f4702bb65856a33a7b016 P dc50375acdce4f4ca21b6f56adefa890 [term 0 FOLLOWER]: Starting pre-election (no leader contacted us within the election timeout)
I20260713 09:04:07.165480  7332 raft_consensus.cc:515] T 2ca9bb99fd7f4702bb65856a33a7b016 P dc50375acdce4f4ca21b6f56adefa890 [term 0 FOLLOWER]: Starting pre-election with config: opid_index: -1 OBSOLETE_local: false peers { permanent_uuid: "dc50375acdce4f4ca21b6f56adefa890" member_type: VOTER last_known_addr { host: "127.5.188.1" port: 42437 } } peers { permanent_uuid: "93d9ef4bfb0f4162a933f9b1b6c394f5" member_type: VOTER last_known_addr { host: "127.5.188.2" port: 35009 } } peers { permanent_uuid: "19a3d1ed3cbe44e3b5fac8848debefab" member_type: VOTER last_known_addr { host: "127.5.188.3" port: 42865 } }
I20260713 09:04:07.168675  7059 tablet_service.cc:1917] Received RequestConsensusVote() RPC: tablet_id: "2ca9bb99fd7f4702bb65856a33a7b016" candidate_uuid: "dc50375acdce4f4ca21b6f56adefa890" candidate_term: 1 candidate_status { last_received { term: 0 index: 0 } } ignore_live_leader: false dest_uuid: "93d9ef4bfb0f4162a933f9b1b6c394f5" is_pre_election: true
I20260713 09:04:07.169479  7059 raft_consensus.cc:2393] T 2ca9bb99fd7f4702bb65856a33a7b016 P 93d9ef4bfb0f4162a933f9b1b6c394f5 [term 1 FOLLOWER]: Leader pre-election vote request: Denying vote to candidate dc50375acdce4f4ca21b6f56adefa890 in current term 1: Already voted for candidate 19a3d1ed3cbe44e3b5fac8848debefab in this term.
I20260713 09:04:07.172046  7332 leader_election.cc:290] T 2ca9bb99fd7f4702bb65856a33a7b016 P dc50375acdce4f4ca21b6f56adefa890 [CANDIDATE]: Term 1 pre-election: Requested pre-vote from peers 93d9ef4bfb0f4162a933f9b1b6c394f5 (127.5.188.2:35009), 19a3d1ed3cbe44e3b5fac8848debefab (127.5.188.3:42865)
I20260713 09:04:07.173153  7134 tablet_service.cc:1917] Received RequestConsensusVote() RPC: tablet_id: "2ca9bb99fd7f4702bb65856a33a7b016" candidate_uuid: "dc50375acdce4f4ca21b6f56adefa890" candidate_term: 1 candidate_status { last_received { term: 0 index: 0 } } ignore_live_leader: false dest_uuid: "19a3d1ed3cbe44e3b5fac8848debefab" is_pre_election: true
I20260713 09:04:07.174477  6950 leader_election.cc:304] T 2ca9bb99fd7f4702bb65856a33a7b016 P dc50375acdce4f4ca21b6f56adefa890 [CANDIDATE]: Term 1 pre-election: Election decided. Result: candidate lost. Election summary: received 3 responses out of 3 voters: 1 yes votes; 2 no votes. yes voters: dc50375acdce4f4ca21b6f56adefa890; no voters: 19a3d1ed3cbe44e3b5fac8848debefab, 93d9ef4bfb0f4162a933f9b1b6c394f5
I20260713 09:04:07.175230  7332 raft_consensus.cc:3060] T 2ca9bb99fd7f4702bb65856a33a7b016 P dc50375acdce4f4ca21b6f56adefa890 [term 0 FOLLOWER]: Advancing to term 1
I20260713 09:04:07.180300  7218 consensus_queue.cc:1048] T a4ff66a80aa9460eb641b4f3c9470711 P 19a3d1ed3cbe44e3b5fac8848debefab [LEADER]: Connected to new peer: Peer: permanent_uuid: "dc50375acdce4f4ca21b6f56adefa890" member_type: VOTER last_known_addr { host: "127.5.188.1" port: 42437 }, Status: LMP_MISMATCH, Last received: 0.0, Next index: 1, Last known committed idx: 0, Time since last communication: 0.000s
I20260713 09:04:07.182703  7332 raft_consensus.cc:2749] T 2ca9bb99fd7f4702bb65856a33a7b016 P dc50375acdce4f4ca21b6f56adefa890 [term 1 FOLLOWER]: Leader pre-election lost for term 1. Reason: could not achieve majority
I20260713 09:04:07.193879  7232 raft_consensus.cc:493] T 3e9731180b924081b0c901a8ce2e7a7f P dc50375acdce4f4ca21b6f56adefa890 [term 0 FOLLOWER]: Starting pre-election (no leader contacted us within the election timeout)
I20260713 09:04:07.194449  7232 raft_consensus.cc:515] T 3e9731180b924081b0c901a8ce2e7a7f P dc50375acdce4f4ca21b6f56adefa890 [term 0 FOLLOWER]: Starting pre-election with config: opid_index: -1 OBSOLETE_local: false peers { permanent_uuid: "dc50375acdce4f4ca21b6f56adefa890" member_type: VOTER last_known_addr { host: "127.5.188.1" port: 42437 } } peers { permanent_uuid: "93d9ef4bfb0f4162a933f9b1b6c394f5" member_type: VOTER last_known_addr { host: "127.5.188.2" port: 35009 } } peers { permanent_uuid: "19a3d1ed3cbe44e3b5fac8848debefab" member_type: VOTER last_known_addr { host: "127.5.188.3" port: 42865 } }
I20260713 09:04:07.196455  7232 leader_election.cc:290] T 3e9731180b924081b0c901a8ce2e7a7f P dc50375acdce4f4ca21b6f56adefa890 [CANDIDATE]: Term 1 pre-election: Requested pre-vote from peers 93d9ef4bfb0f4162a933f9b1b6c394f5 (127.5.188.2:35009), 19a3d1ed3cbe44e3b5fac8848debefab (127.5.188.3:42865)
I20260713 09:04:07.197278  7060 tablet_service.cc:1917] Received RequestConsensusVote() RPC: tablet_id: "3e9731180b924081b0c901a8ce2e7a7f" candidate_uuid: "dc50375acdce4f4ca21b6f56adefa890" candidate_term: 1 candidate_status { last_received { term: 0 index: 0 } } ignore_live_leader: false dest_uuid: "93d9ef4bfb0f4162a933f9b1b6c394f5" is_pre_election: true
I20260713 09:04:07.197619  7134 tablet_service.cc:1917] Received RequestConsensusVote() RPC: tablet_id: "3e9731180b924081b0c901a8ce2e7a7f" candidate_uuid: "dc50375acdce4f4ca21b6f56adefa890" candidate_term: 1 candidate_status { last_received { term: 0 index: 0 } } ignore_live_leader: false dest_uuid: "19a3d1ed3cbe44e3b5fac8848debefab" is_pre_election: true
I20260713 09:04:07.197986  7060 raft_consensus.cc:2468] T 3e9731180b924081b0c901a8ce2e7a7f P 93d9ef4bfb0f4162a933f9b1b6c394f5 [term 0 FOLLOWER]: Leader pre-election vote request: Granting yes vote for candidate dc50375acdce4f4ca21b6f56adefa890 in term 0.
I20260713 09:04:07.198195  7134 raft_consensus.cc:2468] T 3e9731180b924081b0c901a8ce2e7a7f P 19a3d1ed3cbe44e3b5fac8848debefab [term 0 FOLLOWER]: Leader pre-election vote request: Granting yes vote for candidate dc50375acdce4f4ca21b6f56adefa890 in term 0.
I20260713 09:04:07.199335  6950 leader_election.cc:304] T 3e9731180b924081b0c901a8ce2e7a7f P dc50375acdce4f4ca21b6f56adefa890 [CANDIDATE]: Term 1 pre-election: Election decided. Result: candidate won. Election summary: received 2 responses out of 3 voters: 2 yes votes; 0 no votes. yes voters: 19a3d1ed3cbe44e3b5fac8848debefab, dc50375acdce4f4ca21b6f56adefa890; no voters: 
I20260713 09:04:07.200259  7232 raft_consensus.cc:2804] T 3e9731180b924081b0c901a8ce2e7a7f P dc50375acdce4f4ca21b6f56adefa890 [term 0 FOLLOWER]: Leader pre-election won for term 1
I20260713 09:04:07.200553  7232 raft_consensus.cc:493] T 3e9731180b924081b0c901a8ce2e7a7f P dc50375acdce4f4ca21b6f56adefa890 [term 0 FOLLOWER]: Starting leader election (no leader contacted us within the election timeout)
I20260713 09:04:07.200824  7232 raft_consensus.cc:3060] T 3e9731180b924081b0c901a8ce2e7a7f P dc50375acdce4f4ca21b6f56adefa890 [term 0 FOLLOWER]: Advancing to term 1
I20260713 09:04:07.205359  7232 raft_consensus.cc:515] T 3e9731180b924081b0c901a8ce2e7a7f P dc50375acdce4f4ca21b6f56adefa890 [term 1 FOLLOWER]: Starting leader election with config: opid_index: -1 OBSOLETE_local: false peers { permanent_uuid: "dc50375acdce4f4ca21b6f56adefa890" member_type: VOTER last_known_addr { host: "127.5.188.1" port: 42437 } } peers { permanent_uuid: "93d9ef4bfb0f4162a933f9b1b6c394f5" member_type: VOTER last_known_addr { host: "127.5.188.2" port: 35009 } } peers { permanent_uuid: "19a3d1ed3cbe44e3b5fac8848debefab" member_type: VOTER last_known_addr { host: "127.5.188.3" port: 42865 } }
I20260713 09:04:07.206918  7232 leader_election.cc:290] T 3e9731180b924081b0c901a8ce2e7a7f P dc50375acdce4f4ca21b6f56adefa890 [CANDIDATE]: Term 1 election: Requested vote from peers 93d9ef4bfb0f4162a933f9b1b6c394f5 (127.5.188.2:35009), 19a3d1ed3cbe44e3b5fac8848debefab (127.5.188.3:42865)
I20260713 09:04:07.207868  7134 tablet_service.cc:1917] Received RequestConsensusVote() RPC: tablet_id: "3e9731180b924081b0c901a8ce2e7a7f" candidate_uuid: "dc50375acdce4f4ca21b6f56adefa890" candidate_term: 1 candidate_status { last_received { term: 0 index: 0 } } ignore_live_leader: false dest_uuid: "19a3d1ed3cbe44e3b5fac8848debefab"
I20260713 09:04:07.207868  7060 tablet_service.cc:1917] Received RequestConsensusVote() RPC: tablet_id: "3e9731180b924081b0c901a8ce2e7a7f" candidate_uuid: "dc50375acdce4f4ca21b6f56adefa890" candidate_term: 1 candidate_status { last_received { term: 0 index: 0 } } ignore_live_leader: false dest_uuid: "93d9ef4bfb0f4162a933f9b1b6c394f5"
I20260713 09:04:07.208717  7134 raft_consensus.cc:3060] T 3e9731180b924081b0c901a8ce2e7a7f P 19a3d1ed3cbe44e3b5fac8848debefab [term 0 FOLLOWER]: Advancing to term 1
I20260713 09:04:07.208770  7060 raft_consensus.cc:3060] T 3e9731180b924081b0c901a8ce2e7a7f P 93d9ef4bfb0f4162a933f9b1b6c394f5 [term 0 FOLLOWER]: Advancing to term 1
I20260713 09:04:07.215442  7134 raft_consensus.cc:2468] T 3e9731180b924081b0c901a8ce2e7a7f P 19a3d1ed3cbe44e3b5fac8848debefab [term 1 FOLLOWER]: Leader election vote request: Granting yes vote for candidate dc50375acdce4f4ca21b6f56adefa890 in term 1.
I20260713 09:04:07.215442  7060 raft_consensus.cc:2468] T 3e9731180b924081b0c901a8ce2e7a7f P 93d9ef4bfb0f4162a933f9b1b6c394f5 [term 1 FOLLOWER]: Leader election vote request: Granting yes vote for candidate dc50375acdce4f4ca21b6f56adefa890 in term 1.
I20260713 09:04:07.216804  7245 raft_consensus.cc:493] T 7e67c177631c400da12f509006b0e9ce P 93d9ef4bfb0f4162a933f9b1b6c394f5 [term 0 FOLLOWER]: Starting pre-election (no leader contacted us within the election timeout)
I20260713 09:04:07.216856  6950 leader_election.cc:304] T 3e9731180b924081b0c901a8ce2e7a7f P dc50375acdce4f4ca21b6f56adefa890 [CANDIDATE]: Term 1 election: Election decided. Result: candidate won. Election summary: received 2 responses out of 3 voters: 2 yes votes; 0 no votes. yes voters: 19a3d1ed3cbe44e3b5fac8848debefab, dc50375acdce4f4ca21b6f56adefa890; no voters: 
I20260713 09:04:07.217790  7232 raft_consensus.cc:2804] T 3e9731180b924081b0c901a8ce2e7a7f P dc50375acdce4f4ca21b6f56adefa890 [term 1 FOLLOWER]: Leader election won for term 1
I20260713 09:04:07.217471  7245 raft_consensus.cc:515] T 7e67c177631c400da12f509006b0e9ce P 93d9ef4bfb0f4162a933f9b1b6c394f5 [term 0 FOLLOWER]: Starting pre-election with config: opid_index: -1 OBSOLETE_local: false peers { permanent_uuid: "dc50375acdce4f4ca21b6f56adefa890" member_type: VOTER last_known_addr { host: "127.5.188.1" port: 42437 } } peers { permanent_uuid: "93d9ef4bfb0f4162a933f9b1b6c394f5" member_type: VOTER last_known_addr { host: "127.5.188.2" port: 35009 } } peers { permanent_uuid: "19a3d1ed3cbe44e3b5fac8848debefab" member_type: VOTER last_known_addr { host: "127.5.188.3" port: 42865 } }
I20260713 09:04:07.218269  7232 raft_consensus.cc:697] T 3e9731180b924081b0c901a8ce2e7a7f P dc50375acdce4f4ca21b6f56adefa890 [term 1 LEADER]: Becoming Leader. State: Replica: dc50375acdce4f4ca21b6f56adefa890, State: Running, Role: LEADER
I20260713 09:04:07.219136  7232 consensus_queue.cc:237] T 3e9731180b924081b0c901a8ce2e7a7f P dc50375acdce4f4ca21b6f56adefa890 [LEADER]: Queue going to LEADER mode. State: All replicated index: 0, Majority replicated index: 0, Committed index: 0, Last appended: 0.0, Last appended by leader: 0, Current term: 1, Majority size: 2, State: 0, Mode: LEADER, active raft config: opid_index: -1 OBSOLETE_local: false peers { permanent_uuid: "dc50375acdce4f4ca21b6f56adefa890" member_type: VOTER last_known_addr { host: "127.5.188.1" port: 42437 } } peers { permanent_uuid: "93d9ef4bfb0f4162a933f9b1b6c394f5" member_type: VOTER last_known_addr { host: "127.5.188.2" port: 35009 } } peers { permanent_uuid: "19a3d1ed3cbe44e3b5fac8848debefab" member_type: VOTER last_known_addr { host: "127.5.188.3" port: 42865 } }
I20260713 09:04:07.219684  7245 leader_election.cc:290] T 7e67c177631c400da12f509006b0e9ce P 93d9ef4bfb0f4162a933f9b1b6c394f5 [CANDIDATE]: Term 1 pre-election: Requested pre-vote from peers dc50375acdce4f4ca21b6f56adefa890 (127.5.188.1:42437), 19a3d1ed3cbe44e3b5fac8848debefab (127.5.188.3:42865)
I20260713 09:04:07.220530  6983 tablet_service.cc:1917] Received RequestConsensusVote() RPC: tablet_id: "7e67c177631c400da12f509006b0e9ce" candidate_uuid: "93d9ef4bfb0f4162a933f9b1b6c394f5" candidate_term: 1 candidate_status { last_received { term: 0 index: 0 } } ignore_live_leader: false dest_uuid: "dc50375acdce4f4ca21b6f56adefa890" is_pre_election: true
I20260713 09:04:07.220875  7134 tablet_service.cc:1917] Received RequestConsensusVote() RPC: tablet_id: "7e67c177631c400da12f509006b0e9ce" candidate_uuid: "93d9ef4bfb0f4162a933f9b1b6c394f5" candidate_term: 1 candidate_status { last_received { term: 0 index: 0 } } ignore_live_leader: false dest_uuid: "19a3d1ed3cbe44e3b5fac8848debefab" is_pre_election: true
I20260713 09:04:07.221153  6983 raft_consensus.cc:2468] T 7e67c177631c400da12f509006b0e9ce P dc50375acdce4f4ca21b6f56adefa890 [term 0 FOLLOWER]: Leader pre-election vote request: Granting yes vote for candidate 93d9ef4bfb0f4162a933f9b1b6c394f5 in term 0.
I20260713 09:04:07.221565  7134 raft_consensus.cc:2468] T 7e67c177631c400da12f509006b0e9ce P 19a3d1ed3cbe44e3b5fac8848debefab [term 0 FOLLOWER]: Leader pre-election vote request: Granting yes vote for candidate 93d9ef4bfb0f4162a933f9b1b6c394f5 in term 0.
I20260713 09:04:07.222607  7025 leader_election.cc:304] T 7e67c177631c400da12f509006b0e9ce P 93d9ef4bfb0f4162a933f9b1b6c394f5 [CANDIDATE]: Term 1 pre-election: Election decided. Result: candidate won. Election summary: received 2 responses out of 3 voters: 2 yes votes; 0 no votes. yes voters: 93d9ef4bfb0f4162a933f9b1b6c394f5, dc50375acdce4f4ca21b6f56adefa890; no voters: 
I20260713 09:04:07.223508  7245 raft_consensus.cc:2804] T 7e67c177631c400da12f509006b0e9ce P 93d9ef4bfb0f4162a933f9b1b6c394f5 [term 0 FOLLOWER]: Leader pre-election won for term 1
I20260713 09:04:07.223881  7245 raft_consensus.cc:493] T 7e67c177631c400da12f509006b0e9ce P 93d9ef4bfb0f4162a933f9b1b6c394f5 [term 0 FOLLOWER]: Starting leader election (no leader contacted us within the election timeout)
I20260713 09:04:07.224256  7245 raft_consensus.cc:3060] T 7e67c177631c400da12f509006b0e9ce P 93d9ef4bfb0f4162a933f9b1b6c394f5 [term 0 FOLLOWER]: Advancing to term 1
I20260713 09:04:07.230558  6882 catalog_manager.cc:5697] T 3e9731180b924081b0c901a8ce2e7a7f P dc50375acdce4f4ca21b6f56adefa890 reported cstate change: term changed from 0 to 1, leader changed from <none> to dc50375acdce4f4ca21b6f56adefa890 (127.5.188.1). New cstate: current_term: 1 leader_uuid: "dc50375acdce4f4ca21b6f56adefa890" committed_config { opid_index: -1 OBSOLETE_local: false peers { permanent_uuid: "dc50375acdce4f4ca21b6f56adefa890" member_type: VOTER last_known_addr { host: "127.5.188.1" port: 42437 } health_report { overall_health: HEALTHY } } peers { permanent_uuid: "93d9ef4bfb0f4162a933f9b1b6c394f5" member_type: VOTER last_known_addr { host: "127.5.188.2" port: 35009 } health_report { overall_health: UNKNOWN } } peers { permanent_uuid: "19a3d1ed3cbe44e3b5fac8848debefab" member_type: VOTER last_known_addr { host: "127.5.188.3" port: 42865 } health_report { overall_health: UNKNOWN } } }
I20260713 09:04:07.231166  7245 raft_consensus.cc:515] T 7e67c177631c400da12f509006b0e9ce P 93d9ef4bfb0f4162a933f9b1b6c394f5 [term 1 FOLLOWER]: Starting leader election with config: opid_index: -1 OBSOLETE_local: false peers { permanent_uuid: "dc50375acdce4f4ca21b6f56adefa890" member_type: VOTER last_known_addr { host: "127.5.188.1" port: 42437 } } peers { permanent_uuid: "93d9ef4bfb0f4162a933f9b1b6c394f5" member_type: VOTER last_known_addr { host: "127.5.188.2" port: 35009 } } peers { permanent_uuid: "19a3d1ed3cbe44e3b5fac8848debefab" member_type: VOTER last_known_addr { host: "127.5.188.3" port: 42865 } }
I20260713 09:04:07.233188  7245 leader_election.cc:290] T 7e67c177631c400da12f509006b0e9ce P 93d9ef4bfb0f4162a933f9b1b6c394f5 [CANDIDATE]: Term 1 election: Requested vote from peers dc50375acdce4f4ca21b6f56adefa890 (127.5.188.1:42437), 19a3d1ed3cbe44e3b5fac8848debefab (127.5.188.3:42865)
I20260713 09:04:07.233955  6983 tablet_service.cc:1917] Received RequestConsensusVote() RPC: tablet_id: "7e67c177631c400da12f509006b0e9ce" candidate_uuid: "93d9ef4bfb0f4162a933f9b1b6c394f5" candidate_term: 1 candidate_status { last_received { term: 0 index: 0 } } ignore_live_leader: false dest_uuid: "dc50375acdce4f4ca21b6f56adefa890"
I20260713 09:04:07.234308  7134 tablet_service.cc:1917] Received RequestConsensusVote() RPC: tablet_id: "7e67c177631c400da12f509006b0e9ce" candidate_uuid: "93d9ef4bfb0f4162a933f9b1b6c394f5" candidate_term: 1 candidate_status { last_received { term: 0 index: 0 } } ignore_live_leader: false dest_uuid: "19a3d1ed3cbe44e3b5fac8848debefab"
I20260713 09:04:07.234771  6983 raft_consensus.cc:3060] T 7e67c177631c400da12f509006b0e9ce P dc50375acdce4f4ca21b6f56adefa890 [term 0 FOLLOWER]: Advancing to term 1
I20260713 09:04:07.234848  7134 raft_consensus.cc:3060] T 7e67c177631c400da12f509006b0e9ce P 19a3d1ed3cbe44e3b5fac8848debefab [term 0 FOLLOWER]: Advancing to term 1
I20260713 09:04:07.241503  7134 raft_consensus.cc:2468] T 7e67c177631c400da12f509006b0e9ce P 19a3d1ed3cbe44e3b5fac8848debefab [term 1 FOLLOWER]: Leader election vote request: Granting yes vote for candidate 93d9ef4bfb0f4162a933f9b1b6c394f5 in term 1.
I20260713 09:04:07.242358  6983 raft_consensus.cc:2468] T 7e67c177631c400da12f509006b0e9ce P dc50375acdce4f4ca21b6f56adefa890 [term 1 FOLLOWER]: Leader election vote request: Granting yes vote for candidate 93d9ef4bfb0f4162a933f9b1b6c394f5 in term 1.
I20260713 09:04:07.242705  7025 leader_election.cc:304] T 7e67c177631c400da12f509006b0e9ce P 93d9ef4bfb0f4162a933f9b1b6c394f5 [CANDIDATE]: Term 1 election: Election decided. Result: candidate won. Election summary: received 2 responses out of 3 voters: 2 yes votes; 0 no votes. yes voters: 19a3d1ed3cbe44e3b5fac8848debefab, 93d9ef4bfb0f4162a933f9b1b6c394f5; no voters: 
I20260713 09:04:07.243657  7245 raft_consensus.cc:2804] T 7e67c177631c400da12f509006b0e9ce P 93d9ef4bfb0f4162a933f9b1b6c394f5 [term 1 FOLLOWER]: Leader election won for term 1
I20260713 09:04:07.244134  7245 raft_consensus.cc:697] T 7e67c177631c400da12f509006b0e9ce P 93d9ef4bfb0f4162a933f9b1b6c394f5 [term 1 LEADER]: Becoming Leader. State: Replica: 93d9ef4bfb0f4162a933f9b1b6c394f5, State: Running, Role: LEADER
I20260713 09:04:07.244871  7245 consensus_queue.cc:237] T 7e67c177631c400da12f509006b0e9ce P 93d9ef4bfb0f4162a933f9b1b6c394f5 [LEADER]: Queue going to LEADER mode. State: All replicated index: 0, Majority replicated index: 0, Committed index: 0, Last appended: 0.0, Last appended by leader: 0, Current term: 1, Majority size: 2, State: 0, Mode: LEADER, active raft config: opid_index: -1 OBSOLETE_local: false peers { permanent_uuid: "dc50375acdce4f4ca21b6f56adefa890" member_type: VOTER last_known_addr { host: "127.5.188.1" port: 42437 } } peers { permanent_uuid: "93d9ef4bfb0f4162a933f9b1b6c394f5" member_type: VOTER last_known_addr { host: "127.5.188.2" port: 35009 } } peers { permanent_uuid: "19a3d1ed3cbe44e3b5fac8848debefab" member_type: VOTER last_known_addr { host: "127.5.188.3" port: 42865 } }
I20260713 09:04:07.252254  6882 catalog_manager.cc:5697] T 7e67c177631c400da12f509006b0e9ce P 93d9ef4bfb0f4162a933f9b1b6c394f5 reported cstate change: term changed from 0 to 1, leader changed from <none> to 93d9ef4bfb0f4162a933f9b1b6c394f5 (127.5.188.2). New cstate: current_term: 1 leader_uuid: "93d9ef4bfb0f4162a933f9b1b6c394f5" committed_config { opid_index: -1 OBSOLETE_local: false peers { permanent_uuid: "dc50375acdce4f4ca21b6f56adefa890" member_type: VOTER last_known_addr { host: "127.5.188.1" port: 42437 } health_report { overall_health: UNKNOWN } } peers { permanent_uuid: "93d9ef4bfb0f4162a933f9b1b6c394f5" member_type: VOTER last_known_addr { host: "127.5.188.2" port: 35009 } health_report { overall_health: HEALTHY } } peers { permanent_uuid: "19a3d1ed3cbe44e3b5fac8848debefab" member_type: VOTER last_known_addr { host: "127.5.188.3" port: 42865 } health_report { overall_health: UNKNOWN } } }
I20260713 09:04:07.270897  7218 raft_consensus.cc:493] T fb3e18e049bd4faea1f1ce2078d33bd3 P 19a3d1ed3cbe44e3b5fac8848debefab [term 0 FOLLOWER]: Starting pre-election (no leader contacted us within the election timeout)
I20260713 09:04:07.271407  7218 raft_consensus.cc:515] T fb3e18e049bd4faea1f1ce2078d33bd3 P 19a3d1ed3cbe44e3b5fac8848debefab [term 0 FOLLOWER]: Starting pre-election with config: opid_index: -1 OBSOLETE_local: false peers { permanent_uuid: "dc50375acdce4f4ca21b6f56adefa890" member_type: VOTER last_known_addr { host: "127.5.188.1" port: 42437 } } peers { permanent_uuid: "93d9ef4bfb0f4162a933f9b1b6c394f5" member_type: VOTER last_known_addr { host: "127.5.188.2" port: 35009 } } peers { permanent_uuid: "19a3d1ed3cbe44e3b5fac8848debefab" member_type: VOTER last_known_addr { host: "127.5.188.3" port: 42865 } }
I20260713 09:04:07.273273  7218 leader_election.cc:290] T fb3e18e049bd4faea1f1ce2078d33bd3 P 19a3d1ed3cbe44e3b5fac8848debefab [CANDIDATE]: Term 1 pre-election: Requested pre-vote from peers dc50375acdce4f4ca21b6f56adefa890 (127.5.188.1:42437), 93d9ef4bfb0f4162a933f9b1b6c394f5 (127.5.188.2:35009)
I20260713 09:04:07.274075  6983 tablet_service.cc:1917] Received RequestConsensusVote() RPC: tablet_id: "fb3e18e049bd4faea1f1ce2078d33bd3" candidate_uuid: "19a3d1ed3cbe44e3b5fac8848debefab" candidate_term: 1 candidate_status { last_received { term: 0 index: 0 } } ignore_live_leader: false dest_uuid: "dc50375acdce4f4ca21b6f56adefa890" is_pre_election: true
I20260713 09:04:07.274345  7060 tablet_service.cc:1917] Received RequestConsensusVote() RPC: tablet_id: "fb3e18e049bd4faea1f1ce2078d33bd3" candidate_uuid: "19a3d1ed3cbe44e3b5fac8848debefab" candidate_term: 1 candidate_status { last_received { term: 0 index: 0 } } ignore_live_leader: false dest_uuid: "93d9ef4bfb0f4162a933f9b1b6c394f5" is_pre_election: true
I20260713 09:04:07.274789  6983 raft_consensus.cc:2468] T fb3e18e049bd4faea1f1ce2078d33bd3 P dc50375acdce4f4ca21b6f56adefa890 [term 0 FOLLOWER]: Leader pre-election vote request: Granting yes vote for candidate 19a3d1ed3cbe44e3b5fac8848debefab in term 0.
I20260713 09:04:07.275048  7060 raft_consensus.cc:2468] T fb3e18e049bd4faea1f1ce2078d33bd3 P 93d9ef4bfb0f4162a933f9b1b6c394f5 [term 0 FOLLOWER]: Leader pre-election vote request: Granting yes vote for candidate 19a3d1ed3cbe44e3b5fac8848debefab in term 0.
I20260713 09:04:07.275880  7099 leader_election.cc:304] T fb3e18e049bd4faea1f1ce2078d33bd3 P 19a3d1ed3cbe44e3b5fac8848debefab [CANDIDATE]: Term 1 pre-election: Election decided. Result: candidate won. Election summary: received 2 responses out of 3 voters: 2 yes votes; 0 no votes. yes voters: 19a3d1ed3cbe44e3b5fac8848debefab, dc50375acdce4f4ca21b6f56adefa890; no voters: 
I20260713 09:04:07.276609  7218 raft_consensus.cc:2804] T fb3e18e049bd4faea1f1ce2078d33bd3 P 19a3d1ed3cbe44e3b5fac8848debefab [term 0 FOLLOWER]: Leader pre-election won for term 1
I20260713 09:04:07.276986  7218 raft_consensus.cc:493] T fb3e18e049bd4faea1f1ce2078d33bd3 P 19a3d1ed3cbe44e3b5fac8848debefab [term 0 FOLLOWER]: Starting leader election (no leader contacted us within the election timeout)
I20260713 09:04:07.277339  7218 raft_consensus.cc:3060] T fb3e18e049bd4faea1f1ce2078d33bd3 P 19a3d1ed3cbe44e3b5fac8848debefab [term 0 FOLLOWER]: Advancing to term 1
I20260713 09:04:07.283288  7218 raft_consensus.cc:515] T fb3e18e049bd4faea1f1ce2078d33bd3 P 19a3d1ed3cbe44e3b5fac8848debefab [term 1 FOLLOWER]: Starting leader election with config: opid_index: -1 OBSOLETE_local: false peers { permanent_uuid: "dc50375acdce4f4ca21b6f56adefa890" member_type: VOTER last_known_addr { host: "127.5.188.1" port: 42437 } } peers { permanent_uuid: "93d9ef4bfb0f4162a933f9b1b6c394f5" member_type: VOTER last_known_addr { host: "127.5.188.2" port: 35009 } } peers { permanent_uuid: "19a3d1ed3cbe44e3b5fac8848debefab" member_type: VOTER last_known_addr { host: "127.5.188.3" port: 42865 } }
I20260713 09:04:07.283941  7312 raft_consensus.cc:493] T adbc3d0d635b48798ebf6b6b3b94dfa0 P 19a3d1ed3cbe44e3b5fac8848debefab [term 0 FOLLOWER]: Starting pre-election (no leader contacted us within the election timeout)
I20260713 09:04:07.284461  7312 raft_consensus.cc:515] T adbc3d0d635b48798ebf6b6b3b94dfa0 P 19a3d1ed3cbe44e3b5fac8848debefab [term 0 FOLLOWER]: Starting pre-election with config: opid_index: -1 OBSOLETE_local: false peers { permanent_uuid: "dc50375acdce4f4ca21b6f56adefa890" member_type: VOTER last_known_addr { host: "127.5.188.1" port: 42437 } } peers { permanent_uuid: "93d9ef4bfb0f4162a933f9b1b6c394f5" member_type: VOTER last_known_addr { host: "127.5.188.2" port: 35009 } } peers { permanent_uuid: "19a3d1ed3cbe44e3b5fac8848debefab" member_type: VOTER last_known_addr { host: "127.5.188.3" port: 42865 } }
I20260713 09:04:07.285444  7218 leader_election.cc:290] T fb3e18e049bd4faea1f1ce2078d33bd3 P 19a3d1ed3cbe44e3b5fac8848debefab [CANDIDATE]: Term 1 election: Requested vote from peers dc50375acdce4f4ca21b6f56adefa890 (127.5.188.1:42437), 93d9ef4bfb0f4162a933f9b1b6c394f5 (127.5.188.2:35009)
I20260713 09:04:07.286815  7312 leader_election.cc:290] T adbc3d0d635b48798ebf6b6b3b94dfa0 P 19a3d1ed3cbe44e3b5fac8848debefab [CANDIDATE]: Term 1 pre-election: Requested pre-vote from peers dc50375acdce4f4ca21b6f56adefa890 (127.5.188.1:42437), 93d9ef4bfb0f4162a933f9b1b6c394f5 (127.5.188.2:35009)
I20260713 09:04:07.287097  6983 tablet_service.cc:1917] Received RequestConsensusVote() RPC: tablet_id: "fb3e18e049bd4faea1f1ce2078d33bd3" candidate_uuid: "19a3d1ed3cbe44e3b5fac8848debefab" candidate_term: 1 candidate_status { last_received { term: 0 index: 0 } } ignore_live_leader: false dest_uuid: "dc50375acdce4f4ca21b6f56adefa890"
I20260713 09:04:07.287252  7060 tablet_service.cc:1917] Received RequestConsensusVote() RPC: tablet_id: "fb3e18e049bd4faea1f1ce2078d33bd3" candidate_uuid: "19a3d1ed3cbe44e3b5fac8848debefab" candidate_term: 1 candidate_status { last_received { term: 0 index: 0 } } ignore_live_leader: false dest_uuid: "93d9ef4bfb0f4162a933f9b1b6c394f5"
I20260713 09:04:07.287930  7060 raft_consensus.cc:3060] T fb3e18e049bd4faea1f1ce2078d33bd3 P 93d9ef4bfb0f4162a933f9b1b6c394f5 [term 0 FOLLOWER]: Advancing to term 1
I20260713 09:04:07.288028  7059 tablet_service.cc:1917] Received RequestConsensusVote() RPC: tablet_id: "adbc3d0d635b48798ebf6b6b3b94dfa0" candidate_uuid: "19a3d1ed3cbe44e3b5fac8848debefab" candidate_term: 1 candidate_status { last_received { term: 0 index: 0 } } ignore_live_leader: false dest_uuid: "93d9ef4bfb0f4162a933f9b1b6c394f5" is_pre_election: true
I20260713 09:04:07.288172  6981 tablet_service.cc:1917] Received RequestConsensusVote() RPC: tablet_id: "adbc3d0d635b48798ebf6b6b3b94dfa0" candidate_uuid: "19a3d1ed3cbe44e3b5fac8848debefab" candidate_term: 1 candidate_status { last_received { term: 0 index: 0 } } ignore_live_leader: false dest_uuid: "dc50375acdce4f4ca21b6f56adefa890" is_pre_election: true
I20260713 09:04:07.289036  6981 raft_consensus.cc:2393] T adbc3d0d635b48798ebf6b6b3b94dfa0 P dc50375acdce4f4ca21b6f56adefa890 [term 1 FOLLOWER]: Leader pre-election vote request: Denying vote to candidate 19a3d1ed3cbe44e3b5fac8848debefab in current term 1: Already voted for candidate 93d9ef4bfb0f4162a933f9b1b6c394f5 in this term.
I20260713 09:04:07.289119  6983 raft_consensus.cc:3060] T fb3e18e049bd4faea1f1ce2078d33bd3 P dc50375acdce4f4ca21b6f56adefa890 [term 0 FOLLOWER]: Advancing to term 1
I20260713 09:04:07.291174  7099 leader_election.cc:304] T adbc3d0d635b48798ebf6b6b3b94dfa0 P 19a3d1ed3cbe44e3b5fac8848debefab [CANDIDATE]: Term 1 pre-election: Election decided. Result: candidate lost. Election summary: received 3 responses out of 3 voters: 1 yes votes; 2 no votes. yes voters: 19a3d1ed3cbe44e3b5fac8848debefab; no voters: 93d9ef4bfb0f4162a933f9b1b6c394f5, dc50375acdce4f4ca21b6f56adefa890
I20260713 09:04:07.292080  7312 raft_consensus.cc:3060] T adbc3d0d635b48798ebf6b6b3b94dfa0 P 19a3d1ed3cbe44e3b5fac8848debefab [term 0 FOLLOWER]: Advancing to term 1
I20260713 09:04:07.294440  7252 consensus_queue.cc:1048] T adbc3d0d635b48798ebf6b6b3b94dfa0 P 93d9ef4bfb0f4162a933f9b1b6c394f5 [LEADER]: Connected to new peer: Peer: permanent_uuid: "dc50375acdce4f4ca21b6f56adefa890" member_type: VOTER last_known_addr { host: "127.5.188.1" port: 42437 }, Status: LMP_MISMATCH, Last received: 0.0, Next index: 1, Last known committed idx: 0, Time since last communication: 0.000s
