I20260713 09:03:42.942494  5949 raft_consensus.cc:3055] T 4850a9af7ed9489b857806874c00c555 P 4073cd819844436386a66cb330233f48 [term 1 LEADER]: Stepping down as leader of term 1
I20260713 09:03:42.942405  6100 tablet_service.cc:1917] Received RequestConsensusVote() RPC: tablet_id: "4850a9af7ed9489b857806874c00c555" candidate_uuid: "9f3b7091168a4df2b014dd8c10825e18" candidate_term: 2 candidate_status { last_received { term: 1 index: 1 } } ignore_live_leader: true dest_uuid: "137023b474a243ad85e0519dbad21c61"
I20260713 09:03:42.942878  5949 raft_consensus.cc:740] T 4850a9af7ed9489b857806874c00c555 P 4073cd819844436386a66cb330233f48 [term 1 LEADER]: Becoming Follower/Learner. State: Replica: 4073cd819844436386a66cb330233f48, State: Running, Role: LEADER
I20260713 09:03:42.943048  6100 raft_consensus.cc:3060] T 4850a9af7ed9489b857806874c00c555 P 137023b474a243ad85e0519dbad21c61 [term 1 FOLLOWER]: Advancing to term 2
I20260713 09:03:42.943698  5949 consensus_queue.cc:260] T 4850a9af7ed9489b857806874c00c555 P 4073cd819844436386a66cb330233f48 [NON_LEADER]: Queue going to NON_LEADER mode. State: All replicated index: 0, Majority replicated index: 1, Committed index: 1, Last appended: 1.1, Last appended by leader: 1, Current term: 1, Majority size: -1, State: 0, Mode: NON_LEADER, active raft config: opid_index: -1 OBSOLETE_local: false peers { permanent_uuid: "4073cd819844436386a66cb330233f48" member_type: VOTER last_known_addr { host: "127.5.174.1" port: 37649 } } peers { permanent_uuid: "9f3b7091168a4df2b014dd8c10825e18" member_type: VOTER last_known_addr { host: "127.5.174.2" port: 33739 } } peers { permanent_uuid: "137023b474a243ad85e0519dbad21c61" member_type: VOTER last_known_addr { host: "127.5.174.3" port: 33009 } }
I20260713 09:03:42.944849  5949 raft_consensus.cc:3060] T 4850a9af7ed9489b857806874c00c555 P 4073cd819844436386a66cb330233f48 [term 1 FOLLOWER]: Advancing to term 2
I20260713 09:03:42.949559  6100 raft_consensus.cc:2468] T 4850a9af7ed9489b857806874c00c555 P 137023b474a243ad85e0519dbad21c61 [term 2 FOLLOWER]: Leader election vote request: Granting yes vote for candidate 9f3b7091168a4df2b014dd8c10825e18 in term 2.
I20260713 09:03:42.950683  5992 leader_election.cc:304] T 4850a9af7ed9489b857806874c00c555 P 9f3b7091168a4df2b014dd8c10825e18 [CANDIDATE]: Term 2 election: Election decided. Result: candidate won. Election summary: received 2 responses out of 3 voters: 2 yes votes; 0 no votes. yes voters: 137023b474a243ad85e0519dbad21c61, 9f3b7091168a4df2b014dd8c10825e18; no voters: 
I20260713 09:03:42.951251  5949 raft_consensus.cc:2468] T 4850a9af7ed9489b857806874c00c555 P 4073cd819844436386a66cb330233f48 [term 2 FOLLOWER]: Leader election vote request: Granting yes vote for candidate 9f3b7091168a4df2b014dd8c10825e18 in term 2.
I20260713 09:03:42.951514  6185 raft_consensus.cc:2804] T 4850a9af7ed9489b857806874c00c555 P 9f3b7091168a4df2b014dd8c10825e18 [term 2 FOLLOWER]: Leader election won for term 2
I20260713 09:03:42.952291  6185 raft_consensus.cc:697] T 4850a9af7ed9489b857806874c00c555 P 9f3b7091168a4df2b014dd8c10825e18 [term 2 LEADER]: Becoming Leader. State: Replica: 9f3b7091168a4df2b014dd8c10825e18, State: Running, Role: LEADER
I20260713 09:03:42.953119  6185 consensus_queue.cc:237] T 4850a9af7ed9489b857806874c00c555 P 9f3b7091168a4df2b014dd8c10825e18 [LEADER]: Queue going to LEADER mode. State: All replicated index: 0, Majority replicated index: 1, Committed index: 1, Last appended: 1.1, Last appended by leader: 1, Current term: 2, Majority size: 2, State: 0, Mode: LEADER, active raft config: opid_index: -1 OBSOLETE_local: false peers { permanent_uuid: "4073cd819844436386a66cb330233f48" member_type: VOTER last_known_addr { host: "127.5.174.1" port: 37649 } } peers { permanent_uuid: "9f3b7091168a4df2b014dd8c10825e18" member_type: VOTER last_known_addr { host: "127.5.174.2" port: 33739 } } peers { permanent_uuid: "137023b474a243ad85e0519dbad21c61" member_type: VOTER last_known_addr { host: "127.5.174.3" port: 33009 } }
I20260713 09:03:42.960649  5845 catalog_manager.cc:5697] T 4850a9af7ed9489b857806874c00c555 P 9f3b7091168a4df2b014dd8c10825e18 reported cstate change: term changed from 1 to 2, leader changed from 4073cd819844436386a66cb330233f48 (127.5.174.1) to 9f3b7091168a4df2b014dd8c10825e18 (127.5.174.2). New cstate: current_term: 2 leader_uuid: "9f3b7091168a4df2b014dd8c10825e18" committed_config { opid_index: -1 OBSOLETE_local: false peers { permanent_uuid: "4073cd819844436386a66cb330233f48" member_type: VOTER last_known_addr { host: "127.5.174.1" port: 37649 } health_report { overall_health: UNKNOWN } } peers { permanent_uuid: "9f3b7091168a4df2b014dd8c10825e18" member_type: VOTER last_known_addr { host: "127.5.174.2" port: 33739 } health_report { overall_health: HEALTHY } } peers { permanent_uuid: "137023b474a243ad85e0519dbad21c61" member_type: VOTER last_known_addr { host: "127.5.174.3" port: 33009 } health_report { overall_health: UNKNOWN } } }
I20260713 09:03:42.962460  6025 raft_consensus.cc:1275] T 3d57180f36c94e4ebef097aaead2652a P 9f3b7091168a4df2b014dd8c10825e18 [term 2 FOLLOWER]: Refusing update from remote peer 4073cd819844436386a66cb330233f48: Log matching property violated. Preceding OpId in replica: term: 1 index: 1. Preceding OpId from leader: term: 2 index: 2. (index mismatch)
I20260713 09:03:42.963667  6162 consensus_queue.cc:1048] T 3d57180f36c94e4ebef097aaead2652a P 4073cd819844436386a66cb330233f48 [LEADER]: Connected to new peer: Peer: permanent_uuid: "9f3b7091168a4df2b014dd8c10825e18" member_type: VOTER last_known_addr { host: "127.5.174.2" port: 33739 }, Status: LMP_MISMATCH, Last received: 0.0, Next index: 2, Last known committed idx: 1, Time since last communication: 0.000s
I20260713 09:03:42.973369  6100 raft_consensus.cc:1275] T 3d57180f36c94e4ebef097aaead2652a P 137023b474a243ad85e0519dbad21c61 [term 2 FOLLOWER]: Refusing update from remote peer 4073cd819844436386a66cb330233f48: Log matching property violated. Preceding OpId in replica: term: 1 index: 1. Preceding OpId from leader: term: 2 index: 2. (index mismatch)
I20260713 09:03:42.979051  6162 consensus_queue.cc:1048] T 3d57180f36c94e4ebef097aaead2652a P 4073cd819844436386a66cb330233f48 [LEADER]: Connected to new peer: Peer: permanent_uuid: "137023b474a243ad85e0519dbad21c61" member_type: VOTER last_known_addr { host: "127.5.174.3" port: 33009 }, Status: LMP_MISMATCH, Last received: 0.0, Next index: 2, Last known committed idx: 1, Time since last communication: 0.000s
I20260713 09:03:42.980893  6100 raft_consensus.cc:1275] T b2cf6469ddd54a1989f23054d2596315 P 137023b474a243ad85e0519dbad21c61 [term 2 FOLLOWER]: Refusing update from remote peer 4073cd819844436386a66cb330233f48: Log matching property violated. Preceding OpId in replica: term: 1 index: 1. Preceding OpId from leader: term: 2 index: 2. (index mismatch)
I20260713 09:03:42.982216  6162 consensus_queue.cc:1048] T b2cf6469ddd54a1989f23054d2596315 P 4073cd819844436386a66cb330233f48 [LEADER]: Connected to new peer: Peer: permanent_uuid: "137023b474a243ad85e0519dbad21c61" member_type: VOTER last_known_addr { host: "127.5.174.3" port: 33009 }, Status: LMP_MISMATCH, Last received: 0.0, Next index: 2, Last known committed idx: 1, Time since last communication: 0.005s
I20260713 09:03:43.000214  6025 raft_consensus.cc:1275] T b2cf6469ddd54a1989f23054d2596315 P 9f3b7091168a4df2b014dd8c10825e18 [term 2 FOLLOWER]: Refusing update from remote peer 4073cd819844436386a66cb330233f48: Log matching property violated. Preceding OpId in replica: term: 1 index: 1. Preceding OpId from leader: term: 2 index: 2. (index mismatch)
I20260713 09:03:43.005404  6149 consensus_queue.cc:1048] T b2cf6469ddd54a1989f23054d2596315 P 4073cd819844436386a66cb330233f48 [LEADER]: Connected to new peer: Peer: permanent_uuid: "9f3b7091168a4df2b014dd8c10825e18" member_type: VOTER last_known_addr { host: "127.5.174.2" port: 33739 }, Status: LMP_MISMATCH, Last received: 0.0, Next index: 2, Last known committed idx: 1, Time since last communication: 0.000s
I20260713 09:03:43.302812  6025 raft_consensus.cc:1275] T a5c25078fc154183abc8369082c54a38 P 9f3b7091168a4df2b014dd8c10825e18 [term 2 FOLLOWER]: Refusing update from remote peer 4073cd819844436386a66cb330233f48: Log matching property violated. Preceding OpId in replica: term: 1 index: 1. Preceding OpId from leader: term: 2 index: 2. (index mismatch)
I20260713 09:03:43.304261  6162 consensus_queue.cc:1048] T a5c25078fc154183abc8369082c54a38 P 4073cd819844436386a66cb330233f48 [LEADER]: Connected to new peer: Peer: permanent_uuid: "9f3b7091168a4df2b014dd8c10825e18" member_type: VOTER last_known_addr { host: "127.5.174.2" port: 33739 }, Status: LMP_MISMATCH, Last received: 0.0, Next index: 2, Last known committed idx: 1, Time since last communication: 0.000s
I20260713 09:03:43.312697  6098 raft_consensus.cc:1275] T a5c25078fc154183abc8369082c54a38 P 137023b474a243ad85e0519dbad21c61 [term 2 FOLLOWER]: Refusing update from remote peer 4073cd819844436386a66cb330233f48: Log matching property violated. Preceding OpId in replica: term: 1 index: 1. Preceding OpId from leader: term: 2 index: 2. (index mismatch)
I20260713 09:03:43.314740  6162 consensus_queue.cc:1048] T a5c25078fc154183abc8369082c54a38 P 4073cd819844436386a66cb330233f48 [LEADER]: Connected to new peer: Peer: permanent_uuid: "137023b474a243ad85e0519dbad21c61" member_type: VOTER last_known_addr { host: "127.5.174.3" port: 33009 }, Status: LMP_MISMATCH, Last received: 0.0, Next index: 2, Last known committed idx: 1, Time since last communication: 0.000s
I20260713 09:03:43.419026  5949 raft_consensus.cc:1275] T e69173b8222446fb98f4beb6e80063e9 P 4073cd819844436386a66cb330233f48 [term 2 FOLLOWER]: Refusing update from remote peer 9f3b7091168a4df2b014dd8c10825e18: Log matching property violated. Preceding OpId in replica: term: 1 index: 1. Preceding OpId from leader: term: 2 index: 2. (index mismatch)
I20260713 09:03:43.420531  6185 consensus_queue.cc:1048] T e69173b8222446fb98f4beb6e80063e9 P 9f3b7091168a4df2b014dd8c10825e18 [LEADER]: Connected to new peer: Peer: permanent_uuid: "4073cd819844436386a66cb330233f48" member_type: VOTER last_known_addr { host: "127.5.174.1" port: 37649 }, Status: LMP_MISMATCH, Last received: 0.0, Next index: 2, Last known committed idx: 1, Time since last communication: 0.000s
I20260713 09:03:43.421198  6098 raft_consensus.cc:1275] T e69173b8222446fb98f4beb6e80063e9 P 137023b474a243ad85e0519dbad21c61 [term 2 FOLLOWER]: Refusing update from remote peer 9f3b7091168a4df2b014dd8c10825e18: Log matching property violated. Preceding OpId in replica: term: 1 index: 1. Preceding OpId from leader: term: 2 index: 2. (index mismatch)
I20260713 09:03:43.422819  6185 consensus_queue.cc:1048] T e69173b8222446fb98f4beb6e80063e9 P 9f3b7091168a4df2b014dd8c10825e18 [LEADER]: Connected to new peer: Peer: permanent_uuid: "137023b474a243ad85e0519dbad21c61" member_type: VOTER last_known_addr { host: "127.5.174.3" port: 33009 }, Status: LMP_MISMATCH, Last received: 0.0, Next index: 2, Last known committed idx: 1, Time since last communication: 0.000s
I20260713 09:03:43.476570  6100 raft_consensus.cc:1275] T 4850a9af7ed9489b857806874c00c555 P 137023b474a243ad85e0519dbad21c61 [term 2 FOLLOWER]: Refusing update from remote peer 9f3b7091168a4df2b014dd8c10825e18: Log matching property violated. Preceding OpId in replica: term: 1 index: 1. Preceding OpId from leader: term: 2 index: 2. (index mismatch)
I20260713 09:03:43.477979  6189 consensus_queue.cc:1048] T 4850a9af7ed9489b857806874c00c555 P 9f3b7091168a4df2b014dd8c10825e18 [LEADER]: Connected to new peer: Peer: permanent_uuid: "137023b474a243ad85e0519dbad21c61" member_type: VOTER last_known_addr { host: "127.5.174.3" port: 33009 }, Status: LMP_MISMATCH, Last received: 0.0, Next index: 2, Last known committed idx: 1, Time since last communication: 0.000s
I20260713 09:03:43.487090  5949 raft_consensus.cc:1275] T 4850a9af7ed9489b857806874c00c555 P 4073cd819844436386a66cb330233f48 [term 2 FOLLOWER]: Refusing update from remote peer 9f3b7091168a4df2b014dd8c10825e18: Log matching property violated. Preceding OpId in replica: term: 1 index: 1. Preceding OpId from leader: term: 2 index: 2. (index mismatch)
I20260713 09:03:43.488797  6192 consensus_queue.cc:1048] T 4850a9af7ed9489b857806874c00c555 P 9f3b7091168a4df2b014dd8c10825e18 [LEADER]: Connected to new peer: Peer: permanent_uuid: "4073cd819844436386a66cb330233f48" member_type: VOTER last_known_addr { host: "127.5.174.1" port: 37649 }, Status: LMP_MISMATCH, Last received: 0.0, Next index: 2, Last known committed idx: 1, Time since last communication: 0.000s
I20260713 09:03:45.559000  5816 auto_leader_rebalancer-test.cc:320] The leader distribution is 
I20260713 09:03:45.559954  5816 auto_leader_rebalancer.cc:141] leader rebalance for table test-workload
I20260713 09:03:45.581224  6025 tablet_service.cc:2072] Received LeaderStepDown RPC: tablet_id: "b3e94ab8340b446285a50df3c5c0c3fb"
dest_uuid: "9f3b7091168a4df2b014dd8c10825e18"
mode: GRACEFUL
new_leader_uuid: "137023b474a243ad85e0519dbad21c61"
 from {username='slave'} at 127.0.0.1:43956
I20260713 09:03:45.581763  6025 raft_consensus.cc:606] T b3e94ab8340b446285a50df3c5c0c3fb P 9f3b7091168a4df2b014dd8c10825e18 [term 1 LEADER]: Received request to transfer leadership to TS 137023b474a243ad85e0519dbad21c61
I20260713 09:03:45.592867  5948 tablet_service.cc:2072] Received LeaderStepDown RPC: tablet_id: "d87ad6a75c544f17a15210c5426e0c9f"
dest_uuid: "4073cd819844436386a66cb330233f48"
mode: GRACEFUL
new_leader_uuid: "137023b474a243ad85e0519dbad21c61"
 from {username='slave'} at 127.0.0.1:55362
I20260713 09:03:45.593479  5948 raft_consensus.cc:606] T d87ad6a75c544f17a15210c5426e0c9f P 4073cd819844436386a66cb330233f48 [term 1 LEADER]: Received request to transfer leadership to TS 137023b474a243ad85e0519dbad21c61
I20260713 09:03:45.594743  5816 auto_leader_rebalancer.cc:479] table: test-workload, leader rebalance finish, leader transfer count: 2
I20260713 09:03:45.595228  5816 auto_leader_rebalancer.cc:554] All tables' leader rebalancing finished this round
I20260713 09:03:45.908378  6237 raft_consensus.cc:993] T d87ad6a75c544f17a15210c5426e0c9f P 4073cd819844436386a66cb330233f48: : Instructing follower 137023b474a243ad85e0519dbad21c61 to start an election
I20260713 09:03:45.908859  6241 raft_consensus.cc:1081] T d87ad6a75c544f17a15210c5426e0c9f P 4073cd819844436386a66cb330233f48 [term 1 LEADER]: Signalling peer 137023b474a243ad85e0519dbad21c61 to start an election
I20260713 09:03:45.910492  6100 tablet_service.cc:2044] Received Run Leader Election RPC: tablet_id: "d87ad6a75c544f17a15210c5426e0c9f"
dest_uuid: "137023b474a243ad85e0519dbad21c61"
 from {username='slave'} at 127.0.0.1:60202
I20260713 09:03:45.911024  6100 raft_consensus.cc:493] T d87ad6a75c544f17a15210c5426e0c9f P 137023b474a243ad85e0519dbad21c61 [term 1 FOLLOWER]: Starting forced leader election (received explicit request)
I20260713 09:03:45.911307  6100 raft_consensus.cc:3060] T d87ad6a75c544f17a15210c5426e0c9f P 137023b474a243ad85e0519dbad21c61 [term 1 FOLLOWER]: Advancing to term 2
I20260713 09:03:45.915347  6100 raft_consensus.cc:515] T d87ad6a75c544f17a15210c5426e0c9f P 137023b474a243ad85e0519dbad21c61 [term 2 FOLLOWER]: Starting forced leader election with config: opid_index: -1 OBSOLETE_local: false peers { permanent_uuid: "4073cd819844436386a66cb330233f48" member_type: VOTER last_known_addr { host: "127.5.174.1" port: 37649 } } peers { permanent_uuid: "9f3b7091168a4df2b014dd8c10825e18" member_type: VOTER last_known_addr { host: "127.5.174.2" port: 33739 } } peers { permanent_uuid: "137023b474a243ad85e0519dbad21c61" member_type: VOTER last_known_addr { host: "127.5.174.3" port: 33009 } }
I20260713 09:03:45.917100  6100 leader_election.cc:290] T d87ad6a75c544f17a15210c5426e0c9f P 137023b474a243ad85e0519dbad21c61 [CANDIDATE]: Term 2 election: Requested vote from peers 4073cd819844436386a66cb330233f48 (127.5.174.1:37649), 9f3b7091168a4df2b014dd8c10825e18 (127.5.174.2:33739)
I20260713 09:03:45.918076  5948 tablet_service.cc:1917] Received RequestConsensusVote() RPC: tablet_id: "d87ad6a75c544f17a15210c5426e0c9f" candidate_uuid: "137023b474a243ad85e0519dbad21c61" candidate_term: 2 candidate_status { last_received { term: 1 index: 1 } } ignore_live_leader: true dest_uuid: "4073cd819844436386a66cb330233f48"
I20260713 09:03:45.918262  6025 tablet_service.cc:1917] Received RequestConsensusVote() RPC: tablet_id: "d87ad6a75c544f17a15210c5426e0c9f" candidate_uuid: "137023b474a243ad85e0519dbad21c61" candidate_term: 2 candidate_status { last_received { term: 1 index: 1 } } ignore_live_leader: true dest_uuid: "9f3b7091168a4df2b014dd8c10825e18"
I20260713 09:03:45.918824  5948 raft_consensus.cc:3055] T d87ad6a75c544f17a15210c5426e0c9f P 4073cd819844436386a66cb330233f48 [term 1 LEADER]: Stepping down as leader of term 1
I20260713 09:03:45.918886  6025 raft_consensus.cc:3060] T d87ad6a75c544f17a15210c5426e0c9f P 9f3b7091168a4df2b014dd8c10825e18 [term 1 FOLLOWER]: Advancing to term 2
I20260713 09:03:45.919250  5948 raft_consensus.cc:740] T d87ad6a75c544f17a15210c5426e0c9f P 4073cd819844436386a66cb330233f48 [term 1 LEADER]: Becoming Follower/Learner. State: Replica: 4073cd819844436386a66cb330233f48, State: Running, Role: LEADER
I20260713 09:03:45.920127  5948 consensus_queue.cc:260] T d87ad6a75c544f17a15210c5426e0c9f P 4073cd819844436386a66cb330233f48 [NON_LEADER]: Queue going to NON_LEADER mode. State: All replicated index: 0, Majority replicated index: 1, Committed index: 1, Last appended: 1.1, Last appended by leader: 1, Current term: 1, Majority size: -1, State: 0, Mode: NON_LEADER, active raft config: opid_index: -1 OBSOLETE_local: false peers { permanent_uuid: "4073cd819844436386a66cb330233f48" member_type: VOTER last_known_addr { host: "127.5.174.1" port: 37649 } } peers { permanent_uuid: "9f3b7091168a4df2b014dd8c10825e18" member_type: VOTER last_known_addr { host: "127.5.174.2" port: 33739 } } peers { permanent_uuid: "137023b474a243ad85e0519dbad21c61" member_type: VOTER last_known_addr { host: "127.5.174.3" port: 33009 } }
I20260713 09:03:45.921103  5948 raft_consensus.cc:3060] T d87ad6a75c544f17a15210c5426e0c9f P 4073cd819844436386a66cb330233f48 [term 1 FOLLOWER]: Advancing to term 2
I20260713 09:03:45.923785  6025 raft_consensus.cc:2468] T d87ad6a75c544f17a15210c5426e0c9f P 9f3b7091168a4df2b014dd8c10825e18 [term 2 FOLLOWER]: Leader election vote request: Granting yes vote for candidate 137023b474a243ad85e0519dbad21c61 in term 2.
I20260713 09:03:45.924858  6066 leader_election.cc:304] T d87ad6a75c544f17a15210c5426e0c9f P 137023b474a243ad85e0519dbad21c61 [CANDIDATE]: Term 2 election: Election decided. Result: candidate won. Election summary: received 2 responses out of 3 voters: 2 yes votes; 0 no votes. yes voters: 137023b474a243ad85e0519dbad21c61, 9f3b7091168a4df2b014dd8c10825e18; no voters: 
I20260713 09:03:45.925549  6184 raft_consensus.cc:2804] T d87ad6a75c544f17a15210c5426e0c9f P 137023b474a243ad85e0519dbad21c61 [term 2 FOLLOWER]: Leader election won for term 2
I20260713 09:03:45.926578  6184 raft_consensus.cc:697] T d87ad6a75c544f17a15210c5426e0c9f P 137023b474a243ad85e0519dbad21c61 [term 2 LEADER]: Becoming Leader. State: Replica: 137023b474a243ad85e0519dbad21c61, State: Running, Role: LEADER
I20260713 09:03:45.927253  5948 raft_consensus.cc:2468] T d87ad6a75c544f17a15210c5426e0c9f P 4073cd819844436386a66cb330233f48 [term 2 FOLLOWER]: Leader election vote request: Granting yes vote for candidate 137023b474a243ad85e0519dbad21c61 in term 2.
I20260713 09:03:45.927364  6184 consensus_queue.cc:237] T d87ad6a75c544f17a15210c5426e0c9f P 137023b474a243ad85e0519dbad21c61 [LEADER]: Queue going to LEADER mode. State: All replicated index: 0, Majority replicated index: 1, Committed index: 1, Last appended: 1.1, Last appended by leader: 1, Current term: 2, Majority size: 2, State: 0, Mode: LEADER, active raft config: opid_index: -1 OBSOLETE_local: false peers { permanent_uuid: "4073cd819844436386a66cb330233f48" member_type: VOTER last_known_addr { host: "127.5.174.1" port: 37649 } } peers { permanent_uuid: "9f3b7091168a4df2b014dd8c10825e18" member_type: VOTER last_known_addr { host: "127.5.174.2" port: 33739 } } peers { permanent_uuid: "137023b474a243ad85e0519dbad21c61" member_type: VOTER last_known_addr { host: "127.5.174.3" port: 33009 } }
I20260713 09:03:45.937383  5848 catalog_manager.cc:5697] T d87ad6a75c544f17a15210c5426e0c9f P 137023b474a243ad85e0519dbad21c61 reported cstate change: term changed from 1 to 2, leader changed from 4073cd819844436386a66cb330233f48 (127.5.174.1) to 137023b474a243ad85e0519dbad21c61 (127.5.174.3). New cstate: current_term: 2 leader_uuid: "137023b474a243ad85e0519dbad21c61" committed_config { opid_index: -1 OBSOLETE_local: false peers { permanent_uuid: "4073cd819844436386a66cb330233f48" member_type: VOTER last_known_addr { host: "127.5.174.1" port: 37649 } health_report { overall_health: UNKNOWN } } peers { permanent_uuid: "9f3b7091168a4df2b014dd8c10825e18" member_type: VOTER last_known_addr { host: "127.5.174.2" port: 33739 } health_report { overall_health: UNKNOWN } } peers { permanent_uuid: "137023b474a243ad85e0519dbad21c61" member_type: VOTER last_known_addr { host: "127.5.174.3" port: 33009 } health_report { overall_health: HEALTHY } } }
I20260713 09:03:45.960714  6189 raft_consensus.cc:993] T b3e94ab8340b446285a50df3c5c0c3fb P 9f3b7091168a4df2b014dd8c10825e18: : Instructing follower 137023b474a243ad85e0519dbad21c61 to start an election
I20260713 09:03:45.961158  6189 raft_consensus.cc:1081] T b3e94ab8340b446285a50df3c5c0c3fb P 9f3b7091168a4df2b014dd8c10825e18 [term 1 LEADER]: Signalling peer 137023b474a243ad85e0519dbad21c61 to start an election
I20260713 09:03:45.962539  6100 tablet_service.cc:2044] Received Run Leader Election RPC: tablet_id: "b3e94ab8340b446285a50df3c5c0c3fb"
dest_uuid: "137023b474a243ad85e0519dbad21c61"
 from {username='slave'} at 127.0.0.1:60208
I20260713 09:03:45.962955  6100 raft_consensus.cc:493] T b3e94ab8340b446285a50df3c5c0c3fb P 137023b474a243ad85e0519dbad21c61 [term 1 FOLLOWER]: Starting forced leader election (received explicit request)
I20260713 09:03:45.963224  6100 raft_consensus.cc:3060] T b3e94ab8340b446285a50df3c5c0c3fb P 137023b474a243ad85e0519dbad21c61 [term 1 FOLLOWER]: Advancing to term 2
I20260713 09:03:45.967036  6100 raft_consensus.cc:515] T b3e94ab8340b446285a50df3c5c0c3fb P 137023b474a243ad85e0519dbad21c61 [term 2 FOLLOWER]: Starting forced leader election with config: opid_index: -1 OBSOLETE_local: false peers { permanent_uuid: "4073cd819844436386a66cb330233f48" member_type: VOTER last_known_addr { host: "127.5.174.1" port: 37649 } } peers { permanent_uuid: "9f3b7091168a4df2b014dd8c10825e18" member_type: VOTER last_known_addr { host: "127.5.174.2" port: 33739 } } peers { permanent_uuid: "137023b474a243ad85e0519dbad21c61" member_type: VOTER last_known_addr { host: "127.5.174.3" port: 33009 } }
I20260713 09:03:45.968444  6100 leader_election.cc:290] T b3e94ab8340b446285a50df3c5c0c3fb P 137023b474a243ad85e0519dbad21c61 [CANDIDATE]: Term 2 election: Requested vote from peers 4073cd819844436386a66cb330233f48 (127.5.174.1:37649), 9f3b7091168a4df2b014dd8c10825e18 (127.5.174.2:33739)
I20260713 09:03:45.969305  5948 tablet_service.cc:1917] Received RequestConsensusVote() RPC: tablet_id: "b3e94ab8340b446285a50df3c5c0c3fb" candidate_uuid: "137023b474a243ad85e0519dbad21c61" candidate_term: 2 candidate_status { last_received { term: 1 index: 1 } } ignore_live_leader: true dest_uuid: "4073cd819844436386a66cb330233f48"
I20260713 09:03:45.969576  6025 tablet_service.cc:1917] Received RequestConsensusVote() RPC: tablet_id: "b3e94ab8340b446285a50df3c5c0c3fb" candidate_uuid: "137023b474a243ad85e0519dbad21c61" candidate_term: 2 candidate_status { last_received { term: 1 index: 1 } } ignore_live_leader: true dest_uuid: "9f3b7091168a4df2b014dd8c10825e18"
I20260713 09:03:45.969926  5948 raft_consensus.cc:3060] T b3e94ab8340b446285a50df3c5c0c3fb P 4073cd819844436386a66cb330233f48 [term 1 FOLLOWER]: Advancing to term 2
I20260713 09:03:45.970221  6025 raft_consensus.cc:3055] T b3e94ab8340b446285a50df3c5c0c3fb P 9f3b7091168a4df2b014dd8c10825e18 [term 1 LEADER]: Stepping down as leader of term 1
I20260713 09:03:45.970539  6025 raft_consensus.cc:740] T b3e94ab8340b446285a50df3c5c0c3fb P 9f3b7091168a4df2b014dd8c10825e18 [term 1 LEADER]: Becoming Follower/Learner. State: Replica: 9f3b7091168a4df2b014dd8c10825e18, State: Running, Role: LEADER
I20260713 09:03:45.971174  6025 consensus_queue.cc:260] T b3e94ab8340b446285a50df3c5c0c3fb P 9f3b7091168a4df2b014dd8c10825e18 [NON_LEADER]: Queue going to NON_LEADER mode. State: All replicated index: 0, Majority replicated index: 1, Committed index: 1, Last appended: 1.1, Last appended by leader: 1, Current term: 1, Majority size: -1, State: 0, Mode: NON_LEADER, active raft config: opid_index: -1 OBSOLETE_local: false peers { permanent_uuid: "4073cd819844436386a66cb330233f48" member_type: VOTER last_known_addr { host: "127.5.174.1" port: 37649 } } peers { permanent_uuid: "9f3b7091168a4df2b014dd8c10825e18" member_type: VOTER last_known_addr { host: "127.5.174.2" port: 33739 } } peers { permanent_uuid: "137023b474a243ad85e0519dbad21c61" member_type: VOTER last_known_addr { host: "127.5.174.3" port: 33009 } }
I20260713 09:03:45.971966  6025 raft_consensus.cc:3060] T b3e94ab8340b446285a50df3c5c0c3fb P 9f3b7091168a4df2b014dd8c10825e18 [term 1 FOLLOWER]: Advancing to term 2
I20260713 09:03:45.975227  5948 raft_consensus.cc:2468] T b3e94ab8340b446285a50df3c5c0c3fb P 4073cd819844436386a66cb330233f48 [term 2 FOLLOWER]: Leader election vote request: Granting yes vote for candidate 137023b474a243ad85e0519dbad21c61 in term 2.
I20260713 09:03:45.975853  6025 raft_consensus.cc:2468] T b3e94ab8340b446285a50df3c5c0c3fb P 9f3b7091168a4df2b014dd8c10825e18 [term 2 FOLLOWER]: Leader election vote request: Granting yes vote for candidate 137023b474a243ad85e0519dbad21c61 in term 2.
I20260713 09:03:45.976436  6064 leader_election.cc:304] T b3e94ab8340b446285a50df3c5c0c3fb P 137023b474a243ad85e0519dbad21c61 [CANDIDATE]: Term 2 election: Election decided. Result: candidate won. Election summary: received 2 responses out of 3 voters: 2 yes votes; 0 no votes. yes voters: 137023b474a243ad85e0519dbad21c61, 4073cd819844436386a66cb330233f48; no voters: 
I20260713 09:03:45.977173  6184 raft_consensus.cc:2804] T b3e94ab8340b446285a50df3c5c0c3fb P 137023b474a243ad85e0519dbad21c61 [term 2 FOLLOWER]: Leader election won for term 2
I20260713 09:03:45.977697  6184 raft_consensus.cc:697] T b3e94ab8340b446285a50df3c5c0c3fb P 137023b474a243ad85e0519dbad21c61 [term 2 LEADER]: Becoming Leader. State: Replica: 137023b474a243ad85e0519dbad21c61, State: Running, Role: LEADER
I20260713 09:03:45.978525  6184 consensus_queue.cc:237] T b3e94ab8340b446285a50df3c5c0c3fb P 137023b474a243ad85e0519dbad21c61 [LEADER]: Queue going to LEADER mode. State: All replicated index: 0, Majority replicated index: 1, Committed index: 1, Last appended: 1.1, Last appended by leader: 1, Current term: 2, Majority size: 2, State: 0, Mode: LEADER, active raft config: opid_index: -1 OBSOLETE_local: false peers { permanent_uuid: "4073cd819844436386a66cb330233f48" member_type: VOTER last_known_addr { host: "127.5.174.1" port: 37649 } } peers { permanent_uuid: "9f3b7091168a4df2b014dd8c10825e18" member_type: VOTER last_known_addr { host: "127.5.174.2" port: 33739 } } peers { permanent_uuid: "137023b474a243ad85e0519dbad21c61" member_type: VOTER last_known_addr { host: "127.5.174.3" port: 33009 } }
I20260713 09:03:45.986850  5848 catalog_manager.cc:5697] T b3e94ab8340b446285a50df3c5c0c3fb P 137023b474a243ad85e0519dbad21c61 reported cstate change: term changed from 1 to 2, leader changed from 9f3b7091168a4df2b014dd8c10825e18 (127.5.174.2) to 137023b474a243ad85e0519dbad21c61 (127.5.174.3). New cstate: current_term: 2 leader_uuid: "137023b474a243ad85e0519dbad21c61" committed_config { opid_index: -1 OBSOLETE_local: false peers { permanent_uuid: "4073cd819844436386a66cb330233f48" member_type: VOTER last_known_addr { host: "127.5.174.1" port: 37649 } health_report { overall_health: UNKNOWN } } peers { permanent_uuid: "9f3b7091168a4df2b014dd8c10825e18" member_type: VOTER last_known_addr { host: "127.5.174.2" port: 33739 } health_report { overall_health: UNKNOWN } } peers { permanent_uuid: "137023b474a243ad85e0519dbad21c61" member_type: VOTER last_known_addr { host: "127.5.174.3" port: 33009 } health_report { overall_health: HEALTHY } } }
I20260713 09:03:46.378041  5948 raft_consensus.cc:1275] T d87ad6a75c544f17a15210c5426e0c9f P 4073cd819844436386a66cb330233f48 [term 2 FOLLOWER]: Refusing update from remote peer 137023b474a243ad85e0519dbad21c61: Log matching property violated. Preceding OpId in replica: term: 1 index: 1. Preceding OpId from leader: term: 2 index: 2. (index mismatch)
I20260713 09:03:46.379165  6184 consensus_queue.cc:1048] T d87ad6a75c544f17a15210c5426e0c9f P 137023b474a243ad85e0519dbad21c61 [LEADER]: Connected to new peer: Peer: permanent_uuid: "4073cd819844436386a66cb330233f48" member_type: VOTER last_known_addr { host: "127.5.174.1" port: 37649 }, Status: LMP_MISMATCH, Last received: 0.0, Next index: 2, Last known committed idx: 1, Time since last communication: 0.000s
I20260713 09:03:46.388229  6025 raft_consensus.cc:1275] T d87ad6a75c544f17a15210c5426e0c9f P 9f3b7091168a4df2b014dd8c10825e18 [term 2 FOLLOWER]: Refusing update from remote peer 137023b474a243ad85e0519dbad21c61: Log matching property violated. Preceding OpId in replica: term: 1 index: 1. Preceding OpId from leader: term: 2 index: 2. (index mismatch)
I20260713 09:03:46.389922  6184 consensus_queue.cc:1048] T d87ad6a75c544f17a15210c5426e0c9f P 137023b474a243ad85e0519dbad21c61 [LEADER]: Connected to new peer: Peer: permanent_uuid: "9f3b7091168a4df2b014dd8c10825e18" member_type: VOTER last_known_addr { host: "127.5.174.2" port: 33739 }, Status: LMP_MISMATCH, Last received: 0.0, Next index: 2, Last known committed idx: 1, Time since last communication: 0.000s
I20260713 09:03:46.489042  5948 raft_consensus.cc:1275] T b3e94ab8340b446285a50df3c5c0c3fb P 4073cd819844436386a66cb330233f48 [term 2 FOLLOWER]: Refusing update from remote peer 137023b474a243ad85e0519dbad21c61: Log matching property violated. Preceding OpId in replica: term: 1 index: 1. Preceding OpId from leader: term: 2 index: 2. (index mismatch)
I20260713 09:03:46.490590  6184 consensus_queue.cc:1048] T b3e94ab8340b446285a50df3c5c0c3fb P 137023b474a243ad85e0519dbad21c61 [LEADER]: Connected to new peer: Peer: permanent_uuid: "4073cd819844436386a66cb330233f48" member_type: VOTER last_known_addr { host: "127.5.174.1" port: 37649 }, Status: LMP_MISMATCH, Last received: 0.0, Next index: 2, Last known committed idx: 1, Time since last communication: 0.000s
I20260713 09:03:46.499907  6025 raft_consensus.cc:1275] T b3e94ab8340b446285a50df3c5c0c3fb P 9f3b7091168a4df2b014dd8c10825e18 [term 2 FOLLOWER]: Refusing update from remote peer 137023b474a243ad85e0519dbad21c61: Log matching property violated. Preceding OpId in replica: term: 1 index: 1. Preceding OpId from leader: term: 2 index: 2. (index mismatch)
I20260713 09:03:46.501629  6242 consensus_queue.cc:1048] T b3e94ab8340b446285a50df3c5c0c3fb P 137023b474a243ad85e0519dbad21c61 [LEADER]: Connected to new peer: Peer: permanent_uuid: "9f3b7091168a4df2b014dd8c10825e18" member_type: VOTER last_known_addr { host: "127.5.174.2" port: 33739 }, Status: LMP_MISMATCH, Last received: 0.0, Next index: 2, Last known committed idx: 1, Time since last communication: 0.000s
I20260713 09:03:46.596091  5816 auto_leader_rebalancer.cc:141] leader rebalance for table test-workload
I20260713 09:03:46.606514  5948 tablet_service.cc:2072] Received LeaderStepDown RPC: tablet_id: "3d57180f36c94e4ebef097aaead2652a"
dest_uuid: "4073cd819844436386a66cb330233f48"
mode: GRACEFUL
new_leader_uuid: "9f3b7091168a4df2b014dd8c10825e18"
 from {username='slave'} at 127.0.0.1:60724
I20260713 09:03:46.607161  5948 raft_consensus.cc:606] T 3d57180f36c94e4ebef097aaead2652a P 4073cd819844436386a66cb330233f48 [term 2 LEADER]: Received request to transfer leadership to TS 9f3b7091168a4df2b014dd8c10825e18
I20260713 09:03:46.623811  6100 tablet_service.cc:2072] Received LeaderStepDown RPC: tablet_id: "d87ad6a75c544f17a15210c5426e0c9f"
dest_uuid: "137023b474a243ad85e0519dbad21c61"
mode: GRACEFUL
new_leader_uuid: "9f3b7091168a4df2b014dd8c10825e18"
 from {username='slave'} at 127.0.0.1:51464
I20260713 09:03:46.624424  6100 raft_consensus.cc:606] T d87ad6a75c544f17a15210c5426e0c9f P 137023b474a243ad85e0519dbad21c61 [term 2 LEADER]: Received request to transfer leadership to TS 9f3b7091168a4df2b014dd8c10825e18
I20260713 09:03:46.629236  5948 tablet_service.cc:2072] Received LeaderStepDown RPC: tablet_id: "b2cf6469ddd54a1989f23054d2596315"
dest_uuid: "4073cd819844436386a66cb330233f48"
mode: GRACEFUL
new_leader_uuid: "9f3b7091168a4df2b014dd8c10825e18"
 from {username='slave'} at 127.0.0.1:60724
I20260713 09:03:46.629832  5948 raft_consensus.cc:606] T b2cf6469ddd54a1989f23054d2596315 P 4073cd819844436386a66cb330233f48 [term 2 LEADER]: Received request to transfer leadership to TS 9f3b7091168a4df2b014dd8c10825e18
I20260713 09:03:46.634733  5948 tablet_service.cc:2072] Received LeaderStepDown RPC: tablet_id: "a5c25078fc154183abc8369082c54a38"
dest_uuid: "4073cd819844436386a66cb330233f48"
mode: GRACEFUL
new_leader_uuid: "9f3b7091168a4df2b014dd8c10825e18"
 from {username='slave'} at 127.0.0.1:60724
I20260713 09:03:46.635258  5948 raft_consensus.cc:606] T a5c25078fc154183abc8369082c54a38 P 4073cd819844436386a66cb330233f48 [term 2 LEADER]: Received request to transfer leadership to TS 9f3b7091168a4df2b014dd8c10825e18
I20260713 09:03:46.642187  6100 tablet_service.cc:2072] Received LeaderStepDown RPC: tablet_id: "b3e94ab8340b446285a50df3c5c0c3fb"
dest_uuid: "137023b474a243ad85e0519dbad21c61"
mode: GRACEFUL
new_leader_uuid: "9f3b7091168a4df2b014dd8c10825e18"
 from {username='slave'} at 127.0.0.1:51464
I20260713 09:03:46.642752  6100 raft_consensus.cc:606] T b3e94ab8340b446285a50df3c5c0c3fb P 137023b474a243ad85e0519dbad21c61 [term 2 LEADER]: Received request to transfer leadership to TS 9f3b7091168a4df2b014dd8c10825e18
I20260713 09:03:46.841691  6237 raft_consensus.cc:993] T a5c25078fc154183abc8369082c54a38 P 4073cd819844436386a66cb330233f48: : Instructing follower 9f3b7091168a4df2b014dd8c10825e18 to start an election
I20260713 09:03:46.842242  6237 raft_consensus.cc:1081] T a5c25078fc154183abc8369082c54a38 P 4073cd819844436386a66cb330233f48 [term 2 LEADER]: Signalling peer 9f3b7091168a4df2b014dd8c10825e18 to start an election
I20260713 09:03:46.843621  6025 tablet_service.cc:2044] Received Run Leader Election RPC: tablet_id: "a5c25078fc154183abc8369082c54a38"
dest_uuid: "9f3b7091168a4df2b014dd8c10825e18"
 from {username='slave'} at 127.0.0.1:53710
I20260713 09:03:46.844138  6025 raft_consensus.cc:493] T a5c25078fc154183abc8369082c54a38 P 9f3b7091168a4df2b014dd8c10825e18 [term 2 FOLLOWER]: Starting forced leader election (received explicit request)
I20260713 09:03:46.844417  6025 raft_consensus.cc:3060] T a5c25078fc154183abc8369082c54a38 P 9f3b7091168a4df2b014dd8c10825e18 [term 2 FOLLOWER]: Advancing to term 3
I20260713 09:03:46.848214  6025 raft_consensus.cc:515] T a5c25078fc154183abc8369082c54a38 P 9f3b7091168a4df2b014dd8c10825e18 [term 3 FOLLOWER]: Starting forced leader election with config: opid_index: -1 OBSOLETE_local: false peers { permanent_uuid: "4073cd819844436386a66cb330233f48" member_type: VOTER last_known_addr { host: "127.5.174.1" port: 37649 } } peers { permanent_uuid: "9f3b7091168a4df2b014dd8c10825e18" member_type: VOTER last_known_addr { host: "127.5.174.2" port: 33739 } } peers { permanent_uuid: "137023b474a243ad85e0519dbad21c61" member_type: VOTER last_known_addr { host: "127.5.174.3" port: 33009 } }
I20260713 09:03:46.849663  6025 leader_election.cc:290] T a5c25078fc154183abc8369082c54a38 P 9f3b7091168a4df2b014dd8c10825e18 [CANDIDATE]: Term 3 election: Requested vote from peers 4073cd819844436386a66cb330233f48 (127.5.174.1:37649), 137023b474a243ad85e0519dbad21c61 (127.5.174.3:33009)
I20260713 09:03:46.850455  5948 tablet_service.cc:1917] Received RequestConsensusVote() RPC: tablet_id: "a5c25078fc154183abc8369082c54a38" candidate_uuid: "9f3b7091168a4df2b014dd8c10825e18" candidate_term: 3 candidate_status { last_received { term: 2 index: 2 } } ignore_live_leader: true dest_uuid: "4073cd819844436386a66cb330233f48"
I20260713 09:03:46.850802  6100 tablet_service.cc:1917] Received RequestConsensusVote() RPC: tablet_id: "a5c25078fc154183abc8369082c54a38" candidate_uuid: "9f3b7091168a4df2b014dd8c10825e18" candidate_term: 3 candidate_status { last_received { term: 2 index: 2 } } ignore_live_leader: true dest_uuid: "137023b474a243ad85e0519dbad21c61"
I20260713 09:03:46.851017  5948 raft_consensus.cc:3055] T a5c25078fc154183abc8369082c54a38 P 4073cd819844436386a66cb330233f48 [term 2 LEADER]: Stepping down as leader of term 2
I20260713 09:03:46.851370  6100 raft_consensus.cc:3060] T a5c25078fc154183abc8369082c54a38 P 137023b474a243ad85e0519dbad21c61 [term 2 FOLLOWER]: Advancing to term 3
I20260713 09:03:46.851364  5948 raft_consensus.cc:740] T a5c25078fc154183abc8369082c54a38 P 4073cd819844436386a66cb330233f48 [term 2 LEADER]: Becoming Follower/Learner. State: Replica: 4073cd819844436386a66cb330233f48, State: Running, Role: LEADER
I20260713 09:03:46.852270  5948 consensus_queue.cc:260] T a5c25078fc154183abc8369082c54a38 P 4073cd819844436386a66cb330233f48 [NON_LEADER]: Queue going to NON_LEADER mode. State: All replicated index: 0, Majority replicated index: 2, Committed index: 2, Last appended: 2.2, Last appended by leader: 2, Current term: 2, Majority size: -1, State: 0, Mode: NON_LEADER, active raft config: opid_index: -1 OBSOLETE_local: false peers { permanent_uuid: "4073cd819844436386a66cb330233f48" member_type: VOTER last_known_addr { host: "127.5.174.1" port: 37649 } } peers { permanent_uuid: "9f3b7091168a4df2b014dd8c10825e18" member_type: VOTER last_known_addr { host: "127.5.174.2" port: 33739 } } peers { permanent_uuid: "137023b474a243ad85e0519dbad21c61" member_type: VOTER last_known_addr { host: "127.5.174.3" port: 33009 } }
I20260713 09:03:46.853148  5948 raft_consensus.cc:3060] T a5c25078fc154183abc8369082c54a38 P 4073cd819844436386a66cb330233f48 [term 2 FOLLOWER]: Advancing to term 3
I20260713 09:03:46.856353  6100 raft_consensus.cc:2468] T a5c25078fc154183abc8369082c54a38 P 137023b474a243ad85e0519dbad21c61 [term 3 FOLLOWER]: Leader election vote request: Granting yes vote for candidate 9f3b7091168a4df2b014dd8c10825e18 in term 3.
I20260713 09:03:46.857391  5992 leader_election.cc:304] T a5c25078fc154183abc8369082c54a38 P 9f3b7091168a4df2b014dd8c10825e18 [CANDIDATE]: Term 3 election: Election decided. Result: candidate won. Election summary: received 2 responses out of 3 voters: 2 yes votes; 0 no votes. yes voters: 137023b474a243ad85e0519dbad21c61, 9f3b7091168a4df2b014dd8c10825e18; no voters: 
I20260713 09:03:46.858014  5948 raft_consensus.cc:2468] T a5c25078fc154183abc8369082c54a38 P 4073cd819844436386a66cb330233f48 [term 3 FOLLOWER]: Leader election vote request: Granting yes vote for candidate 9f3b7091168a4df2b014dd8c10825e18 in term 3.
I20260713 09:03:46.859220  6189 raft_consensus.cc:2804] T a5c25078fc154183abc8369082c54a38 P 9f3b7091168a4df2b014dd8c10825e18 [term 3 FOLLOWER]: Leader election won for term 3
I20260713 09:03:46.859748  6189 raft_consensus.cc:697] T a5c25078fc154183abc8369082c54a38 P 9f3b7091168a4df2b014dd8c10825e18 [term 3 LEADER]: Becoming Leader. State: Replica: 9f3b7091168a4df2b014dd8c10825e18, State: Running, Role: LEADER
I20260713 09:03:46.860543  6189 consensus_queue.cc:237] T a5c25078fc154183abc8369082c54a38 P 9f3b7091168a4df2b014dd8c10825e18 [LEADER]: Queue going to LEADER mode. State: All replicated index: 0, Majority replicated index: 2, Committed index: 2, Last appended: 2.2, Last appended by leader: 2, Current term: 3, Majority size: 2, State: 0, Mode: LEADER, active raft config: opid_index: -1 OBSOLETE_local: false peers { permanent_uuid: "4073cd819844436386a66cb330233f48" member_type: VOTER last_known_addr { host: "127.5.174.1" port: 37649 } } peers { permanent_uuid: "9f3b7091168a4df2b014dd8c10825e18" member_type: VOTER last_known_addr { host: "127.5.174.2" port: 33739 } } peers { permanent_uuid: "137023b474a243ad85e0519dbad21c61" member_type: VOTER last_known_addr { host: "127.5.174.3" port: 33009 } }
I20260713 09:03:46.867535  5845 catalog_manager.cc:5697] T a5c25078fc154183abc8369082c54a38 P 9f3b7091168a4df2b014dd8c10825e18 reported cstate change: term changed from 2 to 3, leader changed from 4073cd819844436386a66cb330233f48 (127.5.174.1) to 9f3b7091168a4df2b014dd8c10825e18 (127.5.174.2). New cstate: current_term: 3 leader_uuid: "9f3b7091168a4df2b014dd8c10825e18" committed_config { opid_index: -1 OBSOLETE_local: false peers { permanent_uuid: "4073cd819844436386a66cb330233f48" member_type: VOTER last_known_addr { host: "127.5.174.1" port: 37649 } health_report { overall_health: UNKNOWN } } peers { permanent_uuid: "9f3b7091168a4df2b014dd8c10825e18" member_type: VOTER last_known_addr { host: "127.5.174.2" port: 33739 } health_report { overall_health: HEALTHY } } peers { permanent_uuid: "137023b474a243ad85e0519dbad21c61" member_type: VOTER last_known_addr { host: "127.5.174.3" port: 33009 } health_report { overall_health: UNKNOWN } } }
I20260713 09:03:46.986934  6260 raft_consensus.cc:993] T 3d57180f36c94e4ebef097aaead2652a P 4073cd819844436386a66cb330233f48: : Instructing follower 9f3b7091168a4df2b014dd8c10825e18 to start an election
I20260713 09:03:46.987488  6260 raft_consensus.cc:1081] T 3d57180f36c94e4ebef097aaead2652a P 4073cd819844436386a66cb330233f48 [term 2 LEADER]: Signalling peer 9f3b7091168a4df2b014dd8c10825e18 to start an election
I20260713 09:03:46.989272  6025 tablet_service.cc:2044] Received Run Leader Election RPC: tablet_id: "3d57180f36c94e4ebef097aaead2652a"
dest_uuid: "9f3b7091168a4df2b014dd8c10825e18"
 from {username='slave'} at 127.0.0.1:53710
I20260713 09:03:46.989907  6025 raft_consensus.cc:493] T 3d57180f36c94e4ebef097aaead2652a P 9f3b7091168a4df2b014dd8c10825e18 [term 2 FOLLOWER]: Starting forced leader election (received explicit request)
I20260713 09:03:46.990198  6025 raft_consensus.cc:3060] T 3d57180f36c94e4ebef097aaead2652a P 9f3b7091168a4df2b014dd8c10825e18 [term 2 FOLLOWER]: Advancing to term 3
I20260713 09:03:46.993988  6025 raft_consensus.cc:515] T 3d57180f36c94e4ebef097aaead2652a P 9f3b7091168a4df2b014dd8c10825e18 [term 3 FOLLOWER]: Starting forced leader election with config: opid_index: -1 OBSOLETE_local: false peers { permanent_uuid: "9f3b7091168a4df2b014dd8c10825e18" member_type: VOTER last_known_addr { host: "127.5.174.2" port: 33739 } } peers { permanent_uuid: "4073cd819844436386a66cb330233f48" member_type: VOTER last_known_addr { host: "127.5.174.1" port: 37649 } } peers { permanent_uuid: "137023b474a243ad85e0519dbad21c61" member_type: VOTER last_known_addr { host: "127.5.174.3" port: 33009 } }
I20260713 09:03:46.995318  6025 leader_election.cc:290] T 3d57180f36c94e4ebef097aaead2652a P 9f3b7091168a4df2b014dd8c10825e18 [CANDIDATE]: Term 3 election: Requested vote from peers 4073cd819844436386a66cb330233f48 (127.5.174.1:37649), 137023b474a243ad85e0519dbad21c61 (127.5.174.3:33009)
I20260713 09:03:46.996335  6100 tablet_service.cc:1917] Received RequestConsensusVote() RPC: tablet_id: "3d57180f36c94e4ebef097aaead2652a" candidate_uuid: "9f3b7091168a4df2b014dd8c10825e18" candidate_term: 3 candidate_status { last_received { term: 2 index: 2 } } ignore_live_leader: true dest_uuid: "137023b474a243ad85e0519dbad21c61"
I20260713 09:03:46.996280  5948 tablet_service.cc:1917] Received RequestConsensusVote() RPC: tablet_id: "3d57180f36c94e4ebef097aaead2652a" candidate_uuid: "9f3b7091168a4df2b014dd8c10825e18" candidate_term: 3 candidate_status { last_received { term: 2 index: 2 } } ignore_live_leader: true dest_uuid: "4073cd819844436386a66cb330233f48"
I20260713 09:03:46.997061  6100 raft_consensus.cc:3060] T 3d57180f36c94e4ebef097aaead2652a P 137023b474a243ad85e0519dbad21c61 [term 2 FOLLOWER]: Advancing to term 3
I20260713 09:03:46.997069  5948 raft_consensus.cc:3055] T 3d57180f36c94e4ebef097aaead2652a P 4073cd819844436386a66cb330233f48 [term 2 LEADER]: Stepping down as leader of term 2
I20260713 09:03:46.997630  5948 raft_consensus.cc:740] T 3d57180f36c94e4ebef097aaead2652a P 4073cd819844436386a66cb330233f48 [term 2 LEADER]: Becoming Follower/Learner. State: Replica: 4073cd819844436386a66cb330233f48, State: Running, Role: LEADER
I20260713 09:03:46.998692  5948 consensus_queue.cc:260] T 3d57180f36c94e4ebef097aaead2652a P 4073cd819844436386a66cb330233f48 [NON_LEADER]: Queue going to NON_LEADER mode. State: All replicated index: 0, Majority replicated index: 2, Committed index: 2, Last appended: 2.2, Last appended by leader: 2, Current term: 2, Majority size: -1, State: 0, Mode: NON_LEADER, active raft config: opid_index: -1 OBSOLETE_local: false peers { permanent_uuid: "9f3b7091168a4df2b014dd8c10825e18" member_type: VOTER last_known_addr { host: "127.5.174.2" port: 33739 } } peers { permanent_uuid: "4073cd819844436386a66cb330233f48" member_type: VOTER last_known_addr { host: "127.5.174.1" port: 37649 } } peers { permanent_uuid: "137023b474a243ad85e0519dbad21c61" member_type: VOTER last_known_addr { host: "127.5.174.3" port: 33009 } }
I20260713 09:03:46.999646  5948 raft_consensus.cc:3060] T 3d57180f36c94e4ebef097aaead2652a P 4073cd819844436386a66cb330233f48 [term 2 FOLLOWER]: Advancing to term 3
I20260713 09:03:47.002786  6100 raft_consensus.cc:2468] T 3d57180f36c94e4ebef097aaead2652a P 137023b474a243ad85e0519dbad21c61 [term 3 FOLLOWER]: Leader election vote request: Granting yes vote for candidate 9f3b7091168a4df2b014dd8c10825e18 in term 3.
I20260713 09:03:47.003919  5992 leader_election.cc:304] T 3d57180f36c94e4ebef097aaead2652a P 9f3b7091168a4df2b014dd8c10825e18 [CANDIDATE]: Term 3 election: Election decided. Result: candidate won. Election summary: received 2 responses out of 3 voters: 2 yes votes; 0 no votes. yes voters: 137023b474a243ad85e0519dbad21c61, 9f3b7091168a4df2b014dd8c10825e18; no voters: 
I20260713 09:03:47.004458  5948 raft_consensus.cc:2468] T 3d57180f36c94e4ebef097aaead2652a P 4073cd819844436386a66cb330233f48 [term 3 FOLLOWER]: Leader election vote request: Granting yes vote for candidate 9f3b7091168a4df2b014dd8c10825e18 in term 3.
I20260713 09:03:47.004889  6189 raft_consensus.cc:2804] T 3d57180f36c94e4ebef097aaead2652a P 9f3b7091168a4df2b014dd8c10825e18 [term 3 FOLLOWER]: Leader election won for term 3
I20260713 09:03:47.005426  6189 raft_consensus.cc:697] T 3d57180f36c94e4ebef097aaead2652a P 9f3b7091168a4df2b014dd8c10825e18 [term 3 LEADER]: Becoming Leader. State: Replica: 9f3b7091168a4df2b014dd8c10825e18, State: Running, Role: LEADER
I20260713 09:03:47.006301  6189 consensus_queue.cc:237] T 3d57180f36c94e4ebef097aaead2652a P 9f3b7091168a4df2b014dd8c10825e18 [LEADER]: Queue going to LEADER mode. State: All replicated index: 0, Majority replicated index: 2, Committed index: 2, Last appended: 2.2, Last appended by leader: 2, Current term: 3, Majority size: 2, State: 0, Mode: LEADER, active raft config: opid_index: -1 OBSOLETE_local: false peers { permanent_uuid: "9f3b7091168a4df2b014dd8c10825e18" member_type: VOTER last_known_addr { host: "127.5.174.2" port: 33739 } } peers { permanent_uuid: "4073cd819844436386a66cb330233f48" member_type: VOTER last_known_addr { host: "127.5.174.1" port: 37649 } } peers { permanent_uuid: "137023b474a243ad85e0519dbad21c61" member_type: VOTER last_known_addr { host: "127.5.174.3" port: 33009 } }
I20260713 09:03:47.012741  6266 raft_consensus.cc:993] T d87ad6a75c544f17a15210c5426e0c9f P 137023b474a243ad85e0519dbad21c61: : Instructing follower 9f3b7091168a4df2b014dd8c10825e18 to start an election
I20260713 09:03:47.013283  6267 raft_consensus.cc:1081] T d87ad6a75c544f17a15210c5426e0c9f P 137023b474a243ad85e0519dbad21c61 [term 2 LEADER]: Signalling peer 9f3b7091168a4df2b014dd8c10825e18 to start an election
I20260713 09:03:47.015051  6025 tablet_service.cc:2044] Received Run Leader Election RPC: tablet_id: "d87ad6a75c544f17a15210c5426e0c9f"
dest_uuid: "9f3b7091168a4df2b014dd8c10825e18"
 from {username='slave'} at 127.0.0.1:53720
I20260713 09:03:47.015563  6025 raft_consensus.cc:493] T d87ad6a75c544f17a15210c5426e0c9f P 9f3b7091168a4df2b014dd8c10825e18 [term 2 FOLLOWER]: Starting forced leader election (received explicit request)
I20260713 09:03:47.015868  6025 raft_consensus.cc:3060] T d87ad6a75c544f17a15210c5426e0c9f P 9f3b7091168a4df2b014dd8c10825e18 [term 2 FOLLOWER]: Advancing to term 3
I20260713 09:03:47.015378  5848 catalog_manager.cc:5697] T 3d57180f36c94e4ebef097aaead2652a P 9f3b7091168a4df2b014dd8c10825e18 reported cstate change: term changed from 2 to 3, leader changed from 4073cd819844436386a66cb330233f48 (127.5.174.1) to 9f3b7091168a4df2b014dd8c10825e18 (127.5.174.2). New cstate: current_term: 3 leader_uuid: "9f3b7091168a4df2b014dd8c10825e18" committed_config { opid_index: -1 OBSOLETE_local: false peers { permanent_uuid: "9f3b7091168a4df2b014dd8c10825e18" member_type: VOTER last_known_addr { host: "127.5.174.2" port: 33739 } health_report { overall_health: HEALTHY } } peers { permanent_uuid: "4073cd819844436386a66cb330233f48" member_type: VOTER last_known_addr { host: "127.5.174.1" port: 37649 } health_report { overall_health: UNKNOWN } } peers { permanent_uuid: "137023b474a243ad85e0519dbad21c61" member_type: VOTER last_known_addr { host: "127.5.174.3" port: 33009 } health_report { overall_health: UNKNOWN } } }
