I20260713 09:03:59.245784 11072 raft_consensus.cc:2272] T de9e14d68ebf4e6e82e4b73b9eedfbf3 P fe9335baad364d82bd26eb09c2c28240 [term 2 FOLLOWER]: Raft consensus is shut down!
I20260713 09:03:59.280879 11072 tablet_server.cc:196] TabletServer@127.10.208.1:0 shutdown complete.
W20260713 09:03:59.287108 11769 consensus_peers.cc:597] T 973fdaf7bca344869c0b07054ce576cc P bfdc53973e084c74a21e9b77bc4861b5 -> Peer fe9335baad364d82bd26eb09c2c28240 (127.10.208.1:41563): Couldn't send request to peer fe9335baad364d82bd26eb09c2c28240. Status: Network error: Client connection negotiation failed: client connection to 127.10.208.1:41563: connect: Connection refused (error 111). This is attempt 1: this message will repeat every 5th retry.
I20260713 09:03:59.301355 11072 tablet_server.cc:179] TabletServer@127.10.208.2:0 shutting down...
I20260713 09:03:59.323081 11072 ts_tablet_manager.cc:1507] Shutting down tablet manager...
I20260713 09:03:59.323689 11072 tablet_replica.cc:333] T 973fdaf7bca344869c0b07054ce576cc P bfdc53973e084c74a21e9b77bc4861b5: stopping tablet replica
I20260713 09:03:59.324441 11072 raft_consensus.cc:2243] T 973fdaf7bca344869c0b07054ce576cc P bfdc53973e084c74a21e9b77bc4861b5 [term 5 LEADER]: Raft consensus shutting down.
I20260713 09:03:59.325354 11072 raft_consensus.cc:2272] T 973fdaf7bca344869c0b07054ce576cc P bfdc53973e084c74a21e9b77bc4861b5 [term 5 FOLLOWER]: Raft consensus is shut down!
W20260713 09:03:59.326004 11843 consensus_peers.cc:597] T acf322cb7194494fa21b3c69050db08f P 993b3c658ae54cd49930b695508b0262 -> Peer fe9335baad364d82bd26eb09c2c28240 (127.10.208.1:41563): Couldn't send request to peer fe9335baad364d82bd26eb09c2c28240. Status: Network error: Client connection negotiation failed: client connection to 127.10.208.1:41563: connect: Connection refused (error 111). This is attempt 1: this message will repeat every 5th retry.
I20260713 09:03:59.327723 11072 tablet_replica.cc:333] T fcb22fca7c544b6fb6c6cc4de18e9741 P bfdc53973e084c74a21e9b77bc4861b5: stopping tablet replica
I20260713 09:03:59.328263 11072 raft_consensus.cc:2243] T fcb22fca7c544b6fb6c6cc4de18e9741 P bfdc53973e084c74a21e9b77bc4861b5 [term 2 LEADER]: Raft consensus shutting down.
I20260713 09:03:59.328926 11072 raft_consensus.cc:2272] T fcb22fca7c544b6fb6c6cc4de18e9741 P bfdc53973e084c74a21e9b77bc4861b5 [term 2 FOLLOWER]: Raft consensus is shut down!
I20260713 09:03:59.330540 11072 tablet_replica.cc:333] T b80a627cf6a9499ea43a85b672b9a0c4 P bfdc53973e084c74a21e9b77bc4861b5: stopping tablet replica
I20260713 09:03:59.330996 11072 raft_consensus.cc:2243] T b80a627cf6a9499ea43a85b672b9a0c4 P bfdc53973e084c74a21e9b77bc4861b5 [term 2 FOLLOWER]: Raft consensus shutting down.
I20260713 09:03:59.331336 11072 raft_consensus.cc:2272] T b80a627cf6a9499ea43a85b672b9a0c4 P bfdc53973e084c74a21e9b77bc4861b5 [term 2 FOLLOWER]: Raft consensus is shut down!
I20260713 09:03:59.332795 11072 tablet_replica.cc:333] T bb0ab7e975624c689d34f75944a98300 P bfdc53973e084c74a21e9b77bc4861b5: stopping tablet replica
I20260713 09:03:59.333230 11072 raft_consensus.cc:2243] T bb0ab7e975624c689d34f75944a98300 P bfdc53973e084c74a21e9b77bc4861b5 [term 2 FOLLOWER]: Raft consensus shutting down.
I20260713 09:03:59.333593 11072 raft_consensus.cc:2272] T bb0ab7e975624c689d34f75944a98300 P bfdc53973e084c74a21e9b77bc4861b5 [term 2 FOLLOWER]: Raft consensus is shut down!
I20260713 09:03:59.335162 11072 tablet_replica.cc:333] T 39c5c6e4a998429188c22c09d52dbc9f P bfdc53973e084c74a21e9b77bc4861b5: stopping tablet replica
I20260713 09:03:59.335634 11072 raft_consensus.cc:2243] T 39c5c6e4a998429188c22c09d52dbc9f P bfdc53973e084c74a21e9b77bc4861b5 [term 4 FOLLOWER]: Raft consensus shutting down.
I20260713 09:03:59.336071 11072 raft_consensus.cc:2272] T 39c5c6e4a998429188c22c09d52dbc9f P bfdc53973e084c74a21e9b77bc4861b5 [term 4 FOLLOWER]: Raft consensus is shut down!
I20260713 09:03:59.337473 11072 tablet_replica.cc:333] T d2971648437a4bf28ae9fca244975cc2 P bfdc53973e084c74a21e9b77bc4861b5: stopping tablet replica
I20260713 09:03:59.337917 11072 raft_consensus.cc:2243] T d2971648437a4bf28ae9fca244975cc2 P bfdc53973e084c74a21e9b77bc4861b5 [term 2 FOLLOWER]: Raft consensus shutting down.
I20260713 09:03:59.338255 11072 raft_consensus.cc:2272] T d2971648437a4bf28ae9fca244975cc2 P bfdc53973e084c74a21e9b77bc4861b5 [term 2 FOLLOWER]: Raft consensus is shut down!
I20260713 09:03:59.340328 11072 tablet_replica.cc:333] T de9e14d68ebf4e6e82e4b73b9eedfbf3 P bfdc53973e084c74a21e9b77bc4861b5: stopping tablet replica
I20260713 09:03:59.340794 11072 raft_consensus.cc:2243] T de9e14d68ebf4e6e82e4b73b9eedfbf3 P bfdc53973e084c74a21e9b77bc4861b5 [term 2 FOLLOWER]: Raft consensus shutting down.
I20260713 09:03:59.341149 11072 raft_consensus.cc:2272] T de9e14d68ebf4e6e82e4b73b9eedfbf3 P bfdc53973e084c74a21e9b77bc4861b5 [term 2 FOLLOWER]: Raft consensus is shut down!
I20260713 09:03:59.342689 11072 tablet_replica.cc:333] T 1a4c7d53e82b4f14a82ccd912f5fe577 P bfdc53973e084c74a21e9b77bc4861b5: stopping tablet replica
I20260713 09:03:59.343122 11072 raft_consensus.cc:2243] T 1a4c7d53e82b4f14a82ccd912f5fe577 P bfdc53973e084c74a21e9b77bc4861b5 [term 2 FOLLOWER]: Raft consensus shutting down.
I20260713 09:03:59.343490 11072 raft_consensus.cc:2272] T 1a4c7d53e82b4f14a82ccd912f5fe577 P bfdc53973e084c74a21e9b77bc4861b5 [term 2 FOLLOWER]: Raft consensus is shut down!
I20260713 09:03:59.344944 11072 tablet_replica.cc:333] T a0754dc1047147e4bf317f32862cdc12 P bfdc53973e084c74a21e9b77bc4861b5: stopping tablet replica
I20260713 09:03:59.345333 11072 raft_consensus.cc:2243] T a0754dc1047147e4bf317f32862cdc12 P bfdc53973e084c74a21e9b77bc4861b5 [term 4 LEADER]: Raft consensus shutting down.
I20260713 09:03:59.345993 11072 raft_consensus.cc:2272] T a0754dc1047147e4bf317f32862cdc12 P bfdc53973e084c74a21e9b77bc4861b5 [term 4 FOLLOWER]: Raft consensus is shut down!
I20260713 09:03:59.347779 11072 tablet_replica.cc:333] T acf322cb7194494fa21b3c69050db08f P bfdc53973e084c74a21e9b77bc4861b5: stopping tablet replica
I20260713 09:03:59.348201 11072 raft_consensus.cc:2243] T acf322cb7194494fa21b3c69050db08f P bfdc53973e084c74a21e9b77bc4861b5 [term 2 FOLLOWER]: Raft consensus shutting down.
I20260713 09:03:59.348544 11072 raft_consensus.cc:2272] T acf322cb7194494fa21b3c69050db08f P bfdc53973e084c74a21e9b77bc4861b5 [term 2 FOLLOWER]: Raft consensus is shut down!
I20260713 09:03:59.374768 11072 tablet_server.cc:196] TabletServer@127.10.208.2:0 shutdown complete.
I20260713 09:03:59.394273 11072 tablet_server.cc:179] TabletServer@127.10.208.3:0 shutting down...
I20260713 09:03:59.414620 11072 ts_tablet_manager.cc:1507] Shutting down tablet manager...
I20260713 09:03:59.415242 11072 tablet_replica.cc:333] T 973fdaf7bca344869c0b07054ce576cc P 993b3c658ae54cd49930b695508b0262: stopping tablet replica
I20260713 09:03:59.415755 11072 raft_consensus.cc:2243] T 973fdaf7bca344869c0b07054ce576cc P 993b3c658ae54cd49930b695508b0262 [term 5 FOLLOWER]: Raft consensus shutting down.
I20260713 09:03:59.416186 11072 raft_consensus.cc:2272] T 973fdaf7bca344869c0b07054ce576cc P 993b3c658ae54cd49930b695508b0262 [term 5 FOLLOWER]: Raft consensus is shut down!
I20260713 09:03:59.418160 11072 tablet_replica.cc:333] T bb0ab7e975624c689d34f75944a98300 P 993b3c658ae54cd49930b695508b0262: stopping tablet replica
I20260713 09:03:59.418689 11072 raft_consensus.cc:2243] T bb0ab7e975624c689d34f75944a98300 P 993b3c658ae54cd49930b695508b0262 [term 2 FOLLOWER]: Raft consensus shutting down.
I20260713 09:03:59.419064 11072 raft_consensus.cc:2272] T bb0ab7e975624c689d34f75944a98300 P 993b3c658ae54cd49930b695508b0262 [term 2 FOLLOWER]: Raft consensus is shut down!
I20260713 09:03:59.420539 11072 tablet_replica.cc:333] T b80a627cf6a9499ea43a85b672b9a0c4 P 993b3c658ae54cd49930b695508b0262: stopping tablet replica
I20260713 09:03:59.421003 11072 raft_consensus.cc:2243] T b80a627cf6a9499ea43a85b672b9a0c4 P 993b3c658ae54cd49930b695508b0262 [term 2 FOLLOWER]: Raft consensus shutting down.
I20260713 09:03:59.421355 11072 raft_consensus.cc:2272] T b80a627cf6a9499ea43a85b672b9a0c4 P 993b3c658ae54cd49930b695508b0262 [term 2 FOLLOWER]: Raft consensus is shut down!
I20260713 09:03:59.422863 11072 tablet_replica.cc:333] T fcb22fca7c544b6fb6c6cc4de18e9741 P 993b3c658ae54cd49930b695508b0262: stopping tablet replica
I20260713 09:03:59.423312 11072 raft_consensus.cc:2243] T fcb22fca7c544b6fb6c6cc4de18e9741 P 993b3c658ae54cd49930b695508b0262 [term 2 FOLLOWER]: Raft consensus shutting down.
I20260713 09:03:59.423709 11072 raft_consensus.cc:2272] T fcb22fca7c544b6fb6c6cc4de18e9741 P 993b3c658ae54cd49930b695508b0262 [term 2 FOLLOWER]: Raft consensus is shut down!
I20260713 09:03:59.425534 11072 tablet_replica.cc:333] T 39c5c6e4a998429188c22c09d52dbc9f P 993b3c658ae54cd49930b695508b0262: stopping tablet replica
I20260713 09:03:59.425987 11072 raft_consensus.cc:2243] T 39c5c6e4a998429188c22c09d52dbc9f P 993b3c658ae54cd49930b695508b0262 [term 4 FOLLOWER]: Raft consensus shutting down.
I20260713 09:03:59.426455 11072 raft_consensus.cc:2272] T 39c5c6e4a998429188c22c09d52dbc9f P 993b3c658ae54cd49930b695508b0262 [term 4 FOLLOWER]: Raft consensus is shut down!
I20260713 09:03:59.428159 11072 tablet_replica.cc:333] T d2971648437a4bf28ae9fca244975cc2 P 993b3c658ae54cd49930b695508b0262: stopping tablet replica
I20260713 09:03:59.428624 11072 raft_consensus.cc:2243] T d2971648437a4bf28ae9fca244975cc2 P 993b3c658ae54cd49930b695508b0262 [term 2 LEADER]: Raft consensus shutting down.
I20260713 09:03:59.429308 11072 raft_consensus.cc:2272] T d2971648437a4bf28ae9fca244975cc2 P 993b3c658ae54cd49930b695508b0262 [term 2 FOLLOWER]: Raft consensus is shut down!
I20260713 09:03:59.431712 11072 tablet_replica.cc:333] T a0754dc1047147e4bf317f32862cdc12 P 993b3c658ae54cd49930b695508b0262: stopping tablet replica
I20260713 09:03:59.432179 11072 raft_consensus.cc:2243] T a0754dc1047147e4bf317f32862cdc12 P 993b3c658ae54cd49930b695508b0262 [term 4 FOLLOWER]: Raft consensus shutting down.
I20260713 09:03:59.432576 11072 raft_consensus.cc:2272] T a0754dc1047147e4bf317f32862cdc12 P 993b3c658ae54cd49930b695508b0262 [term 4 FOLLOWER]: Raft consensus is shut down!
I20260713 09:03:59.434458 11072 tablet_replica.cc:333] T acf322cb7194494fa21b3c69050db08f P 993b3c658ae54cd49930b695508b0262: stopping tablet replica
I20260713 09:03:59.434892 11072 raft_consensus.cc:2243] T acf322cb7194494fa21b3c69050db08f P 993b3c658ae54cd49930b695508b0262 [term 2 LEADER]: Raft consensus shutting down.
I20260713 09:03:59.435559 11072 raft_consensus.cc:2272] T acf322cb7194494fa21b3c69050db08f P 993b3c658ae54cd49930b695508b0262 [term 2 FOLLOWER]: Raft consensus is shut down!
I20260713 09:03:59.437435 11072 tablet_replica.cc:333] T de9e14d68ebf4e6e82e4b73b9eedfbf3 P 993b3c658ae54cd49930b695508b0262: stopping tablet replica
I20260713 09:03:59.437863 11072 raft_consensus.cc:2243] T de9e14d68ebf4e6e82e4b73b9eedfbf3 P 993b3c658ae54cd49930b695508b0262 [term 2 LEADER]: Raft consensus shutting down.
I20260713 09:03:59.438575 11072 raft_consensus.cc:2272] T de9e14d68ebf4e6e82e4b73b9eedfbf3 P 993b3c658ae54cd49930b695508b0262 [term 2 FOLLOWER]: Raft consensus is shut down!
I20260713 09:03:59.440007 11072 tablet_replica.cc:333] T 1a4c7d53e82b4f14a82ccd912f5fe577 P 993b3c658ae54cd49930b695508b0262: stopping tablet replica
I20260713 09:03:59.440415 11072 raft_consensus.cc:2243] T 1a4c7d53e82b4f14a82ccd912f5fe577 P 993b3c658ae54cd49930b695508b0262 [term 2 FOLLOWER]: Raft consensus shutting down.
I20260713 09:03:59.440762 11072 raft_consensus.cc:2272] T 1a4c7d53e82b4f14a82ccd912f5fe577 P 993b3c658ae54cd49930b695508b0262 [term 2 FOLLOWER]: Raft consensus is shut down!
I20260713 09:03:59.466873 11072 tablet_server.cc:196] TabletServer@127.10.208.3:0 shutdown complete.
I20260713 09:03:59.483609 11072 master.cc:562] Master@127.10.208.62:35529 shutting down...
I20260713 09:03:59.500227 11072 raft_consensus.cc:2243] T 00000000000000000000000000000000 P c068d36ac88d4bc099ccf1aae90b7837 [term 1 LEADER]: Raft consensus shutting down.
I20260713 09:03:59.500725 11072 raft_consensus.cc:2272] T 00000000000000000000000000000000 P c068d36ac88d4bc099ccf1aae90b7837 [term 1 FOLLOWER]: Raft consensus is shut down!
I20260713 09:03:59.501019 11072 tablet_replica.cc:333] T 00000000000000000000000000000000 P c068d36ac88d4bc099ccf1aae90b7837: stopping tablet replica
I20260713 09:03:59.519208 11072 master.cc:584] Master@127.10.208.62:35529 shutdown complete.
993b3c658ae54cd49930b695508b0262  1
bfdc53973e084c74a21e9b77bc4861b5  4
fe9335baad364d82bd26eb09c2c28240  5
[       OK ] LeaderRebalancerTest.FunctionalTestForNotDivided (10917 ms)
[ RUN      ] LeaderRebalancerTest.AddTserver
I20260713 09:03:59.556893 11072 internal_mini_cluster.cc:156] Creating distributed mini masters. Addrs: 127.10.208.62:44287
I20260713 09:03:59.558013 11072 file_cache.cc:504] Constructed file cache file cache with capacity 419430
W20260713 09:03:59.563261 12103 instance_detector.cc:116] could not retrieve AWS instance metadata: Network error: curl error: HTTP response code said error: The requested URL returned error: 404
W20260713 09:03:59.563277 12104 instance_detector.cc:116] could not retrieve Azure instance metadata: Network error: curl error: HTTP response code said error: The requested URL returned error: 404
W20260713 09:03:59.564599 12106 instance_detector.cc:116] could not retrieve OpenStack instance metadata: Network error: curl error: HTTP response code said error: The requested URL returned error: 404
I20260713 09:03:59.565657 11072 server_base.cc:1061] running on GCE node
I20260713 09:03:59.566629 11072 hybrid_clock.cc:584] initializing the hybrid clock with 'system_unsync' time source
W20260713 09:03:59.566802 11072 system_unsync_time.cc:38] NTP support is disabled. Clock error bounds will not be accurate. This configuration is not suitable for distributed clusters.
I20260713 09:03:59.566946 11072 hybrid_clock.cc:648] HybridClock initialized: now 1783933439566929 us; error 0 us; skew 500 ppm
I20260713 09:03:59.567466 11072 server_base.cc:861] Flag tcmalloc_max_total_thread_cache_bytes is not working since tcmalloc is not enabled.
I20260713 09:03:59.569741 11072 webserver.cc:533] Webserver started at http://127.10.208.62:41631/ using document root <none> and password file <none>
I20260713 09:03:59.570180 11072 fs_manager.cc:362] Metadata directory not provided
I20260713 09:03:59.570343 11072 fs_manager.cc:368] Using write-ahead log directory (fs_wal_dir) as metadata directory
I20260713 09:03:59.570650 11072 server_base.cc:909] This appears to be a new deployment of Kudu; creating new FS layout
I20260713 09:03:59.571725 11072 fs_manager.cc:1068] Generated new instance metadata in path /tmp/dist-test-task5yAcqL/test-tmp/auto_leader_rebalancer-test.0.LeaderRebalancerTest.AddTserver.1783933414807591-11072-0/minicluster-data/master-0-root/instance:
uuid: "1cf282e911e141e283fc5fffc6540405"
format_stamp: "Formatted at 2026-07-13 09:03:59 on dist-test-slave-706z"
I20260713 09:03:59.576212 11072 fs_manager.cc:696] Time spent creating directory manager: real 0.004s	user 0.005s	sys 0.000s
I20260713 09:03:59.579416 12111 log_block_manager.cc:4127] Time spent loading block containers with low live blocks: real 0.000s	user 0.000s	sys 0.000s
I20260713 09:03:59.580148 11072 fs_manager.cc:730] Time spent opening block manager: real 0.002s	user 0.002s	sys 0.001s
I20260713 09:03:59.580428 11072 fs_manager.cc:647] Opened local filesystem: /tmp/dist-test-task5yAcqL/test-tmp/auto_leader_rebalancer-test.0.LeaderRebalancerTest.AddTserver.1783933414807591-11072-0/minicluster-data/master-0-root
uuid: "1cf282e911e141e283fc5fffc6540405"
format_stamp: "Formatted at 2026-07-13 09:03:59 on dist-test-slave-706z"
I20260713 09:03:59.580667 11072 fs_report.cc:389] FS layout report
--------------------
wal directory: /tmp/dist-test-task5yAcqL/test-tmp/auto_leader_rebalancer-test.0.LeaderRebalancerTest.AddTserver.1783933414807591-11072-0/minicluster-data/master-0-root
metadata directory: /tmp/dist-test-task5yAcqL/test-tmp/auto_leader_rebalancer-test.0.LeaderRebalancerTest.AddTserver.1783933414807591-11072-0/minicluster-data/master-0-root
1 data directories: /tmp/dist-test-task5yAcqL/test-tmp/auto_leader_rebalancer-test.0.LeaderRebalancerTest.AddTserver.1783933414807591-11072-0/minicluster-data/master-0-root/data
Total live blocks: 0
Total live bytes: 0
Total live bytes (after alignment): 0
Total number of LBM containers: 0 (0 full)
Did not check for missing blocks
Did not check for orphaned blocks
Total full LBM containers with extra space: 0 (0 repaired)
Total full LBM container extra space in bytes: 0 (0 repaired)
Total incomplete LBM containers: 0 (0 repaired)
Total LBM partial records: 0 (0 repaired)
Total corrupted LBM metadata records in RocksDB: 0 (0 repaired)
I20260713 09:03:59.593503 11072 rpc_server.cc:225] running with OpenSSL 1.1.1  11 Sep 2018
I20260713 09:03:59.594831 11072 kserver.cc:163] Server-wide thread pool size limit: 3276
I20260713 09:03:59.630744 11072 rpc_server.cc:307] RPC server started. Bound to: 127.10.208.62:44287
I20260713 09:03:59.630859 12162 acceptor_pool.cc:272] collecting diagnostics on the listening RPC socket 127.10.208.62:44287 every 8 connection(s)
I20260713 09:03:59.634501 12163 data_dirs.cc:400] Could only allocate 1 dirs of requested 3 for tablet 00000000000000000000000000000000. 1 dirs total, 0 dirs full, 0 dirs failed
I20260713 09:03:59.643927 12163 tablet_bootstrap.cc:492] T 00000000000000000000000000000000 P 1cf282e911e141e283fc5fffc6540405: Bootstrap starting.
I20260713 09:03:59.648341 12163 tablet_bootstrap.cc:654] T 00000000000000000000000000000000 P 1cf282e911e141e283fc5fffc6540405: Neither blocks nor log segments found. Creating new log.
I20260713 09:03:59.652434 12163 tablet_bootstrap.cc:492] T 00000000000000000000000000000000 P 1cf282e911e141e283fc5fffc6540405: No bootstrap required, opened a new log
I20260713 09:03:59.654735 12163 raft_consensus.cc:359] T 00000000000000000000000000000000 P 1cf282e911e141e283fc5fffc6540405 [term 0 FOLLOWER]: Replica starting. Triggering 0 pending ops. Active config: opid_index: -1 OBSOLETE_local: true peers { permanent_uuid: "1cf282e911e141e283fc5fffc6540405" member_type: VOTER }
I20260713 09:03:59.655092 12163 raft_consensus.cc:385] T 00000000000000000000000000000000 P 1cf282e911e141e283fc5fffc6540405 [term 0 FOLLOWER]: Consensus starting up: Expiring failure detector timer to make a prompt election more likely
I20260713 09:03:59.655298 12163 raft_consensus.cc:740] T 00000000000000000000000000000000 P 1cf282e911e141e283fc5fffc6540405 [term 0 FOLLOWER]: Becoming Follower/Learner. State: Replica: 1cf282e911e141e283fc5fffc6540405, State: Initialized, Role: FOLLOWER
I20260713 09:03:59.655869 12163 consensus_queue.cc:260] T 00000000000000000000000000000000 P 1cf282e911e141e283fc5fffc6540405 [NON_LEADER]: Queue going to NON_LEADER mode. State: All replicated index: 0, Majority replicated index: 0, Committed index: 0, Last appended: 0.0, Last appended by leader: 0, Current term: 0, Majority size: -1, State: 0, Mode: NON_LEADER, active raft config: opid_index: -1 OBSOLETE_local: true peers { permanent_uuid: "1cf282e911e141e283fc5fffc6540405" member_type: VOTER }
I20260713 09:03:59.656284 12163 raft_consensus.cc:399] T 00000000000000000000000000000000 P 1cf282e911e141e283fc5fffc6540405 [term 0 FOLLOWER]: Only one voter in the Raft config. Triggering election immediately
I20260713 09:03:59.656467 12163 raft_consensus.cc:493] T 00000000000000000000000000000000 P 1cf282e911e141e283fc5fffc6540405 [term 0 FOLLOWER]: Starting leader election (initial election of a single-replica configuration)
I20260713 09:03:59.656673 12163 raft_consensus.cc:3060] T 00000000000000000000000000000000 P 1cf282e911e141e283fc5fffc6540405 [term 0 FOLLOWER]: Advancing to term 1
I20260713 09:03:59.660485 12163 raft_consensus.cc:515] T 00000000000000000000000000000000 P 1cf282e911e141e283fc5fffc6540405 [term 1 FOLLOWER]: Starting leader election with config: opid_index: -1 OBSOLETE_local: true peers { permanent_uuid: "1cf282e911e141e283fc5fffc6540405" member_type: VOTER }
I20260713 09:03:59.660931 12163 leader_election.cc:304] T 00000000000000000000000000000000 P 1cf282e911e141e283fc5fffc6540405 [CANDIDATE]: Term 1 election: Election decided. Result: candidate won. Election summary: received 1 responses out of 1 voters: 1 yes votes; 0 no votes. yes voters: 1cf282e911e141e283fc5fffc6540405; no voters: 
I20260713 09:03:59.661995 12163 leader_election.cc:290] T 00000000000000000000000000000000 P 1cf282e911e141e283fc5fffc6540405 [CANDIDATE]: Term 1 election: Requested vote from peers 
I20260713 09:03:59.662264 12166 raft_consensus.cc:2804] T 00000000000000000000000000000000 P 1cf282e911e141e283fc5fffc6540405 [term 1 FOLLOWER]: Leader election won for term 1
I20260713 09:03:59.663497 12166 raft_consensus.cc:697] T 00000000000000000000000000000000 P 1cf282e911e141e283fc5fffc6540405 [term 1 LEADER]: Becoming Leader. State: Replica: 1cf282e911e141e283fc5fffc6540405, State: Running, Role: LEADER
I20260713 09:03:59.664141 12166 consensus_queue.cc:237] T 00000000000000000000000000000000 P 1cf282e911e141e283fc5fffc6540405 [LEADER]: Queue going to LEADER mode. State: All replicated index: 0, Majority replicated index: 0, Committed index: 0, Last appended: 0.0, Last appended by leader: 0, Current term: 1, Majority size: 1, State: 0, Mode: LEADER, active raft config: opid_index: -1 OBSOLETE_local: true peers { permanent_uuid: "1cf282e911e141e283fc5fffc6540405" member_type: VOTER }
I20260713 09:03:59.664711 12163 sys_catalog.cc:565] T 00000000000000000000000000000000 P 1cf282e911e141e283fc5fffc6540405 [sys.catalog]: configured and running, proceeding with master startup.
I20260713 09:03:59.668215 12167 sys_catalog.cc:455] T 00000000000000000000000000000000 P 1cf282e911e141e283fc5fffc6540405 [sys.catalog]: SysCatalogTable state changed. Reason: RaftConsensus started. Latest consensus state: current_term: 1 leader_uuid: "1cf282e911e141e283fc5fffc6540405" committed_config { opid_index: -1 OBSOLETE_local: true peers { permanent_uuid: "1cf282e911e141e283fc5fffc6540405" member_type: VOTER } }
I20260713 09:03:59.668373 12168 sys_catalog.cc:455] T 00000000000000000000000000000000 P 1cf282e911e141e283fc5fffc6540405 [sys.catalog]: SysCatalogTable state changed. Reason: New leader 1cf282e911e141e283fc5fffc6540405. Latest consensus state: current_term: 1 leader_uuid: "1cf282e911e141e283fc5fffc6540405" committed_config { opid_index: -1 OBSOLETE_local: true peers { permanent_uuid: "1cf282e911e141e283fc5fffc6540405" member_type: VOTER } }
I20260713 09:03:59.668848 12167 sys_catalog.cc:458] T 00000000000000000000000000000000 P 1cf282e911e141e283fc5fffc6540405 [sys.catalog]: This master's current role is: LEADER
I20260713 09:03:59.668900 12168 sys_catalog.cc:458] T 00000000000000000000000000000000 P 1cf282e911e141e283fc5fffc6540405 [sys.catalog]: This master's current role is: LEADER
I20260713 09:03:59.671211 12174 catalog_manager.cc:1511] Loading table and tablet metadata into memory...
I20260713 09:03:59.676096 12174 catalog_manager.cc:1520] Initializing Kudu cluster ID...
I20260713 09:03:59.682608 11072 internal_mini_cluster.cc:184] Waiting to initialize catalog manager on master 0
I20260713 09:03:59.684919 12174 catalog_manager.cc:1383] Generated new cluster ID: 48626eeca3a14556a7782f8af31de48e
I20260713 09:03:59.685165 12174 catalog_manager.cc:1531] Initializing Kudu internal certificate authority...
I20260713 09:03:59.704715 12174 catalog_manager.cc:1406] Generated new certificate authority record
I20260713 09:03:59.705870 12174 catalog_manager.cc:1540] Loading token signing keys...
I20260713 09:03:59.722769 12174 catalog_manager.cc:6070] T 00000000000000000000000000000000 P 1cf282e911e141e283fc5fffc6540405: Generated new TSK 0
I20260713 09:03:59.723332 12174 catalog_manager.cc:1550] Initializing in-progress tserver states...
I20260713 09:03:59.749421 11072 file_cache.cc:504] Constructed file cache file cache with capacity 419430
W20260713 09:03:59.755002 12184 instance_detector.cc:116] could not retrieve AWS instance metadata: Network error: curl error: HTTP response code said error: The requested URL returned error: 404
W20260713 09:03:59.755961 12185 instance_detector.cc:116] could not retrieve Azure instance metadata: Network error: curl error: HTTP response code said error: The requested URL returned error: 404
W20260713 09:03:59.757655 12187 instance_detector.cc:116] could not retrieve OpenStack instance metadata: Network error: curl error: HTTP response code said error: The requested URL returned error: 404
I20260713 09:03:59.758015 11072 server_base.cc:1061] running on GCE node
I20260713 09:03:59.758942 11072 hybrid_clock.cc:584] initializing the hybrid clock with 'system_unsync' time source
W20260713 09:03:59.759115 11072 system_unsync_time.cc:38] NTP support is disabled. Clock error bounds will not be accurate. This configuration is not suitable for distributed clusters.
I20260713 09:03:59.759287 11072 hybrid_clock.cc:648] HybridClock initialized: now 1783933439759268 us; error 0 us; skew 500 ppm
I20260713 09:03:59.759821 11072 server_base.cc:861] Flag tcmalloc_max_total_thread_cache_bytes is not working since tcmalloc is not enabled.
I20260713 09:03:59.762058 11072 webserver.cc:533] Webserver started at http://127.10.208.1:43209/ using document root <none> and password file <none>
I20260713 09:03:59.762573 11072 fs_manager.cc:362] Metadata directory not provided
I20260713 09:03:59.762746 11072 fs_manager.cc:368] Using write-ahead log directory (fs_wal_dir) as metadata directory
I20260713 09:03:59.763031 11072 server_base.cc:909] This appears to be a new deployment of Kudu; creating new FS layout
I20260713 09:03:59.764081 11072 fs_manager.cc:1068] Generated new instance metadata in path /tmp/dist-test-task5yAcqL/test-tmp/auto_leader_rebalancer-test.0.LeaderRebalancerTest.AddTserver.1783933414807591-11072-0/minicluster-data/ts-0-root/instance:
uuid: "4e965a0166b54d6396f51d1b431b0ebb"
format_stamp: "Formatted at 2026-07-13 09:03:59 on dist-test-slave-706z"
I20260713 09:03:59.768500 11072 fs_manager.cc:696] Time spent creating directory manager: real 0.004s	user 0.005s	sys 0.000s
I20260713 09:03:59.771618 12192 log_block_manager.cc:4127] Time spent loading block containers with low live blocks: real 0.000s	user 0.000s	sys 0.000s
I20260713 09:03:59.772331 11072 fs_manager.cc:730] Time spent opening block manager: real 0.002s	user 0.002s	sys 0.001s
I20260713 09:03:59.772616 11072 fs_manager.cc:647] Opened local filesystem: /tmp/dist-test-task5yAcqL/test-tmp/auto_leader_rebalancer-test.0.LeaderRebalancerTest.AddTserver.1783933414807591-11072-0/minicluster-data/ts-0-root
uuid: "4e965a0166b54d6396f51d1b431b0ebb"
format_stamp: "Formatted at 2026-07-13 09:03:59 on dist-test-slave-706z"
I20260713 09:03:59.772871 11072 fs_report.cc:389] FS layout report
--------------------
wal directory: /tmp/dist-test-task5yAcqL/test-tmp/auto_leader_rebalancer-test.0.LeaderRebalancerTest.AddTserver.1783933414807591-11072-0/minicluster-data/ts-0-root
metadata directory: /tmp/dist-test-task5yAcqL/test-tmp/auto_leader_rebalancer-test.0.LeaderRebalancerTest.AddTserver.1783933414807591-11072-0/minicluster-data/ts-0-root
1 data directories: /tmp/dist-test-task5yAcqL/test-tmp/auto_leader_rebalancer-test.0.LeaderRebalancerTest.AddTserver.1783933414807591-11072-0/minicluster-data/ts-0-root/data
Total live blocks: 0
Total live bytes: 0
Total live bytes (after alignment): 0
Total number of LBM containers: 0 (0 full)
Did not check for missing blocks
Did not check for orphaned blocks
Total full LBM containers with extra space: 0 (0 repaired)
Total full LBM container extra space in bytes: 0 (0 repaired)
Total incomplete LBM containers: 0 (0 repaired)
Total LBM partial records: 0 (0 repaired)
Total corrupted LBM metadata records in RocksDB: 0 (0 repaired)
I20260713 09:03:59.781178 11072 rpc_server.cc:225] running with OpenSSL 1.1.1  11 Sep 2018
I20260713 09:03:59.782502 11072 kserver.cc:163] Server-wide thread pool size limit: 3276
I20260713 09:03:59.783880 11072 txn_system_client.cc:432] TxnSystemClient initialization is disabled...
I20260713 09:03:59.786044 11072 ts_tablet_manager.cc:585] Loaded tablet metadata (0 total tablets, 0 live tablets)
I20260713 09:03:59.786226 11072 ts_tablet_manager.cc:531] Time spent load tablet metadata: real 0.000s	user 0.000s	sys 0.000s
I20260713 09:03:59.786489 11072 ts_tablet_manager.cc:616] Registered 0 tablets
I20260713 09:03:59.786654 11072 ts_tablet_manager.cc:595] Time spent register tablets: real 0.000s	user 0.000s	sys 0.000s
I20260713 09:03:59.825202 11072 rpc_server.cc:307] RPC server started. Bound to: 127.10.208.1:33797
I20260713 09:03:59.825289 12254 acceptor_pool.cc:272] collecting diagnostics on the listening RPC socket 127.10.208.1:33797 every 8 connection(s)
I20260713 09:03:59.829879 11072 file_cache.cc:504] Constructed file cache file cache with capacity 419430
W20260713 09:03:59.836699 12259 instance_detector.cc:116] could not retrieve AWS instance metadata: Network error: curl error: HTTP response code said error: The requested URL returned error: 404
W20260713 09:03:59.838083 12260 instance_detector.cc:116] could not retrieve Azure instance metadata: Network error: curl error: HTTP response code said error: The requested URL returned error: 404
I20260713 09:03:59.840442 11072 server_base.cc:1061] running on GCE node
W20260713 09:03:59.840477 12262 instance_detector.cc:116] could not retrieve OpenStack instance metadata: Network error: curl error: HTTP response code said error: The requested URL returned error: 404
I20260713 09:03:59.841800 11072 hybrid_clock.cc:584] initializing the hybrid clock with 'system_unsync' time source
W20260713 09:03:59.842064 11072 system_unsync_time.cc:38] NTP support is disabled. Clock error bounds will not be accurate. This configuration is not suitable for distributed clusters.
I20260713 09:03:59.842263 11072 hybrid_clock.cc:648] HybridClock initialized: now 1783933439842247 us; error 0 us; skew 500 ppm
I20260713 09:03:59.842986 11072 server_base.cc:861] Flag tcmalloc_max_total_thread_cache_bytes is not working since tcmalloc is not enabled.
I20260713 09:03:59.844190 12255 heartbeater.cc:344] Connected to a master server at 127.10.208.62:44287
I20260713 09:03:59.844569 12255 heartbeater.cc:461] Registering TS with master...
I20260713 09:03:59.845254 12255 heartbeater.cc:507] Master 127.10.208.62:44287 requested a full tablet report, sending...
I20260713 09:03:59.845659 11072 webserver.cc:533] Webserver started at http://127.10.208.2:37803/ using document root <none> and password file <none>
I20260713 09:03:59.846185 11072 fs_manager.cc:362] Metadata directory not provided
I20260713 09:03:59.846503 11072 fs_manager.cc:368] Using write-ahead log directory (fs_wal_dir) as metadata directory
I20260713 09:03:59.846750 11072 server_base.cc:909] This appears to be a new deployment of Kudu; creating new FS layout
I20260713 09:03:59.847496 12128 ts_manager.cc:194] Registered new tserver with Master: 4e965a0166b54d6396f51d1b431b0ebb (127.10.208.1:33797)
I20260713 09:03:59.847955 11072 fs_manager.cc:1068] Generated new instance metadata in path /tmp/dist-test-task5yAcqL/test-tmp/auto_leader_rebalancer-test.0.LeaderRebalancerTest.AddTserver.1783933414807591-11072-0/minicluster-data/ts-1-root/instance:
uuid: "9c3b54ba14e44a64a1584b35ccfc5109"
format_stamp: "Formatted at 2026-07-13 09:03:59 on dist-test-slave-706z"
I20260713 09:03:59.849231 12128 master_service.cc:502] Signed X509 certificate for tserver {username='slave'} at 127.0.0.1:44364
I20260713 09:03:59.852677 11072 fs_manager.cc:696] Time spent creating directory manager: real 0.004s	user 0.006s	sys 0.000s
I20260713 09:03:59.856297 12267 log_block_manager.cc:4127] Time spent loading block containers with low live blocks: real 0.000s	user 0.000s	sys 0.000s
I20260713 09:03:59.857061 11072 fs_manager.cc:730] Time spent opening block manager: real 0.002s	user 0.002s	sys 0.000s
I20260713 09:03:59.857350 11072 fs_manager.cc:647] Opened local filesystem: /tmp/dist-test-task5yAcqL/test-tmp/auto_leader_rebalancer-test.0.LeaderRebalancerTest.AddTserver.1783933414807591-11072-0/minicluster-data/ts-1-root
uuid: "9c3b54ba14e44a64a1584b35ccfc5109"
format_stamp: "Formatted at 2026-07-13 09:03:59 on dist-test-slave-706z"
I20260713 09:03:59.857612 11072 fs_report.cc:389] FS layout report
--------------------
wal directory: /tmp/dist-test-task5yAcqL/test-tmp/auto_leader_rebalancer-test.0.LeaderRebalancerTest.AddTserver.1783933414807591-11072-0/minicluster-data/ts-1-root
metadata directory: /tmp/dist-test-task5yAcqL/test-tmp/auto_leader_rebalancer-test.0.LeaderRebalancerTest.AddTserver.1783933414807591-11072-0/minicluster-data/ts-1-root
1 data directories: /tmp/dist-test-task5yAcqL/test-tmp/auto_leader_rebalancer-test.0.LeaderRebalancerTest.AddTserver.1783933414807591-11072-0/minicluster-data/ts-1-root/data
Total live blocks: 0
Total live bytes: 0
Total live bytes (after alignment): 0
Total number of LBM containers: 0 (0 full)
Did not check for missing blocks
Did not check for orphaned blocks
Total full LBM containers with extra space: 0 (0 repaired)
Total full LBM container extra space in bytes: 0 (0 repaired)
Total incomplete LBM containers: 0 (0 repaired)
Total LBM partial records: 0 (0 repaired)
Total corrupted LBM metadata records in RocksDB: 0 (0 repaired)
I20260713 09:03:59.869220 11072 rpc_server.cc:225] running with OpenSSL 1.1.1  11 Sep 2018
I20260713 09:03:59.870548 11072 kserver.cc:163] Server-wide thread pool size limit: 3276
I20260713 09:03:59.871954 11072 txn_system_client.cc:432] TxnSystemClient initialization is disabled...
I20260713 09:03:59.874126 11072 ts_tablet_manager.cc:585] Loaded tablet metadata (0 total tablets, 0 live tablets)
I20260713 09:03:59.874349 11072 ts_tablet_manager.cc:531] Time spent load tablet metadata: real 0.000s	user 0.000s	sys 0.000s
I20260713 09:03:59.874630 11072 ts_tablet_manager.cc:616] Registered 0 tablets
I20260713 09:03:59.874797 11072 ts_tablet_manager.cc:595] Time spent register tablets: real 0.000s	user 0.000s	sys 0.000s
I20260713 09:03:59.912389 11072 rpc_server.cc:307] RPC server started. Bound to: 127.10.208.2:36915
I20260713 09:03:59.912479 12329 acceptor_pool.cc:272] collecting diagnostics on the listening RPC socket 127.10.208.2:36915 every 8 connection(s)
I20260713 09:03:59.916841 11072 file_cache.cc:504] Constructed file cache file cache with capacity 419430
W20260713 09:03:59.923424 12333 instance_detector.cc:116] could not retrieve AWS instance metadata: Network error: curl error: HTTP response code said error: The requested URL returned error: 404
W20260713 09:03:59.924243 12334 instance_detector.cc:116] could not retrieve Azure instance metadata: Network error: curl error: HTTP response code said error: The requested URL returned error: 404
I20260713 09:03:59.926740 11072 server_base.cc:1061] running on GCE node
W20260713 09:03:59.927601 12336 instance_detector.cc:116] could not retrieve OpenStack instance metadata: Network error: curl error: HTTP response code said error: The requested URL returned error: 404
I20260713 09:03:59.928157 12330 heartbeater.cc:344] Connected to a master server at 127.10.208.62:44287
I20260713 09:03:59.928485 12330 heartbeater.cc:461] Registering TS with master...
I20260713 09:03:59.928534 11072 hybrid_clock.cc:584] initializing the hybrid clock with 'system_unsync' time source
W20260713 09:03:59.928803 11072 system_unsync_time.cc:38] NTP support is disabled. Clock error bounds will not be accurate. This configuration is not suitable for distributed clusters.
I20260713 09:03:59.928954 11072 hybrid_clock.cc:648] HybridClock initialized: now 1783933439928938 us; error 0 us; skew 500 ppm
I20260713 09:03:59.929278 12330 heartbeater.cc:507] Master 127.10.208.62:44287 requested a full tablet report, sending...
I20260713 09:03:59.929508 11072 server_base.cc:861] Flag tcmalloc_max_total_thread_cache_bytes is not working since tcmalloc is not enabled.
I20260713 09:03:59.931345 12128 ts_manager.cc:194] Registered new tserver with Master: 9c3b54ba14e44a64a1584b35ccfc5109 (127.10.208.2:36915)
I20260713 09:03:59.932478 11072 webserver.cc:533] Webserver started at http://127.10.208.3:34979/ using document root <none> and password file <none>
I20260713 09:03:59.933097 11072 fs_manager.cc:362] Metadata directory not provided
I20260713 09:03:59.933071 12128 master_service.cc:502] Signed X509 certificate for tserver {username='slave'} at 127.0.0.1:44372
I20260713 09:03:59.933470 11072 fs_manager.cc:368] Using write-ahead log directory (fs_wal_dir) as metadata directory
I20260713 09:03:59.933791 11072 server_base.cc:909] This appears to be a new deployment of Kudu; creating new FS layout
I20260713 09:03:59.935215 11072 fs_manager.cc:1068] Generated new instance metadata in path /tmp/dist-test-task5yAcqL/test-tmp/auto_leader_rebalancer-test.0.LeaderRebalancerTest.AddTserver.1783933414807591-11072-0/minicluster-data/ts-2-root/instance:
uuid: "fbdaa1d65324422784032920cf2883a2"
format_stamp: "Formatted at 2026-07-13 09:03:59 on dist-test-slave-706z"
I20260713 09:03:59.939527 11072 fs_manager.cc:696] Time spent creating directory manager: real 0.004s	user 0.004s	sys 0.000s
I20260713 09:03:59.942713 12341 log_block_manager.cc:4127] Time spent loading block containers with low live blocks: real 0.000s	user 0.000s	sys 0.000s
I20260713 09:03:59.943513 11072 fs_manager.cc:730] Time spent opening block manager: real 0.002s	user 0.003s	sys 0.000s
I20260713 09:03:59.943769 11072 fs_manager.cc:647] Opened local filesystem: /tmp/dist-test-task5yAcqL/test-tmp/auto_leader_rebalancer-test.0.LeaderRebalancerTest.AddTserver.1783933414807591-11072-0/minicluster-data/ts-2-root
uuid: "fbdaa1d65324422784032920cf2883a2"
format_stamp: "Formatted at 2026-07-13 09:03:59 on dist-test-slave-706z"
I20260713 09:03:59.944031 11072 fs_report.cc:389] FS layout report
--------------------
wal directory: /tmp/dist-test-task5yAcqL/test-tmp/auto_leader_rebalancer-test.0.LeaderRebalancerTest.AddTserver.1783933414807591-11072-0/minicluster-data/ts-2-root
metadata directory: /tmp/dist-test-task5yAcqL/test-tmp/auto_leader_rebalancer-test.0.LeaderRebalancerTest.AddTserver.1783933414807591-11072-0/minicluster-data/ts-2-root
1 data directories: /tmp/dist-test-task5yAcqL/test-tmp/auto_leader_rebalancer-test.0.LeaderRebalancerTest.AddTserver.1783933414807591-11072-0/minicluster-data/ts-2-root/data
Total live blocks: 0
Total live bytes: 0
Total live bytes (after alignment): 0
Total number of LBM containers: 0 (0 full)
Did not check for missing blocks
Did not check for orphaned blocks
Total full LBM containers with extra space: 0 (0 repaired)
Total full LBM container extra space in bytes: 0 (0 repaired)
Total incomplete LBM containers: 0 (0 repaired)
Total LBM partial records: 0 (0 repaired)
Total corrupted LBM metadata records in RocksDB: 0 (0 repaired)
I20260713 09:03:59.961030 11072 rpc_server.cc:225] running with OpenSSL 1.1.1  11 Sep 2018
I20260713 09:03:59.962157 11072 kserver.cc:163] Server-wide thread pool size limit: 3276
I20260713 09:03:59.963531 11072 txn_system_client.cc:432] TxnSystemClient initialization is disabled...
I20260713 09:03:59.965643 11072 ts_tablet_manager.cc:585] Loaded tablet metadata (0 total tablets, 0 live tablets)
I20260713 09:03:59.965863 11072 ts_tablet_manager.cc:531] Time spent load tablet metadata: real 0.000s	user 0.000s	sys 0.000s
I20260713 09:03:59.966106 11072 ts_tablet_manager.cc:616] Registered 0 tablets
I20260713 09:03:59.966248 11072 ts_tablet_manager.cc:595] Time spent register tablets: real 0.000s	user 0.000s	sys 0.000s
I20260713 09:04:00.002388 11072 rpc_server.cc:307] RPC server started. Bound to: 127.10.208.3:37449
I20260713 09:04:00.002525 12403 acceptor_pool.cc:272] collecting diagnostics on the listening RPC socket 127.10.208.3:37449 every 8 connection(s)
I20260713 09:04:00.015300 12404 heartbeater.cc:344] Connected to a master server at 127.10.208.62:44287
I20260713 09:04:00.015674 12404 heartbeater.cc:461] Registering TS with master...
I20260713 09:04:00.016395 12404 heartbeater.cc:507] Master 127.10.208.62:44287 requested a full tablet report, sending...
I20260713 09:04:00.018167 12128 ts_manager.cc:194] Registered new tserver with Master: fbdaa1d65324422784032920cf2883a2 (127.10.208.3:37449)
I20260713 09:04:00.018901 11072 internal_mini_cluster.cc:371] 3 TS(s) registered with all masters after 0.013424354s
I20260713 09:04:00.019447 12128 master_service.cc:502] Signed X509 certificate for tserver {username='slave'} at 127.0.0.1:44378
I20260713 09:04:00.043201 12128 catalog_manager.cc:2283] Servicing CreateTable request from {username='slave'} at 127.0.0.1:44390:
name: "test-workload"
schema {
  columns {
    name: "key"
    type: INT32
    is_key: true
    is_nullable: false
    encoding: AUTO_ENCODING
    compression: DEFAULT_COMPRESSION
    cfile_block_size: 0
    immutable: false
  }
  columns {
    name: "int_val"
    type: INT32
    is_key: false
    is_nullable: false
    encoding: AUTO_ENCODING
    compression: DEFAULT_COMPRESSION
    cfile_block_size: 0
    immutable: false
  }
  columns {
    name: "string_val"
    type: STRING
    is_key: false
    is_nullable: true
    encoding: AUTO_ENCODING
    compression: DEFAULT_COMPRESSION
    cfile_block_size: 0
    immutable: false
  }
}
num_replicas: 3
split_rows_range_bounds {
  rows: "\004\001\000UUU\005\004\001\000\252\252\252\n\004\001\000\377\377\377\017\004\001\000TUU\025\004\001\000\251\252\252\032\004\001\000\376\377\377\037\004\001\000SUU%\004\001\000\250\252\252*\004\001\000\375\377\377/\004\001\000RUU5\004\001\000\247\252\252:\004\001\000\374\377\377?\004\001\000QUUE\004\001\000\246\252\252J\004\001\000\373\377\377O\004\001\000PUUU\004\001\000\245\252\252Z\004\001\000\372\377\377_\004\001\000OUUe\004\001\000\244\252\252j\004\001\000\371\377\377o\004\001\000NUUu\004\001\000\243\252\252z""\004\001\000UUU\005\004\001\000\252\252\252\n\004\001\000\377\377\377\017\004\001\000TUU\025\004\001\000\251\252\252\032\004\001\000\376\377\377\037\004\001\000SUU%\004\001\000\250\252\252*\004\001\000\375\377\377/\004\001\000RUU5\004\001\000\247\252\252:\004\001\000\374\377\377?\004\001\000QUUE\004\001\000\246\252\252J\004\001\000\373\377\377O\004\001\000PUUU\004\001\000\245\252\252Z\004\001\000\372\377\377_\004\001\000OUUe\004\001\000\244\252\252j\004\001\000\371\377\377o\004\001\000NUUu\004\001\000\243\252\252z"
  indirect_data: """"
}
partition_schema {
  range_schema {
    columns {
      name: "key"
    }
  }
}
W20260713 09:04:00.046940 12128 catalog_manager.cc:7077] The number of live tablet servers is not enough to re-replicate a tablet replica of the newly created table test-workload in case of a server failure: 4 tablet servers would be needed, 3 are available. Consider bringing up more tablet servers.
I20260713 09:04:00.161582 12369 tablet_service.cc:1511] Processing CreateTablet for tablet 9006f1217e6a420b9c96cf826fa8a5f4 (DEFAULT_TABLE table=test-workload [id=48dcde0f1a644863a420a595b5c0c189]), partition=RANGE (key) PARTITION VALUES < 89478485
I20260713 09:04:00.163077 12369 data_dirs.cc:400] Could only allocate 1 dirs of requested 3 for tablet 9006f1217e6a420b9c96cf826fa8a5f4. 1 dirs total, 0 dirs full, 0 dirs failed
I20260713 09:04:00.169186 12368 tablet_service.cc:1511] Processing CreateTablet for tablet 758f4a93198a4c8db7ef43617e22bab6 (DEFAULT_TABLE table=test-workload [id=48dcde0f1a644863a420a595b5c0c189]), partition=RANGE (key) PARTITION 89478485 <= VALUES < 178956970
I20260713 09:04:00.171748 12367 tablet_service.cc:1511] Processing CreateTablet for tablet 5b0ed017d8bf46e58a96a2498170bdd1 (DEFAULT_TABLE table=test-workload [id=48dcde0f1a644863a420a595b5c0c189]), partition=RANGE (key) PARTITION 178956970 <= VALUES < 268435455
I20260713 09:04:00.172569 12368 data_dirs.cc:400] Could only allocate 1 dirs of requested 3 for tablet 758f4a93198a4c8db7ef43617e22bab6. 1 dirs total, 0 dirs full, 0 dirs failed
I20260713 09:04:00.173974 12367 data_dirs.cc:400] Could only allocate 1 dirs of requested 3 for tablet 5b0ed017d8bf46e58a96a2498170bdd1. 1 dirs total, 0 dirs full, 0 dirs failed
I20260713 09:04:00.175541 12364 tablet_service.cc:1511] Processing CreateTablet for tablet 6b8f95db9e79448a92dc1259c5bd5d80 (DEFAULT_TABLE table=test-workload [id=48dcde0f1a644863a420a595b5c0c189]), partition=RANGE (key) PARTITION 447392425 <= VALUES < 536870910
I20260713 09:04:00.183446 12364 data_dirs.cc:400] Could only allocate 1 dirs of requested 3 for tablet 6b8f95db9e79448a92dc1259c5bd5d80. 1 dirs total, 0 dirs full, 0 dirs failed
I20260713 09:04:00.185578 12291 tablet_service.cc:1511] Processing CreateTablet for tablet a3b0454f4f6b407ea8c63c79effe47df (DEFAULT_TABLE table=test-workload [id=48dcde0f1a644863a420a595b5c0c189]), partition=RANGE (key) PARTITION 357913940 <= VALUES < 447392425
I20260713 09:04:00.175777 12362 tablet_service.cc:1511] Processing CreateTablet for tablet 3b215ccf3b174b7bb5eec67b6e6927a4 (DEFAULT_TABLE table=test-workload [id=48dcde0f1a644863a420a595b5c0c189]), partition=RANGE (key) PARTITION 626349395 <= VALUES < 715827880
I20260713 09:04:00.186914 12291 data_dirs.cc:400] Could only allocate 1 dirs of requested 3 for tablet a3b0454f4f6b407ea8c63c79effe47df. 1 dirs total, 0 dirs full, 0 dirs failed
I20260713 09:04:00.187317 12362 data_dirs.cc:400] Could only allocate 1 dirs of requested 3 for tablet 3b215ccf3b174b7bb5eec67b6e6927a4. 1 dirs total, 0 dirs full, 0 dirs failed
I20260713 09:04:00.177561 12361 tablet_service.cc:1511] Processing CreateTablet for tablet c61a511c0aca4f40b34f51d070fb3548 (DEFAULT_TABLE table=test-workload [id=48dcde0f1a644863a420a595b5c0c189]), partition=RANGE (key) PARTITION 715827880 <= VALUES < 805306365
I20260713 09:04:00.187464 12295 tablet_service.cc:1511] Processing CreateTablet for tablet 9006f1217e6a420b9c96cf826fa8a5f4 (DEFAULT_TABLE table=test-workload [id=48dcde0f1a644863a420a595b5c0c189]), partition=RANGE (key) PARTITION VALUES < 89478485
I20260713 09:04:00.179258 12360 tablet_service.cc:1511] Processing CreateTablet for tablet 7a68581cddd34b2db1e00b6e0069aaf2 (DEFAULT_TABLE table=test-workload [id=48dcde0f1a644863a420a595b5c0c189]), partition=RANGE (key) PARTITION 805306365 <= VALUES < 894784850
I20260713 09:04:00.188690 12295 data_dirs.cc:400] Could only allocate 1 dirs of requested 3 for tablet 9006f1217e6a420b9c96cf826fa8a5f4. 1 dirs total, 0 dirs full, 0 dirs failed
I20260713 09:04:00.190488 12294 tablet_service.cc:1511] Processing CreateTablet for tablet 758f4a93198a4c8db7ef43617e22bab6 (DEFAULT_TABLE table=test-workload [id=48dcde0f1a644863a420a595b5c0c189]), partition=RANGE (key) PARTITION 89478485 <= VALUES < 178956970
I20260713 09:04:00.191810 12294 data_dirs.cc:400] Could only allocate 1 dirs of requested 3 for tablet 758f4a93198a4c8db7ef43617e22bab6. 1 dirs total, 0 dirs full, 0 dirs failed
I20260713 09:04:00.191457 12290 tablet_service.cc:1511] Processing CreateTablet for tablet 6b8f95db9e79448a92dc1259c5bd5d80 (DEFAULT_TABLE table=test-workload [id=48dcde0f1a644863a420a595b5c0c189]), partition=RANGE (key) PARTITION 447392425 <= VALUES < 536870910
I20260713 09:04:00.192720 12290 data_dirs.cc:400] Could only allocate 1 dirs of requested 3 for tablet 6b8f95db9e79448a92dc1259c5bd5d80. 1 dirs total, 0 dirs full, 0 dirs failed
I20260713 09:04:00.193836 12293 tablet_service.cc:1511] Processing CreateTablet for tablet 5b0ed017d8bf46e58a96a2498170bdd1 (DEFAULT_TABLE table=test-workload [id=48dcde0f1a644863a420a595b5c0c189]), partition=RANGE (key) PARTITION 178956970 <= VALUES < 268435455
I20260713 09:04:00.194747 12361 data_dirs.cc:400] Could only allocate 1 dirs of requested 3 for tablet c61a511c0aca4f40b34f51d070fb3548. 1 dirs total, 0 dirs full, 0 dirs failed
I20260713 09:04:00.195142 12293 data_dirs.cc:400] Could only allocate 1 dirs of requested 3 for tablet 5b0ed017d8bf46e58a96a2498170bdd1. 1 dirs total, 0 dirs full, 0 dirs failed
I20260713 09:04:00.195799 12360 data_dirs.cc:400] Could only allocate 1 dirs of requested 3 for tablet 7a68581cddd34b2db1e00b6e0069aaf2. 1 dirs total, 0 dirs full, 0 dirs failed
I20260713 09:04:00.195574 12289 tablet_service.cc:1511] Processing CreateTablet for tablet 9f74d5afb3b04218b49a62d42170fd32 (DEFAULT_TABLE table=test-workload [id=48dcde0f1a644863a420a595b5c0c189]), partition=RANGE (key) PARTITION 536870910 <= VALUES < 626349395
I20260713 09:04:00.196869 12289 data_dirs.cc:400] Could only allocate 1 dirs of requested 3 for tablet 9f74d5afb3b04218b49a62d42170fd32. 1 dirs total, 0 dirs full, 0 dirs failed
I20260713 09:04:00.197021 12292 tablet_service.cc:1511] Processing CreateTablet for tablet 3a0e0f9dbbc047438213cb1e847455e9 (DEFAULT_TABLE table=test-workload [id=48dcde0f1a644863a420a595b5c0c189]), partition=RANGE (key) PARTITION 268435455 <= VALUES < 357913940
I20260713 09:04:00.198217 12292 data_dirs.cc:400] Could only allocate 1 dirs of requested 3 for tablet 3a0e0f9dbbc047438213cb1e847455e9. 1 dirs total, 0 dirs full, 0 dirs failed
I20260713 09:04:00.179251 12366 tablet_service.cc:1511] Processing CreateTablet for tablet 3a0e0f9dbbc047438213cb1e847455e9 (DEFAULT_TABLE table=test-workload [id=48dcde0f1a644863a420a595b5c0c189]), partition=RANGE (key) PARTITION 268435455 <= VALUES < 357913940
I20260713 09:04:00.201738 12286 tablet_service.cc:1511] Processing CreateTablet for tablet 7a68581cddd34b2db1e00b6e0069aaf2 (DEFAULT_TABLE table=test-workload [id=48dcde0f1a644863a420a595b5c0c189]), partition=RANGE (key) PARTITION 805306365 <= VALUES < 894784850
I20260713 09:04:00.179191 12365 tablet_service.cc:1511] Processing CreateTablet for tablet a3b0454f4f6b407ea8c63c79effe47df (DEFAULT_TABLE table=test-workload [id=48dcde0f1a644863a420a595b5c0c189]), partition=RANGE (key) PARTITION 357913940 <= VALUES < 447392425
I20260713 09:04:00.203068 12286 data_dirs.cc:400] Could only allocate 1 dirs of requested 3 for tablet 7a68581cddd34b2db1e00b6e0069aaf2. 1 dirs total, 0 dirs full, 0 dirs failed
