I20260713 09:03:48.172096  6615 consensus_queue.cc:237] T 4bc148cd7f8749ce835b043600cea63a P 3ae0a6d0bbd249afb86f2466fd778a70 [LEADER]: Queue going to LEADER mode. State: All replicated index: 0, Majority replicated index: 0, Committed index: 0, Last appended: 0.0, Last appended by leader: 0, Current term: 1, Majority size: 2, State: 0, Mode: LEADER, active raft config: opid_index: -1 OBSOLETE_local: false peers { permanent_uuid: "3ae0a6d0bbd249afb86f2466fd778a70" member_type: VOTER last_known_addr { host: "127.5.158.193" port: 34377 } } peers { permanent_uuid: "8086079aaa914ae78d91b68790daa0bc" member_type: VOTER last_known_addr { host: "127.5.158.194" port: 34259 } } peers { permanent_uuid: "e72622dec3ac409797d0c8e0ef2d680d" member_type: VOTER last_known_addr { host: "127.5.158.195" port: 43437 } }
I20260713 09:03:48.175550  6593 consensus_queue.cc:1048] T 9ec90595691747e6badde5e7c0f973f3 P e72622dec3ac409797d0c8e0ef2d680d [LEADER]: Connected to new peer: Peer: permanent_uuid: "8086079aaa914ae78d91b68790daa0bc" member_type: VOTER last_known_addr { host: "127.5.158.194" port: 34259 }, Status: LMP_MISMATCH, Last received: 0.0, Next index: 1, Last known committed idx: 0, Time since last communication: 0.000s
I20260713 09:03:48.179716  6277 catalog_manager.cc:5697] T 4bc148cd7f8749ce835b043600cea63a P 3ae0a6d0bbd249afb86f2466fd778a70 reported cstate change: term changed from 0 to 1, leader changed from <none> to 3ae0a6d0bbd249afb86f2466fd778a70 (127.5.158.193). New cstate: current_term: 1 leader_uuid: "3ae0a6d0bbd249afb86f2466fd778a70" committed_config { opid_index: -1 OBSOLETE_local: false peers { permanent_uuid: "3ae0a6d0bbd249afb86f2466fd778a70" member_type: VOTER last_known_addr { host: "127.5.158.193" port: 34377 } health_report { overall_health: HEALTHY } } peers { permanent_uuid: "8086079aaa914ae78d91b68790daa0bc" member_type: VOTER last_known_addr { host: "127.5.158.194" port: 34259 } health_report { overall_health: UNKNOWN } } peers { permanent_uuid: "e72622dec3ac409797d0c8e0ef2d680d" member_type: VOTER last_known_addr { host: "127.5.158.195" port: 43437 } health_report { overall_health: UNKNOWN } } }
I20260713 09:03:48.191414  6591 consensus_queue.cc:1048] T 9ec90595691747e6badde5e7c0f973f3 P e72622dec3ac409797d0c8e0ef2d680d [LEADER]: Connected to new peer: Peer: permanent_uuid: "3ae0a6d0bbd249afb86f2466fd778a70" member_type: VOTER last_known_addr { host: "127.5.158.193" port: 34377 }, Status: LMP_MISMATCH, Last received: 0.0, Next index: 1, Last known committed idx: 0, Time since last communication: 0.000s
I20260713 09:03:48.198460  6591 consensus_queue.cc:1048] T 316350c99aac4bfa8882169e097e1848 P e72622dec3ac409797d0c8e0ef2d680d [LEADER]: Connected to new peer: Peer: permanent_uuid: "8086079aaa914ae78d91b68790daa0bc" member_type: VOTER last_known_addr { host: "127.5.158.194" port: 34259 }, Status: LMP_MISMATCH, Last received: 0.0, Next index: 1, Last known committed idx: 0, Time since last communication: 0.000s
I20260713 09:03:48.216395  6382 raft_consensus.cc:3060] T a1b7f3bbe9944798965dfc2bfa2bcb73 P 3ae0a6d0bbd249afb86f2466fd778a70 [term 0 FOLLOWER]: Advancing to term 1
I20260713 09:03:48.218910  6577 consensus_queue.cc:1048] T 316350c99aac4bfa8882169e097e1848 P e72622dec3ac409797d0c8e0ef2d680d [LEADER]: Connected to new peer: Peer: permanent_uuid: "3ae0a6d0bbd249afb86f2466fd778a70" member_type: VOTER last_known_addr { host: "127.5.158.193" port: 34377 }, Status: LMP_MISMATCH, Last received: 0.0, Next index: 1, Last known committed idx: 0, Time since last communication: 0.000s
I20260713 09:03:48.225814  6591 consensus_queue.cc:1048] T a1b7f3bbe9944798965dfc2bfa2bcb73 P e72622dec3ac409797d0c8e0ef2d680d [LEADER]: Connected to new peer: Peer: permanent_uuid: "3ae0a6d0bbd249afb86f2466fd778a70" member_type: VOTER last_known_addr { host: "127.5.158.193" port: 34377 }, Status: LMP_MISMATCH, Last received: 0.0, Next index: 1, Last known committed idx: 0, Time since last communication: 0.000s
I20260713 09:03:48.238415  6577 consensus_queue.cc:1048] T a1b7f3bbe9944798965dfc2bfa2bcb73 P e72622dec3ac409797d0c8e0ef2d680d [LEADER]: Connected to new peer: Peer: permanent_uuid: "8086079aaa914ae78d91b68790daa0bc" member_type: VOTER last_known_addr { host: "127.5.158.194" port: 34259 }, Status: LMP_MISMATCH, Last received: 0.0, Next index: 1, Last known committed idx: 0, Time since last communication: 0.000s
I20260713 09:03:48.319872  6577 consensus_queue.cc:1048] T dad50561ce2647da88ada3c70b0370ef P e72622dec3ac409797d0c8e0ef2d680d [LEADER]: Connected to new peer: Peer: permanent_uuid: "8086079aaa914ae78d91b68790daa0bc" member_type: VOTER last_known_addr { host: "127.5.158.194" port: 34259 }, Status: LMP_MISMATCH, Last received: 0.0, Next index: 1, Last known committed idx: 0, Time since last communication: 0.001s
I20260713 09:03:48.330039  6593 consensus_queue.cc:1048] T dad50561ce2647da88ada3c70b0370ef P e72622dec3ac409797d0c8e0ef2d680d [LEADER]: Connected to new peer: Peer: permanent_uuid: "3ae0a6d0bbd249afb86f2466fd778a70" member_type: VOTER last_known_addr { host: "127.5.158.193" port: 34377 }, Status: LMP_MISMATCH, Last received: 0.0, Next index: 1, Last known committed idx: 0, Time since last communication: 0.000s
I20260713 09:03:48.346269  6615 consensus_queue.cc:1048] T de3dc004263748bf8af64f3fd1c4bd22 P 3ae0a6d0bbd249afb86f2466fd778a70 [LEADER]: Connected to new peer: Peer: permanent_uuid: "e72622dec3ac409797d0c8e0ef2d680d" member_type: VOTER last_known_addr { host: "127.5.158.195" port: 43437 }, Status: LMP_MISMATCH, Last received: 0.0, Next index: 1, Last known committed idx: 0, Time since last communication: 0.000s
I20260713 09:03:48.356334  6615 consensus_queue.cc:1048] T de3dc004263748bf8af64f3fd1c4bd22 P 3ae0a6d0bbd249afb86f2466fd778a70 [LEADER]: Connected to new peer: Peer: permanent_uuid: "8086079aaa914ae78d91b68790daa0bc" member_type: VOTER last_known_addr { host: "127.5.158.194" port: 34259 }, Status: LMP_MISMATCH, Last received: 0.0, Next index: 1, Last known committed idx: 0, Time since last communication: 0.001s
I20260713 09:03:48.365079  6575 consensus_queue.cc:1048] T 8c718347a8d44e4595640b6718b5584a P 3ae0a6d0bbd249afb86f2466fd778a70 [LEADER]: Connected to new peer: Peer: permanent_uuid: "8086079aaa914ae78d91b68790daa0bc" member_type: VOTER last_known_addr { host: "127.5.158.194" port: 34259 }, Status: LMP_MISMATCH, Last received: 0.0, Next index: 1, Last known committed idx: 0, Time since last communication: 0.000s
I20260713 09:03:48.375203  6643 consensus_queue.cc:1048] T 8c718347a8d44e4595640b6718b5584a P 3ae0a6d0bbd249afb86f2466fd778a70 [LEADER]: Connected to new peer: Peer: permanent_uuid: "e72622dec3ac409797d0c8e0ef2d680d" member_type: VOTER last_known_addr { host: "127.5.158.195" port: 43437 }, Status: LMP_MISMATCH, Last received: 0.0, Next index: 1, Last known committed idx: 0, Time since last communication: 0.000s
I20260713 09:03:48.417887  6531 tablet_service.cc:2072] Received LeaderStepDown RPC: tablet_id: "316350c99aac4bfa8882169e097e1848"
dest_uuid: "e72622dec3ac409797d0c8e0ef2d680d"
mode: GRACEFUL
new_leader_uuid: "3ae0a6d0bbd249afb86f2466fd778a70"
 from {username='slave'} at 127.0.0.1:58738
I20260713 09:03:48.418376  6531 raft_consensus.cc:606] T 316350c99aac4bfa8882169e097e1848 P e72622dec3ac409797d0c8e0ef2d680d [term 1 LEADER]: Received request to transfer leadership to TS 3ae0a6d0bbd249afb86f2466fd778a70
I20260713 09:03:48.425565  6531 tablet_service.cc:2072] Received LeaderStepDown RPC: tablet_id: "a1b7f3bbe9944798965dfc2bfa2bcb73"
dest_uuid: "e72622dec3ac409797d0c8e0ef2d680d"
mode: GRACEFUL
new_leader_uuid: "3ae0a6d0bbd249afb86f2466fd778a70"
 from {username='slave'} at 127.0.0.1:58738
I20260713 09:03:48.426014  6531 raft_consensus.cc:606] T a1b7f3bbe9944798965dfc2bfa2bcb73 P e72622dec3ac409797d0c8e0ef2d680d [term 1 LEADER]: Received request to transfer leadership to TS 3ae0a6d0bbd249afb86f2466fd778a70
I20260713 09:03:48.430101  6531 tablet_service.cc:2072] Received LeaderStepDown RPC: tablet_id: "9ec90595691747e6badde5e7c0f973f3"
dest_uuid: "e72622dec3ac409797d0c8e0ef2d680d"
mode: GRACEFUL
new_leader_uuid: "3ae0a6d0bbd249afb86f2466fd778a70"
 from {username='slave'} at 127.0.0.1:58738
I20260713 09:03:48.430537  6531 raft_consensus.cc:606] T 9ec90595691747e6badde5e7c0f973f3 P e72622dec3ac409797d0c8e0ef2d680d [term 1 LEADER]: Received request to transfer leadership to TS 3ae0a6d0bbd249afb86f2466fd778a70
I20260713 09:03:48.434796  6531 tablet_service.cc:2072] Received LeaderStepDown RPC: tablet_id: "32c834c82df34bc8a107407e14583f79"
dest_uuid: "e72622dec3ac409797d0c8e0ef2d680d"
mode: GRACEFUL
new_leader_uuid: "3ae0a6d0bbd249afb86f2466fd778a70"
 from {username='slave'} at 127.0.0.1:58738
I20260713 09:03:48.435246  6531 raft_consensus.cc:606] T 32c834c82df34bc8a107407e14583f79 P e72622dec3ac409797d0c8e0ef2d680d [term 1 LEADER]: Received request to transfer leadership to TS 3ae0a6d0bbd249afb86f2466fd778a70
I20260713 09:03:48.447307  6381 tablet_service.cc:2072] Received LeaderStepDown RPC: tablet_id: "6f4e66b95c9d4281865499076fc05a88"
dest_uuid: "3ae0a6d0bbd249afb86f2466fd778a70"
mode: GRACEFUL
new_leader_uuid: "8086079aaa914ae78d91b68790daa0bc"
 from {username='slave'} at 127.0.0.1:33050
I20260713 09:03:48.447822  6381 raft_consensus.cc:606] T 6f4e66b95c9d4281865499076fc05a88 P 3ae0a6d0bbd249afb86f2466fd778a70 [term 1 LEADER]: Received request to transfer leadership to TS 8086079aaa914ae78d91b68790daa0bc
I20260713 09:03:48.452502  6531 tablet_service.cc:2072] Received LeaderStepDown RPC: tablet_id: "dad50561ce2647da88ada3c70b0370ef"
dest_uuid: "e72622dec3ac409797d0c8e0ef2d680d"
mode: GRACEFUL
new_leader_uuid: "8086079aaa914ae78d91b68790daa0bc"
 from {username='slave'} at 127.0.0.1:58738
I20260713 09:03:48.453006  6531 raft_consensus.cc:606] T dad50561ce2647da88ada3c70b0370ef P e72622dec3ac409797d0c8e0ef2d680d [term 1 LEADER]: Received request to transfer leadership to TS 8086079aaa914ae78d91b68790daa0bc
I20260713 09:03:48.458178  6382 tablet_service.cc:2072] Received LeaderStepDown RPC: tablet_id: "de3dc004263748bf8af64f3fd1c4bd22"
dest_uuid: "3ae0a6d0bbd249afb86f2466fd778a70"
mode: GRACEFUL
new_leader_uuid: "8086079aaa914ae78d91b68790daa0bc"
 from {username='slave'} at 127.0.0.1:33050
I20260713 09:03:48.458630  6382 raft_consensus.cc:606] T de3dc004263748bf8af64f3fd1c4bd22 P 3ae0a6d0bbd249afb86f2466fd778a70 [term 1 LEADER]: Received request to transfer leadership to TS 8086079aaa914ae78d91b68790daa0bc
I20260713 09:03:48.459189  6617 consensus_queue.cc:1048] T 377c536075f94057abeb99d024eb7231 P 8086079aaa914ae78d91b68790daa0bc [LEADER]: Connected to new peer: Peer: permanent_uuid: "3ae0a6d0bbd249afb86f2466fd778a70" member_type: VOTER last_known_addr { host: "127.5.158.193" port: 34377 }, Status: LMP_MISMATCH, Last received: 0.0, Next index: 1, Last known committed idx: 0, Time since last communication: 0.000s
I20260713 09:03:48.466993  6382 tablet_service.cc:2072] Received LeaderStepDown RPC: tablet_id: "4bc148cd7f8749ce835b043600cea63a"
dest_uuid: "3ae0a6d0bbd249afb86f2466fd778a70"
mode: GRACEFUL
new_leader_uuid: "e72622dec3ac409797d0c8e0ef2d680d"
 from {username='slave'} at 127.0.0.1:33050
I20260713 09:03:48.467725  6382 raft_consensus.cc:606] T 4bc148cd7f8749ce835b043600cea63a P 3ae0a6d0bbd249afb86f2466fd778a70 [term 1 LEADER]: Received request to transfer leadership to TS e72622dec3ac409797d0c8e0ef2d680d
I20260713 09:03:48.470841  6651 consensus_queue.cc:1048] T 377c536075f94057abeb99d024eb7231 P 8086079aaa914ae78d91b68790daa0bc [LEADER]: Connected to new peer: Peer: permanent_uuid: "e72622dec3ac409797d0c8e0ef2d680d" member_type: VOTER last_known_addr { host: "127.5.158.195" port: 43437 }, Status: LMP_MISMATCH, Last received: 0.0, Next index: 1, Last known committed idx: 0, Time since last communication: 0.000s
I20260713 09:03:48.483870  6593 consensus_queue.cc:1048] T 32c834c82df34bc8a107407e14583f79 P e72622dec3ac409797d0c8e0ef2d680d [LEADER]: Connected to new peer: Peer: permanent_uuid: "3ae0a6d0bbd249afb86f2466fd778a70" member_type: VOTER last_known_addr { host: "127.5.158.193" port: 34377 }, Status: LMP_MISMATCH, Last received: 0.0, Next index: 1, Last known committed idx: 0, Time since last communication: 0.000s
I20260713 09:03:48.490093  6577 raft_consensus.cc:993] T 32c834c82df34bc8a107407e14583f79 P e72622dec3ac409797d0c8e0ef2d680d: : Instructing follower 3ae0a6d0bbd249afb86f2466fd778a70 to start an election
I20260713 09:03:48.490501  6618 raft_consensus.cc:1081] T 32c834c82df34bc8a107407e14583f79 P e72622dec3ac409797d0c8e0ef2d680d [term 1 LEADER]: Signalling peer 3ae0a6d0bbd249afb86f2466fd778a70 to start an election
I20260713 09:03:48.492089  6381 tablet_service.cc:2044] Received Run Leader Election RPC: tablet_id: "32c834c82df34bc8a107407e14583f79"
dest_uuid: "3ae0a6d0bbd249afb86f2466fd778a70"
 from {username='slave'} at 127.0.0.1:33034
I20260713 09:03:48.492615  6381 raft_consensus.cc:493] T 32c834c82df34bc8a107407e14583f79 P 3ae0a6d0bbd249afb86f2466fd778a70 [term 1 FOLLOWER]: Starting forced leader election (received explicit request)
I20260713 09:03:48.492950  6381 raft_consensus.cc:3060] T 32c834c82df34bc8a107407e14583f79 P 3ae0a6d0bbd249afb86f2466fd778a70 [term 1 FOLLOWER]: Advancing to term 2
I20260713 09:03:48.497831  6593 consensus_queue.cc:1048] T 32c834c82df34bc8a107407e14583f79 P e72622dec3ac409797d0c8e0ef2d680d [LEADER]: Connected to new peer: Peer: permanent_uuid: "8086079aaa914ae78d91b68790daa0bc" member_type: VOTER last_known_addr { host: "127.5.158.194" port: 34259 }, Status: LMP_MISMATCH, Last received: 0.0, Next index: 1, Last known committed idx: 0, Time since last communication: 0.000s
I20260713 09:03:48.498880  6381 raft_consensus.cc:515] T 32c834c82df34bc8a107407e14583f79 P 3ae0a6d0bbd249afb86f2466fd778a70 [term 2 FOLLOWER]: Starting forced leader election with config: opid_index: -1 OBSOLETE_local: false peers { permanent_uuid: "3ae0a6d0bbd249afb86f2466fd778a70" member_type: VOTER last_known_addr { host: "127.5.158.193" port: 34377 } } peers { permanent_uuid: "8086079aaa914ae78d91b68790daa0bc" member_type: VOTER last_known_addr { host: "127.5.158.194" port: 34259 } } peers { permanent_uuid: "e72622dec3ac409797d0c8e0ef2d680d" member_type: VOTER last_known_addr { host: "127.5.158.195" port: 43437 } }
I20260713 09:03:48.501595  6456 tablet_service.cc:1917] Received RequestConsensusVote() RPC: tablet_id: "32c834c82df34bc8a107407e14583f79" candidate_uuid: "3ae0a6d0bbd249afb86f2466fd778a70" candidate_term: 2 candidate_status { last_received { term: 1 index: 1 } } ignore_live_leader: true dest_uuid: "8086079aaa914ae78d91b68790daa0bc"
I20260713 09:03:48.501884  6531 tablet_service.cc:1917] Received RequestConsensusVote() RPC: tablet_id: "32c834c82df34bc8a107407e14583f79" candidate_uuid: "3ae0a6d0bbd249afb86f2466fd778a70" candidate_term: 2 candidate_status { last_received { term: 1 index: 1 } } ignore_live_leader: true dest_uuid: "e72622dec3ac409797d0c8e0ef2d680d"
I20260713 09:03:48.502588  6531 raft_consensus.cc:3055] T 32c834c82df34bc8a107407e14583f79 P e72622dec3ac409797d0c8e0ef2d680d [term 1 LEADER]: Stepping down as leader of term 1
I20260713 09:03:48.502874  6531 raft_consensus.cc:740] T 32c834c82df34bc8a107407e14583f79 P e72622dec3ac409797d0c8e0ef2d680d [term 1 LEADER]: Becoming Follower/Learner. State: Replica: e72622dec3ac409797d0c8e0ef2d680d, State: Running, Role: LEADER
I20260713 09:03:48.503657  6531 consensus_queue.cc:260] T 32c834c82df34bc8a107407e14583f79 P e72622dec3ac409797d0c8e0ef2d680d [NON_LEADER]: Queue going to NON_LEADER mode. State: All replicated index: 0, Majority replicated index: 1, Committed index: 1, Last appended: 1.1, Last appended by leader: 1, Current term: 1, Majority size: -1, State: 0, Mode: NON_LEADER, active raft config: opid_index: -1 OBSOLETE_local: false peers { permanent_uuid: "3ae0a6d0bbd249afb86f2466fd778a70" member_type: VOTER last_known_addr { host: "127.5.158.193" port: 34377 } } peers { permanent_uuid: "8086079aaa914ae78d91b68790daa0bc" member_type: VOTER last_known_addr { host: "127.5.158.194" port: 34259 } } peers { permanent_uuid: "e72622dec3ac409797d0c8e0ef2d680d" member_type: VOTER last_known_addr { host: "127.5.158.195" port: 43437 } }
I20260713 09:03:48.504477  6531 raft_consensus.cc:3060] T 32c834c82df34bc8a107407e14583f79 P e72622dec3ac409797d0c8e0ef2d680d [term 1 FOLLOWER]: Advancing to term 2
I20260713 09:03:48.510622  6381 leader_election.cc:290] T 32c834c82df34bc8a107407e14583f79 P 3ae0a6d0bbd249afb86f2466fd778a70 [CANDIDATE]: Term 2 election: Requested vote from peers 8086079aaa914ae78d91b68790daa0bc (127.5.158.194:34259), e72622dec3ac409797d0c8e0ef2d680d (127.5.158.195:43437)
I20260713 09:03:48.511372  6531 raft_consensus.cc:2468] T 32c834c82df34bc8a107407e14583f79 P e72622dec3ac409797d0c8e0ef2d680d [term 2 FOLLOWER]: Leader election vote request: Granting yes vote for candidate 3ae0a6d0bbd249afb86f2466fd778a70 in term 2.
I20260713 09:03:48.512807  6347 leader_election.cc:304] T 32c834c82df34bc8a107407e14583f79 P 3ae0a6d0bbd249afb86f2466fd778a70 [CANDIDATE]: Term 2 election: Election decided. Result: candidate won. Election summary: received 3 responses out of 3 voters: 2 yes votes; 1 no votes. yes voters: 3ae0a6d0bbd249afb86f2466fd778a70, e72622dec3ac409797d0c8e0ef2d680d; no voters: 8086079aaa914ae78d91b68790daa0bc
I20260713 09:03:48.512686  6643 consensus_queue.cc:1048] T 6f4e66b95c9d4281865499076fc05a88 P 3ae0a6d0bbd249afb86f2466fd778a70 [LEADER]: Connected to new peer: Peer: permanent_uuid: "e72622dec3ac409797d0c8e0ef2d680d" member_type: VOTER last_known_addr { host: "127.5.158.195" port: 43437 }, Status: LMP_MISMATCH, Last received: 0.0, Next index: 1, Last known committed idx: 0, Time since last communication: 0.000s
I20260713 09:03:48.513506  6575 raft_consensus.cc:2804] T 32c834c82df34bc8a107407e14583f79 P 3ae0a6d0bbd249afb86f2466fd778a70 [term 2 FOLLOWER]: Leader election won for term 2
I20260713 09:03:48.514138  6575 raft_consensus.cc:697] T 32c834c82df34bc8a107407e14583f79 P 3ae0a6d0bbd249afb86f2466fd778a70 [term 2 LEADER]: Becoming Leader. State: Replica: 3ae0a6d0bbd249afb86f2466fd778a70, State: Running, Role: LEADER
I20260713 09:03:48.514925  6575 consensus_queue.cc:237] T 32c834c82df34bc8a107407e14583f79 P 3ae0a6d0bbd249afb86f2466fd778a70 [LEADER]: Queue going to LEADER mode. State: All replicated index: 0, Majority replicated index: 1, Committed index: 1, Last appended: 1.1, Last appended by leader: 1, Current term: 2, Majority size: 2, State: 0, Mode: LEADER, active raft config: opid_index: -1 OBSOLETE_local: false peers { permanent_uuid: "3ae0a6d0bbd249afb86f2466fd778a70" member_type: VOTER last_known_addr { host: "127.5.158.193" port: 34377 } } peers { permanent_uuid: "8086079aaa914ae78d91b68790daa0bc" member_type: VOTER last_known_addr { host: "127.5.158.194" port: 34259 } } peers { permanent_uuid: "e72622dec3ac409797d0c8e0ef2d680d" member_type: VOTER last_known_addr { host: "127.5.158.195" port: 43437 } }
I20260713 09:03:48.522958  6280 catalog_manager.cc:5697] T 32c834c82df34bc8a107407e14583f79 P 3ae0a6d0bbd249afb86f2466fd778a70 reported cstate change: term changed from 1 to 2, leader changed from e72622dec3ac409797d0c8e0ef2d680d (127.5.158.195) to 3ae0a6d0bbd249afb86f2466fd778a70 (127.5.158.193). New cstate: current_term: 2 leader_uuid: "3ae0a6d0bbd249afb86f2466fd778a70" committed_config { opid_index: -1 OBSOLETE_local: false peers { permanent_uuid: "3ae0a6d0bbd249afb86f2466fd778a70" member_type: VOTER last_known_addr { host: "127.5.158.193" port: 34377 } health_report { overall_health: HEALTHY } } peers { permanent_uuid: "8086079aaa914ae78d91b68790daa0bc" member_type: VOTER last_known_addr { host: "127.5.158.194" port: 34259 } health_report { overall_health: UNKNOWN } } peers { permanent_uuid: "e72622dec3ac409797d0c8e0ef2d680d" member_type: VOTER last_known_addr { host: "127.5.158.195" port: 43437 } health_report { overall_health: UNKNOWN } } }
I20260713 09:03:48.528280  6615 consensus_queue.cc:1048] T 6f4e66b95c9d4281865499076fc05a88 P 3ae0a6d0bbd249afb86f2466fd778a70 [LEADER]: Connected to new peer: Peer: permanent_uuid: "8086079aaa914ae78d91b68790daa0bc" member_type: VOTER last_known_addr { host: "127.5.158.194" port: 34259 }, Status: LMP_MISMATCH, Last received: 0.0, Next index: 1, Last known committed idx: 0, Time since last communication: 0.000s
I20260713 09:03:48.542358  6643 raft_consensus.cc:993] T 6f4e66b95c9d4281865499076fc05a88 P 3ae0a6d0bbd249afb86f2466fd778a70: : Instructing follower 8086079aaa914ae78d91b68790daa0bc to start an election
I20260713 09:03:48.542762  6643 raft_consensus.cc:1081] T 6f4e66b95c9d4281865499076fc05a88 P 3ae0a6d0bbd249afb86f2466fd778a70 [term 1 LEADER]: Signalling peer 8086079aaa914ae78d91b68790daa0bc to start an election
I20260713 09:03:48.544214  6457 tablet_service.cc:2044] Received Run Leader Election RPC: tablet_id: "6f4e66b95c9d4281865499076fc05a88"
dest_uuid: "8086079aaa914ae78d91b68790daa0bc"
 from {username='slave'} at 127.0.0.1:44760
I20260713 09:03:48.544755  6457 raft_consensus.cc:493] T 6f4e66b95c9d4281865499076fc05a88 P 8086079aaa914ae78d91b68790daa0bc [term 1 FOLLOWER]: Starting forced leader election (received explicit request)
I20260713 09:03:48.545140  6457 raft_consensus.cc:3060] T 6f4e66b95c9d4281865499076fc05a88 P 8086079aaa914ae78d91b68790daa0bc [term 1 FOLLOWER]: Advancing to term 2
I20260713 09:03:48.551478  6457 raft_consensus.cc:515] T 6f4e66b95c9d4281865499076fc05a88 P 8086079aaa914ae78d91b68790daa0bc [term 2 FOLLOWER]: Starting forced leader election with config: opid_index: -1 OBSOLETE_local: false peers { permanent_uuid: "3ae0a6d0bbd249afb86f2466fd778a70" member_type: VOTER last_known_addr { host: "127.5.158.193" port: 34377 } } peers { permanent_uuid: "8086079aaa914ae78d91b68790daa0bc" member_type: VOTER last_known_addr { host: "127.5.158.194" port: 34259 } } peers { permanent_uuid: "e72622dec3ac409797d0c8e0ef2d680d" member_type: VOTER last_known_addr { host: "127.5.158.195" port: 43437 } }
I20260713 09:03:48.554257  6457 leader_election.cc:290] T 6f4e66b95c9d4281865499076fc05a88 P 8086079aaa914ae78d91b68790daa0bc [CANDIDATE]: Term 2 election: Requested vote from peers 3ae0a6d0bbd249afb86f2466fd778a70 (127.5.158.193:34377), e72622dec3ac409797d0c8e0ef2d680d (127.5.158.195:43437)
I20260713 09:03:48.554212  6381 tablet_service.cc:1917] Received RequestConsensusVote() RPC: tablet_id: "6f4e66b95c9d4281865499076fc05a88" candidate_uuid: "8086079aaa914ae78d91b68790daa0bc" candidate_term: 2 candidate_status { last_received { term: 1 index: 1 } } ignore_live_leader: true dest_uuid: "3ae0a6d0bbd249afb86f2466fd778a70"
I20260713 09:03:48.554462  6531 tablet_service.cc:1917] Received RequestConsensusVote() RPC: tablet_id: "6f4e66b95c9d4281865499076fc05a88" candidate_uuid: "8086079aaa914ae78d91b68790daa0bc" candidate_term: 2 candidate_status { last_received { term: 1 index: 1 } } ignore_live_leader: true dest_uuid: "e72622dec3ac409797d0c8e0ef2d680d"
I20260713 09:03:48.555094  6381 raft_consensus.cc:3055] T 6f4e66b95c9d4281865499076fc05a88 P 3ae0a6d0bbd249afb86f2466fd778a70 [term 1 LEADER]: Stepping down as leader of term 1
I20260713 09:03:48.555198  6531 raft_consensus.cc:3060] T 6f4e66b95c9d4281865499076fc05a88 P e72622dec3ac409797d0c8e0ef2d680d [term 1 FOLLOWER]: Advancing to term 2
I20260713 09:03:48.555593  6381 raft_consensus.cc:740] T 6f4e66b95c9d4281865499076fc05a88 P 3ae0a6d0bbd249afb86f2466fd778a70 [term 1 LEADER]: Becoming Follower/Learner. State: Replica: 3ae0a6d0bbd249afb86f2466fd778a70, State: Running, Role: LEADER
I20260713 09:03:48.556393  6381 consensus_queue.cc:260] T 6f4e66b95c9d4281865499076fc05a88 P 3ae0a6d0bbd249afb86f2466fd778a70 [NON_LEADER]: Queue going to NON_LEADER mode. State: All replicated index: 0, Majority replicated index: 1, Committed index: 1, Last appended: 1.1, Last appended by leader: 1, Current term: 1, Majority size: -1, State: 0, Mode: NON_LEADER, active raft config: opid_index: -1 OBSOLETE_local: false peers { permanent_uuid: "3ae0a6d0bbd249afb86f2466fd778a70" member_type: VOTER last_known_addr { host: "127.5.158.193" port: 34377 } } peers { permanent_uuid: "8086079aaa914ae78d91b68790daa0bc" member_type: VOTER last_known_addr { host: "127.5.158.194" port: 34259 } } peers { permanent_uuid: "e72622dec3ac409797d0c8e0ef2d680d" member_type: VOTER last_known_addr { host: "127.5.158.195" port: 43437 } }
I20260713 09:03:48.557580  6381 raft_consensus.cc:3060] T 6f4e66b95c9d4281865499076fc05a88 P 3ae0a6d0bbd249afb86f2466fd778a70 [term 1 FOLLOWER]: Advancing to term 2
I20260713 09:03:48.560420  6531 raft_consensus.cc:2468] T 6f4e66b95c9d4281865499076fc05a88 P e72622dec3ac409797d0c8e0ef2d680d [term 2 FOLLOWER]: Leader election vote request: Granting yes vote for candidate 8086079aaa914ae78d91b68790daa0bc in term 2.
I20260713 09:03:48.561329  6422 leader_election.cc:304] T 6f4e66b95c9d4281865499076fc05a88 P 8086079aaa914ae78d91b68790daa0bc [CANDIDATE]: Term 2 election: Election decided. Result: candidate won. Election summary: received 2 responses out of 3 voters: 2 yes votes; 0 no votes. yes voters: 8086079aaa914ae78d91b68790daa0bc, e72622dec3ac409797d0c8e0ef2d680d; no voters: 
I20260713 09:03:48.562003  6651 raft_consensus.cc:2804] T 6f4e66b95c9d4281865499076fc05a88 P 8086079aaa914ae78d91b68790daa0bc [term 2 FOLLOWER]: Leader election won for term 2
I20260713 09:03:48.562462  6651 raft_consensus.cc:697] T 6f4e66b95c9d4281865499076fc05a88 P 8086079aaa914ae78d91b68790daa0bc [term 2 LEADER]: Becoming Leader. State: Replica: 8086079aaa914ae78d91b68790daa0bc, State: Running, Role: LEADER
I20260713 09:03:48.562767  6381 raft_consensus.cc:2468] T 6f4e66b95c9d4281865499076fc05a88 P 3ae0a6d0bbd249afb86f2466fd778a70 [term 2 FOLLOWER]: Leader election vote request: Granting yes vote for candidate 8086079aaa914ae78d91b68790daa0bc in term 2.
I20260713 09:03:48.563308  6651 consensus_queue.cc:237] T 6f4e66b95c9d4281865499076fc05a88 P 8086079aaa914ae78d91b68790daa0bc [LEADER]: Queue going to LEADER mode. State: All replicated index: 0, Majority replicated index: 1, Committed index: 1, Last appended: 1.1, Last appended by leader: 1, Current term: 2, Majority size: 2, State: 0, Mode: LEADER, active raft config: opid_index: -1 OBSOLETE_local: false peers { permanent_uuid: "3ae0a6d0bbd249afb86f2466fd778a70" member_type: VOTER last_known_addr { host: "127.5.158.193" port: 34377 } } peers { permanent_uuid: "8086079aaa914ae78d91b68790daa0bc" member_type: VOTER last_known_addr { host: "127.5.158.194" port: 34259 } } peers { permanent_uuid: "e72622dec3ac409797d0c8e0ef2d680d" member_type: VOTER last_known_addr { host: "127.5.158.195" port: 43437 } }
I20260713 09:03:48.568976  6280 catalog_manager.cc:5697] T 6f4e66b95c9d4281865499076fc05a88 P 8086079aaa914ae78d91b68790daa0bc reported cstate change: term changed from 1 to 2, leader changed from 3ae0a6d0bbd249afb86f2466fd778a70 (127.5.158.193) to 8086079aaa914ae78d91b68790daa0bc (127.5.158.194). New cstate: current_term: 2 leader_uuid: "8086079aaa914ae78d91b68790daa0bc" committed_config { opid_index: -1 OBSOLETE_local: false peers { permanent_uuid: "3ae0a6d0bbd249afb86f2466fd778a70" member_type: VOTER last_known_addr { host: "127.5.158.193" port: 34377 } health_report { overall_health: UNKNOWN } } peers { permanent_uuid: "8086079aaa914ae78d91b68790daa0bc" member_type: VOTER last_known_addr { host: "127.5.158.194" port: 34259 } health_report { overall_health: HEALTHY } } peers { permanent_uuid: "e72622dec3ac409797d0c8e0ef2d680d" member_type: VOTER last_known_addr { host: "127.5.158.195" port: 43437 } health_report { overall_health: UNKNOWN } } }
I20260713 09:03:48.645423  6615 consensus_queue.cc:1048] T 4bc148cd7f8749ce835b043600cea63a P 3ae0a6d0bbd249afb86f2466fd778a70 [LEADER]: Connected to new peer: Peer: permanent_uuid: "8086079aaa914ae78d91b68790daa0bc" member_type: VOTER last_known_addr { host: "127.5.158.194" port: 34259 }, Status: LMP_MISMATCH, Last received: 0.0, Next index: 1, Last known committed idx: 0, Time since last communication: 0.000s
I20260713 09:03:48.654871  6643 consensus_queue.cc:1048] T 4bc148cd7f8749ce835b043600cea63a P 3ae0a6d0bbd249afb86f2466fd778a70 [LEADER]: Connected to new peer: Peer: permanent_uuid: "e72622dec3ac409797d0c8e0ef2d680d" member_type: VOTER last_known_addr { host: "127.5.158.195" port: 43437 }, Status: LMP_MISMATCH, Last received: 0.0, Next index: 1, Last known committed idx: 0, Time since last communication: 0.000s
I20260713 09:03:48.661629  6643 raft_consensus.cc:993] T 4bc148cd7f8749ce835b043600cea63a P 3ae0a6d0bbd249afb86f2466fd778a70: : Instructing follower e72622dec3ac409797d0c8e0ef2d680d to start an election
I20260713 09:03:48.662082  6575 raft_consensus.cc:1081] T 4bc148cd7f8749ce835b043600cea63a P 3ae0a6d0bbd249afb86f2466fd778a70 [term 1 LEADER]: Signalling peer e72622dec3ac409797d0c8e0ef2d680d to start an election
I20260713 09:03:48.663686  6531 tablet_service.cc:2044] Received Run Leader Election RPC: tablet_id: "4bc148cd7f8749ce835b043600cea63a"
dest_uuid: "e72622dec3ac409797d0c8e0ef2d680d"
 from {username='slave'} at 127.0.0.1:58722
I20260713 09:03:48.664227  6531 raft_consensus.cc:493] T 4bc148cd7f8749ce835b043600cea63a P e72622dec3ac409797d0c8e0ef2d680d [term 1 FOLLOWER]: Starting forced leader election (received explicit request)
I20260713 09:03:48.664602  6531 raft_consensus.cc:3060] T 4bc148cd7f8749ce835b043600cea63a P e72622dec3ac409797d0c8e0ef2d680d [term 1 FOLLOWER]: Advancing to term 2
I20260713 09:03:48.669269  6531 raft_consensus.cc:515] T 4bc148cd7f8749ce835b043600cea63a P e72622dec3ac409797d0c8e0ef2d680d [term 2 FOLLOWER]: Starting forced leader election with config: opid_index: -1 OBSOLETE_local: false peers { permanent_uuid: "3ae0a6d0bbd249afb86f2466fd778a70" member_type: VOTER last_known_addr { host: "127.5.158.193" port: 34377 } } peers { permanent_uuid: "8086079aaa914ae78d91b68790daa0bc" member_type: VOTER last_known_addr { host: "127.5.158.194" port: 34259 } } peers { permanent_uuid: "e72622dec3ac409797d0c8e0ef2d680d" member_type: VOTER last_known_addr { host: "127.5.158.195" port: 43437 } }
I20260713 09:03:48.670742  6531 leader_election.cc:290] T 4bc148cd7f8749ce835b043600cea63a P e72622dec3ac409797d0c8e0ef2d680d [CANDIDATE]: Term 2 election: Requested vote from peers 3ae0a6d0bbd249afb86f2466fd778a70 (127.5.158.193:34377), 8086079aaa914ae78d91b68790daa0bc (127.5.158.194:34259)
I20260713 09:03:48.671612  6381 tablet_service.cc:1917] Received RequestConsensusVote() RPC: tablet_id: "4bc148cd7f8749ce835b043600cea63a" candidate_uuid: "e72622dec3ac409797d0c8e0ef2d680d" candidate_term: 2 candidate_status { last_received { term: 1 index: 1 } } ignore_live_leader: true dest_uuid: "3ae0a6d0bbd249afb86f2466fd778a70"
I20260713 09:03:48.671965  6457 tablet_service.cc:1917] Received RequestConsensusVote() RPC: tablet_id: "4bc148cd7f8749ce835b043600cea63a" candidate_uuid: "e72622dec3ac409797d0c8e0ef2d680d" candidate_term: 2 candidate_status { last_received { term: 1 index: 1 } } ignore_live_leader: true dest_uuid: "8086079aaa914ae78d91b68790daa0bc"
I20260713 09:03:48.672209  6381 raft_consensus.cc:3055] T 4bc148cd7f8749ce835b043600cea63a P 3ae0a6d0bbd249afb86f2466fd778a70 [term 1 LEADER]: Stepping down as leader of term 1
I20260713 09:03:48.672525  6457 raft_consensus.cc:3060] T 4bc148cd7f8749ce835b043600cea63a P 8086079aaa914ae78d91b68790daa0bc [term 1 FOLLOWER]: Advancing to term 2
I20260713 09:03:48.672585  6381 raft_consensus.cc:740] T 4bc148cd7f8749ce835b043600cea63a P 3ae0a6d0bbd249afb86f2466fd778a70 [term 1 LEADER]: Becoming Follower/Learner. State: Replica: 3ae0a6d0bbd249afb86f2466fd778a70, State: Running, Role: LEADER
I20260713 09:03:48.673480  6381 consensus_queue.cc:260] T 4bc148cd7f8749ce835b043600cea63a P 3ae0a6d0bbd249afb86f2466fd778a70 [NON_LEADER]: Queue going to NON_LEADER mode. State: All replicated index: 0, Majority replicated index: 1, Committed index: 1, Last appended: 1.1, Last appended by leader: 1, Current term: 1, Majority size: -1, State: 0, Mode: NON_LEADER, active raft config: opid_index: -1 OBSOLETE_local: false peers { permanent_uuid: "3ae0a6d0bbd249afb86f2466fd778a70" member_type: VOTER last_known_addr { host: "127.5.158.193" port: 34377 } } peers { permanent_uuid: "8086079aaa914ae78d91b68790daa0bc" member_type: VOTER last_known_addr { host: "127.5.158.194" port: 34259 } } peers { permanent_uuid: "e72622dec3ac409797d0c8e0ef2d680d" member_type: VOTER last_known_addr { host: "127.5.158.195" port: 43437 } }
I20260713 09:03:48.674741  6381 raft_consensus.cc:3060] T 4bc148cd7f8749ce835b043600cea63a P 3ae0a6d0bbd249afb86f2466fd778a70 [term 1 FOLLOWER]: Advancing to term 2
I20260713 09:03:48.677650  6457 raft_consensus.cc:2468] T 4bc148cd7f8749ce835b043600cea63a P 8086079aaa914ae78d91b68790daa0bc [term 2 FOLLOWER]: Leader election vote request: Granting yes vote for candidate e72622dec3ac409797d0c8e0ef2d680d in term 2.
I20260713 09:03:48.678607  6497 leader_election.cc:304] T 4bc148cd7f8749ce835b043600cea63a P e72622dec3ac409797d0c8e0ef2d680d [CANDIDATE]: Term 2 election: Election decided. Result: candidate won. Election summary: received 2 responses out of 3 voters: 2 yes votes; 0 no votes. yes voters: 8086079aaa914ae78d91b68790daa0bc, e72622dec3ac409797d0c8e0ef2d680d; no voters: 
I20260713 09:03:48.679255  6593 raft_consensus.cc:2804] T 4bc148cd7f8749ce835b043600cea63a P e72622dec3ac409797d0c8e0ef2d680d [term 2 FOLLOWER]: Leader election won for term 2
I20260713 09:03:48.679762  6593 raft_consensus.cc:697] T 4bc148cd7f8749ce835b043600cea63a P e72622dec3ac409797d0c8e0ef2d680d [term 2 LEADER]: Becoming Leader. State: Replica: e72622dec3ac409797d0c8e0ef2d680d, State: Running, Role: LEADER
I20260713 09:03:48.679782  6381 raft_consensus.cc:2468] T 4bc148cd7f8749ce835b043600cea63a P 3ae0a6d0bbd249afb86f2466fd778a70 [term 2 FOLLOWER]: Leader election vote request: Granting yes vote for candidate e72622dec3ac409797d0c8e0ef2d680d in term 2.
I20260713 09:03:48.680675  6593 consensus_queue.cc:237] T 4bc148cd7f8749ce835b043600cea63a P e72622dec3ac409797d0c8e0ef2d680d [LEADER]: Queue going to LEADER mode. State: All replicated index: 0, Majority replicated index: 1, Committed index: 1, Last appended: 1.1, Last appended by leader: 1, Current term: 2, Majority size: 2, State: 0, Mode: LEADER, active raft config: opid_index: -1 OBSOLETE_local: false peers { permanent_uuid: "3ae0a6d0bbd249afb86f2466fd778a70" member_type: VOTER last_known_addr { host: "127.5.158.193" port: 34377 } } peers { permanent_uuid: "8086079aaa914ae78d91b68790daa0bc" member_type: VOTER last_known_addr { host: "127.5.158.194" port: 34259 } } peers { permanent_uuid: "e72622dec3ac409797d0c8e0ef2d680d" member_type: VOTER last_known_addr { host: "127.5.158.195" port: 43437 } }
I20260713 09:03:48.686231  6278 catalog_manager.cc:5697] T 4bc148cd7f8749ce835b043600cea63a P e72622dec3ac409797d0c8e0ef2d680d reported cstate change: term changed from 1 to 2, leader changed from 3ae0a6d0bbd249afb86f2466fd778a70 (127.5.158.193) to e72622dec3ac409797d0c8e0ef2d680d (127.5.158.195). New cstate: current_term: 2 leader_uuid: "e72622dec3ac409797d0c8e0ef2d680d" committed_config { opid_index: -1 OBSOLETE_local: false peers { permanent_uuid: "3ae0a6d0bbd249afb86f2466fd778a70" member_type: VOTER last_known_addr { host: "127.5.158.193" port: 34377 } health_report { overall_health: UNKNOWN } } peers { permanent_uuid: "8086079aaa914ae78d91b68790daa0bc" member_type: VOTER last_known_addr { host: "127.5.158.194" port: 34259 } health_report { overall_health: UNKNOWN } } peers { permanent_uuid: "e72622dec3ac409797d0c8e0ef2d680d" member_type: VOTER last_known_addr { host: "127.5.158.195" port: 43437 } health_report { overall_health: HEALTHY } } }
I20260713 09:03:48.743261  6643 raft_consensus.cc:993] T de3dc004263748bf8af64f3fd1c4bd22 P 3ae0a6d0bbd249afb86f2466fd778a70: : Instructing follower 8086079aaa914ae78d91b68790daa0bc to start an election
I20260713 09:03:48.743760  6575 raft_consensus.cc:1081] T de3dc004263748bf8af64f3fd1c4bd22 P 3ae0a6d0bbd249afb86f2466fd778a70 [term 1 LEADER]: Signalling peer 8086079aaa914ae78d91b68790daa0bc to start an election
I20260713 09:03:48.745141  6457 tablet_service.cc:2044] Received Run Leader Election RPC: tablet_id: "de3dc004263748bf8af64f3fd1c4bd22"
dest_uuid: "8086079aaa914ae78d91b68790daa0bc"
 from {username='slave'} at 127.0.0.1:44760
I20260713 09:03:48.745584  6457 raft_consensus.cc:493] T de3dc004263748bf8af64f3fd1c4bd22 P 8086079aaa914ae78d91b68790daa0bc [term 1 FOLLOWER]: Starting forced leader election (received explicit request)
I20260713 09:03:48.745898  6457 raft_consensus.cc:3060] T de3dc004263748bf8af64f3fd1c4bd22 P 8086079aaa914ae78d91b68790daa0bc [term 1 FOLLOWER]: Advancing to term 2
I20260713 09:03:48.750285  6457 raft_consensus.cc:515] T de3dc004263748bf8af64f3fd1c4bd22 P 8086079aaa914ae78d91b68790daa0bc [term 2 FOLLOWER]: Starting forced leader election with config: opid_index: -1 OBSOLETE_local: false peers { permanent_uuid: "3ae0a6d0bbd249afb86f2466fd778a70" member_type: VOTER last_known_addr { host: "127.5.158.193" port: 34377 } } peers { permanent_uuid: "8086079aaa914ae78d91b68790daa0bc" member_type: VOTER last_known_addr { host: "127.5.158.194" port: 34259 } } peers { permanent_uuid: "e72622dec3ac409797d0c8e0ef2d680d" member_type: VOTER last_known_addr { host: "127.5.158.195" port: 43437 } }
I20260713 09:03:48.751663  6457 leader_election.cc:290] T de3dc004263748bf8af64f3fd1c4bd22 P 8086079aaa914ae78d91b68790daa0bc [CANDIDATE]: Term 2 election: Requested vote from peers 3ae0a6d0bbd249afb86f2466fd778a70 (127.5.158.193:34377), e72622dec3ac409797d0c8e0ef2d680d (127.5.158.195:43437)
I20260713 09:03:48.752607  6381 tablet_service.cc:1917] Received RequestConsensusVote() RPC: tablet_id: "de3dc004263748bf8af64f3fd1c4bd22" candidate_uuid: "8086079aaa914ae78d91b68790daa0bc" candidate_term: 2 candidate_status { last_received { term: 1 index: 1 } } ignore_live_leader: true dest_uuid: "3ae0a6d0bbd249afb86f2466fd778a70"
I20260713 09:03:48.752787  6531 tablet_service.cc:1917] Received RequestConsensusVote() RPC: tablet_id: "de3dc004263748bf8af64f3fd1c4bd22" candidate_uuid: "8086079aaa914ae78d91b68790daa0bc" candidate_term: 2 candidate_status { last_received { term: 1 index: 1 } } ignore_live_leader: true dest_uuid: "e72622dec3ac409797d0c8e0ef2d680d"
I20260713 09:03:48.753084  6381 raft_consensus.cc:3055] T de3dc004263748bf8af64f3fd1c4bd22 P 3ae0a6d0bbd249afb86f2466fd778a70 [term 1 LEADER]: Stepping down as leader of term 1
I20260713 09:03:48.753376  6531 raft_consensus.cc:3060] T de3dc004263748bf8af64f3fd1c4bd22 P e72622dec3ac409797d0c8e0ef2d680d [term 1 FOLLOWER]: Advancing to term 2
I20260713 09:03:48.753402  6381 raft_consensus.cc:740] T de3dc004263748bf8af64f3fd1c4bd22 P 3ae0a6d0bbd249afb86f2466fd778a70 [term 1 LEADER]: Becoming Follower/Learner. State: Replica: 3ae0a6d0bbd249afb86f2466fd778a70, State: Running, Role: LEADER
I20260713 09:03:48.754235  6381 consensus_queue.cc:260] T de3dc004263748bf8af64f3fd1c4bd22 P 3ae0a6d0bbd249afb86f2466fd778a70 [NON_LEADER]: Queue going to NON_LEADER mode. State: All replicated index: 0, Majority replicated index: 1, Committed index: 1, Last appended: 1.1, Last appended by leader: 1, Current term: 1, Majority size: -1, State: 0, Mode: NON_LEADER, active raft config: opid_index: -1 OBSOLETE_local: false peers { permanent_uuid: "3ae0a6d0bbd249afb86f2466fd778a70" member_type: VOTER last_known_addr { host: "127.5.158.193" port: 34377 } } peers { permanent_uuid: "8086079aaa914ae78d91b68790daa0bc" member_type: VOTER last_known_addr { host: "127.5.158.194" port: 34259 } } peers { permanent_uuid: "e72622dec3ac409797d0c8e0ef2d680d" member_type: VOTER last_known_addr { host: "127.5.158.195" port: 43437 } }
I20260713 09:03:48.755069  6381 raft_consensus.cc:3060] T de3dc004263748bf8af64f3fd1c4bd22 P 3ae0a6d0bbd249afb86f2466fd778a70 [term 1 FOLLOWER]: Advancing to term 2
I20260713 09:03:48.758476  6531 raft_consensus.cc:2468] T de3dc004263748bf8af64f3fd1c4bd22 P e72622dec3ac409797d0c8e0ef2d680d [term 2 FOLLOWER]: Leader election vote request: Granting yes vote for candidate 8086079aaa914ae78d91b68790daa0bc in term 2.
I20260713 09:03:48.759248  6381 raft_consensus.cc:2468] T de3dc004263748bf8af64f3fd1c4bd22 P 3ae0a6d0bbd249afb86f2466fd778a70 [term 2 FOLLOWER]: Leader election vote request: Granting yes vote for candidate 8086079aaa914ae78d91b68790daa0bc in term 2.
I20260713 09:03:48.759719  6422 leader_election.cc:304] T de3dc004263748bf8af64f3fd1c4bd22 P 8086079aaa914ae78d91b68790daa0bc [CANDIDATE]: Term 2 election: Election decided. Result: candidate won. Election summary: received 2 responses out of 3 voters: 2 yes votes; 0 no votes. yes voters: 8086079aaa914ae78d91b68790daa0bc, e72622dec3ac409797d0c8e0ef2d680d; no voters: 
I20260713 09:03:48.760576  6651 raft_consensus.cc:2804] T de3dc004263748bf8af64f3fd1c4bd22 P 8086079aaa914ae78d91b68790daa0bc [term 2 FOLLOWER]: Leader election won for term 2
I20260713 09:03:48.761039  6651 raft_consensus.cc:697] T de3dc004263748bf8af64f3fd1c4bd22 P 8086079aaa914ae78d91b68790daa0bc [term 2 LEADER]: Becoming Leader. State: Replica: 8086079aaa914ae78d91b68790daa0bc, State: Running, Role: LEADER
I20260713 09:03:48.761822  6651 consensus_queue.cc:237] T de3dc004263748bf8af64f3fd1c4bd22 P 8086079aaa914ae78d91b68790daa0bc [LEADER]: Queue going to LEADER mode. State: All replicated index: 0, Majority replicated index: 1, Committed index: 1, Last appended: 1.1, Last appended by leader: 1, Current term: 2, Majority size: 2, State: 0, Mode: LEADER, active raft config: opid_index: -1 OBSOLETE_local: false peers { permanent_uuid: "3ae0a6d0bbd249afb86f2466fd778a70" member_type: VOTER last_known_addr { host: "127.5.158.193" port: 34377 } } peers { permanent_uuid: "8086079aaa914ae78d91b68790daa0bc" member_type: VOTER last_known_addr { host: "127.5.158.194" port: 34259 } } peers { permanent_uuid: "e72622dec3ac409797d0c8e0ef2d680d" member_type: VOTER last_known_addr { host: "127.5.158.195" port: 43437 } }
I20260713 09:03:48.769233  6280 catalog_manager.cc:5697] T de3dc004263748bf8af64f3fd1c4bd22 P 8086079aaa914ae78d91b68790daa0bc reported cstate change: term changed from 1 to 2, leader changed from 3ae0a6d0bbd249afb86f2466fd778a70 (127.5.158.193) to 8086079aaa914ae78d91b68790daa0bc (127.5.158.194). New cstate: current_term: 2 leader_uuid: "8086079aaa914ae78d91b68790daa0bc" committed_config { opid_index: -1 OBSOLETE_local: false peers { permanent_uuid: "3ae0a6d0bbd249afb86f2466fd778a70" member_type: VOTER last_known_addr { host: "127.5.158.193" port: 34377 } health_report { overall_health: UNKNOWN } } peers { permanent_uuid: "8086079aaa914ae78d91b68790daa0bc" member_type: VOTER last_known_addr { host: "127.5.158.194" port: 34259 } health_report { overall_health: HEALTHY } } peers { permanent_uuid: "e72622dec3ac409797d0c8e0ef2d680d" member_type: VOTER last_known_addr { host: "127.5.158.195" port: 43437 } health_report { overall_health: UNKNOWN } } }
I20260713 09:03:48.782614  6593 raft_consensus.cc:993] T a1b7f3bbe9944798965dfc2bfa2bcb73 P e72622dec3ac409797d0c8e0ef2d680d: : Instructing follower 3ae0a6d0bbd249afb86f2466fd778a70 to start an election
I20260713 09:03:48.783031  6618 raft_consensus.cc:1081] T a1b7f3bbe9944798965dfc2bfa2bcb73 P e72622dec3ac409797d0c8e0ef2d680d [term 1 LEADER]: Signalling peer 3ae0a6d0bbd249afb86f2466fd778a70 to start an election
I20260713 09:03:48.784479  6381 tablet_service.cc:2044] Received Run Leader Election RPC: tablet_id: "a1b7f3bbe9944798965dfc2bfa2bcb73"
dest_uuid: "3ae0a6d0bbd249afb86f2466fd778a70"
 from {username='slave'} at 127.0.0.1:33034
I20260713 09:03:48.784919  6381 raft_consensus.cc:493] T a1b7f3bbe9944798965dfc2bfa2bcb73 P 3ae0a6d0bbd249afb86f2466fd778a70 [term 1 FOLLOWER]: Starting forced leader election (received explicit request)
I20260713 09:03:48.785208  6381 raft_consensus.cc:3060] T a1b7f3bbe9944798965dfc2bfa2bcb73 P 3ae0a6d0bbd249afb86f2466fd778a70 [term 1 FOLLOWER]: Advancing to term 2
I20260713 09:03:48.789462  6381 raft_consensus.cc:515] T a1b7f3bbe9944798965dfc2bfa2bcb73 P 3ae0a6d0bbd249afb86f2466fd778a70 [term 2 FOLLOWER]: Starting forced leader election with config: opid_index: -1 OBSOLETE_local: false peers { permanent_uuid: "3ae0a6d0bbd249afb86f2466fd778a70" member_type: VOTER last_known_addr { host: "127.5.158.193" port: 34377 } } peers { permanent_uuid: "8086079aaa914ae78d91b68790daa0bc" member_type: VOTER last_known_addr { host: "127.5.158.194" port: 34259 } } peers { permanent_uuid: "e72622dec3ac409797d0c8e0ef2d680d" member_type: VOTER last_known_addr { host: "127.5.158.195" port: 43437 } }
I20260713 09:03:48.790843  6381 leader_election.cc:290] T a1b7f3bbe9944798965dfc2bfa2bcb73 P 3ae0a6d0bbd249afb86f2466fd778a70 [CANDIDATE]: Term 2 election: Requested vote from peers 8086079aaa914ae78d91b68790daa0bc (127.5.158.194:34259), e72622dec3ac409797d0c8e0ef2d680d (127.5.158.195:43437)
I20260713 09:03:48.791633  6457 tablet_service.cc:1917] Received RequestConsensusVote() RPC: tablet_id: "a1b7f3bbe9944798965dfc2bfa2bcb73" candidate_uuid: "3ae0a6d0bbd249afb86f2466fd778a70" candidate_term: 2 candidate_status { last_received { term: 1 index: 1 } } ignore_live_leader: true dest_uuid: "8086079aaa914ae78d91b68790daa0bc"
I20260713 09:03:48.791785  6531 tablet_service.cc:1917] Received RequestConsensusVote() RPC: tablet_id: "a1b7f3bbe9944798965dfc2bfa2bcb73" candidate_uuid: "3ae0a6d0bbd249afb86f2466fd778a70" candidate_term: 2 candidate_status { last_received { term: 1 index: 1 } } ignore_live_leader: true dest_uuid: "e72622dec3ac409797d0c8e0ef2d680d"
I20260713 09:03:48.792183  6457 raft_consensus.cc:3060] T a1b7f3bbe9944798965dfc2bfa2bcb73 P 8086079aaa914ae78d91b68790daa0bc [term 1 FOLLOWER]: Advancing to term 2
I20260713 09:03:48.792265  6531 raft_consensus.cc:3055] T a1b7f3bbe9944798965dfc2bfa2bcb73 P e72622dec3ac409797d0c8e0ef2d680d [term 1 LEADER]: Stepping down as leader of term 1
I20260713 09:03:48.792611  6531 raft_consensus.cc:740] T a1b7f3bbe9944798965dfc2bfa2bcb73 P e72622dec3ac409797d0c8e0ef2d680d [term 1 LEADER]: Becoming Follower/Learner. State: Replica: e72622dec3ac409797d0c8e0ef2d680d, State: Running, Role: LEADER
I20260713 09:03:48.793252  6531 consensus_queue.cc:260] T a1b7f3bbe9944798965dfc2bfa2bcb73 P e72622dec3ac409797d0c8e0ef2d680d [NON_LEADER]: Queue going to NON_LEADER mode. State: All replicated index: 0, Majority replicated index: 1, Committed index: 1, Last appended: 1.1, Last appended by leader: 1, Current term: 1, Majority size: -1, State: 0, Mode: NON_LEADER, active raft config: opid_index: -1 OBSOLETE_local: false peers { permanent_uuid: "3ae0a6d0bbd249afb86f2466fd778a70" member_type: VOTER last_known_addr { host: "127.5.158.193" port: 34377 } } peers { permanent_uuid: "8086079aaa914ae78d91b68790daa0bc" member_type: VOTER last_known_addr { host: "127.5.158.194" port: 34259 } } peers { permanent_uuid: "e72622dec3ac409797d0c8e0ef2d680d" member_type: VOTER last_known_addr { host: "127.5.158.195" port: 43437 } }
I20260713 09:03:48.794456  6531 raft_consensus.cc:3060] T a1b7f3bbe9944798965dfc2bfa2bcb73 P e72622dec3ac409797d0c8e0ef2d680d [term 1 FOLLOWER]: Advancing to term 2
I20260713 09:03:48.798400  6457 raft_consensus.cc:2468] T a1b7f3bbe9944798965dfc2bfa2bcb73 P 8086079aaa914ae78d91b68790daa0bc [term 2 FOLLOWER]: Leader election vote request: Granting yes vote for candidate 3ae0a6d0bbd249afb86f2466fd778a70 in term 2.
I20260713 09:03:48.799458  6348 leader_election.cc:304] T a1b7f3bbe9944798965dfc2bfa2bcb73 P 3ae0a6d0bbd249afb86f2466fd778a70 [CANDIDATE]: Term 2 election: Election decided. Result: candidate won. Election summary: received 2 responses out of 3 voters: 2 yes votes; 0 no votes. yes voters: 3ae0a6d0bbd249afb86f2466fd778a70, 8086079aaa914ae78d91b68790daa0bc; no voters: 
I20260713 09:03:48.801139  6531 raft_consensus.cc:2468] T a1b7f3bbe9944798965dfc2bfa2bcb73 P e72622dec3ac409797d0c8e0ef2d680d [term 2 FOLLOWER]: Leader election vote request: Granting yes vote for candidate 3ae0a6d0bbd249afb86f2466fd778a70 in term 2.
I20260713 09:03:48.801476  6575 raft_consensus.cc:2804] T a1b7f3bbe9944798965dfc2bfa2bcb73 P 3ae0a6d0bbd249afb86f2466fd778a70 [term 2 FOLLOWER]: Leader election won for term 2
I20260713 09:03:48.802318  6575 raft_consensus.cc:697] T a1b7f3bbe9944798965dfc2bfa2bcb73 P 3ae0a6d0bbd249afb86f2466fd778a70 [term 2 LEADER]: Becoming Leader. State: Replica: 3ae0a6d0bbd249afb86f2466fd778a70, State: Running, Role: LEADER
I20260713 09:03:48.803287  6575 consensus_queue.cc:237] T a1b7f3bbe9944798965dfc2bfa2bcb73 P 3ae0a6d0bbd249afb86f2466fd778a70 [LEADER]: Queue going to LEADER mode. State: All replicated index: 0, Majority replicated index: 1, Committed index: 1, Last appended: 1.1, Last appended by leader: 1, Current term: 2, Majority size: 2, State: 0, Mode: LEADER, active raft config: opid_index: -1 OBSOLETE_local: false peers { permanent_uuid: "3ae0a6d0bbd249afb86f2466fd778a70" member_type: VOTER last_known_addr { host: "127.5.158.193" port: 34377 } } peers { permanent_uuid: "8086079aaa914ae78d91b68790daa0bc" member_type: VOTER last_known_addr { host: "127.5.158.194" port: 34259 } } peers { permanent_uuid: "e72622dec3ac409797d0c8e0ef2d680d" member_type: VOTER last_known_addr { host: "127.5.158.195" port: 43437 } }
