I20260713 09:03:36.913534  6082 consensus_queue.cc:260] T cbe76794f6e94a9cb6102f2f521f52db P eb16a756a2704b6a8b2a234298c926bf [NON_LEADER]: Queue going to NON_LEADER mode. State: All replicated index: 0, Majority replicated index: 0, Committed index: 0, Last appended: 0.0, Last appended by leader: 0, Current term: 0, Majority size: -1, State: 0, Mode: NON_LEADER, active raft config: opid_index: -1 OBSOLETE_local: false peers { permanent_uuid: "eb16a756a2704b6a8b2a234298c926bf" member_type: VOTER last_known_addr { host: "127.5.158.194" port: 40271 } } peers { permanent_uuid: "b6b161dc93104a2e95539627293c1b87" member_type: VOTER last_known_addr { host: "127.5.158.195" port: 42039 } } peers { permanent_uuid: "636c370c2c00436a96973d9a39aa952b" member_type: VOTER last_known_addr { host: "127.5.158.193" port: 36401 } }
I20260713 09:03:36.914347  6039 raft_consensus.cc:2468] T cbe76794f6e94a9cb6102f2f521f52db P b6b161dc93104a2e95539627293c1b87 [term 1 FOLLOWER]: Leader election vote request: Granting yes vote for candidate 636c370c2c00436a96973d9a39aa952b in term 1.
I20260713 09:03:36.915632  5856 leader_election.cc:304] T cbe76794f6e94a9cb6102f2f521f52db P 636c370c2c00436a96973d9a39aa952b [CANDIDATE]: Term 1 election: Election decided. Result: candidate won. Election summary: received 3 responses out of 3 voters: 2 yes votes; 1 no votes. yes voters: 636c370c2c00436a96973d9a39aa952b, b6b161dc93104a2e95539627293c1b87; no voters: eb16a756a2704b6a8b2a234298c926bf
I20260713 09:03:36.916448  6082 ts_tablet_manager.cc:1434] T cbe76794f6e94a9cb6102f2f521f52db P eb16a756a2704b6a8b2a234298c926bf: Time spent starting tablet: real 0.012s	user 0.002s	sys 0.004s
I20260713 09:03:36.916913  6085 tablet_bootstrap.cc:492] T 1372202b08d54de0b173d6b5a1d1f463 P b6b161dc93104a2e95539627293c1b87: No bootstrap required, opened a new log
I20260713 09:03:36.917346  6082 tablet_bootstrap.cc:492] T 981c18f2deca4cccbf0b6b191228593a P eb16a756a2704b6a8b2a234298c926bf: Bootstrap starting.
I20260713 09:03:36.917315  6085 ts_tablet_manager.cc:1403] T 1372202b08d54de0b173d6b5a1d1f463 P b6b161dc93104a2e95539627293c1b87: Time spent bootstrapping tablet: real 0.051s	user 0.009s	sys 0.008s
I20260713 09:03:36.920254  6085 raft_consensus.cc:359] T 1372202b08d54de0b173d6b5a1d1f463 P b6b161dc93104a2e95539627293c1b87 [term 0 FOLLOWER]: Replica starting. Triggering 0 pending ops. Active config: opid_index: -1 OBSOLETE_local: false peers { permanent_uuid: "636c370c2c00436a96973d9a39aa952b" member_type: VOTER last_known_addr { host: "127.5.158.193" port: 36401 } } peers { permanent_uuid: "eb16a756a2704b6a8b2a234298c926bf" member_type: VOTER last_known_addr { host: "127.5.158.194" port: 40271 } } peers { permanent_uuid: "b6b161dc93104a2e95539627293c1b87" member_type: VOTER last_known_addr { host: "127.5.158.195" port: 42039 } }
I20260713 09:03:36.920993  6085 raft_consensus.cc:385] T 1372202b08d54de0b173d6b5a1d1f463 P b6b161dc93104a2e95539627293c1b87 [term 0 FOLLOWER]: Consensus starting up: Expiring failure detector timer to make a prompt election more likely
I20260713 09:03:36.921327  6085 raft_consensus.cc:740] T 1372202b08d54de0b173d6b5a1d1f463 P b6b161dc93104a2e95539627293c1b87 [term 0 FOLLOWER]: Becoming Follower/Learner. State: Replica: b6b161dc93104a2e95539627293c1b87, State: Initialized, Role: FOLLOWER
I20260713 09:03:36.921898  6090 leader_election.cc:290] T cbe76794f6e94a9cb6102f2f521f52db P 636c370c2c00436a96973d9a39aa952b [CANDIDATE]: Term 1 election: Requested vote from peers eb16a756a2704b6a8b2a234298c926bf (127.5.158.194:40271), b6b161dc93104a2e95539627293c1b87 (127.5.158.195:42039)
I20260713 09:03:36.922050  6085 consensus_queue.cc:260] T 1372202b08d54de0b173d6b5a1d1f463 P b6b161dc93104a2e95539627293c1b87 [NON_LEADER]: Queue going to NON_LEADER mode. State: All replicated index: 0, Majority replicated index: 0, Committed index: 0, Last appended: 0.0, Last appended by leader: 0, Current term: 0, Majority size: -1, State: 0, Mode: NON_LEADER, active raft config: opid_index: -1 OBSOLETE_local: false peers { permanent_uuid: "636c370c2c00436a96973d9a39aa952b" member_type: VOTER last_known_addr { host: "127.5.158.193" port: 36401 } } peers { permanent_uuid: "eb16a756a2704b6a8b2a234298c926bf" member_type: VOTER last_known_addr { host: "127.5.158.194" port: 40271 } } peers { permanent_uuid: "b6b161dc93104a2e95539627293c1b87" member_type: VOTER last_known_addr { host: "127.5.158.195" port: 42039 } }
I20260713 09:03:36.923090  6090 raft_consensus.cc:2804] T cbe76794f6e94a9cb6102f2f521f52db P 636c370c2c00436a96973d9a39aa952b [term 1 FOLLOWER]: Leader election won for term 1
I20260713 09:03:36.923925  6090 raft_consensus.cc:697] T cbe76794f6e94a9cb6102f2f521f52db P 636c370c2c00436a96973d9a39aa952b [term 1 LEADER]: Becoming Leader. State: Replica: 636c370c2c00436a96973d9a39aa952b, State: Running, Role: LEADER
I20260713 09:03:36.924175  6086 raft_consensus.cc:493] T cfb2fc24a0b249e49804d804b7e1fd54 P eb16a756a2704b6a8b2a234298c926bf [term 0 FOLLOWER]: Starting pre-election (no leader contacted us within the election timeout)
I20260713 09:03:36.924938  6082 tablet_bootstrap.cc:654] T 981c18f2deca4cccbf0b6b191228593a P eb16a756a2704b6a8b2a234298c926bf: Neither blocks nor log segments found. Creating new log.
I20260713 09:03:36.924970  6086 raft_consensus.cc:515] T cfb2fc24a0b249e49804d804b7e1fd54 P eb16a756a2704b6a8b2a234298c926bf [term 0 FOLLOWER]: Starting pre-election with config: opid_index: -1 OBSOLETE_local: false peers { permanent_uuid: "636c370c2c00436a96973d9a39aa952b" member_type: VOTER last_known_addr { host: "127.5.158.193" port: 36401 } } peers { permanent_uuid: "eb16a756a2704b6a8b2a234298c926bf" member_type: VOTER last_known_addr { host: "127.5.158.194" port: 40271 } } peers { permanent_uuid: "b6b161dc93104a2e95539627293c1b87" member_type: VOTER last_known_addr { host: "127.5.158.195" port: 42039 } }
I20260713 09:03:36.927723  6111 raft_consensus.cc:493] T cfb2fc24a0b249e49804d804b7e1fd54 P 636c370c2c00436a96973d9a39aa952b [term 0 FOLLOWER]: Starting pre-election (no leader contacted us within the election timeout)
I20260713 09:03:36.928200  6111 raft_consensus.cc:515] T cfb2fc24a0b249e49804d804b7e1fd54 P 636c370c2c00436a96973d9a39aa952b [term 0 FOLLOWER]: Starting pre-election with config: opid_index: -1 OBSOLETE_local: false peers { permanent_uuid: "636c370c2c00436a96973d9a39aa952b" member_type: VOTER last_known_addr { host: "127.5.158.193" port: 36401 } } peers { permanent_uuid: "eb16a756a2704b6a8b2a234298c926bf" member_type: VOTER last_known_addr { host: "127.5.158.194" port: 40271 } } peers { permanent_uuid: "b6b161dc93104a2e95539627293c1b87" member_type: VOTER last_known_addr { host: "127.5.158.195" port: 42039 } }
I20260713 09:03:36.930274  6111 leader_election.cc:290] T cfb2fc24a0b249e49804d804b7e1fd54 P 636c370c2c00436a96973d9a39aa952b [CANDIDATE]: Term 1 pre-election: Requested pre-vote from peers eb16a756a2704b6a8b2a234298c926bf (127.5.158.194:40271), b6b161dc93104a2e95539627293c1b87 (127.5.158.195:42039)
I20260713 09:03:36.930902  5965 tablet_service.cc:1917] Received RequestConsensusVote() RPC: tablet_id: "cfb2fc24a0b249e49804d804b7e1fd54" candidate_uuid: "636c370c2c00436a96973d9a39aa952b" candidate_term: 1 candidate_status { last_received { term: 0 index: 0 } } ignore_live_leader: false dest_uuid: "eb16a756a2704b6a8b2a234298c926bf" is_pre_election: true
I20260713 09:03:36.931481  5965 raft_consensus.cc:2468] T cfb2fc24a0b249e49804d804b7e1fd54 P eb16a756a2704b6a8b2a234298c926bf [term 0 FOLLOWER]: Leader pre-election vote request: Granting yes vote for candidate 636c370c2c00436a96973d9a39aa952b in term 0.
I20260713 09:03:36.932618  5854 leader_election.cc:304] T cfb2fc24a0b249e49804d804b7e1fd54 P 636c370c2c00436a96973d9a39aa952b [CANDIDATE]: Term 1 pre-election: Election decided. Result: candidate won. Election summary: received 2 responses out of 3 voters: 2 yes votes; 0 no votes. yes voters: 636c370c2c00436a96973d9a39aa952b, eb16a756a2704b6a8b2a234298c926bf; no voters: 
I20260713 09:03:36.933307  6086 leader_election.cc:290] T cfb2fc24a0b249e49804d804b7e1fd54 P eb16a756a2704b6a8b2a234298c926bf [CANDIDATE]: Term 1 pre-election: Requested pre-vote from peers 636c370c2c00436a96973d9a39aa952b (127.5.158.193:36401), b6b161dc93104a2e95539627293c1b87 (127.5.158.195:42039)
I20260713 09:03:36.937402  6083 tablet_bootstrap.cc:492] T 981c18f2deca4cccbf0b6b191228593a P 636c370c2c00436a96973d9a39aa952b: No bootstrap required, opened a new log
I20260713 09:03:36.937841  6083 ts_tablet_manager.cc:1403] T 981c18f2deca4cccbf0b6b191228593a P 636c370c2c00436a96973d9a39aa952b: Time spent bootstrapping tablet: real 0.050s	user 0.010s	sys 0.007s
I20260713 09:03:36.938542  6085 ts_tablet_manager.cc:1434] T 1372202b08d54de0b173d6b5a1d1f463 P b6b161dc93104a2e95539627293c1b87: Time spent starting tablet: real 0.021s	user 0.002s	sys 0.003s
I20260713 09:03:36.939461  6085 tablet_bootstrap.cc:492] T 74a03eb0ec5c4f02b3085b931f3091f9 P b6b161dc93104a2e95539627293c1b87: Bootstrap starting.
I20260713 09:03:36.940774  6083 raft_consensus.cc:359] T 981c18f2deca4cccbf0b6b191228593a P 636c370c2c00436a96973d9a39aa952b [term 0 FOLLOWER]: Replica starting. Triggering 0 pending ops. Active config: opid_index: -1 OBSOLETE_local: false peers { permanent_uuid: "636c370c2c00436a96973d9a39aa952b" member_type: VOTER last_known_addr { host: "127.5.158.193" port: 36401 } } peers { permanent_uuid: "eb16a756a2704b6a8b2a234298c926bf" member_type: VOTER last_known_addr { host: "127.5.158.194" port: 40271 } } peers { permanent_uuid: "b6b161dc93104a2e95539627293c1b87" member_type: VOTER last_known_addr { host: "127.5.158.195" port: 42039 } }
I20260713 09:03:36.941490  6083 raft_consensus.cc:385] T 981c18f2deca4cccbf0b6b191228593a P 636c370c2c00436a96973d9a39aa952b [term 0 FOLLOWER]: Consensus starting up: Expiring failure detector timer to make a prompt election more likely
I20260713 09:03:36.941766  6083 raft_consensus.cc:740] T 981c18f2deca4cccbf0b6b191228593a P 636c370c2c00436a96973d9a39aa952b [term 0 FOLLOWER]: Becoming Follower/Learner. State: Replica: 636c370c2c00436a96973d9a39aa952b, State: Initialized, Role: FOLLOWER
I20260713 09:03:36.942925  6083 consensus_queue.cc:260] T 981c18f2deca4cccbf0b6b191228593a P 636c370c2c00436a96973d9a39aa952b [NON_LEADER]: Queue going to NON_LEADER mode. State: All replicated index: 0, Majority replicated index: 0, Committed index: 0, Last appended: 0.0, Last appended by leader: 0, Current term: 0, Majority size: -1, State: 0, Mode: NON_LEADER, active raft config: opid_index: -1 OBSOLETE_local: false peers { permanent_uuid: "636c370c2c00436a96973d9a39aa952b" member_type: VOTER last_known_addr { host: "127.5.158.193" port: 36401 } } peers { permanent_uuid: "eb16a756a2704b6a8b2a234298c926bf" member_type: VOTER last_known_addr { host: "127.5.158.194" port: 40271 } } peers { permanent_uuid: "b6b161dc93104a2e95539627293c1b87" member_type: VOTER last_known_addr { host: "127.5.158.195" port: 42039 } }
I20260713 09:03:36.945900  6039 tablet_service.cc:1917] Received RequestConsensusVote() RPC: tablet_id: "cfb2fc24a0b249e49804d804b7e1fd54" candidate_uuid: "636c370c2c00436a96973d9a39aa952b" candidate_term: 1 candidate_status { last_received { term: 0 index: 0 } } ignore_live_leader: false dest_uuid: "b6b161dc93104a2e95539627293c1b87" is_pre_election: true
I20260713 09:03:36.947798  6090 consensus_queue.cc:237] T cbe76794f6e94a9cb6102f2f521f52db P 636c370c2c00436a96973d9a39aa952b [LEADER]: Queue going to LEADER mode. State: All replicated index: 0, Majority replicated index: 0, Committed index: 0, Last appended: 0.0, Last appended by leader: 0, Current term: 1, Majority size: 2, State: 0, Mode: LEADER, active raft config: opid_index: -1 OBSOLETE_local: false peers { permanent_uuid: "eb16a756a2704b6a8b2a234298c926bf" member_type: VOTER last_known_addr { host: "127.5.158.194" port: 40271 } } peers { permanent_uuid: "b6b161dc93104a2e95539627293c1b87" member_type: VOTER last_known_addr { host: "127.5.158.195" port: 42039 } } peers { permanent_uuid: "636c370c2c00436a96973d9a39aa952b" member_type: VOTER last_known_addr { host: "127.5.158.193" port: 36401 } }
I20260713 09:03:36.954962  6116 raft_consensus.cc:2804] T cfb2fc24a0b249e49804d804b7e1fd54 P 636c370c2c00436a96973d9a39aa952b [term 0 FOLLOWER]: Leader pre-election won for term 1
I20260713 09:03:36.955408  6116 raft_consensus.cc:493] T cfb2fc24a0b249e49804d804b7e1fd54 P 636c370c2c00436a96973d9a39aa952b [term 0 FOLLOWER]: Starting leader election (no leader contacted us within the election timeout)
I20260713 09:03:36.955754  6116 raft_consensus.cc:3060] T cfb2fc24a0b249e49804d804b7e1fd54 P 636c370c2c00436a96973d9a39aa952b [term 0 FOLLOWER]: Advancing to term 1
W20260713 09:03:36.956007  5856 leader_election.cc:343] T cfb2fc24a0b249e49804d804b7e1fd54 P 636c370c2c00436a96973d9a39aa952b [CANDIDATE]: Term 1 pre-election: Tablet error from VoteRequest() call to peer b6b161dc93104a2e95539627293c1b87 (127.5.158.195:42039): Illegal state: must be running to vote when last-logged opid is not known
I20260713 09:03:36.957144  6117 raft_consensus.cc:493] T d6116404ad75440c93d4614f875a8ed9 P 636c370c2c00436a96973d9a39aa952b [term 0 FOLLOWER]: Starting pre-election (no leader contacted us within the election timeout)
I20260713 09:03:36.957674  6117 raft_consensus.cc:515] T d6116404ad75440c93d4614f875a8ed9 P 636c370c2c00436a96973d9a39aa952b [term 0 FOLLOWER]: Starting pre-election with config: opid_index: -1 OBSOLETE_local: false peers { permanent_uuid: "636c370c2c00436a96973d9a39aa952b" member_type: VOTER last_known_addr { host: "127.5.158.193" port: 36401 } } peers { permanent_uuid: "eb16a756a2704b6a8b2a234298c926bf" member_type: VOTER last_known_addr { host: "127.5.158.194" port: 40271 } } peers { permanent_uuid: "b6b161dc93104a2e95539627293c1b87" member_type: VOTER last_known_addr { host: "127.5.158.195" port: 42039 } }
I20260713 09:03:36.960568  6085 tablet_bootstrap.cc:654] T 74a03eb0ec5c4f02b3085b931f3091f9 P b6b161dc93104a2e95539627293c1b87: Neither blocks nor log segments found. Creating new log.
I20260713 09:03:36.960963  6083 ts_tablet_manager.cc:1434] T 981c18f2deca4cccbf0b6b191228593a P 636c370c2c00436a96973d9a39aa952b: Time spent starting tablet: real 0.023s	user 0.013s	sys 0.001s
I20260713 09:03:36.961977  6083 tablet_bootstrap.cc:492] T 1372202b08d54de0b173d6b5a1d1f463 P 636c370c2c00436a96973d9a39aa952b: Bootstrap starting.
I20260713 09:03:36.968022  6039 tablet_service.cc:1917] Received RequestConsensusVote() RPC: tablet_id: "d6116404ad75440c93d4614f875a8ed9" candidate_uuid: "636c370c2c00436a96973d9a39aa952b" candidate_term: 1 candidate_status { last_received { term: 0 index: 0 } } ignore_live_leader: false dest_uuid: "b6b161dc93104a2e95539627293c1b87" is_pre_election: true
I20260713 09:03:36.968405  6083 tablet_bootstrap.cc:654] T 1372202b08d54de0b173d6b5a1d1f463 P 636c370c2c00436a96973d9a39aa952b: Neither blocks nor log segments found. Creating new log.
I20260713 09:03:36.968647  6039 raft_consensus.cc:2468] T d6116404ad75440c93d4614f875a8ed9 P b6b161dc93104a2e95539627293c1b87 [term 0 FOLLOWER]: Leader pre-election vote request: Granting yes vote for candidate 636c370c2c00436a96973d9a39aa952b in term 0.
I20260713 09:03:36.970053  5856 leader_election.cc:304] T d6116404ad75440c93d4614f875a8ed9 P 636c370c2c00436a96973d9a39aa952b [CANDIDATE]: Term 1 pre-election: Election decided. Result: candidate won. Election summary: received 2 responses out of 3 voters: 2 yes votes; 0 no votes. yes voters: 636c370c2c00436a96973d9a39aa952b, b6b161dc93104a2e95539627293c1b87; no voters: 
I20260713 09:03:36.970997  6090 raft_consensus.cc:2804] T d6116404ad75440c93d4614f875a8ed9 P 636c370c2c00436a96973d9a39aa952b [term 0 FOLLOWER]: Leader pre-election won for term 1
I20260713 09:03:36.971480  6090 raft_consensus.cc:493] T d6116404ad75440c93d4614f875a8ed9 P 636c370c2c00436a96973d9a39aa952b [term 0 FOLLOWER]: Starting leader election (no leader contacted us within the election timeout)
I20260713 09:03:36.971969  6090 raft_consensus.cc:3060] T d6116404ad75440c93d4614f875a8ed9 P 636c370c2c00436a96973d9a39aa952b [term 0 FOLLOWER]: Advancing to term 1
I20260713 09:03:36.980168  6086 raft_consensus.cc:493] T d6116404ad75440c93d4614f875a8ed9 P eb16a756a2704b6a8b2a234298c926bf [term 0 FOLLOWER]: Starting pre-election (no leader contacted us within the election timeout)
I20260713 09:03:36.980825  6086 raft_consensus.cc:515] T d6116404ad75440c93d4614f875a8ed9 P eb16a756a2704b6a8b2a234298c926bf [term 0 FOLLOWER]: Starting pre-election with config: opid_index: -1 OBSOLETE_local: false peers { permanent_uuid: "636c370c2c00436a96973d9a39aa952b" member_type: VOTER last_known_addr { host: "127.5.158.193" port: 36401 } } peers { permanent_uuid: "eb16a756a2704b6a8b2a234298c926bf" member_type: VOTER last_known_addr { host: "127.5.158.194" port: 40271 } } peers { permanent_uuid: "b6b161dc93104a2e95539627293c1b87" member_type: VOTER last_known_addr { host: "127.5.158.195" port: 42039 } }
I20260713 09:03:36.983458  6086 leader_election.cc:290] T d6116404ad75440c93d4614f875a8ed9 P eb16a756a2704b6a8b2a234298c926bf [CANDIDATE]: Term 1 pre-election: Requested pre-vote from peers 636c370c2c00436a96973d9a39aa952b (127.5.158.193:36401), b6b161dc93104a2e95539627293c1b87 (127.5.158.195:42039)
I20260713 09:03:36.983829  5787 catalog_manager.cc:5697] T cbe76794f6e94a9cb6102f2f521f52db P 636c370c2c00436a96973d9a39aa952b reported cstate change: term changed from 0 to 1, leader changed from <none> to 636c370c2c00436a96973d9a39aa952b (127.5.158.193). New cstate: current_term: 1 leader_uuid: "636c370c2c00436a96973d9a39aa952b" committed_config { opid_index: -1 OBSOLETE_local: false peers { permanent_uuid: "eb16a756a2704b6a8b2a234298c926bf" member_type: VOTER last_known_addr { host: "127.5.158.194" port: 40271 } health_report { overall_health: UNKNOWN } } peers { permanent_uuid: "b6b161dc93104a2e95539627293c1b87" member_type: VOTER last_known_addr { host: "127.5.158.195" port: 42039 } health_report { overall_health: UNKNOWN } } peers { permanent_uuid: "636c370c2c00436a96973d9a39aa952b" member_type: VOTER last_known_addr { host: "127.5.158.193" port: 36401 } health_report { overall_health: HEALTHY } } }
I20260713 09:03:36.987975  6116 raft_consensus.cc:515] T cfb2fc24a0b249e49804d804b7e1fd54 P 636c370c2c00436a96973d9a39aa952b [term 1 FOLLOWER]: Starting leader election with config: opid_index: -1 OBSOLETE_local: false peers { permanent_uuid: "636c370c2c00436a96973d9a39aa952b" member_type: VOTER last_known_addr { host: "127.5.158.193" port: 36401 } } peers { permanent_uuid: "eb16a756a2704b6a8b2a234298c926bf" member_type: VOTER last_known_addr { host: "127.5.158.194" port: 40271 } } peers { permanent_uuid: "b6b161dc93104a2e95539627293c1b87" member_type: VOTER last_known_addr { host: "127.5.158.195" port: 42039 } }
I20260713 09:03:36.978960  6117 leader_election.cc:290] T d6116404ad75440c93d4614f875a8ed9 P 636c370c2c00436a96973d9a39aa952b [CANDIDATE]: Term 1 pre-election: Requested pre-vote from peers eb16a756a2704b6a8b2a234298c926bf (127.5.158.194:40271), b6b161dc93104a2e95539627293c1b87 (127.5.158.195:42039)
I20260713 09:03:36.995158  6090 raft_consensus.cc:515] T d6116404ad75440c93d4614f875a8ed9 P 636c370c2c00436a96973d9a39aa952b [term 1 FOLLOWER]: Starting leader election with config: opid_index: -1 OBSOLETE_local: false peers { permanent_uuid: "636c370c2c00436a96973d9a39aa952b" member_type: VOTER last_known_addr { host: "127.5.158.193" port: 36401 } } peers { permanent_uuid: "eb16a756a2704b6a8b2a234298c926bf" member_type: VOTER last_known_addr { host: "127.5.158.194" port: 40271 } } peers { permanent_uuid: "b6b161dc93104a2e95539627293c1b87" member_type: VOTER last_known_addr { host: "127.5.158.195" port: 42039 } }
I20260713 09:03:36.997200  6093 raft_consensus.cc:493] T 1372202b08d54de0b173d6b5a1d1f463 P b6b161dc93104a2e95539627293c1b87 [term 0 FOLLOWER]: Starting pre-election (no leader contacted us within the election timeout)
I20260713 09:03:36.997848  6093 raft_consensus.cc:515] T 1372202b08d54de0b173d6b5a1d1f463 P b6b161dc93104a2e95539627293c1b87 [term 0 FOLLOWER]: Starting pre-election with config: opid_index: -1 OBSOLETE_local: false peers { permanent_uuid: "636c370c2c00436a96973d9a39aa952b" member_type: VOTER last_known_addr { host: "127.5.158.193" port: 36401 } } peers { permanent_uuid: "eb16a756a2704b6a8b2a234298c926bf" member_type: VOTER last_known_addr { host: "127.5.158.194" port: 40271 } } peers { permanent_uuid: "b6b161dc93104a2e95539627293c1b87" member_type: VOTER last_known_addr { host: "127.5.158.195" port: 42039 } }
I20260713 09:03:37.009321  6039 tablet_service.cc:1917] Received RequestConsensusVote() RPC: tablet_id: "cfb2fc24a0b249e49804d804b7e1fd54" candidate_uuid: "636c370c2c00436a96973d9a39aa952b" candidate_term: 1 candidate_status { last_received { term: 0 index: 0 } } ignore_live_leader: false dest_uuid: "b6b161dc93104a2e95539627293c1b87"
W20260713 09:03:37.012283  5856 leader_election.cc:343] T cfb2fc24a0b249e49804d804b7e1fd54 P 636c370c2c00436a96973d9a39aa952b [CANDIDATE]: Term 1 election: Tablet error from VoteRequest() call to peer b6b161dc93104a2e95539627293c1b87 (127.5.158.195:42039): Illegal state: must be running to vote when last-logged opid is not known
I20260713 09:03:37.003448  6093 leader_election.cc:290] T 1372202b08d54de0b173d6b5a1d1f463 P b6b161dc93104a2e95539627293c1b87 [CANDIDATE]: Term 1 pre-election: Requested pre-vote from peers 636c370c2c00436a96973d9a39aa952b (127.5.158.193:36401), eb16a756a2704b6a8b2a234298c926bf (127.5.158.194:40271)
I20260713 09:03:37.013720  6116 leader_election.cc:290] T cfb2fc24a0b249e49804d804b7e1fd54 P 636c370c2c00436a96973d9a39aa952b [CANDIDATE]: Term 1 election: Requested vote from peers eb16a756a2704b6a8b2a234298c926bf (127.5.158.194:40271), b6b161dc93104a2e95539627293c1b87 (127.5.158.195:42039)
I20260713 09:03:37.016148  6039 tablet_service.cc:1917] Received RequestConsensusVote() RPC: tablet_id: "d6116404ad75440c93d4614f875a8ed9" candidate_uuid: "636c370c2c00436a96973d9a39aa952b" candidate_term: 1 candidate_status { last_received { term: 0 index: 0 } } ignore_live_leader: false dest_uuid: "b6b161dc93104a2e95539627293c1b87"
I20260713 09:03:37.016822  6039 raft_consensus.cc:3060] T d6116404ad75440c93d4614f875a8ed9 P b6b161dc93104a2e95539627293c1b87 [term 0 FOLLOWER]: Advancing to term 1
I20260713 09:03:37.023929  6090 leader_election.cc:290] T d6116404ad75440c93d4614f875a8ed9 P 636c370c2c00436a96973d9a39aa952b [CANDIDATE]: Term 1 election: Requested vote from peers eb16a756a2704b6a8b2a234298c926bf (127.5.158.194:40271), b6b161dc93104a2e95539627293c1b87 (127.5.158.195:42039)
I20260713 09:03:37.035157  6082 tablet_bootstrap.cc:492] T 981c18f2deca4cccbf0b6b191228593a P eb16a756a2704b6a8b2a234298c926bf: No bootstrap required, opened a new log
I20260713 09:03:37.035633  6082 ts_tablet_manager.cc:1403] T 981c18f2deca4cccbf0b6b191228593a P eb16a756a2704b6a8b2a234298c926bf: Time spent bootstrapping tablet: real 0.118s	user 0.012s	sys 0.007s
I20260713 09:03:37.036180  6086 raft_consensus.cc:493] T c45ddea9d5ad4b468d1c9156c4998788 P eb16a756a2704b6a8b2a234298c926bf [term 0 FOLLOWER]: Starting pre-election (no leader contacted us within the election timeout)
I20260713 09:03:37.037499  6086 raft_consensus.cc:515] T c45ddea9d5ad4b468d1c9156c4998788 P eb16a756a2704b6a8b2a234298c926bf [term 0 FOLLOWER]: Starting pre-election with config: opid_index: -1 OBSOLETE_local: false peers { permanent_uuid: "636c370c2c00436a96973d9a39aa952b" member_type: VOTER last_known_addr { host: "127.5.158.193" port: 36401 } } peers { permanent_uuid: "eb16a756a2704b6a8b2a234298c926bf" member_type: VOTER last_known_addr { host: "127.5.158.194" port: 40271 } } peers { permanent_uuid: "b6b161dc93104a2e95539627293c1b87" member_type: VOTER last_known_addr { host: "127.5.158.195" port: 42039 } }
I20260713 09:03:37.039333  6037 tablet_service.cc:1917] Received RequestConsensusVote() RPC: tablet_id: "d6116404ad75440c93d4614f875a8ed9" candidate_uuid: "eb16a756a2704b6a8b2a234298c926bf" candidate_term: 1 candidate_status { last_received { term: 0 index: 0 } } ignore_live_leader: false dest_uuid: "b6b161dc93104a2e95539627293c1b87" is_pre_election: true
I20260713 09:03:37.039747  6086 leader_election.cc:290] T c45ddea9d5ad4b468d1c9156c4998788 P eb16a756a2704b6a8b2a234298c926bf [CANDIDATE]: Term 1 pre-election: Requested pre-vote from peers 636c370c2c00436a96973d9a39aa952b (127.5.158.193:36401), b6b161dc93104a2e95539627293c1b87 (127.5.158.195:42039)
I20260713 09:03:37.040246  6086 raft_consensus.cc:493] T eca29964d44648ff917d97b2fe182c32 P eb16a756a2704b6a8b2a234298c926bf [term 0 FOLLOWER]: Starting pre-election (no leader contacted us within the election timeout)
I20260713 09:03:37.040951  6039 raft_consensus.cc:2468] T d6116404ad75440c93d4614f875a8ed9 P b6b161dc93104a2e95539627293c1b87 [term 1 FOLLOWER]: Leader election vote request: Granting yes vote for candidate 636c370c2c00436a96973d9a39aa952b in term 1.
I20260713 09:03:37.041782  6038 tablet_service.cc:1917] Received RequestConsensusVote() RPC: tablet_id: "cfb2fc24a0b249e49804d804b7e1fd54" candidate_uuid: "eb16a756a2704b6a8b2a234298c926bf" candidate_term: 1 candidate_status { last_received { term: 0 index: 0 } } ignore_live_leader: false dest_uuid: "b6b161dc93104a2e95539627293c1b87" is_pre_election: true
I20260713 09:03:37.040689  6086 raft_consensus.cc:515] T eca29964d44648ff917d97b2fe182c32 P eb16a756a2704b6a8b2a234298c926bf [term 0 FOLLOWER]: Starting pre-election with config: opid_index: -1 OBSOLETE_local: false peers { permanent_uuid: "636c370c2c00436a96973d9a39aa952b" member_type: VOTER last_known_addr { host: "127.5.158.193" port: 36401 } } peers { permanent_uuid: "eb16a756a2704b6a8b2a234298c926bf" member_type: VOTER last_known_addr { host: "127.5.158.194" port: 40271 } } peers { permanent_uuid: "b6b161dc93104a2e95539627293c1b87" member_type: VOTER last_known_addr { host: "127.5.158.195" port: 42039 } }
I20260713 09:03:37.042407  5856 leader_election.cc:304] T d6116404ad75440c93d4614f875a8ed9 P 636c370c2c00436a96973d9a39aa952b [CANDIDATE]: Term 1 election: Election decided. Result: candidate won. Election summary: received 2 responses out of 3 voters: 2 yes votes; 0 no votes. yes voters: 636c370c2c00436a96973d9a39aa952b, b6b161dc93104a2e95539627293c1b87; no voters: 
I20260713 09:03:37.043252  6090 raft_consensus.cc:2804] T d6116404ad75440c93d4614f875a8ed9 P 636c370c2c00436a96973d9a39aa952b [term 1 FOLLOWER]: Leader election won for term 1
I20260713 09:03:37.043164  6038 tablet_service.cc:1917] Received RequestConsensusVote() RPC: tablet_id: "c45ddea9d5ad4b468d1c9156c4998788" candidate_uuid: "eb16a756a2704b6a8b2a234298c926bf" candidate_term: 1 candidate_status { last_received { term: 0 index: 0 } } ignore_live_leader: false dest_uuid: "b6b161dc93104a2e95539627293c1b87" is_pre_election: true
I20260713 09:03:37.044075  6086 leader_election.cc:290] T eca29964d44648ff917d97b2fe182c32 P eb16a756a2704b6a8b2a234298c926bf [CANDIDATE]: Term 1 pre-election: Requested pre-vote from peers 636c370c2c00436a96973d9a39aa952b (127.5.158.193:36401), b6b161dc93104a2e95539627293c1b87 (127.5.158.195:42039)
I20260713 09:03:37.044516  6093 raft_consensus.cc:493] T 981c18f2deca4cccbf0b6b191228593a P b6b161dc93104a2e95539627293c1b87 [term 0 FOLLOWER]: Starting pre-election (no leader contacted us within the election timeout)
W20260713 09:03:37.044862  5931 leader_election.cc:343] T cfb2fc24a0b249e49804d804b7e1fd54 P eb16a756a2704b6a8b2a234298c926bf [CANDIDATE]: Term 1 pre-election: Tablet error from VoteRequest() call to peer b6b161dc93104a2e95539627293c1b87 (127.5.158.195:42039): Illegal state: must be running to vote when last-logged opid is not known
I20260713 09:03:37.045027  6093 raft_consensus.cc:515] T 981c18f2deca4cccbf0b6b191228593a P b6b161dc93104a2e95539627293c1b87 [term 0 FOLLOWER]: Starting pre-election with config: opid_index: -1 OBSOLETE_local: false peers { permanent_uuid: "636c370c2c00436a96973d9a39aa952b" member_type: VOTER last_known_addr { host: "127.5.158.193" port: 36401 } } peers { permanent_uuid: "eb16a756a2704b6a8b2a234298c926bf" member_type: VOTER last_known_addr { host: "127.5.158.194" port: 40271 } } peers { permanent_uuid: "b6b161dc93104a2e95539627293c1b87" member_type: VOTER last_known_addr { host: "127.5.158.195" port: 42039 } }
W20260713 09:03:37.045801  5931 leader_election.cc:343] T c45ddea9d5ad4b468d1c9156c4998788 P eb16a756a2704b6a8b2a234298c926bf [CANDIDATE]: Term 1 pre-election: Tablet error from VoteRequest() call to peer b6b161dc93104a2e95539627293c1b87 (127.5.158.195:42039): Illegal state: must be running to vote when last-logged opid is not known
I20260713 09:03:37.047101  6093 leader_election.cc:290] T 981c18f2deca4cccbf0b6b191228593a P b6b161dc93104a2e95539627293c1b87 [CANDIDATE]: Term 1 pre-election: Requested pre-vote from peers 636c370c2c00436a96973d9a39aa952b (127.5.158.193:36401), eb16a756a2704b6a8b2a234298c926bf (127.5.158.194:40271)
I20260713 09:03:37.043918  6090 raft_consensus.cc:697] T d6116404ad75440c93d4614f875a8ed9 P 636c370c2c00436a96973d9a39aa952b [term 1 LEADER]: Becoming Leader. State: Replica: 636c370c2c00436a96973d9a39aa952b, State: Running, Role: LEADER
I20260713 09:03:37.048342  6038 tablet_service.cc:1917] Received RequestConsensusVote() RPC: tablet_id: "eca29964d44648ff917d97b2fe182c32" candidate_uuid: "eb16a756a2704b6a8b2a234298c926bf" candidate_term: 1 candidate_status { last_received { term: 0 index: 0 } } ignore_live_leader: false dest_uuid: "b6b161dc93104a2e95539627293c1b87" is_pre_election: true
I20260713 09:03:37.048774  6083 tablet_bootstrap.cc:492] T 1372202b08d54de0b173d6b5a1d1f463 P 636c370c2c00436a96973d9a39aa952b: No bootstrap required, opened a new log
I20260713 09:03:37.048336  6090 consensus_queue.cc:237] T d6116404ad75440c93d4614f875a8ed9 P 636c370c2c00436a96973d9a39aa952b [LEADER]: Queue going to LEADER mode. State: All replicated index: 0, Majority replicated index: 0, Committed index: 0, Last appended: 0.0, Last appended by leader: 0, Current term: 1, Majority size: 2, State: 0, Mode: LEADER, active raft config: opid_index: -1 OBSOLETE_local: false peers { permanent_uuid: "636c370c2c00436a96973d9a39aa952b" member_type: VOTER last_known_addr { host: "127.5.158.193" port: 36401 } } peers { permanent_uuid: "eb16a756a2704b6a8b2a234298c926bf" member_type: VOTER last_known_addr { host: "127.5.158.194" port: 40271 } } peers { permanent_uuid: "b6b161dc93104a2e95539627293c1b87" member_type: VOTER last_known_addr { host: "127.5.158.195" port: 42039 } }
I20260713 09:03:37.049225  6083 ts_tablet_manager.cc:1403] T 1372202b08d54de0b173d6b5a1d1f463 P 636c370c2c00436a96973d9a39aa952b: Time spent bootstrapping tablet: real 0.087s	user 0.008s	sys 0.045s
I20260713 09:03:37.049101  6038 raft_consensus.cc:2468] T eca29964d44648ff917d97b2fe182c32 P b6b161dc93104a2e95539627293c1b87 [term 0 FOLLOWER]: Leader pre-election vote request: Granting yes vote for candidate eb16a756a2704b6a8b2a234298c926bf in term 0.
I20260713 09:03:37.050503  5931 leader_election.cc:304] T eca29964d44648ff917d97b2fe182c32 P eb16a756a2704b6a8b2a234298c926bf [CANDIDATE]: Term 1 pre-election: Election decided. Result: candidate won. Election summary: received 2 responses out of 3 voters: 2 yes votes; 0 no votes. yes voters: b6b161dc93104a2e95539627293c1b87, eb16a756a2704b6a8b2a234298c926bf; no voters: 
I20260713 09:03:37.051766  6083 raft_consensus.cc:359] T 1372202b08d54de0b173d6b5a1d1f463 P 636c370c2c00436a96973d9a39aa952b [term 0 FOLLOWER]: Replica starting. Triggering 0 pending ops. Active config: opid_index: -1 OBSOLETE_local: false peers { permanent_uuid: "636c370c2c00436a96973d9a39aa952b" member_type: VOTER last_known_addr { host: "127.5.158.193" port: 36401 } } peers { permanent_uuid: "eb16a756a2704b6a8b2a234298c926bf" member_type: VOTER last_known_addr { host: "127.5.158.194" port: 40271 } } peers { permanent_uuid: "b6b161dc93104a2e95539627293c1b87" member_type: VOTER last_known_addr { host: "127.5.158.195" port: 42039 } }
I20260713 09:03:37.052495  6083 raft_consensus.cc:385] T 1372202b08d54de0b173d6b5a1d1f463 P 636c370c2c00436a96973d9a39aa952b [term 0 FOLLOWER]: Consensus starting up: Expiring failure detector timer to make a prompt election more likely
I20260713 09:03:37.052876  6083 raft_consensus.cc:740] T 1372202b08d54de0b173d6b5a1d1f463 P 636c370c2c00436a96973d9a39aa952b [term 0 FOLLOWER]: Becoming Follower/Learner. State: Replica: 636c370c2c00436a96973d9a39aa952b, State: Initialized, Role: FOLLOWER
I20260713 09:03:37.053505  6083 consensus_queue.cc:260] T 1372202b08d54de0b173d6b5a1d1f463 P 636c370c2c00436a96973d9a39aa952b [NON_LEADER]: Queue going to NON_LEADER mode. State: All replicated index: 0, Majority replicated index: 0, Committed index: 0, Last appended: 0.0, Last appended by leader: 0, Current term: 0, Majority size: -1, State: 0, Mode: NON_LEADER, active raft config: opid_index: -1 OBSOLETE_local: false peers { permanent_uuid: "636c370c2c00436a96973d9a39aa952b" member_type: VOTER last_known_addr { host: "127.5.158.193" port: 36401 } } peers { permanent_uuid: "eb16a756a2704b6a8b2a234298c926bf" member_type: VOTER last_known_addr { host: "127.5.158.194" port: 40271 } } peers { permanent_uuid: "b6b161dc93104a2e95539627293c1b87" member_type: VOTER last_known_addr { host: "127.5.158.195" port: 42039 } }
I20260713 09:03:37.054008  5965 tablet_service.cc:1917] Received RequestConsensusVote() RPC: tablet_id: "d6116404ad75440c93d4614f875a8ed9" candidate_uuid: "636c370c2c00436a96973d9a39aa952b" candidate_term: 1 candidate_status { last_received { term: 0 index: 0 } } ignore_live_leader: false dest_uuid: "eb16a756a2704b6a8b2a234298c926bf" is_pre_election: true
I20260713 09:03:37.054580  5965 raft_consensus.cc:2468] T d6116404ad75440c93d4614f875a8ed9 P eb16a756a2704b6a8b2a234298c926bf [term 0 FOLLOWER]: Leader pre-election vote request: Granting yes vote for candidate 636c370c2c00436a96973d9a39aa952b in term 0.
I20260713 09:03:37.055631  5964 tablet_service.cc:1917] Received RequestConsensusVote() RPC: tablet_id: "d6116404ad75440c93d4614f875a8ed9" candidate_uuid: "636c370c2c00436a96973d9a39aa952b" candidate_term: 1 candidate_status { last_received { term: 0 index: 0 } } ignore_live_leader: false dest_uuid: "eb16a756a2704b6a8b2a234298c926bf"
I20260713 09:03:37.055688  6083 ts_tablet_manager.cc:1434] T 1372202b08d54de0b173d6b5a1d1f463 P 636c370c2c00436a96973d9a39aa952b: Time spent starting tablet: real 0.006s	user 0.006s	sys 0.001s
I20260713 09:03:37.056617  5963 tablet_service.cc:1917] Received RequestConsensusVote() RPC: tablet_id: "cfb2fc24a0b249e49804d804b7e1fd54" candidate_uuid: "636c370c2c00436a96973d9a39aa952b" candidate_term: 1 candidate_status { last_received { term: 0 index: 0 } } ignore_live_leader: false dest_uuid: "eb16a756a2704b6a8b2a234298c926bf"
I20260713 09:03:37.057123  6083 tablet_bootstrap.cc:492] T 5b61c16cbefc499d82b69cf28abe9ef4 P 636c370c2c00436a96973d9a39aa952b: Bootstrap starting.
I20260713 09:03:37.057226  5963 raft_consensus.cc:3060] T cfb2fc24a0b249e49804d804b7e1fd54 P eb16a756a2704b6a8b2a234298c926bf [term 0 FOLLOWER]: Advancing to term 1
I20260713 09:03:37.059595  6086 raft_consensus.cc:2804] T eca29964d44648ff917d97b2fe182c32 P eb16a756a2704b6a8b2a234298c926bf [term 0 FOLLOWER]: Leader pre-election won for term 1
I20260713 09:03:37.059958  6086 raft_consensus.cc:493] T eca29964d44648ff917d97b2fe182c32 P eb16a756a2704b6a8b2a234298c926bf [term 0 FOLLOWER]: Starting leader election (no leader contacted us within the election timeout)
I20260713 09:03:37.060310  6086 raft_consensus.cc:3060] T eca29964d44648ff917d97b2fe182c32 P eb16a756a2704b6a8b2a234298c926bf [term 0 FOLLOWER]: Advancing to term 1
I20260713 09:03:37.046877  6082 raft_consensus.cc:359] T 981c18f2deca4cccbf0b6b191228593a P eb16a756a2704b6a8b2a234298c926bf [term 0 FOLLOWER]: Replica starting. Triggering 0 pending ops. Active config: opid_index: -1 OBSOLETE_local: false peers { permanent_uuid: "636c370c2c00436a96973d9a39aa952b" member_type: VOTER last_known_addr { host: "127.5.158.193" port: 36401 } } peers { permanent_uuid: "eb16a756a2704b6a8b2a234298c926bf" member_type: VOTER last_known_addr { host: "127.5.158.194" port: 40271 } } peers { permanent_uuid: "b6b161dc93104a2e95539627293c1b87" member_type: VOTER last_known_addr { host: "127.5.158.195" port: 42039 } }
I20260713 09:03:37.063529  6082 raft_consensus.cc:385] T 981c18f2deca4cccbf0b6b191228593a P eb16a756a2704b6a8b2a234298c926bf [term 0 FOLLOWER]: Consensus starting up: Expiring failure detector timer to make a prompt election more likely
I20260713 09:03:37.063814  6082 raft_consensus.cc:740] T 981c18f2deca4cccbf0b6b191228593a P eb16a756a2704b6a8b2a234298c926bf [term 0 FOLLOWER]: Becoming Follower/Learner. State: Replica: eb16a756a2704b6a8b2a234298c926bf, State: Initialized, Role: FOLLOWER
I20260713 09:03:37.064498  6082 consensus_queue.cc:260] T 981c18f2deca4cccbf0b6b191228593a P eb16a756a2704b6a8b2a234298c926bf [NON_LEADER]: Queue going to NON_LEADER mode. State: All replicated index: 0, Majority replicated index: 0, Committed index: 0, Last appended: 0.0, Last appended by leader: 0, Current term: 0, Majority size: -1, State: 0, Mode: NON_LEADER, active raft config: opid_index: -1 OBSOLETE_local: false peers { permanent_uuid: "636c370c2c00436a96973d9a39aa952b" member_type: VOTER last_known_addr { host: "127.5.158.193" port: 36401 } } peers { permanent_uuid: "eb16a756a2704b6a8b2a234298c926bf" member_type: VOTER last_known_addr { host: "127.5.158.194" port: 40271 } } peers { permanent_uuid: "b6b161dc93104a2e95539627293c1b87" member_type: VOTER last_known_addr { host: "127.5.158.195" port: 42039 } }
I20260713 09:03:37.065802  5890 tablet_service.cc:1917] Received RequestConsensusVote() RPC: tablet_id: "cfb2fc24a0b249e49804d804b7e1fd54" candidate_uuid: "eb16a756a2704b6a8b2a234298c926bf" candidate_term: 1 candidate_status { last_received { term: 0 index: 0 } } ignore_live_leader: false dest_uuid: "636c370c2c00436a96973d9a39aa952b" is_pre_election: true
I20260713 09:03:37.066488  6082 ts_tablet_manager.cc:1434] T 981c18f2deca4cccbf0b6b191228593a P eb16a756a2704b6a8b2a234298c926bf: Time spent starting tablet: real 0.022s	user 0.003s	sys 0.000s
I20260713 09:03:37.066740  5890 raft_consensus.cc:2393] T cfb2fc24a0b249e49804d804b7e1fd54 P 636c370c2c00436a96973d9a39aa952b [term 1 FOLLOWER]: Leader pre-election vote request: Denying vote to candidate eb16a756a2704b6a8b2a234298c926bf in current term 1: Already voted for candidate 636c370c2c00436a96973d9a39aa952b in this term.
I20260713 09:03:37.067977  5889 tablet_service.cc:1917] Received RequestConsensusVote() RPC: tablet_id: "d6116404ad75440c93d4614f875a8ed9" candidate_uuid: "eb16a756a2704b6a8b2a234298c926bf" candidate_term: 1 candidate_status { last_received { term: 0 index: 0 } } ignore_live_leader: false dest_uuid: "636c370c2c00436a96973d9a39aa952b" is_pre_election: true
I20260713 09:03:37.069414  5888 tablet_service.cc:1917] Received RequestConsensusVote() RPC: tablet_id: "c45ddea9d5ad4b468d1c9156c4998788" candidate_uuid: "eb16a756a2704b6a8b2a234298c926bf" candidate_term: 1 candidate_status { last_received { term: 0 index: 0 } } ignore_live_leader: false dest_uuid: "636c370c2c00436a96973d9a39aa952b" is_pre_election: true
I20260713 09:03:37.070132  5888 raft_consensus.cc:2468] T c45ddea9d5ad4b468d1c9156c4998788 P 636c370c2c00436a96973d9a39aa952b [term 0 FOLLOWER]: Leader pre-election vote request: Granting yes vote for candidate eb16a756a2704b6a8b2a234298c926bf in term 0.
I20260713 09:03:37.070466  6085 tablet_bootstrap.cc:492] T 74a03eb0ec5c4f02b3085b931f3091f9 P b6b161dc93104a2e95539627293c1b87: No bootstrap required, opened a new log
I20260713 09:03:37.070992  6085 ts_tablet_manager.cc:1403] T 74a03eb0ec5c4f02b3085b931f3091f9 P b6b161dc93104a2e95539627293c1b87: Time spent bootstrapping tablet: real 0.132s	user 0.024s	sys 0.020s
I20260713 09:03:37.071344  5887 tablet_service.cc:1917] Received RequestConsensusVote() RPC: tablet_id: "eca29964d44648ff917d97b2fe182c32" candidate_uuid: "eb16a756a2704b6a8b2a234298c926bf" candidate_term: 1 candidate_status { last_received { term: 0 index: 0 } } ignore_live_leader: false dest_uuid: "636c370c2c00436a96973d9a39aa952b" is_pre_election: true
I20260713 09:03:37.072080  5887 raft_consensus.cc:2468] T eca29964d44648ff917d97b2fe182c32 P 636c370c2c00436a96973d9a39aa952b [term 0 FOLLOWER]: Leader pre-election vote request: Granting yes vote for candidate eb16a756a2704b6a8b2a234298c926bf in term 0.
I20260713 09:03:37.073971  5964 raft_consensus.cc:3060] T d6116404ad75440c93d4614f875a8ed9 P eb16a756a2704b6a8b2a234298c926bf [term 0 FOLLOWER]: Advancing to term 1
I20260713 09:03:37.073993  6085 raft_consensus.cc:359] T 74a03eb0ec5c4f02b3085b931f3091f9 P b6b161dc93104a2e95539627293c1b87 [term 0 FOLLOWER]: Replica starting. Triggering 0 pending ops. Active config: opid_index: -1 OBSOLETE_local: false peers { permanent_uuid: "636c370c2c00436a96973d9a39aa952b" member_type: VOTER last_known_addr { host: "127.5.158.193" port: 36401 } } peers { permanent_uuid: "eb16a756a2704b6a8b2a234298c926bf" member_type: VOTER last_known_addr { host: "127.5.158.194" port: 40271 } } peers { permanent_uuid: "b6b161dc93104a2e95539627293c1b87" member_type: VOTER last_known_addr { host: "127.5.158.195" port: 42039 } }
I20260713 09:03:37.074839  6085 raft_consensus.cc:385] T 74a03eb0ec5c4f02b3085b931f3091f9 P b6b161dc93104a2e95539627293c1b87 [term 0 FOLLOWER]: Consensus starting up: Expiring failure detector timer to make a prompt election more likely
I20260713 09:03:37.074457  6086 raft_consensus.cc:515] T eca29964d44648ff917d97b2fe182c32 P eb16a756a2704b6a8b2a234298c926bf [term 1 FOLLOWER]: Starting leader election with config: opid_index: -1 OBSOLETE_local: false peers { permanent_uuid: "636c370c2c00436a96973d9a39aa952b" member_type: VOTER last_known_addr { host: "127.5.158.193" port: 36401 } } peers { permanent_uuid: "eb16a756a2704b6a8b2a234298c926bf" member_type: VOTER last_known_addr { host: "127.5.158.194" port: 40271 } } peers { permanent_uuid: "b6b161dc93104a2e95539627293c1b87" member_type: VOTER last_known_addr { host: "127.5.158.195" port: 42039 } }
I20260713 09:03:37.075155  6085 raft_consensus.cc:740] T 74a03eb0ec5c4f02b3085b931f3091f9 P b6b161dc93104a2e95539627293c1b87 [term 0 FOLLOWER]: Becoming Follower/Learner. State: Replica: b6b161dc93104a2e95539627293c1b87, State: Initialized, Role: FOLLOWER
I20260713 09:03:37.076841  6086 leader_election.cc:290] T eca29964d44648ff917d97b2fe182c32 P eb16a756a2704b6a8b2a234298c926bf [CANDIDATE]: Term 1 election: Requested vote from peers 636c370c2c00436a96973d9a39aa952b (127.5.158.193:36401), b6b161dc93104a2e95539627293c1b87 (127.5.158.195:42039)
I20260713 09:03:37.081280  5964 raft_consensus.cc:2468] T d6116404ad75440c93d4614f875a8ed9 P eb16a756a2704b6a8b2a234298c926bf [term 1 FOLLOWER]: Leader election vote request: Granting yes vote for candidate 636c370c2c00436a96973d9a39aa952b in term 1.
I20260713 09:03:37.082485  5963 raft_consensus.cc:2468] T cfb2fc24a0b249e49804d804b7e1fd54 P eb16a756a2704b6a8b2a234298c926bf [term 1 FOLLOWER]: Leader election vote request: Granting yes vote for candidate 636c370c2c00436a96973d9a39aa952b in term 1.
I20260713 09:03:37.083725  6083 tablet_bootstrap.cc:654] T 5b61c16cbefc499d82b69cf28abe9ef4 P 636c370c2c00436a96973d9a39aa952b: Neither blocks nor log segments found. Creating new log.
I20260713 09:03:37.084022  6039 tablet_service.cc:1917] Received RequestConsensusVote() RPC: tablet_id: "eca29964d44648ff917d97b2fe182c32" candidate_uuid: "eb16a756a2704b6a8b2a234298c926bf" candidate_term: 1 candidate_status { last_received { term: 0 index: 0 } } ignore_live_leader: false dest_uuid: "b6b161dc93104a2e95539627293c1b87"
I20260713 09:03:37.075966  6085 consensus_queue.cc:260] T 74a03eb0ec5c4f02b3085b931f3091f9 P b6b161dc93104a2e95539627293c1b87 [NON_LEADER]: Queue going to NON_LEADER mode. State: All replicated index: 0, Majority replicated index: 0, Committed index: 0, Last appended: 0.0, Last appended by leader: 0, Current term: 0, Majority size: -1, State: 0, Mode: NON_LEADER, active raft config: opid_index: -1 OBSOLETE_local: false peers { permanent_uuid: "636c370c2c00436a96973d9a39aa952b" member_type: VOTER last_known_addr { host: "127.5.158.193" port: 36401 } } peers { permanent_uuid: "eb16a756a2704b6a8b2a234298c926bf" member_type: VOTER last_known_addr { host: "127.5.158.194" port: 40271 } } peers { permanent_uuid: "b6b161dc93104a2e95539627293c1b87" member_type: VOTER last_known_addr { host: "127.5.158.195" port: 42039 } }
I20260713 09:03:37.084721  6039 raft_consensus.cc:3060] T eca29964d44648ff917d97b2fe182c32 P b6b161dc93104a2e95539627293c1b87 [term 0 FOLLOWER]: Advancing to term 1
I20260713 09:03:37.086383  5887 tablet_service.cc:1917] Received RequestConsensusVote() RPC: tablet_id: "eca29964d44648ff917d97b2fe182c32" candidate_uuid: "eb16a756a2704b6a8b2a234298c926bf" candidate_term: 1 candidate_status { last_received { term: 0 index: 0 } } ignore_live_leader: false dest_uuid: "636c370c2c00436a96973d9a39aa952b"
I20260713 09:03:37.087400  5887 raft_consensus.cc:3060] T eca29964d44648ff917d97b2fe182c32 P 636c370c2c00436a96973d9a39aa952b [term 0 FOLLOWER]: Advancing to term 1
I20260713 09:03:37.088376  6082 tablet_bootstrap.cc:492] T 1372202b08d54de0b173d6b5a1d1f463 P eb16a756a2704b6a8b2a234298c926bf: Bootstrap starting.
I20260713 09:03:37.088759  6090 raft_consensus.cc:493] T 74a03eb0ec5c4f02b3085b931f3091f9 P 636c370c2c00436a96973d9a39aa952b [term 0 FOLLOWER]: Starting pre-election (no leader contacted us within the election timeout)
I20260713 09:03:37.089241  6090 raft_consensus.cc:515] T 74a03eb0ec5c4f02b3085b931f3091f9 P 636c370c2c00436a96973d9a39aa952b [term 0 FOLLOWER]: Starting pre-election with config: opid_index: -1 OBSOLETE_local: false peers { permanent_uuid: "636c370c2c00436a96973d9a39aa952b" member_type: VOTER last_known_addr { host: "127.5.158.193" port: 36401 } } peers { permanent_uuid: "eb16a756a2704b6a8b2a234298c926bf" member_type: VOTER last_known_addr { host: "127.5.158.194" port: 40271 } } peers { permanent_uuid: "b6b161dc93104a2e95539627293c1b87" member_type: VOTER last_known_addr { host: "127.5.158.195" port: 42039 } }
I20260713 09:03:37.086476  6085 ts_tablet_manager.cc:1434] T 74a03eb0ec5c4f02b3085b931f3091f9 P b6b161dc93104a2e95539627293c1b87: Time spent starting tablet: real 0.015s	user 0.004s	sys 0.004s
I20260713 09:03:37.092422  6038 tablet_service.cc:1917] Received RequestConsensusVote() RPC: tablet_id: "74a03eb0ec5c4f02b3085b931f3091f9" candidate_uuid: "636c370c2c00436a96973d9a39aa952b" candidate_term: 1 candidate_status { last_received { term: 0 index: 0 } } ignore_live_leader: false dest_uuid: "b6b161dc93104a2e95539627293c1b87" is_pre_election: true
I20260713 09:03:37.093080  6038 raft_consensus.cc:2468] T 74a03eb0ec5c4f02b3085b931f3091f9 P b6b161dc93104a2e95539627293c1b87 [term 0 FOLLOWER]: Leader pre-election vote request: Granting yes vote for candidate 636c370c2c00436a96973d9a39aa952b in term 0.
I20260713 09:03:37.093547  6085 tablet_bootstrap.cc:492] T c45ddea9d5ad4b468d1c9156c4998788 P b6b161dc93104a2e95539627293c1b87: Bootstrap starting.
I20260713 09:03:37.094344  5887 raft_consensus.cc:2468] T eca29964d44648ff917d97b2fe182c32 P 636c370c2c00436a96973d9a39aa952b [term 1 FOLLOWER]: Leader election vote request: Granting yes vote for candidate eb16a756a2704b6a8b2a234298c926bf in term 1.
I20260713 09:03:37.094431  5856 leader_election.cc:304] T 74a03eb0ec5c4f02b3085b931f3091f9 P 636c370c2c00436a96973d9a39aa952b [CANDIDATE]: Term 1 pre-election: Election decided. Result: candidate won. Election summary: received 2 responses out of 3 voters: 2 yes votes; 0 no votes. yes voters: 636c370c2c00436a96973d9a39aa952b, b6b161dc93104a2e95539627293c1b87; no voters: 
I20260713 09:03:37.095188  6116 raft_consensus.cc:2804] T 74a03eb0ec5c4f02b3085b931f3091f9 P 636c370c2c00436a96973d9a39aa952b [term 0 FOLLOWER]: Leader pre-election won for term 1
I20260713 09:03:37.095546  6116 raft_consensus.cc:493] T 74a03eb0ec5c4f02b3085b931f3091f9 P 636c370c2c00436a96973d9a39aa952b [term 0 FOLLOWER]: Starting leader election (no leader contacted us within the election timeout)
I20260713 09:03:37.095852  6116 raft_consensus.cc:3060] T 74a03eb0ec5c4f02b3085b931f3091f9 P 636c370c2c00436a96973d9a39aa952b [term 0 FOLLOWER]: Advancing to term 1
I20260713 09:03:37.096263  5854 leader_election.cc:304] T cfb2fc24a0b249e49804d804b7e1fd54 P 636c370c2c00436a96973d9a39aa952b [CANDIDATE]: Term 1 election: Election decided. Result: candidate won. Election summary: received 3 responses out of 3 voters: 2 yes votes; 1 no votes. yes voters: 636c370c2c00436a96973d9a39aa952b, eb16a756a2704b6a8b2a234298c926bf; no voters: b6b161dc93104a2e95539627293c1b87
I20260713 09:03:37.097600  6117 raft_consensus.cc:2804] T cfb2fc24a0b249e49804d804b7e1fd54 P 636c370c2c00436a96973d9a39aa952b [term 1 FOLLOWER]: Leader election won for term 1
I20260713 09:03:37.098037  6117 raft_consensus.cc:697] T cfb2fc24a0b249e49804d804b7e1fd54 P 636c370c2c00436a96973d9a39aa952b [term 1 LEADER]: Becoming Leader. State: Replica: 636c370c2c00436a96973d9a39aa952b, State: Running, Role: LEADER
I20260713 09:03:37.098773  6117 consensus_queue.cc:237] T cfb2fc24a0b249e49804d804b7e1fd54 P 636c370c2c00436a96973d9a39aa952b [LEADER]: Queue going to LEADER mode. State: All replicated index: 0, Majority replicated index: 0, Committed index: 0, Last appended: 0.0, Last appended by leader: 0, Current term: 1, Majority size: 2, State: 0, Mode: LEADER, active raft config: opid_index: -1 OBSOLETE_local: false peers { permanent_uuid: "636c370c2c00436a96973d9a39aa952b" member_type: VOTER last_known_addr { host: "127.5.158.193" port: 36401 } } peers { permanent_uuid: "eb16a756a2704b6a8b2a234298c926bf" member_type: VOTER last_known_addr { host: "127.5.158.194" port: 40271 } } peers { permanent_uuid: "b6b161dc93104a2e95539627293c1b87" member_type: VOTER last_known_addr { host: "127.5.158.195" port: 42039 } }
