I20260713 09:03:49.173936 11803 raft_consensus.cc:493] T 2a5e3f2246c84377a5867fa2e9b5d5a3 P 5a9019bb8d5a4f5d92e2a0d639037d96 [term 1 FOLLOWER]: Starting forced leader election (received explicit request)
I20260713 09:03:49.174248 11803 raft_consensus.cc:3060] T 2a5e3f2246c84377a5867fa2e9b5d5a3 P 5a9019bb8d5a4f5d92e2a0d639037d96 [term 1 FOLLOWER]: Advancing to term 2
I20260713 09:03:49.179472 11803 raft_consensus.cc:515] T 2a5e3f2246c84377a5867fa2e9b5d5a3 P 5a9019bb8d5a4f5d92e2a0d639037d96 [term 2 FOLLOWER]: Starting forced leader election with config: opid_index: -1 OBSOLETE_local: false peers { permanent_uuid: "b55f6ddbf43a4b7d8d4bb9347557b502" member_type: VOTER last_known_addr { host: "127.10.214.65" port: 41129 } } peers { permanent_uuid: "5a9019bb8d5a4f5d92e2a0d639037d96" member_type: VOTER last_known_addr { host: "127.10.214.66" port: 36637 } } peers { permanent_uuid: "14a0440fb4934c92bff862fb5a0e8103" member_type: VOTER last_known_addr { host: "127.10.214.67" port: 44999 } }
I20260713 09:03:49.182245 11728 tablet_service.cc:1917] Received RequestConsensusVote() RPC: tablet_id: "2a5e3f2246c84377a5867fa2e9b5d5a3" candidate_uuid: "5a9019bb8d5a4f5d92e2a0d639037d96" candidate_term: 2 candidate_status { last_received { term: 1 index: 1 } } ignore_live_leader: true dest_uuid: "b55f6ddbf43a4b7d8d4bb9347557b502"
I20260713 09:03:49.182476 11877 tablet_service.cc:1917] Received RequestConsensusVote() RPC: tablet_id: "2a5e3f2246c84377a5867fa2e9b5d5a3" candidate_uuid: "5a9019bb8d5a4f5d92e2a0d639037d96" candidate_term: 2 candidate_status { last_received { term: 1 index: 1 } } ignore_live_leader: true dest_uuid: "14a0440fb4934c92bff862fb5a0e8103"
I20260713 09:03:49.182767 11728 raft_consensus.cc:3060] T 2a5e3f2246c84377a5867fa2e9b5d5a3 P b55f6ddbf43a4b7d8d4bb9347557b502 [term 1 FOLLOWER]: Advancing to term 2
I20260713 09:03:49.181840 11803 leader_election.cc:290] T 2a5e3f2246c84377a5867fa2e9b5d5a3 P 5a9019bb8d5a4f5d92e2a0d639037d96 [CANDIDATE]: Term 2 election: Requested vote from peers b55f6ddbf43a4b7d8d4bb9347557b502 (127.10.214.65:41129), 14a0440fb4934c92bff862fb5a0e8103 (127.10.214.67:44999)
I20260713 09:03:49.183162 11877 raft_consensus.cc:3055] T 2a5e3f2246c84377a5867fa2e9b5d5a3 P 14a0440fb4934c92bff862fb5a0e8103 [term 1 LEADER]: Stepping down as leader of term 1
I20260713 09:03:49.183527 11877 raft_consensus.cc:740] T 2a5e3f2246c84377a5867fa2e9b5d5a3 P 14a0440fb4934c92bff862fb5a0e8103 [term 1 LEADER]: Becoming Follower/Learner. State: Replica: 14a0440fb4934c92bff862fb5a0e8103, State: Running, Role: LEADER
I20260713 09:03:49.184388 11877 consensus_queue.cc:260] T 2a5e3f2246c84377a5867fa2e9b5d5a3 P 14a0440fb4934c92bff862fb5a0e8103 [NON_LEADER]: Queue going to NON_LEADER mode. State: All replicated index: 0, Majority replicated index: 1, Committed index: 1, Last appended: 1.1, Last appended by leader: 1, Current term: 1, Majority size: -1, State: 0, Mode: NON_LEADER, active raft config: opid_index: -1 OBSOLETE_local: false peers { permanent_uuid: "b55f6ddbf43a4b7d8d4bb9347557b502" member_type: VOTER last_known_addr { host: "127.10.214.65" port: 41129 } } peers { permanent_uuid: "5a9019bb8d5a4f5d92e2a0d639037d96" member_type: VOTER last_known_addr { host: "127.10.214.66" port: 36637 } } peers { permanent_uuid: "14a0440fb4934c92bff862fb5a0e8103" member_type: VOTER last_known_addr { host: "127.10.214.67" port: 44999 } }
I20260713 09:03:49.185526 11877 raft_consensus.cc:3060] T 2a5e3f2246c84377a5867fa2e9b5d5a3 P 14a0440fb4934c92bff862fb5a0e8103 [term 1 FOLLOWER]: Advancing to term 2
I20260713 09:03:49.189425 11728 raft_consensus.cc:2468] T 2a5e3f2246c84377a5867fa2e9b5d5a3 P b55f6ddbf43a4b7d8d4bb9347557b502 [term 2 FOLLOWER]: Leader election vote request: Granting yes vote for candidate 5a9019bb8d5a4f5d92e2a0d639037d96 in term 2.
I20260713 09:03:49.190580 11769 leader_election.cc:304] T 2a5e3f2246c84377a5867fa2e9b5d5a3 P 5a9019bb8d5a4f5d92e2a0d639037d96 [CANDIDATE]: Term 2 election: Election decided. Result: candidate won. Election summary: received 2 responses out of 3 voters: 2 yes votes; 0 no votes. yes voters: 5a9019bb8d5a4f5d92e2a0d639037d96, b55f6ddbf43a4b7d8d4bb9347557b502; no voters: 
I20260713 09:03:49.191038 11877 raft_consensus.cc:2468] T 2a5e3f2246c84377a5867fa2e9b5d5a3 P 14a0440fb4934c92bff862fb5a0e8103 [term 2 FOLLOWER]: Leader election vote request: Granting yes vote for candidate 5a9019bb8d5a4f5d92e2a0d639037d96 in term 2.
I20260713 09:03:49.191299 11969 raft_consensus.cc:2804] T 2a5e3f2246c84377a5867fa2e9b5d5a3 P 5a9019bb8d5a4f5d92e2a0d639037d96 [term 2 FOLLOWER]: Leader election won for term 2
I20260713 09:03:49.191802 11969 raft_consensus.cc:697] T 2a5e3f2246c84377a5867fa2e9b5d5a3 P 5a9019bb8d5a4f5d92e2a0d639037d96 [term 2 LEADER]: Becoming Leader. State: Replica: 5a9019bb8d5a4f5d92e2a0d639037d96, State: Running, Role: LEADER
I20260713 09:03:49.192582 11969 consensus_queue.cc:237] T 2a5e3f2246c84377a5867fa2e9b5d5a3 P 5a9019bb8d5a4f5d92e2a0d639037d96 [LEADER]: Queue going to LEADER mode. State: All replicated index: 0, Majority replicated index: 1, Committed index: 1, Last appended: 1.1, Last appended by leader: 1, Current term: 2, Majority size: 2, State: 0, Mode: LEADER, active raft config: opid_index: -1 OBSOLETE_local: false peers { permanent_uuid: "b55f6ddbf43a4b7d8d4bb9347557b502" member_type: VOTER last_known_addr { host: "127.10.214.65" port: 41129 } } peers { permanent_uuid: "5a9019bb8d5a4f5d92e2a0d639037d96" member_type: VOTER last_known_addr { host: "127.10.214.66" port: 36637 } } peers { permanent_uuid: "14a0440fb4934c92bff862fb5a0e8103" member_type: VOTER last_known_addr { host: "127.10.214.67" port: 44999 } }
I20260713 09:03:49.198748 11624 catalog_manager.cc:5697] T 2a5e3f2246c84377a5867fa2e9b5d5a3 P 5a9019bb8d5a4f5d92e2a0d639037d96 reported cstate change: term changed from 1 to 2, leader changed from 14a0440fb4934c92bff862fb5a0e8103 (127.10.214.67) to 5a9019bb8d5a4f5d92e2a0d639037d96 (127.10.214.66). New cstate: current_term: 2 leader_uuid: "5a9019bb8d5a4f5d92e2a0d639037d96" committed_config { opid_index: -1 OBSOLETE_local: false peers { permanent_uuid: "b55f6ddbf43a4b7d8d4bb9347557b502" member_type: VOTER last_known_addr { host: "127.10.214.65" port: 41129 } health_report { overall_health: UNKNOWN } } peers { permanent_uuid: "5a9019bb8d5a4f5d92e2a0d639037d96" member_type: VOTER last_known_addr { host: "127.10.214.66" port: 36637 } health_report { overall_health: HEALTHY } } peers { permanent_uuid: "14a0440fb4934c92bff862fb5a0e8103" member_type: VOTER last_known_addr { host: "127.10.214.67" port: 44999 } health_report { overall_health: UNKNOWN } } }
I20260713 09:03:49.257766 11952 raft_consensus.cc:993] T 3b9e8f0a891c4cc4b2ea5e0c3ba69fe6 P 14a0440fb4934c92bff862fb5a0e8103: : Instructing follower b55f6ddbf43a4b7d8d4bb9347557b502 to start an election
I20260713 09:03:49.258244 11927 raft_consensus.cc:1081] T 3b9e8f0a891c4cc4b2ea5e0c3ba69fe6 P 14a0440fb4934c92bff862fb5a0e8103 [term 1 LEADER]: Signalling peer b55f6ddbf43a4b7d8d4bb9347557b502 to start an election
I20260713 09:03:49.259852 11728 tablet_service.cc:2044] Received Run Leader Election RPC: tablet_id: "3b9e8f0a891c4cc4b2ea5e0c3ba69fe6"
dest_uuid: "b55f6ddbf43a4b7d8d4bb9347557b502"
 from {username='slave'} at 127.0.0.1:52270
I20260713 09:03:49.260425 11728 raft_consensus.cc:493] T 3b9e8f0a891c4cc4b2ea5e0c3ba69fe6 P b55f6ddbf43a4b7d8d4bb9347557b502 [term 1 FOLLOWER]: Starting forced leader election (received explicit request)
I20260713 09:03:49.260886 11728 raft_consensus.cc:3060] T 3b9e8f0a891c4cc4b2ea5e0c3ba69fe6 P b55f6ddbf43a4b7d8d4bb9347557b502 [term 1 FOLLOWER]: Advancing to term 2
I20260713 09:03:49.266249 11728 raft_consensus.cc:515] T 3b9e8f0a891c4cc4b2ea5e0c3ba69fe6 P b55f6ddbf43a4b7d8d4bb9347557b502 [term 2 FOLLOWER]: Starting forced leader election with config: opid_index: -1 OBSOLETE_local: false peers { permanent_uuid: "b55f6ddbf43a4b7d8d4bb9347557b502" member_type: VOTER last_known_addr { host: "127.10.214.65" port: 41129 } } peers { permanent_uuid: "5a9019bb8d5a4f5d92e2a0d639037d96" member_type: VOTER last_known_addr { host: "127.10.214.66" port: 36637 } } peers { permanent_uuid: "14a0440fb4934c92bff862fb5a0e8103" member_type: VOTER last_known_addr { host: "127.10.214.67" port: 44999 } }
I20260713 09:03:49.267990 11728 leader_election.cc:290] T 3b9e8f0a891c4cc4b2ea5e0c3ba69fe6 P b55f6ddbf43a4b7d8d4bb9347557b502 [CANDIDATE]: Term 2 election: Requested vote from peers 5a9019bb8d5a4f5d92e2a0d639037d96 (127.10.214.66:36637), 14a0440fb4934c92bff862fb5a0e8103 (127.10.214.67:44999)
I20260713 09:03:49.268591 11803 tablet_service.cc:1917] Received RequestConsensusVote() RPC: tablet_id: "3b9e8f0a891c4cc4b2ea5e0c3ba69fe6" candidate_uuid: "b55f6ddbf43a4b7d8d4bb9347557b502" candidate_term: 2 candidate_status { last_received { term: 1 index: 1 } } ignore_live_leader: true dest_uuid: "5a9019bb8d5a4f5d92e2a0d639037d96"
I20260713 09:03:49.268970 11877 tablet_service.cc:1917] Received RequestConsensusVote() RPC: tablet_id: "3b9e8f0a891c4cc4b2ea5e0c3ba69fe6" candidate_uuid: "b55f6ddbf43a4b7d8d4bb9347557b502" candidate_term: 2 candidate_status { last_received { term: 1 index: 1 } } ignore_live_leader: true dest_uuid: "14a0440fb4934c92bff862fb5a0e8103"
I20260713 09:03:49.269158 11803 raft_consensus.cc:3060] T 3b9e8f0a891c4cc4b2ea5e0c3ba69fe6 P 5a9019bb8d5a4f5d92e2a0d639037d96 [term 1 FOLLOWER]: Advancing to term 2
I20260713 09:03:49.269542 11877 raft_consensus.cc:3055] T 3b9e8f0a891c4cc4b2ea5e0c3ba69fe6 P 14a0440fb4934c92bff862fb5a0e8103 [term 1 LEADER]: Stepping down as leader of term 1
I20260713 09:03:49.269888 11877 raft_consensus.cc:740] T 3b9e8f0a891c4cc4b2ea5e0c3ba69fe6 P 14a0440fb4934c92bff862fb5a0e8103 [term 1 LEADER]: Becoming Follower/Learner. State: Replica: 14a0440fb4934c92bff862fb5a0e8103, State: Running, Role: LEADER
I20260713 09:03:49.270594 11877 consensus_queue.cc:260] T 3b9e8f0a891c4cc4b2ea5e0c3ba69fe6 P 14a0440fb4934c92bff862fb5a0e8103 [NON_LEADER]: Queue going to NON_LEADER mode. State: All replicated index: 0, Majority replicated index: 1, Committed index: 1, Last appended: 1.1, Last appended by leader: 1, Current term: 1, Majority size: -1, State: 0, Mode: NON_LEADER, active raft config: opid_index: -1 OBSOLETE_local: false peers { permanent_uuid: "b55f6ddbf43a4b7d8d4bb9347557b502" member_type: VOTER last_known_addr { host: "127.10.214.65" port: 41129 } } peers { permanent_uuid: "5a9019bb8d5a4f5d92e2a0d639037d96" member_type: VOTER last_known_addr { host: "127.10.214.66" port: 36637 } } peers { permanent_uuid: "14a0440fb4934c92bff862fb5a0e8103" member_type: VOTER last_known_addr { host: "127.10.214.67" port: 44999 } }
I20260713 09:03:49.271474 11877 raft_consensus.cc:3060] T 3b9e8f0a891c4cc4b2ea5e0c3ba69fe6 P 14a0440fb4934c92bff862fb5a0e8103 [term 1 FOLLOWER]: Advancing to term 2
I20260713 09:03:49.274590 11803 raft_consensus.cc:2468] T 3b9e8f0a891c4cc4b2ea5e0c3ba69fe6 P 5a9019bb8d5a4f5d92e2a0d639037d96 [term 2 FOLLOWER]: Leader election vote request: Granting yes vote for candidate b55f6ddbf43a4b7d8d4bb9347557b502 in term 2.
I20260713 09:03:49.276266 11691 leader_election.cc:304] T 3b9e8f0a891c4cc4b2ea5e0c3ba69fe6 P b55f6ddbf43a4b7d8d4bb9347557b502 [CANDIDATE]: Term 2 election: Election decided. Result: candidate won. Election summary: received 2 responses out of 3 voters: 2 yes votes; 0 no votes. yes voters: 5a9019bb8d5a4f5d92e2a0d639037d96, b55f6ddbf43a4b7d8d4bb9347557b502; no voters: 
I20260713 09:03:49.277227 11947 raft_consensus.cc:2804] T 3b9e8f0a891c4cc4b2ea5e0c3ba69fe6 P b55f6ddbf43a4b7d8d4bb9347557b502 [term 2 FOLLOWER]: Leader election won for term 2
I20260713 09:03:49.277766 11947 raft_consensus.cc:697] T 3b9e8f0a891c4cc4b2ea5e0c3ba69fe6 P b55f6ddbf43a4b7d8d4bb9347557b502 [term 2 LEADER]: Becoming Leader. State: Replica: b55f6ddbf43a4b7d8d4bb9347557b502, State: Running, Role: LEADER
I20260713 09:03:49.278548 11947 consensus_queue.cc:237] T 3b9e8f0a891c4cc4b2ea5e0c3ba69fe6 P b55f6ddbf43a4b7d8d4bb9347557b502 [LEADER]: Queue going to LEADER mode. State: All replicated index: 0, Majority replicated index: 1, Committed index: 1, Last appended: 1.1, Last appended by leader: 1, Current term: 2, Majority size: 2, State: 0, Mode: LEADER, active raft config: opid_index: -1 OBSOLETE_local: false peers { permanent_uuid: "b55f6ddbf43a4b7d8d4bb9347557b502" member_type: VOTER last_known_addr { host: "127.10.214.65" port: 41129 } } peers { permanent_uuid: "5a9019bb8d5a4f5d92e2a0d639037d96" member_type: VOTER last_known_addr { host: "127.10.214.66" port: 36637 } } peers { permanent_uuid: "14a0440fb4934c92bff862fb5a0e8103" member_type: VOTER last_known_addr { host: "127.10.214.67" port: 44999 } }
I20260713 09:03:49.279011 11877 raft_consensus.cc:2468] T 3b9e8f0a891c4cc4b2ea5e0c3ba69fe6 P 14a0440fb4934c92bff862fb5a0e8103 [term 2 FOLLOWER]: Leader election vote request: Granting yes vote for candidate b55f6ddbf43a4b7d8d4bb9347557b502 in term 2.
I20260713 09:03:49.286525 11624 catalog_manager.cc:5697] T 3b9e8f0a891c4cc4b2ea5e0c3ba69fe6 P b55f6ddbf43a4b7d8d4bb9347557b502 reported cstate change: term changed from 1 to 2, leader changed from 14a0440fb4934c92bff862fb5a0e8103 (127.10.214.67) to b55f6ddbf43a4b7d8d4bb9347557b502 (127.10.214.65). New cstate: current_term: 2 leader_uuid: "b55f6ddbf43a4b7d8d4bb9347557b502" committed_config { opid_index: -1 OBSOLETE_local: false peers { permanent_uuid: "b55f6ddbf43a4b7d8d4bb9347557b502" member_type: VOTER last_known_addr { host: "127.10.214.65" port: 41129 } health_report { overall_health: HEALTHY } } peers { permanent_uuid: "5a9019bb8d5a4f5d92e2a0d639037d96" member_type: VOTER last_known_addr { host: "127.10.214.66" port: 36637 } health_report { overall_health: UNKNOWN } } peers { permanent_uuid: "14a0440fb4934c92bff862fb5a0e8103" member_type: VOTER last_known_addr { host: "127.10.214.67" port: 44999 } health_report { overall_health: UNKNOWN } } }
I20260713 09:03:49.463866 11934 raft_consensus.cc:993] T 6ea3bb4af62e4ce6b542c926def7caf3 P 5a9019bb8d5a4f5d92e2a0d639037d96: : Instructing follower b55f6ddbf43a4b7d8d4bb9347557b502 to start an election
I20260713 09:03:49.464321 11969 raft_consensus.cc:1081] T 6ea3bb4af62e4ce6b542c926def7caf3 P 5a9019bb8d5a4f5d92e2a0d639037d96 [term 1 LEADER]: Signalling peer b55f6ddbf43a4b7d8d4bb9347557b502 to start an election
I20260713 09:03:49.466634 11727 tablet_service.cc:2044] Received Run Leader Election RPC: tablet_id: "6ea3bb4af62e4ce6b542c926def7caf3"
dest_uuid: "b55f6ddbf43a4b7d8d4bb9347557b502"
 from {username='slave'} at 127.0.0.1:52260
I20260713 09:03:49.467263 11727 raft_consensus.cc:493] T 6ea3bb4af62e4ce6b542c926def7caf3 P b55f6ddbf43a4b7d8d4bb9347557b502 [term 1 FOLLOWER]: Starting forced leader election (received explicit request)
I20260713 09:03:49.467708 11727 raft_consensus.cc:3060] T 6ea3bb4af62e4ce6b542c926def7caf3 P b55f6ddbf43a4b7d8d4bb9347557b502 [term 1 FOLLOWER]: Advancing to term 2
I20260713 09:03:49.473279 11727 raft_consensus.cc:515] T 6ea3bb4af62e4ce6b542c926def7caf3 P b55f6ddbf43a4b7d8d4bb9347557b502 [term 2 FOLLOWER]: Starting forced leader election with config: opid_index: -1 OBSOLETE_local: false peers { permanent_uuid: "5a9019bb8d5a4f5d92e2a0d639037d96" member_type: VOTER last_known_addr { host: "127.10.214.66" port: 36637 } } peers { permanent_uuid: "14a0440fb4934c92bff862fb5a0e8103" member_type: VOTER last_known_addr { host: "127.10.214.67" port: 44999 } } peers { permanent_uuid: "b55f6ddbf43a4b7d8d4bb9347557b502" member_type: VOTER last_known_addr { host: "127.10.214.65" port: 41129 } }
I20260713 09:03:49.475201 11727 leader_election.cc:290] T 6ea3bb4af62e4ce6b542c926def7caf3 P b55f6ddbf43a4b7d8d4bb9347557b502 [CANDIDATE]: Term 2 election: Requested vote from peers 5a9019bb8d5a4f5d92e2a0d639037d96 (127.10.214.66:36637), 14a0440fb4934c92bff862fb5a0e8103 (127.10.214.67:44999)
I20260713 09:03:49.476302 11803 tablet_service.cc:1917] Received RequestConsensusVote() RPC: tablet_id: "6ea3bb4af62e4ce6b542c926def7caf3" candidate_uuid: "b55f6ddbf43a4b7d8d4bb9347557b502" candidate_term: 2 candidate_status { last_received { term: 1 index: 1 } } ignore_live_leader: true dest_uuid: "5a9019bb8d5a4f5d92e2a0d639037d96"
I20260713 09:03:49.476267 11877 tablet_service.cc:1917] Received RequestConsensusVote() RPC: tablet_id: "6ea3bb4af62e4ce6b542c926def7caf3" candidate_uuid: "b55f6ddbf43a4b7d8d4bb9347557b502" candidate_term: 2 candidate_status { last_received { term: 1 index: 1 } } ignore_live_leader: true dest_uuid: "14a0440fb4934c92bff862fb5a0e8103"
I20260713 09:03:49.477126 11803 raft_consensus.cc:3055] T 6ea3bb4af62e4ce6b542c926def7caf3 P 5a9019bb8d5a4f5d92e2a0d639037d96 [term 1 LEADER]: Stepping down as leader of term 1
I20260713 09:03:49.477367 11877 raft_consensus.cc:3060] T 6ea3bb4af62e4ce6b542c926def7caf3 P 14a0440fb4934c92bff862fb5a0e8103 [term 1 FOLLOWER]: Advancing to term 2
I20260713 09:03:49.477806 11803 raft_consensus.cc:740] T 6ea3bb4af62e4ce6b542c926def7caf3 P 5a9019bb8d5a4f5d92e2a0d639037d96 [term 1 LEADER]: Becoming Follower/Learner. State: Replica: 5a9019bb8d5a4f5d92e2a0d639037d96, State: Running, Role: LEADER
I20260713 09:03:49.478894 11803 consensus_queue.cc:260] T 6ea3bb4af62e4ce6b542c926def7caf3 P 5a9019bb8d5a4f5d92e2a0d639037d96 [NON_LEADER]: Queue going to NON_LEADER mode. State: All replicated index: 0, Majority replicated index: 1, Committed index: 1, Last appended: 1.1, Last appended by leader: 1, Current term: 1, Majority size: -1, State: 0, Mode: NON_LEADER, active raft config: opid_index: -1 OBSOLETE_local: false peers { permanent_uuid: "5a9019bb8d5a4f5d92e2a0d639037d96" member_type: VOTER last_known_addr { host: "127.10.214.66" port: 36637 } } peers { permanent_uuid: "14a0440fb4934c92bff862fb5a0e8103" member_type: VOTER last_known_addr { host: "127.10.214.67" port: 44999 } } peers { permanent_uuid: "b55f6ddbf43a4b7d8d4bb9347557b502" member_type: VOTER last_known_addr { host: "127.10.214.65" port: 41129 } }
I20260713 09:03:49.480108 11934 raft_consensus.cc:993] T ec2c3f704bea472493ff3d785e468a6f P 5a9019bb8d5a4f5d92e2a0d639037d96: : Instructing follower b55f6ddbf43a4b7d8d4bb9347557b502 to start an election
I20260713 09:03:49.480590 11934 raft_consensus.cc:1081] T ec2c3f704bea472493ff3d785e468a6f P 5a9019bb8d5a4f5d92e2a0d639037d96 [term 1 LEADER]: Signalling peer b55f6ddbf43a4b7d8d4bb9347557b502 to start an election
I20260713 09:03:49.481017 11803 raft_consensus.cc:3060] T 6ea3bb4af62e4ce6b542c926def7caf3 P 5a9019bb8d5a4f5d92e2a0d639037d96 [term 1 FOLLOWER]: Advancing to term 2
I20260713 09:03:49.482577 11727 tablet_service.cc:2044] Received Run Leader Election RPC: tablet_id: "ec2c3f704bea472493ff3d785e468a6f"
dest_uuid: "b55f6ddbf43a4b7d8d4bb9347557b502"
 from {username='slave'} at 127.0.0.1:52260
I20260713 09:03:49.483307 11727 raft_consensus.cc:493] T ec2c3f704bea472493ff3d785e468a6f P b55f6ddbf43a4b7d8d4bb9347557b502 [term 1 FOLLOWER]: Starting forced leader election (received explicit request)
I20260713 09:03:49.483711 11727 raft_consensus.cc:3060] T ec2c3f704bea472493ff3d785e468a6f P b55f6ddbf43a4b7d8d4bb9347557b502 [term 1 FOLLOWER]: Advancing to term 2
I20260713 09:03:49.484712 11877 raft_consensus.cc:2468] T 6ea3bb4af62e4ce6b542c926def7caf3 P 14a0440fb4934c92bff862fb5a0e8103 [term 2 FOLLOWER]: Leader election vote request: Granting yes vote for candidate b55f6ddbf43a4b7d8d4bb9347557b502 in term 2.
I20260713 09:03:49.485705 11691 leader_election.cc:304] T 6ea3bb4af62e4ce6b542c926def7caf3 P b55f6ddbf43a4b7d8d4bb9347557b502 [CANDIDATE]: Term 2 election: Election decided. Result: candidate won. Election summary: received 2 responses out of 3 voters: 2 yes votes; 0 no votes. yes voters: 14a0440fb4934c92bff862fb5a0e8103, b55f6ddbf43a4b7d8d4bb9347557b502; no voters: 
I20260713 09:03:49.486373 11947 raft_consensus.cc:2804] T 6ea3bb4af62e4ce6b542c926def7caf3 P b55f6ddbf43a4b7d8d4bb9347557b502 [term 2 FOLLOWER]: Leader election won for term 2
I20260713 09:03:49.486840 11947 raft_consensus.cc:697] T 6ea3bb4af62e4ce6b542c926def7caf3 P b55f6ddbf43a4b7d8d4bb9347557b502 [term 2 LEADER]: Becoming Leader. State: Replica: b55f6ddbf43a4b7d8d4bb9347557b502, State: Running, Role: LEADER
I20260713 09:03:49.487615 11947 consensus_queue.cc:237] T 6ea3bb4af62e4ce6b542c926def7caf3 P b55f6ddbf43a4b7d8d4bb9347557b502 [LEADER]: Queue going to LEADER mode. State: All replicated index: 0, Majority replicated index: 1, Committed index: 1, Last appended: 1.1, Last appended by leader: 1, Current term: 2, Majority size: 2, State: 0, Mode: LEADER, active raft config: opid_index: -1 OBSOLETE_local: false peers { permanent_uuid: "5a9019bb8d5a4f5d92e2a0d639037d96" member_type: VOTER last_known_addr { host: "127.10.214.66" port: 36637 } } peers { permanent_uuid: "14a0440fb4934c92bff862fb5a0e8103" member_type: VOTER last_known_addr { host: "127.10.214.67" port: 44999 } } peers { permanent_uuid: "b55f6ddbf43a4b7d8d4bb9347557b502" member_type: VOTER last_known_addr { host: "127.10.214.65" port: 41129 } }
I20260713 09:03:49.489022 11803 raft_consensus.cc:2468] T 6ea3bb4af62e4ce6b542c926def7caf3 P 5a9019bb8d5a4f5d92e2a0d639037d96 [term 2 FOLLOWER]: Leader election vote request: Granting yes vote for candidate b55f6ddbf43a4b7d8d4bb9347557b502 in term 2.
I20260713 09:03:49.490669 11727 raft_consensus.cc:515] T ec2c3f704bea472493ff3d785e468a6f P b55f6ddbf43a4b7d8d4bb9347557b502 [term 2 FOLLOWER]: Starting forced leader election with config: opid_index: -1 OBSOLETE_local: false peers { permanent_uuid: "b55f6ddbf43a4b7d8d4bb9347557b502" member_type: VOTER last_known_addr { host: "127.10.214.65" port: 41129 } } peers { permanent_uuid: "5a9019bb8d5a4f5d92e2a0d639037d96" member_type: VOTER last_known_addr { host: "127.10.214.66" port: 36637 } } peers { permanent_uuid: "14a0440fb4934c92bff862fb5a0e8103" member_type: VOTER last_known_addr { host: "127.10.214.67" port: 44999 } }
I20260713 09:03:49.493834 11727 leader_election.cc:290] T ec2c3f704bea472493ff3d785e468a6f P b55f6ddbf43a4b7d8d4bb9347557b502 [CANDIDATE]: Term 2 election: Requested vote from peers 5a9019bb8d5a4f5d92e2a0d639037d96 (127.10.214.66:36637), 14a0440fb4934c92bff862fb5a0e8103 (127.10.214.67:44999)
I20260713 09:03:49.493709 11803 tablet_service.cc:1917] Received RequestConsensusVote() RPC: tablet_id: "ec2c3f704bea472493ff3d785e468a6f" candidate_uuid: "b55f6ddbf43a4b7d8d4bb9347557b502" candidate_term: 2 candidate_status { last_received { term: 1 index: 1 } } ignore_live_leader: true dest_uuid: "5a9019bb8d5a4f5d92e2a0d639037d96"
I20260713 09:03:49.494329 11803 raft_consensus.cc:3055] T ec2c3f704bea472493ff3d785e468a6f P 5a9019bb8d5a4f5d92e2a0d639037d96 [term 1 LEADER]: Stepping down as leader of term 1
I20260713 09:03:49.494524 11877 tablet_service.cc:1917] Received RequestConsensusVote() RPC: tablet_id: "ec2c3f704bea472493ff3d785e468a6f" candidate_uuid: "b55f6ddbf43a4b7d8d4bb9347557b502" candidate_term: 2 candidate_status { last_received { term: 1 index: 1 } } ignore_live_leader: true dest_uuid: "14a0440fb4934c92bff862fb5a0e8103"
I20260713 09:03:49.494714 11803 raft_consensus.cc:740] T ec2c3f704bea472493ff3d785e468a6f P 5a9019bb8d5a4f5d92e2a0d639037d96 [term 1 LEADER]: Becoming Follower/Learner. State: Replica: 5a9019bb8d5a4f5d92e2a0d639037d96, State: Running, Role: LEADER
I20260713 09:03:49.495177 11877 raft_consensus.cc:3060] T ec2c3f704bea472493ff3d785e468a6f P 14a0440fb4934c92bff862fb5a0e8103 [term 1 FOLLOWER]: Advancing to term 2
I20260713 09:03:49.495872 11803 consensus_queue.cc:260] T ec2c3f704bea472493ff3d785e468a6f P 5a9019bb8d5a4f5d92e2a0d639037d96 [NON_LEADER]: Queue going to NON_LEADER mode. State: All replicated index: 0, Majority replicated index: 1, Committed index: 1, Last appended: 1.1, Last appended by leader: 1, Current term: 1, Majority size: -1, State: 0, Mode: NON_LEADER, active raft config: opid_index: -1 OBSOLETE_local: false peers { permanent_uuid: "b55f6ddbf43a4b7d8d4bb9347557b502" member_type: VOTER last_known_addr { host: "127.10.214.65" port: 41129 } } peers { permanent_uuid: "5a9019bb8d5a4f5d92e2a0d639037d96" member_type: VOTER last_known_addr { host: "127.10.214.66" port: 36637 } } peers { permanent_uuid: "14a0440fb4934c92bff862fb5a0e8103" member_type: VOTER last_known_addr { host: "127.10.214.67" port: 44999 } }
I20260713 09:03:49.496781 11803 raft_consensus.cc:3060] T ec2c3f704bea472493ff3d785e468a6f P 5a9019bb8d5a4f5d92e2a0d639037d96 [term 1 FOLLOWER]: Advancing to term 2
I20260713 09:03:49.496712 11624 catalog_manager.cc:5697] T 6ea3bb4af62e4ce6b542c926def7caf3 P b55f6ddbf43a4b7d8d4bb9347557b502 reported cstate change: term changed from 1 to 2, leader changed from 5a9019bb8d5a4f5d92e2a0d639037d96 (127.10.214.66) to b55f6ddbf43a4b7d8d4bb9347557b502 (127.10.214.65). New cstate: current_term: 2 leader_uuid: "b55f6ddbf43a4b7d8d4bb9347557b502" committed_config { opid_index: -1 OBSOLETE_local: false peers { permanent_uuid: "5a9019bb8d5a4f5d92e2a0d639037d96" member_type: VOTER last_known_addr { host: "127.10.214.66" port: 36637 } health_report { overall_health: UNKNOWN } } peers { permanent_uuid: "14a0440fb4934c92bff862fb5a0e8103" member_type: VOTER last_known_addr { host: "127.10.214.67" port: 44999 } health_report { overall_health: UNKNOWN } } peers { permanent_uuid: "b55f6ddbf43a4b7d8d4bb9347557b502" member_type: VOTER last_known_addr { host: "127.10.214.65" port: 41129 } health_report { overall_health: HEALTHY } } }
I20260713 09:03:49.501371 11877 raft_consensus.cc:2468] T ec2c3f704bea472493ff3d785e468a6f P 14a0440fb4934c92bff862fb5a0e8103 [term 2 FOLLOWER]: Leader election vote request: Granting yes vote for candidate b55f6ddbf43a4b7d8d4bb9347557b502 in term 2.
I20260713 09:03:49.502415 11803 raft_consensus.cc:2468] T ec2c3f704bea472493ff3d785e468a6f P 5a9019bb8d5a4f5d92e2a0d639037d96 [term 2 FOLLOWER]: Leader election vote request: Granting yes vote for candidate b55f6ddbf43a4b7d8d4bb9347557b502 in term 2.
I20260713 09:03:49.502660 11691 leader_election.cc:304] T ec2c3f704bea472493ff3d785e468a6f P b55f6ddbf43a4b7d8d4bb9347557b502 [CANDIDATE]: Term 2 election: Election decided. Result: candidate won. Election summary: received 2 responses out of 3 voters: 2 yes votes; 0 no votes. yes voters: 14a0440fb4934c92bff862fb5a0e8103, b55f6ddbf43a4b7d8d4bb9347557b502; no voters: 
I20260713 09:03:49.503441 11947 raft_consensus.cc:2804] T ec2c3f704bea472493ff3d785e468a6f P b55f6ddbf43a4b7d8d4bb9347557b502 [term 2 FOLLOWER]: Leader election won for term 2
I20260713 09:03:49.503916 11947 raft_consensus.cc:697] T ec2c3f704bea472493ff3d785e468a6f P b55f6ddbf43a4b7d8d4bb9347557b502 [term 2 LEADER]: Becoming Leader. State: Replica: b55f6ddbf43a4b7d8d4bb9347557b502, State: Running, Role: LEADER
I20260713 09:03:49.504688 11947 consensus_queue.cc:237] T ec2c3f704bea472493ff3d785e468a6f P b55f6ddbf43a4b7d8d4bb9347557b502 [LEADER]: Queue going to LEADER mode. State: All replicated index: 0, Majority replicated index: 1, Committed index: 1, Last appended: 1.1, Last appended by leader: 1, Current term: 2, Majority size: 2, State: 0, Mode: LEADER, active raft config: opid_index: -1 OBSOLETE_local: false peers { permanent_uuid: "b55f6ddbf43a4b7d8d4bb9347557b502" member_type: VOTER last_known_addr { host: "127.10.214.65" port: 41129 } } peers { permanent_uuid: "5a9019bb8d5a4f5d92e2a0d639037d96" member_type: VOTER last_known_addr { host: "127.10.214.66" port: 36637 } } peers { permanent_uuid: "14a0440fb4934c92bff862fb5a0e8103" member_type: VOTER last_known_addr { host: "127.10.214.67" port: 44999 } }
I20260713 09:03:49.511075 11624 catalog_manager.cc:5697] T ec2c3f704bea472493ff3d785e468a6f P b55f6ddbf43a4b7d8d4bb9347557b502 reported cstate change: term changed from 1 to 2, leader changed from 5a9019bb8d5a4f5d92e2a0d639037d96 (127.10.214.66) to b55f6ddbf43a4b7d8d4bb9347557b502 (127.10.214.65). New cstate: current_term: 2 leader_uuid: "b55f6ddbf43a4b7d8d4bb9347557b502" committed_config { opid_index: -1 OBSOLETE_local: false peers { permanent_uuid: "b55f6ddbf43a4b7d8d4bb9347557b502" member_type: VOTER last_known_addr { host: "127.10.214.65" port: 41129 } health_report { overall_health: HEALTHY } } peers { permanent_uuid: "5a9019bb8d5a4f5d92e2a0d639037d96" member_type: VOTER last_known_addr { host: "127.10.214.66" port: 36637 } health_report { overall_health: UNKNOWN } } peers { permanent_uuid: "14a0440fb4934c92bff862fb5a0e8103" member_type: VOTER last_known_addr { host: "127.10.214.67" port: 44999 } health_report { overall_health: UNKNOWN } } }
I20260713 09:03:49.513743 11877 raft_consensus.cc:1275] T 99cd0c0260304b38bd0c005fbf19ca47 P 14a0440fb4934c92bff862fb5a0e8103 [term 2 FOLLOWER]: Refusing update from remote peer b55f6ddbf43a4b7d8d4bb9347557b502: Log matching property violated. Preceding OpId in replica: term: 1 index: 1. Preceding OpId from leader: term: 2 index: 2. (index mismatch)
I20260713 09:03:49.515518 11947 consensus_queue.cc:1048] T 99cd0c0260304b38bd0c005fbf19ca47 P b55f6ddbf43a4b7d8d4bb9347557b502 [LEADER]: Connected to new peer: Peer: permanent_uuid: "14a0440fb4934c92bff862fb5a0e8103" member_type: VOTER last_known_addr { host: "127.10.214.67" port: 44999 }, Status: LMP_MISMATCH, Last received: 0.0, Next index: 2, Last known committed idx: 1, Time since last communication: 0.001s
I20260713 09:03:49.525286 11803 raft_consensus.cc:1275] T 99cd0c0260304b38bd0c005fbf19ca47 P 5a9019bb8d5a4f5d92e2a0d639037d96 [term 2 FOLLOWER]: Refusing update from remote peer b55f6ddbf43a4b7d8d4bb9347557b502: Log matching property violated. Preceding OpId in replica: term: 1 index: 1. Preceding OpId from leader: term: 2 index: 2. (index mismatch)
I20260713 09:03:49.529400 12006 consensus_queue.cc:1048] T 99cd0c0260304b38bd0c005fbf19ca47 P b55f6ddbf43a4b7d8d4bb9347557b502 [LEADER]: Connected to new peer: Peer: permanent_uuid: "5a9019bb8d5a4f5d92e2a0d639037d96" member_type: VOTER last_known_addr { host: "127.10.214.66" port: 36637 }, Status: LMP_MISMATCH, Last received: 0.0, Next index: 2, Last known committed idx: 1, Time since last communication: 0.000s
I20260713 09:03:49.651048 11877 raft_consensus.cc:1275] T 2a5e3f2246c84377a5867fa2e9b5d5a3 P 14a0440fb4934c92bff862fb5a0e8103 [term 2 FOLLOWER]: Refusing update from remote peer 5a9019bb8d5a4f5d92e2a0d639037d96: Log matching property violated. Preceding OpId in replica: term: 1 index: 1. Preceding OpId from leader: term: 2 index: 2. (index mismatch)
I20260713 09:03:49.652333 11969 consensus_queue.cc:1048] T 2a5e3f2246c84377a5867fa2e9b5d5a3 P 5a9019bb8d5a4f5d92e2a0d639037d96 [LEADER]: Connected to new peer: Peer: permanent_uuid: "14a0440fb4934c92bff862fb5a0e8103" member_type: VOTER last_known_addr { host: "127.10.214.67" port: 44999 }, Status: LMP_MISMATCH, Last received: 0.0, Next index: 2, Last known committed idx: 1, Time since last communication: 0.000s
I20260713 09:03:49.659652 11727 raft_consensus.cc:1275] T 2a5e3f2246c84377a5867fa2e9b5d5a3 P b55f6ddbf43a4b7d8d4bb9347557b502 [term 2 FOLLOWER]: Refusing update from remote peer 5a9019bb8d5a4f5d92e2a0d639037d96: Log matching property violated. Preceding OpId in replica: term: 1 index: 1. Preceding OpId from leader: term: 2 index: 2. (index mismatch)
I20260713 09:03:49.661520 11934 consensus_queue.cc:1048] T 2a5e3f2246c84377a5867fa2e9b5d5a3 P 5a9019bb8d5a4f5d92e2a0d639037d96 [LEADER]: Connected to new peer: Peer: permanent_uuid: "b55f6ddbf43a4b7d8d4bb9347557b502" member_type: VOTER last_known_addr { host: "127.10.214.65" port: 41129 }, Status: LMP_MISMATCH, Last received: 0.0, Next index: 2, Last known committed idx: 1, Time since last communication: 0.000s
I20260713 09:03:49.674154 11877 raft_consensus.cc:1275] T 3b9e8f0a891c4cc4b2ea5e0c3ba69fe6 P 14a0440fb4934c92bff862fb5a0e8103 [term 2 FOLLOWER]: Refusing update from remote peer b55f6ddbf43a4b7d8d4bb9347557b502: Log matching property violated. Preceding OpId in replica: term: 1 index: 1. Preceding OpId from leader: term: 2 index: 2. (index mismatch)
I20260713 09:03:49.674391 11803 raft_consensus.cc:1275] T a06b9b66e1da479d9df12e0f62c36ae4 P 5a9019bb8d5a4f5d92e2a0d639037d96 [term 2 FOLLOWER]: Refusing update from remote peer b55f6ddbf43a4b7d8d4bb9347557b502: Log matching property violated. Preceding OpId in replica: term: 1 index: 1. Preceding OpId from leader: term: 2 index: 2. (index mismatch)
I20260713 09:03:49.675501 11947 consensus_queue.cc:1048] T 3b9e8f0a891c4cc4b2ea5e0c3ba69fe6 P b55f6ddbf43a4b7d8d4bb9347557b502 [LEADER]: Connected to new peer: Peer: permanent_uuid: "14a0440fb4934c92bff862fb5a0e8103" member_type: VOTER last_known_addr { host: "127.10.214.67" port: 44999 }, Status: LMP_MISMATCH, Last received: 0.0, Next index: 2, Last known committed idx: 1, Time since last communication: 0.000s
I20260713 09:03:49.675894 12006 consensus_queue.cc:1048] T a06b9b66e1da479d9df12e0f62c36ae4 P b55f6ddbf43a4b7d8d4bb9347557b502 [LEADER]: Connected to new peer: Peer: permanent_uuid: "5a9019bb8d5a4f5d92e2a0d639037d96" member_type: VOTER last_known_addr { host: "127.10.214.66" port: 36637 }, Status: LMP_MISMATCH, Last received: 0.0, Next index: 2, Last known committed idx: 1, Time since last communication: 0.000s
I20260713 09:03:49.687891 11876 raft_consensus.cc:1275] T a06b9b66e1da479d9df12e0f62c36ae4 P 14a0440fb4934c92bff862fb5a0e8103 [term 2 FOLLOWER]: Refusing update from remote peer b55f6ddbf43a4b7d8d4bb9347557b502: Log matching property violated. Preceding OpId in replica: term: 1 index: 1. Preceding OpId from leader: term: 2 index: 2. (index mismatch)
I20260713 09:03:49.689399 12008 consensus_queue.cc:1048] T a06b9b66e1da479d9df12e0f62c36ae4 P b55f6ddbf43a4b7d8d4bb9347557b502 [LEADER]: Connected to new peer: Peer: permanent_uuid: "14a0440fb4934c92bff862fb5a0e8103" member_type: VOTER last_known_addr { host: "127.10.214.67" port: 44999 }, Status: LMP_MISMATCH, Last received: 0.0, Next index: 2, Last known committed idx: 1, Time since last communication: 0.001s
I20260713 09:03:49.689762 11803 raft_consensus.cc:1275] T 3b9e8f0a891c4cc4b2ea5e0c3ba69fe6 P 5a9019bb8d5a4f5d92e2a0d639037d96 [term 2 FOLLOWER]: Refusing update from remote peer b55f6ddbf43a4b7d8d4bb9347557b502: Log matching property violated. Preceding OpId in replica: term: 1 index: 1. Preceding OpId from leader: term: 2 index: 2. (index mismatch)
I20260713 09:03:49.699898 12007 consensus_queue.cc:1048] T 3b9e8f0a891c4cc4b2ea5e0c3ba69fe6 P b55f6ddbf43a4b7d8d4bb9347557b502 [LEADER]: Connected to new peer: Peer: permanent_uuid: "5a9019bb8d5a4f5d92e2a0d639037d96" member_type: VOTER last_known_addr { host: "127.10.214.66" port: 36637 }, Status: LMP_MISMATCH, Last received: 0.0, Next index: 2, Last known committed idx: 1, Time since last communication: 0.000s
I20260713 09:03:49.897778 11803 raft_consensus.cc:1275] T 6ea3bb4af62e4ce6b542c926def7caf3 P 5a9019bb8d5a4f5d92e2a0d639037d96 [term 2 FOLLOWER]: Refusing update from remote peer b55f6ddbf43a4b7d8d4bb9347557b502: Log matching property violated. Preceding OpId in replica: term: 1 index: 1. Preceding OpId from leader: term: 2 index: 2. (index mismatch)
I20260713 09:03:49.899094 12007 consensus_queue.cc:1048] T 6ea3bb4af62e4ce6b542c926def7caf3 P b55f6ddbf43a4b7d8d4bb9347557b502 [LEADER]: Connected to new peer: Peer: permanent_uuid: "5a9019bb8d5a4f5d92e2a0d639037d96" member_type: VOTER last_known_addr { host: "127.10.214.66" port: 36637 }, Status: LMP_MISMATCH, Last received: 0.0, Next index: 2, Last known committed idx: 1, Time since last communication: 0.000s
I20260713 09:03:49.907833 11877 raft_consensus.cc:1275] T 6ea3bb4af62e4ce6b542c926def7caf3 P 14a0440fb4934c92bff862fb5a0e8103 [term 2 FOLLOWER]: Refusing update from remote peer b55f6ddbf43a4b7d8d4bb9347557b502: Log matching property violated. Preceding OpId in replica: term: 1 index: 1. Preceding OpId from leader: term: 2 index: 2. (index mismatch)
I20260713 09:03:49.910234 11947 consensus_queue.cc:1048] T 6ea3bb4af62e4ce6b542c926def7caf3 P b55f6ddbf43a4b7d8d4bb9347557b502 [LEADER]: Connected to new peer: Peer: permanent_uuid: "14a0440fb4934c92bff862fb5a0e8103" member_type: VOTER last_known_addr { host: "127.10.214.67" port: 44999 }, Status: LMP_MISMATCH, Last received: 0.0, Next index: 2, Last known committed idx: 1, Time since last communication: 0.000s
I20260713 09:03:49.958933 11877 raft_consensus.cc:1275] T ec2c3f704bea472493ff3d785e468a6f P 14a0440fb4934c92bff862fb5a0e8103 [term 2 FOLLOWER]: Refusing update from remote peer b55f6ddbf43a4b7d8d4bb9347557b502: Log matching property violated. Preceding OpId in replica: term: 1 index: 1. Preceding OpId from leader: term: 2 index: 2. (index mismatch)
I20260713 09:03:49.960211 11947 consensus_queue.cc:1048] T ec2c3f704bea472493ff3d785e468a6f P b55f6ddbf43a4b7d8d4bb9347557b502 [LEADER]: Connected to new peer: Peer: permanent_uuid: "14a0440fb4934c92bff862fb5a0e8103" member_type: VOTER last_known_addr { host: "127.10.214.67" port: 44999 }, Status: LMP_MISMATCH, Last received: 0.0, Next index: 2, Last known committed idx: 1, Time since last communication: 0.000s
I20260713 09:03:49.969117 11803 raft_consensus.cc:1275] T ec2c3f704bea472493ff3d785e468a6f P 5a9019bb8d5a4f5d92e2a0d639037d96 [term 2 FOLLOWER]: Refusing update from remote peer b55f6ddbf43a4b7d8d4bb9347557b502: Log matching property violated. Preceding OpId in replica: term: 1 index: 1. Preceding OpId from leader: term: 2 index: 2. (index mismatch)
I20260713 09:03:49.970927 12006 consensus_queue.cc:1048] T ec2c3f704bea472493ff3d785e468a6f P b55f6ddbf43a4b7d8d4bb9347557b502 [LEADER]: Connected to new peer: Peer: permanent_uuid: "5a9019bb8d5a4f5d92e2a0d639037d96" member_type: VOTER last_known_addr { host: "127.10.214.66" port: 36637 }, Status: LMP_MISMATCH, Last received: 0.0, Next index: 2, Last known committed idx: 1, Time since last communication: 0.000s
I20260713 09:03:51.963681 11097 auto_leader_rebalancer-test.cc:352] The leader distribution is 
I20260713 09:03:51.964455 11097 auto_leader_rebalancer.cc:141] leader rebalance for table test-workload
I20260713 09:03:51.980531 11727 tablet_service.cc:2072] Received LeaderStepDown RPC: tablet_id: "6ea3bb4af62e4ce6b542c926def7caf3"
dest_uuid: "b55f6ddbf43a4b7d8d4bb9347557b502"
mode: GRACEFUL
new_leader_uuid: "14a0440fb4934c92bff862fb5a0e8103"
 from {username='slave'} at 127.0.0.1:52274
I20260713 09:03:51.981087 11727 raft_consensus.cc:606] T 6ea3bb4af62e4ce6b542c926def7caf3 P b55f6ddbf43a4b7d8d4bb9347557b502 [term 2 LEADER]: Received request to transfer leadership to TS 14a0440fb4934c92bff862fb5a0e8103
I20260713 09:03:51.983670 11727 tablet_service.cc:2072] Received LeaderStepDown RPC: tablet_id: "a06b9b66e1da479d9df12e0f62c36ae4"
dest_uuid: "b55f6ddbf43a4b7d8d4bb9347557b502"
mode: GRACEFUL
new_leader_uuid: "14a0440fb4934c92bff862fb5a0e8103"
 from {username='slave'} at 127.0.0.1:52274
I20260713 09:03:51.984169 11727 raft_consensus.cc:606] T a06b9b66e1da479d9df12e0f62c36ae4 P b55f6ddbf43a4b7d8d4bb9347557b502 [term 2 LEADER]: Received request to transfer leadership to TS 14a0440fb4934c92bff862fb5a0e8103
I20260713 09:03:51.985124 11097 auto_leader_rebalancer.cc:479] table: test-workload, leader rebalance finish, leader transfer count: 2
I20260713 09:03:51.985699 11097 auto_leader_rebalancer.cc:554] All tables' leader rebalancing finished this round
I20260713 09:03:52.190474 11947 raft_consensus.cc:993] T a06b9b66e1da479d9df12e0f62c36ae4 P b55f6ddbf43a4b7d8d4bb9347557b502: : Instructing follower 14a0440fb4934c92bff862fb5a0e8103 to start an election
I20260713 09:03:52.190945 12016 raft_consensus.cc:1081] T a06b9b66e1da479d9df12e0f62c36ae4 P b55f6ddbf43a4b7d8d4bb9347557b502 [term 2 LEADER]: Signalling peer 14a0440fb4934c92bff862fb5a0e8103 to start an election
I20260713 09:03:52.192564 11877 tablet_service.cc:2044] Received Run Leader Election RPC: tablet_id: "a06b9b66e1da479d9df12e0f62c36ae4"
dest_uuid: "14a0440fb4934c92bff862fb5a0e8103"
 from {username='slave'} at 127.0.0.1:49216
I20260713 09:03:52.193113 11877 raft_consensus.cc:493] T a06b9b66e1da479d9df12e0f62c36ae4 P 14a0440fb4934c92bff862fb5a0e8103 [term 2 FOLLOWER]: Starting forced leader election (received explicit request)
I20260713 09:03:52.193444 11877 raft_consensus.cc:3060] T a06b9b66e1da479d9df12e0f62c36ae4 P 14a0440fb4934c92bff862fb5a0e8103 [term 2 FOLLOWER]: Advancing to term 3
I20260713 09:03:52.197937 11877 raft_consensus.cc:515] T a06b9b66e1da479d9df12e0f62c36ae4 P 14a0440fb4934c92bff862fb5a0e8103 [term 3 FOLLOWER]: Starting forced leader election with config: opid_index: -1 OBSOLETE_local: false peers { permanent_uuid: "b55f6ddbf43a4b7d8d4bb9347557b502" member_type: VOTER last_known_addr { host: "127.10.214.65" port: 41129 } } peers { permanent_uuid: "5a9019bb8d5a4f5d92e2a0d639037d96" member_type: VOTER last_known_addr { host: "127.10.214.66" port: 36637 } } peers { permanent_uuid: "14a0440fb4934c92bff862fb5a0e8103" member_type: VOTER last_known_addr { host: "127.10.214.67" port: 44999 } }
I20260713 09:03:52.199630 11877 leader_election.cc:290] T a06b9b66e1da479d9df12e0f62c36ae4 P 14a0440fb4934c92bff862fb5a0e8103 [CANDIDATE]: Term 3 election: Requested vote from peers b55f6ddbf43a4b7d8d4bb9347557b502 (127.10.214.65:41129), 5a9019bb8d5a4f5d92e2a0d639037d96 (127.10.214.66:36637)
I20260713 09:03:52.200850 11803 tablet_service.cc:1917] Received RequestConsensusVote() RPC: tablet_id: "a06b9b66e1da479d9df12e0f62c36ae4" candidate_uuid: "14a0440fb4934c92bff862fb5a0e8103" candidate_term: 3 candidate_status { last_received { term: 2 index: 2 } } ignore_live_leader: true dest_uuid: "5a9019bb8d5a4f5d92e2a0d639037d96"
I20260713 09:03:52.200747 11728 tablet_service.cc:1917] Received RequestConsensusVote() RPC: tablet_id: "a06b9b66e1da479d9df12e0f62c36ae4" candidate_uuid: "14a0440fb4934c92bff862fb5a0e8103" candidate_term: 3 candidate_status { last_received { term: 2 index: 2 } } ignore_live_leader: true dest_uuid: "b55f6ddbf43a4b7d8d4bb9347557b502"
I20260713 09:03:52.201673 11803 raft_consensus.cc:3060] T a06b9b66e1da479d9df12e0f62c36ae4 P 5a9019bb8d5a4f5d92e2a0d639037d96 [term 2 FOLLOWER]: Advancing to term 3
I20260713 09:03:52.201761 11728 raft_consensus.cc:3055] T a06b9b66e1da479d9df12e0f62c36ae4 P b55f6ddbf43a4b7d8d4bb9347557b502 [term 2 LEADER]: Stepping down as leader of term 2
I20260713 09:03:52.202225 11728 raft_consensus.cc:740] T a06b9b66e1da479d9df12e0f62c36ae4 P b55f6ddbf43a4b7d8d4bb9347557b502 [term 2 LEADER]: Becoming Follower/Learner. State: Replica: b55f6ddbf43a4b7d8d4bb9347557b502, State: Running, Role: LEADER
I20260713 09:03:52.203075 11728 consensus_queue.cc:260] T a06b9b66e1da479d9df12e0f62c36ae4 P b55f6ddbf43a4b7d8d4bb9347557b502 [NON_LEADER]: Queue going to NON_LEADER mode. State: All replicated index: 0, Majority replicated index: 2, Committed index: 2, Last appended: 2.2, Last appended by leader: 2, Current term: 2, Majority size: -1, State: 0, Mode: NON_LEADER, active raft config: opid_index: -1 OBSOLETE_local: false peers { permanent_uuid: "b55f6ddbf43a4b7d8d4bb9347557b502" member_type: VOTER last_known_addr { host: "127.10.214.65" port: 41129 } } peers { permanent_uuid: "5a9019bb8d5a4f5d92e2a0d639037d96" member_type: VOTER last_known_addr { host: "127.10.214.66" port: 36637 } } peers { permanent_uuid: "14a0440fb4934c92bff862fb5a0e8103" member_type: VOTER last_known_addr { host: "127.10.214.67" port: 44999 } }
I20260713 09:03:52.204250 11728 raft_consensus.cc:3060] T a06b9b66e1da479d9df12e0f62c36ae4 P b55f6ddbf43a4b7d8d4bb9347557b502 [term 2 FOLLOWER]: Advancing to term 3
I20260713 09:03:52.207787 11803 raft_consensus.cc:2468] T a06b9b66e1da479d9df12e0f62c36ae4 P 5a9019bb8d5a4f5d92e2a0d639037d96 [term 3 FOLLOWER]: Leader election vote request: Granting yes vote for candidate 14a0440fb4934c92bff862fb5a0e8103 in term 3.
I20260713 09:03:52.209002 11840 leader_election.cc:304] T a06b9b66e1da479d9df12e0f62c36ae4 P 14a0440fb4934c92bff862fb5a0e8103 [CANDIDATE]: Term 3 election: Election decided. Result: candidate won. Election summary: received 2 responses out of 3 voters: 2 yes votes; 0 no votes. yes voters: 14a0440fb4934c92bff862fb5a0e8103, 5a9019bb8d5a4f5d92e2a0d639037d96; no voters: 
I20260713 09:03:52.209192 11728 raft_consensus.cc:2468] T a06b9b66e1da479d9df12e0f62c36ae4 P b55f6ddbf43a4b7d8d4bb9347557b502 [term 3 FOLLOWER]: Leader election vote request: Granting yes vote for candidate 14a0440fb4934c92bff862fb5a0e8103 in term 3.
I20260713 09:03:52.209790 11927 raft_consensus.cc:2804] T a06b9b66e1da479d9df12e0f62c36ae4 P 14a0440fb4934c92bff862fb5a0e8103 [term 3 FOLLOWER]: Leader election won for term 3
I20260713 09:03:52.211010 11927 raft_consensus.cc:697] T a06b9b66e1da479d9df12e0f62c36ae4 P 14a0440fb4934c92bff862fb5a0e8103 [term 3 LEADER]: Becoming Leader. State: Replica: 14a0440fb4934c92bff862fb5a0e8103, State: Running, Role: LEADER
I20260713 09:03:52.211752 11927 consensus_queue.cc:237] T a06b9b66e1da479d9df12e0f62c36ae4 P 14a0440fb4934c92bff862fb5a0e8103 [LEADER]: Queue going to LEADER mode. State: All replicated index: 0, Majority replicated index: 2, Committed index: 2, Last appended: 2.2, Last appended by leader: 2, Current term: 3, Majority size: 2, State: 0, Mode: LEADER, active raft config: opid_index: -1 OBSOLETE_local: false peers { permanent_uuid: "b55f6ddbf43a4b7d8d4bb9347557b502" member_type: VOTER last_known_addr { host: "127.10.214.65" port: 41129 } } peers { permanent_uuid: "5a9019bb8d5a4f5d92e2a0d639037d96" member_type: VOTER last_known_addr { host: "127.10.214.66" port: 36637 } } peers { permanent_uuid: "14a0440fb4934c92bff862fb5a0e8103" member_type: VOTER last_known_addr { host: "127.10.214.67" port: 44999 } }
I20260713 09:03:52.218825 11626 catalog_manager.cc:5697] T a06b9b66e1da479d9df12e0f62c36ae4 P 14a0440fb4934c92bff862fb5a0e8103 reported cstate change: term changed from 2 to 3, leader changed from b55f6ddbf43a4b7d8d4bb9347557b502 (127.10.214.65) to 14a0440fb4934c92bff862fb5a0e8103 (127.10.214.67). New cstate: current_term: 3 leader_uuid: "14a0440fb4934c92bff862fb5a0e8103" committed_config { opid_index: -1 OBSOLETE_local: false peers { permanent_uuid: "b55f6ddbf43a4b7d8d4bb9347557b502" member_type: VOTER last_known_addr { host: "127.10.214.65" port: 41129 } health_report { overall_health: UNKNOWN } } peers { permanent_uuid: "5a9019bb8d5a4f5d92e2a0d639037d96" member_type: VOTER last_known_addr { host: "127.10.214.66" port: 36637 } health_report { overall_health: UNKNOWN } } peers { permanent_uuid: "14a0440fb4934c92bff862fb5a0e8103" member_type: VOTER last_known_addr { host: "127.10.214.67" port: 44999 } health_report { overall_health: HEALTHY } } }
I20260713 09:03:52.273247 12016 raft_consensus.cc:993] T 6ea3bb4af62e4ce6b542c926def7caf3 P b55f6ddbf43a4b7d8d4bb9347557b502: : Instructing follower 14a0440fb4934c92bff862fb5a0e8103 to start an election
I20260713 09:03:52.273847 11947 raft_consensus.cc:1081] T 6ea3bb4af62e4ce6b542c926def7caf3 P b55f6ddbf43a4b7d8d4bb9347557b502 [term 2 LEADER]: Signalling peer 14a0440fb4934c92bff862fb5a0e8103 to start an election
I20260713 09:03:52.275343 11877 tablet_service.cc:2044] Received Run Leader Election RPC: tablet_id: "6ea3bb4af62e4ce6b542c926def7caf3"
dest_uuid: "14a0440fb4934c92bff862fb5a0e8103"
 from {username='slave'} at 127.0.0.1:49216
I20260713 09:03:52.275797 11877 raft_consensus.cc:493] T 6ea3bb4af62e4ce6b542c926def7caf3 P 14a0440fb4934c92bff862fb5a0e8103 [term 2 FOLLOWER]: Starting forced leader election (received explicit request)
I20260713 09:03:52.276063 11877 raft_consensus.cc:3060] T 6ea3bb4af62e4ce6b542c926def7caf3 P 14a0440fb4934c92bff862fb5a0e8103 [term 2 FOLLOWER]: Advancing to term 3
I20260713 09:03:52.280475 11877 raft_consensus.cc:515] T 6ea3bb4af62e4ce6b542c926def7caf3 P 14a0440fb4934c92bff862fb5a0e8103 [term 3 FOLLOWER]: Starting forced leader election with config: opid_index: -1 OBSOLETE_local: false peers { permanent_uuid: "5a9019bb8d5a4f5d92e2a0d639037d96" member_type: VOTER last_known_addr { host: "127.10.214.66" port: 36637 } } peers { permanent_uuid: "14a0440fb4934c92bff862fb5a0e8103" member_type: VOTER last_known_addr { host: "127.10.214.67" port: 44999 } } peers { permanent_uuid: "b55f6ddbf43a4b7d8d4bb9347557b502" member_type: VOTER last_known_addr { host: "127.10.214.65" port: 41129 } }
I20260713 09:03:52.282083 11877 leader_election.cc:290] T 6ea3bb4af62e4ce6b542c926def7caf3 P 14a0440fb4934c92bff862fb5a0e8103 [CANDIDATE]: Term 3 election: Requested vote from peers 5a9019bb8d5a4f5d92e2a0d639037d96 (127.10.214.66:36637), b55f6ddbf43a4b7d8d4bb9347557b502 (127.10.214.65:41129)
I20260713 09:03:52.283253 11803 tablet_service.cc:1917] Received RequestConsensusVote() RPC: tablet_id: "6ea3bb4af62e4ce6b542c926def7caf3" candidate_uuid: "14a0440fb4934c92bff862fb5a0e8103" candidate_term: 3 candidate_status { last_received { term: 2 index: 2 } } ignore_live_leader: true dest_uuid: "5a9019bb8d5a4f5d92e2a0d639037d96"
I20260713 09:03:52.283253 11728 tablet_service.cc:1917] Received RequestConsensusVote() RPC: tablet_id: "6ea3bb4af62e4ce6b542c926def7caf3" candidate_uuid: "14a0440fb4934c92bff862fb5a0e8103" candidate_term: 3 candidate_status { last_received { term: 2 index: 2 } } ignore_live_leader: true dest_uuid: "b55f6ddbf43a4b7d8d4bb9347557b502"
I20260713 09:03:52.284150 11803 raft_consensus.cc:3060] T 6ea3bb4af62e4ce6b542c926def7caf3 P 5a9019bb8d5a4f5d92e2a0d639037d96 [term 2 FOLLOWER]: Advancing to term 3
I20260713 09:03:52.284189 11728 raft_consensus.cc:3055] T 6ea3bb4af62e4ce6b542c926def7caf3 P b55f6ddbf43a4b7d8d4bb9347557b502 [term 2 LEADER]: Stepping down as leader of term 2
I20260713 09:03:52.284806 11728 raft_consensus.cc:740] T 6ea3bb4af62e4ce6b542c926def7caf3 P b55f6ddbf43a4b7d8d4bb9347557b502 [term 2 LEADER]: Becoming Follower/Learner. State: Replica: b55f6ddbf43a4b7d8d4bb9347557b502, State: Running, Role: LEADER
