I20260713 09:03:26.788811 11386 tablet_service.cc:1917] Received RequestConsensusVote() RPC: tablet_id: "760391427f9949aa9ba2a8b1d5017d8b" candidate_uuid: "f3ab4fc98bc1458ebca154059a3049f3" candidate_term: 2 candidate_status { last_received { term: 1 index: 1 } } ignore_live_leader: true dest_uuid: "9b346f299bc041d9a108be8092a4a108"
I20260713 09:03:26.788612 11238 consensus_queue.cc:260] T 5a875ec7002245a59e27e7362bdf31b4 P f3ab4fc98bc1458ebca154059a3049f3 [NON_LEADER]: Queue going to NON_LEADER mode. State: All replicated index: 0, Majority replicated index: 1, Committed index: 1, Last appended: 1.1, Last appended by leader: 1, Current term: 1, Majority size: -1, State: 0, Mode: NON_LEADER, active raft config: opid_index: -1 OBSOLETE_local: false peers { permanent_uuid: "f3ab4fc98bc1458ebca154059a3049f3" member_type: VOTER last_known_addr { host: "127.10.216.1" port: 39455 } } peers { permanent_uuid: "fb0d71d80a8a460b857e82ba3fab8cee" member_type: VOTER last_known_addr { host: "127.10.216.2" port: 39853 } } peers { permanent_uuid: "9b346f299bc041d9a108be8092a4a108" member_type: VOTER last_known_addr { host: "127.10.216.3" port: 35433 } }
I20260713 09:03:26.789371 11314 raft_consensus.cc:3060] T 760391427f9949aa9ba2a8b1d5017d8b P fb0d71d80a8a460b857e82ba3fab8cee [term 1 FOLLOWER]: Advancing to term 2
I20260713 09:03:26.789422 11386 raft_consensus.cc:3055] T 760391427f9949aa9ba2a8b1d5017d8b P 9b346f299bc041d9a108be8092a4a108 [term 1 LEADER]: Stepping down as leader of term 1
I20260713 09:03:26.789847 11386 raft_consensus.cc:740] T 760391427f9949aa9ba2a8b1d5017d8b P 9b346f299bc041d9a108be8092a4a108 [term 1 LEADER]: Becoming Follower/Learner. State: Replica: 9b346f299bc041d9a108be8092a4a108, State: Running, Role: LEADER
I20260713 09:03:26.789917 11238 raft_consensus.cc:3060] T 5a875ec7002245a59e27e7362bdf31b4 P f3ab4fc98bc1458ebca154059a3049f3 [term 1 FOLLOWER]: Advancing to term 2
I20260713 09:03:26.790649 11386 consensus_queue.cc:260] T 760391427f9949aa9ba2a8b1d5017d8b P 9b346f299bc041d9a108be8092a4a108 [NON_LEADER]: Queue going to NON_LEADER mode. State: All replicated index: 0, Majority replicated index: 1, Committed index: 1, Last appended: 1.1, Last appended by leader: 1, Current term: 1, Majority size: -1, State: 0, Mode: NON_LEADER, active raft config: opid_index: -1 OBSOLETE_local: false peers { permanent_uuid: "f3ab4fc98bc1458ebca154059a3049f3" member_type: VOTER last_known_addr { host: "127.10.216.1" port: 39455 } } peers { permanent_uuid: "fb0d71d80a8a460b857e82ba3fab8cee" member_type: VOTER last_known_addr { host: "127.10.216.2" port: 39853 } } peers { permanent_uuid: "9b346f299bc041d9a108be8092a4a108" member_type: VOTER last_known_addr { host: "127.10.216.3" port: 35433 } }
I20260713 09:03:26.791754 11386 raft_consensus.cc:3060] T 760391427f9949aa9ba2a8b1d5017d8b P 9b346f299bc041d9a108be8092a4a108 [term 1 FOLLOWER]: Advancing to term 2
I20260713 09:03:26.792866 11388 tablet_service.cc:1917] Received RequestConsensusVote() RPC: tablet_id: "5a875ec7002245a59e27e7362bdf31b4" candidate_uuid: "fb0d71d80a8a460b857e82ba3fab8cee" candidate_term: 2 candidate_status { last_received { term: 1 index: 1 } } ignore_live_leader: true dest_uuid: "9b346f299bc041d9a108be8092a4a108"
I20260713 09:03:26.793463 11388 raft_consensus.cc:3060] T 5a875ec7002245a59e27e7362bdf31b4 P 9b346f299bc041d9a108be8092a4a108 [term 1 FOLLOWER]: Advancing to term 2
I20260713 09:03:26.795976 11314 raft_consensus.cc:2468] T 760391427f9949aa9ba2a8b1d5017d8b P fb0d71d80a8a460b857e82ba3fab8cee [term 2 FOLLOWER]: Leader election vote request: Granting yes vote for candidate f3ab4fc98bc1458ebca154059a3049f3 in term 2.
I20260713 09:03:26.797267 11203 leader_election.cc:304] T 760391427f9949aa9ba2a8b1d5017d8b P f3ab4fc98bc1458ebca154059a3049f3 [CANDIDATE]: Term 2 election: Election decided. Result: candidate won. Election summary: received 2 responses out of 3 voters: 2 yes votes; 0 no votes. yes voters: f3ab4fc98bc1458ebca154059a3049f3, fb0d71d80a8a460b857e82ba3fab8cee; no voters: 
I20260713 09:03:26.798457 11461 raft_consensus.cc:2804] T 760391427f9949aa9ba2a8b1d5017d8b P f3ab4fc98bc1458ebca154059a3049f3 [term 2 FOLLOWER]: Leader election won for term 2
I20260713 09:03:26.798916 11238 raft_consensus.cc:2468] T 5a875ec7002245a59e27e7362bdf31b4 P f3ab4fc98bc1458ebca154059a3049f3 [term 2 FOLLOWER]: Leader election vote request: Granting yes vote for candidate fb0d71d80a8a460b857e82ba3fab8cee in term 2.
I20260713 09:03:26.798976 11387 raft_consensus.cc:1275] T 8bff36b0d18a487aafbeafbcd8836f18 P 9b346f299bc041d9a108be8092a4a108 [term 2 FOLLOWER]: Refusing update from remote peer f3ab4fc98bc1458ebca154059a3049f3: Log matching property violated. Preceding OpId in replica: term: 0 index: 0. Preceding OpId from leader: term: 2 index: 1. (index mismatch)
I20260713 09:03:26.798909 11461 raft_consensus.cc:697] T 760391427f9949aa9ba2a8b1d5017d8b P f3ab4fc98bc1458ebca154059a3049f3 [term 2 LEADER]: Becoming Leader. State: Replica: f3ab4fc98bc1458ebca154059a3049f3, State: Running, Role: LEADER
I20260713 09:03:26.800293 11279 leader_election.cc:304] T 5a875ec7002245a59e27e7362bdf31b4 P fb0d71d80a8a460b857e82ba3fab8cee [CANDIDATE]: Term 2 election: Election decided. Result: candidate won. Election summary: received 2 responses out of 3 voters: 2 yes votes; 0 no votes. yes voters: f3ab4fc98bc1458ebca154059a3049f3, fb0d71d80a8a460b857e82ba3fab8cee; no voters: 
I20260713 09:03:26.800401 11461 consensus_queue.cc:237] T 760391427f9949aa9ba2a8b1d5017d8b P f3ab4fc98bc1458ebca154059a3049f3 [LEADER]: Queue going to LEADER mode. State: All replicated index: 0, Majority replicated index: 1, Committed index: 1, Last appended: 1.1, Last appended by leader: 1, Current term: 2, Majority size: 2, State: 0, Mode: LEADER, active raft config: opid_index: -1 OBSOLETE_local: false peers { permanent_uuid: "f3ab4fc98bc1458ebca154059a3049f3" member_type: VOTER last_known_addr { host: "127.10.216.1" port: 39455 } } peers { permanent_uuid: "fb0d71d80a8a460b857e82ba3fab8cee" member_type: VOTER last_known_addr { host: "127.10.216.2" port: 39853 } } peers { permanent_uuid: "9b346f299bc041d9a108be8092a4a108" member_type: VOTER last_known_addr { host: "127.10.216.3" port: 35433 } }
I20260713 09:03:26.801074 11446 raft_consensus.cc:2804] T 5a875ec7002245a59e27e7362bdf31b4 P fb0d71d80a8a460b857e82ba3fab8cee [term 2 FOLLOWER]: Leader election won for term 2
I20260713 09:03:26.801522 11446 raft_consensus.cc:697] T 5a875ec7002245a59e27e7362bdf31b4 P fb0d71d80a8a460b857e82ba3fab8cee [term 2 LEADER]: Becoming Leader. State: Replica: fb0d71d80a8a460b857e82ba3fab8cee, State: Running, Role: LEADER
I20260713 09:03:26.802309 11446 consensus_queue.cc:237] T 5a875ec7002245a59e27e7362bdf31b4 P fb0d71d80a8a460b857e82ba3fab8cee [LEADER]: Queue going to LEADER mode. State: All replicated index: 0, Majority replicated index: 1, Committed index: 1, Last appended: 1.1, Last appended by leader: 1, Current term: 2, Majority size: 2, State: 0, Mode: LEADER, active raft config: opid_index: -1 OBSOLETE_local: false peers { permanent_uuid: "f3ab4fc98bc1458ebca154059a3049f3" member_type: VOTER last_known_addr { host: "127.10.216.1" port: 39455 } } peers { permanent_uuid: "fb0d71d80a8a460b857e82ba3fab8cee" member_type: VOTER last_known_addr { host: "127.10.216.2" port: 39853 } } peers { permanent_uuid: "9b346f299bc041d9a108be8092a4a108" member_type: VOTER last_known_addr { host: "127.10.216.3" port: 35433 } }
I20260713 09:03:26.802573 11501 consensus_queue.cc:1048] T 8bff36b0d18a487aafbeafbcd8836f18 P f3ab4fc98bc1458ebca154059a3049f3 [LEADER]: Connected to new peer: Peer: permanent_uuid: "9b346f299bc041d9a108be8092a4a108" member_type: VOTER last_known_addr { host: "127.10.216.3" port: 35433 }, Status: LMP_MISMATCH, Last received: 0.0, Next index: 1, Last known committed idx: 0, Time since last communication: 0.000s
I20260713 09:03:26.813032 11134 catalog_manager.cc:5697] T 5a875ec7002245a59e27e7362bdf31b4 P fb0d71d80a8a460b857e82ba3fab8cee reported cstate change: term changed from 1 to 2, leader changed from f3ab4fc98bc1458ebca154059a3049f3 (127.10.216.1) to fb0d71d80a8a460b857e82ba3fab8cee (127.10.216.2). New cstate: current_term: 2 leader_uuid: "fb0d71d80a8a460b857e82ba3fab8cee" committed_config { opid_index: -1 OBSOLETE_local: false peers { permanent_uuid: "f3ab4fc98bc1458ebca154059a3049f3" member_type: VOTER last_known_addr { host: "127.10.216.1" port: 39455 } health_report { overall_health: UNKNOWN } } peers { permanent_uuid: "fb0d71d80a8a460b857e82ba3fab8cee" member_type: VOTER last_known_addr { host: "127.10.216.2" port: 39853 } health_report { overall_health: HEALTHY } } peers { permanent_uuid: "9b346f299bc041d9a108be8092a4a108" member_type: VOTER last_known_addr { host: "127.10.216.3" port: 35433 } health_report { overall_health: UNKNOWN } } }
I20260713 09:03:26.816728 11136 catalog_manager.cc:5697] T 760391427f9949aa9ba2a8b1d5017d8b P f3ab4fc98bc1458ebca154059a3049f3 reported cstate change: term changed from 1 to 2, leader changed from 9b346f299bc041d9a108be8092a4a108 (127.10.216.3) to f3ab4fc98bc1458ebca154059a3049f3 (127.10.216.1). New cstate: current_term: 2 leader_uuid: "f3ab4fc98bc1458ebca154059a3049f3" committed_config { opid_index: -1 OBSOLETE_local: false peers { permanent_uuid: "f3ab4fc98bc1458ebca154059a3049f3" member_type: VOTER last_known_addr { host: "127.10.216.1" port: 39455 } health_report { overall_health: HEALTHY } } peers { permanent_uuid: "fb0d71d80a8a460b857e82ba3fab8cee" member_type: VOTER last_known_addr { host: "127.10.216.2" port: 39853 } health_report { overall_health: UNKNOWN } } peers { permanent_uuid: "9b346f299bc041d9a108be8092a4a108" member_type: VOTER last_known_addr { host: "127.10.216.3" port: 35433 } health_report { overall_health: UNKNOWN } } }
I20260713 09:03:26.818326 11388 raft_consensus.cc:2468] T 5a875ec7002245a59e27e7362bdf31b4 P 9b346f299bc041d9a108be8092a4a108 [term 2 FOLLOWER]: Leader election vote request: Granting yes vote for candidate fb0d71d80a8a460b857e82ba3fab8cee in term 2.
I20260713 09:03:26.819423 11386 raft_consensus.cc:2468] T 760391427f9949aa9ba2a8b1d5017d8b P 9b346f299bc041d9a108be8092a4a108 [term 2 FOLLOWER]: Leader election vote request: Granting yes vote for candidate f3ab4fc98bc1458ebca154059a3049f3 in term 2.
I20260713 09:03:26.830912 11461 raft_consensus.cc:993] T ed458fba91a646079e2c9c7cda7fd73a P f3ab4fc98bc1458ebca154059a3049f3: : Instructing follower fb0d71d80a8a460b857e82ba3fab8cee to start an election
I20260713 09:03:26.833841 11314 raft_consensus.cc:1275] T 8bff36b0d18a487aafbeafbcd8836f18 P fb0d71d80a8a460b857e82ba3fab8cee [term 2 FOLLOWER]: Refusing update from remote peer f3ab4fc98bc1458ebca154059a3049f3: Log matching property violated. Preceding OpId in replica: term: 1 index: 1. Preceding OpId from leader: term: 2 index: 1. (term mismatch)
I20260713 09:03:26.835660 11314 pending_rounds.cc:85] T 8bff36b0d18a487aafbeafbcd8836f18 P fb0d71d80a8a460b857e82ba3fab8cee: Aborting all ops after (but not including) 0
I20260713 09:03:26.834437 11501 raft_consensus.cc:1081] T ed458fba91a646079e2c9c7cda7fd73a P f3ab4fc98bc1458ebca154059a3049f3 [term 1 LEADER]: Signalling peer fb0d71d80a8a460b857e82ba3fab8cee to start an election
I20260713 09:03:26.838840 11314 pending_rounds.cc:107] T 8bff36b0d18a487aafbeafbcd8836f18 P fb0d71d80a8a460b857e82ba3fab8cee: Aborting uncommitted NO_OP operation due to leader change: 1.1
I20260713 09:03:26.839226 11314 raft_consensus.cc:2889] T 8bff36b0d18a487aafbeafbcd8836f18 P fb0d71d80a8a460b857e82ba3fab8cee [term 2 FOLLOWER]: NO_OP replication failed: Aborted: Op aborted by new leader
I20260713 09:03:26.839977 11311 tablet_service.cc:2044] Received Run Leader Election RPC: tablet_id: "ed458fba91a646079e2c9c7cda7fd73a"
dest_uuid: "fb0d71d80a8a460b857e82ba3fab8cee"
 from {username='slave'} at 127.0.0.1:51302
I20260713 09:03:26.840521 11311 raft_consensus.cc:493] T ed458fba91a646079e2c9c7cda7fd73a P fb0d71d80a8a460b857e82ba3fab8cee [term 1 FOLLOWER]: Starting forced leader election (received explicit request)
I20260713 09:03:26.840898 11311 raft_consensus.cc:3060] T ed458fba91a646079e2c9c7cda7fd73a P fb0d71d80a8a460b857e82ba3fab8cee [term 1 FOLLOWER]: Advancing to term 2
I20260713 09:03:26.843019 11501 consensus_queue.cc:1048] T 8bff36b0d18a487aafbeafbcd8836f18 P f3ab4fc98bc1458ebca154059a3049f3 [LEADER]: Connected to new peer: Peer: permanent_uuid: "fb0d71d80a8a460b857e82ba3fab8cee" member_type: VOTER last_known_addr { host: "127.10.216.2" port: 39853 }, Status: LMP_MISMATCH, Last received: 0.0, Next index: 1, Last known committed idx: 0, Time since last communication: 0.000s
I20260713 09:03:26.847564 11311 raft_consensus.cc:515] T ed458fba91a646079e2c9c7cda7fd73a P fb0d71d80a8a460b857e82ba3fab8cee [term 2 FOLLOWER]: Starting forced leader election with config: opid_index: -1 OBSOLETE_local: false peers { permanent_uuid: "f3ab4fc98bc1458ebca154059a3049f3" member_type: VOTER last_known_addr { host: "127.10.216.1" port: 39455 } } peers { permanent_uuid: "fb0d71d80a8a460b857e82ba3fab8cee" member_type: VOTER last_known_addr { host: "127.10.216.2" port: 39853 } } peers { permanent_uuid: "9b346f299bc041d9a108be8092a4a108" member_type: VOTER last_known_addr { host: "127.10.216.3" port: 35433 } }
I20260713 09:03:26.850952 11238 tablet_service.cc:1917] Received RequestConsensusVote() RPC: tablet_id: "ed458fba91a646079e2c9c7cda7fd73a" candidate_uuid: "fb0d71d80a8a460b857e82ba3fab8cee" candidate_term: 2 candidate_status { last_received { term: 1 index: 1 } } ignore_live_leader: true dest_uuid: "f3ab4fc98bc1458ebca154059a3049f3"
I20260713 09:03:26.851257 11387 tablet_service.cc:1917] Received RequestConsensusVote() RPC: tablet_id: "ed458fba91a646079e2c9c7cda7fd73a" candidate_uuid: "fb0d71d80a8a460b857e82ba3fab8cee" candidate_term: 2 candidate_status { last_received { term: 1 index: 1 } } ignore_live_leader: true dest_uuid: "9b346f299bc041d9a108be8092a4a108"
I20260713 09:03:26.851516 11238 raft_consensus.cc:3055] T ed458fba91a646079e2c9c7cda7fd73a P f3ab4fc98bc1458ebca154059a3049f3 [term 1 LEADER]: Stepping down as leader of term 1
I20260713 09:03:26.851817 11387 raft_consensus.cc:3060] T ed458fba91a646079e2c9c7cda7fd73a P 9b346f299bc041d9a108be8092a4a108 [term 1 FOLLOWER]: Advancing to term 2
I20260713 09:03:26.851886 11238 raft_consensus.cc:740] T ed458fba91a646079e2c9c7cda7fd73a P f3ab4fc98bc1458ebca154059a3049f3 [term 1 LEADER]: Becoming Follower/Learner. State: Replica: f3ab4fc98bc1458ebca154059a3049f3, State: Running, Role: LEADER
I20260713 09:03:26.852775 11238 consensus_queue.cc:260] T ed458fba91a646079e2c9c7cda7fd73a P f3ab4fc98bc1458ebca154059a3049f3 [NON_LEADER]: Queue going to NON_LEADER mode. State: All replicated index: 0, Majority replicated index: 1, Committed index: 1, Last appended: 1.1, Last appended by leader: 1, Current term: 1, Majority size: -1, State: 0, Mode: NON_LEADER, active raft config: opid_index: -1 OBSOLETE_local: false peers { permanent_uuid: "f3ab4fc98bc1458ebca154059a3049f3" member_type: VOTER last_known_addr { host: "127.10.216.1" port: 39455 } } peers { permanent_uuid: "fb0d71d80a8a460b857e82ba3fab8cee" member_type: VOTER last_known_addr { host: "127.10.216.2" port: 39853 } } peers { permanent_uuid: "9b346f299bc041d9a108be8092a4a108" member_type: VOTER last_known_addr { host: "127.10.216.3" port: 35433 } }
I20260713 09:03:26.853856 11238 raft_consensus.cc:3060] T ed458fba91a646079e2c9c7cda7fd73a P f3ab4fc98bc1458ebca154059a3049f3 [term 1 FOLLOWER]: Advancing to term 2
I20260713 09:03:26.859251 11387 raft_consensus.cc:2468] T ed458fba91a646079e2c9c7cda7fd73a P 9b346f299bc041d9a108be8092a4a108 [term 2 FOLLOWER]: Leader election vote request: Granting yes vote for candidate fb0d71d80a8a460b857e82ba3fab8cee in term 2.
I20260713 09:03:26.860592 11238 raft_consensus.cc:2468] T ed458fba91a646079e2c9c7cda7fd73a P f3ab4fc98bc1458ebca154059a3049f3 [term 2 FOLLOWER]: Leader election vote request: Granting yes vote for candidate fb0d71d80a8a460b857e82ba3fab8cee in term 2.
I20260713 09:03:26.861056 11280 leader_election.cc:304] T ed458fba91a646079e2c9c7cda7fd73a P fb0d71d80a8a460b857e82ba3fab8cee [CANDIDATE]: Term 2 election: Election decided. Result: candidate won. Election summary: received 2 responses out of 3 voters: 2 yes votes; 0 no votes. yes voters: 9b346f299bc041d9a108be8092a4a108, fb0d71d80a8a460b857e82ba3fab8cee; no voters: 
I20260713 09:03:26.859787 11311 leader_election.cc:290] T ed458fba91a646079e2c9c7cda7fd73a P fb0d71d80a8a460b857e82ba3fab8cee [CANDIDATE]: Term 2 election: Requested vote from peers f3ab4fc98bc1458ebca154059a3049f3 (127.10.216.1:39455), 9b346f299bc041d9a108be8092a4a108 (127.10.216.3:35433)
I20260713 09:03:26.861982 11446 raft_consensus.cc:2804] T ed458fba91a646079e2c9c7cda7fd73a P fb0d71d80a8a460b857e82ba3fab8cee [term 2 FOLLOWER]: Leader election won for term 2
I20260713 09:03:26.862495 11446 raft_consensus.cc:697] T ed458fba91a646079e2c9c7cda7fd73a P fb0d71d80a8a460b857e82ba3fab8cee [term 2 LEADER]: Becoming Leader. State: Replica: fb0d71d80a8a460b857e82ba3fab8cee, State: Running, Role: LEADER
I20260713 09:03:26.863387 11446 consensus_queue.cc:237] T ed458fba91a646079e2c9c7cda7fd73a P fb0d71d80a8a460b857e82ba3fab8cee [LEADER]: Queue going to LEADER mode. State: All replicated index: 0, Majority replicated index: 1, Committed index: 1, Last appended: 1.1, Last appended by leader: 1, Current term: 2, Majority size: 2, State: 0, Mode: LEADER, active raft config: opid_index: -1 OBSOLETE_local: false peers { permanent_uuid: "f3ab4fc98bc1458ebca154059a3049f3" member_type: VOTER last_known_addr { host: "127.10.216.1" port: 39455 } } peers { permanent_uuid: "fb0d71d80a8a460b857e82ba3fab8cee" member_type: VOTER last_known_addr { host: "127.10.216.2" port: 39853 } } peers { permanent_uuid: "9b346f299bc041d9a108be8092a4a108" member_type: VOTER last_known_addr { host: "127.10.216.3" port: 35433 } }
I20260713 09:03:26.870550 11134 catalog_manager.cc:5697] T ed458fba91a646079e2c9c7cda7fd73a P fb0d71d80a8a460b857e82ba3fab8cee reported cstate change: term changed from 1 to 2, leader changed from f3ab4fc98bc1458ebca154059a3049f3 (127.10.216.1) to fb0d71d80a8a460b857e82ba3fab8cee (127.10.216.2). New cstate: current_term: 2 leader_uuid: "fb0d71d80a8a460b857e82ba3fab8cee" committed_config { opid_index: -1 OBSOLETE_local: false peers { permanent_uuid: "f3ab4fc98bc1458ebca154059a3049f3" member_type: VOTER last_known_addr { host: "127.10.216.1" port: 39455 } health_report { overall_health: UNKNOWN } } peers { permanent_uuid: "fb0d71d80a8a460b857e82ba3fab8cee" member_type: VOTER last_known_addr { host: "127.10.216.2" port: 39853 } health_report { overall_health: HEALTHY } } peers { permanent_uuid: "9b346f299bc041d9a108be8092a4a108" member_type: VOTER last_known_addr { host: "127.10.216.3" port: 35433 } health_report { overall_health: UNKNOWN } } }
I20260713 09:03:26.904073 11446 consensus_queue.cc:1048] T 5f01882f4f354595bbfcbe0bdc644185 P fb0d71d80a8a460b857e82ba3fab8cee [LEADER]: Connected to new peer: Peer: permanent_uuid: "f3ab4fc98bc1458ebca154059a3049f3" member_type: VOTER last_known_addr { host: "127.10.216.1" port: 39455 }, Status: LMP_MISMATCH, Last received: 0.0, Next index: 1, Last known committed idx: 0, Time since last communication: 0.000s
I20260713 09:03:26.916294 11439 consensus_queue.cc:1048] T 5f01882f4f354595bbfcbe0bdc644185 P fb0d71d80a8a460b857e82ba3fab8cee [LEADER]: Connected to new peer: Peer: permanent_uuid: "9b346f299bc041d9a108be8092a4a108" member_type: VOTER last_known_addr { host: "127.10.216.3" port: 35433 }, Status: LMP_MISMATCH, Last received: 0.0, Next index: 1, Last known committed idx: 0, Time since last communication: 0.000s
I20260713 09:03:27.158459 11481 raft_consensus.cc:993] T 29b28cd2df234c1aa84781d2d421c530 P 9b346f299bc041d9a108be8092a4a108: : Instructing follower fb0d71d80a8a460b857e82ba3fab8cee to start an election
I20260713 09:03:27.158924 11478 raft_consensus.cc:1081] T 29b28cd2df234c1aa84781d2d421c530 P 9b346f299bc041d9a108be8092a4a108 [term 1 LEADER]: Signalling peer fb0d71d80a8a460b857e82ba3fab8cee to start an election
I20260713 09:03:27.160420 11311 tablet_service.cc:2044] Received Run Leader Election RPC: tablet_id: "29b28cd2df234c1aa84781d2d421c530"
dest_uuid: "fb0d71d80a8a460b857e82ba3fab8cee"
 from {username='slave'} at 127.0.0.1:51310
I20260713 09:03:27.160971 11311 raft_consensus.cc:493] T 29b28cd2df234c1aa84781d2d421c530 P fb0d71d80a8a460b857e82ba3fab8cee [term 1 FOLLOWER]: Starting forced leader election (received explicit request)
I20260713 09:03:27.161332 11311 raft_consensus.cc:3060] T 29b28cd2df234c1aa84781d2d421c530 P fb0d71d80a8a460b857e82ba3fab8cee [term 1 FOLLOWER]: Advancing to term 2
I20260713 09:03:27.165642 11311 raft_consensus.cc:515] T 29b28cd2df234c1aa84781d2d421c530 P fb0d71d80a8a460b857e82ba3fab8cee [term 2 FOLLOWER]: Starting forced leader election with config: opid_index: -1 OBSOLETE_local: false peers { permanent_uuid: "f3ab4fc98bc1458ebca154059a3049f3" member_type: VOTER last_known_addr { host: "127.10.216.1" port: 39455 } } peers { permanent_uuid: "fb0d71d80a8a460b857e82ba3fab8cee" member_type: VOTER last_known_addr { host: "127.10.216.2" port: 39853 } } peers { permanent_uuid: "9b346f299bc041d9a108be8092a4a108" member_type: VOTER last_known_addr { host: "127.10.216.3" port: 35433 } }
I20260713 09:03:27.167116 11311 leader_election.cc:290] T 29b28cd2df234c1aa84781d2d421c530 P fb0d71d80a8a460b857e82ba3fab8cee [CANDIDATE]: Term 2 election: Requested vote from peers f3ab4fc98bc1458ebca154059a3049f3 (127.10.216.1:39455), 9b346f299bc041d9a108be8092a4a108 (127.10.216.3:35433)
I20260713 09:03:27.167930 11238 tablet_service.cc:1917] Received RequestConsensusVote() RPC: tablet_id: "29b28cd2df234c1aa84781d2d421c530" candidate_uuid: "fb0d71d80a8a460b857e82ba3fab8cee" candidate_term: 2 candidate_status { last_received { term: 1 index: 1 } } ignore_live_leader: true dest_uuid: "f3ab4fc98bc1458ebca154059a3049f3"
I20260713 09:03:27.168088 11387 tablet_service.cc:1917] Received RequestConsensusVote() RPC: tablet_id: "29b28cd2df234c1aa84781d2d421c530" candidate_uuid: "fb0d71d80a8a460b857e82ba3fab8cee" candidate_term: 2 candidate_status { last_received { term: 1 index: 1 } } ignore_live_leader: true dest_uuid: "9b346f299bc041d9a108be8092a4a108"
I20260713 09:03:27.168507 11238 raft_consensus.cc:3060] T 29b28cd2df234c1aa84781d2d421c530 P f3ab4fc98bc1458ebca154059a3049f3 [term 1 FOLLOWER]: Advancing to term 2
I20260713 09:03:27.168586 11387 raft_consensus.cc:3055] T 29b28cd2df234c1aa84781d2d421c530 P 9b346f299bc041d9a108be8092a4a108 [term 1 LEADER]: Stepping down as leader of term 1
I20260713 09:03:27.168942 11387 raft_consensus.cc:740] T 29b28cd2df234c1aa84781d2d421c530 P 9b346f299bc041d9a108be8092a4a108 [term 1 LEADER]: Becoming Follower/Learner. State: Replica: 9b346f299bc041d9a108be8092a4a108, State: Running, Role: LEADER
I20260713 09:03:27.169610 11387 consensus_queue.cc:260] T 29b28cd2df234c1aa84781d2d421c530 P 9b346f299bc041d9a108be8092a4a108 [NON_LEADER]: Queue going to NON_LEADER mode. State: All replicated index: 0, Majority replicated index: 1, Committed index: 1, Last appended: 1.1, Last appended by leader: 1, Current term: 1, Majority size: -1, State: 0, Mode: NON_LEADER, active raft config: opid_index: -1 OBSOLETE_local: false peers { permanent_uuid: "f3ab4fc98bc1458ebca154059a3049f3" member_type: VOTER last_known_addr { host: "127.10.216.1" port: 39455 } } peers { permanent_uuid: "fb0d71d80a8a460b857e82ba3fab8cee" member_type: VOTER last_known_addr { host: "127.10.216.2" port: 39853 } } peers { permanent_uuid: "9b346f299bc041d9a108be8092a4a108" member_type: VOTER last_known_addr { host: "127.10.216.3" port: 35433 } }
I20260713 09:03:27.170574 11387 raft_consensus.cc:3060] T 29b28cd2df234c1aa84781d2d421c530 P 9b346f299bc041d9a108be8092a4a108 [term 1 FOLLOWER]: Advancing to term 2
I20260713 09:03:27.172916 11238 raft_consensus.cc:2468] T 29b28cd2df234c1aa84781d2d421c530 P f3ab4fc98bc1458ebca154059a3049f3 [term 2 FOLLOWER]: Leader election vote request: Granting yes vote for candidate fb0d71d80a8a460b857e82ba3fab8cee in term 2.
I20260713 09:03:27.174015 11279 leader_election.cc:304] T 29b28cd2df234c1aa84781d2d421c530 P fb0d71d80a8a460b857e82ba3fab8cee [CANDIDATE]: Term 2 election: Election decided. Result: candidate won. Election summary: received 2 responses out of 3 voters: 2 yes votes; 0 no votes. yes voters: f3ab4fc98bc1458ebca154059a3049f3, fb0d71d80a8a460b857e82ba3fab8cee; no voters: 
I20260713 09:03:27.174757 11439 raft_consensus.cc:2804] T 29b28cd2df234c1aa84781d2d421c530 P fb0d71d80a8a460b857e82ba3fab8cee [term 2 FOLLOWER]: Leader election won for term 2
I20260713 09:03:27.175145 11439 raft_consensus.cc:697] T 29b28cd2df234c1aa84781d2d421c530 P fb0d71d80a8a460b857e82ba3fab8cee [term 2 LEADER]: Becoming Leader. State: Replica: fb0d71d80a8a460b857e82ba3fab8cee, State: Running, Role: LEADER
I20260713 09:03:27.175741 11387 raft_consensus.cc:2468] T 29b28cd2df234c1aa84781d2d421c530 P 9b346f299bc041d9a108be8092a4a108 [term 2 FOLLOWER]: Leader election vote request: Granting yes vote for candidate fb0d71d80a8a460b857e82ba3fab8cee in term 2.
I20260713 09:03:27.175988 11439 consensus_queue.cc:237] T 29b28cd2df234c1aa84781d2d421c530 P fb0d71d80a8a460b857e82ba3fab8cee [LEADER]: Queue going to LEADER mode. State: All replicated index: 0, Majority replicated index: 1, Committed index: 1, Last appended: 1.1, Last appended by leader: 1, Current term: 2, Majority size: 2, State: 0, Mode: LEADER, active raft config: opid_index: -1 OBSOLETE_local: false peers { permanent_uuid: "f3ab4fc98bc1458ebca154059a3049f3" member_type: VOTER last_known_addr { host: "127.10.216.1" port: 39455 } } peers { permanent_uuid: "fb0d71d80a8a460b857e82ba3fab8cee" member_type: VOTER last_known_addr { host: "127.10.216.2" port: 39853 } } peers { permanent_uuid: "9b346f299bc041d9a108be8092a4a108" member_type: VOTER last_known_addr { host: "127.10.216.3" port: 35433 } }
I20260713 09:03:27.182181 11134 catalog_manager.cc:5697] T 29b28cd2df234c1aa84781d2d421c530 P fb0d71d80a8a460b857e82ba3fab8cee reported cstate change: term changed from 1 to 2, leader changed from 9b346f299bc041d9a108be8092a4a108 (127.10.216.3) to fb0d71d80a8a460b857e82ba3fab8cee (127.10.216.2). New cstate: current_term: 2 leader_uuid: "fb0d71d80a8a460b857e82ba3fab8cee" committed_config { opid_index: -1 OBSOLETE_local: false peers { permanent_uuid: "f3ab4fc98bc1458ebca154059a3049f3" member_type: VOTER last_known_addr { host: "127.10.216.1" port: 39455 } health_report { overall_health: UNKNOWN } } peers { permanent_uuid: "fb0d71d80a8a460b857e82ba3fab8cee" member_type: VOTER last_known_addr { host: "127.10.216.2" port: 39853 } health_report { overall_health: HEALTHY } } peers { permanent_uuid: "9b346f299bc041d9a108be8092a4a108" member_type: VOTER last_known_addr { host: "127.10.216.3" port: 35433 } health_report { overall_health: UNKNOWN } } }
I20260713 09:03:27.188383 11238 raft_consensus.cc:1275] T 5a875ec7002245a59e27e7362bdf31b4 P f3ab4fc98bc1458ebca154059a3049f3 [term 2 FOLLOWER]: Refusing update from remote peer fb0d71d80a8a460b857e82ba3fab8cee: Log matching property violated. Preceding OpId in replica: term: 1 index: 1. Preceding OpId from leader: term: 2 index: 2. (index mismatch)
I20260713 09:03:27.189656 11439 consensus_queue.cc:1048] T 5a875ec7002245a59e27e7362bdf31b4 P fb0d71d80a8a460b857e82ba3fab8cee [LEADER]: Connected to new peer: Peer: permanent_uuid: "f3ab4fc98bc1458ebca154059a3049f3" member_type: VOTER last_known_addr { host: "127.10.216.1" port: 39455 }, Status: LMP_MISMATCH, Last received: 0.0, Next index: 2, Last known committed idx: 1, Time since last communication: 0.000s
I20260713 09:03:27.196197 11387 raft_consensus.cc:1275] T 5a875ec7002245a59e27e7362bdf31b4 P 9b346f299bc041d9a108be8092a4a108 [term 2 FOLLOWER]: Refusing update from remote peer fb0d71d80a8a460b857e82ba3fab8cee: Log matching property violated. Preceding OpId in replica: term: 1 index: 1. Preceding OpId from leader: term: 2 index: 2. (index mismatch)
I20260713 09:03:27.197395 11446 consensus_queue.cc:1048] T 5a875ec7002245a59e27e7362bdf31b4 P fb0d71d80a8a460b857e82ba3fab8cee [LEADER]: Connected to new peer: Peer: permanent_uuid: "9b346f299bc041d9a108be8092a4a108" member_type: VOTER last_known_addr { host: "127.10.216.3" port: 35433 }, Status: LMP_MISMATCH, Last received: 0.0, Next index: 2, Last known committed idx: 1, Time since last communication: 0.000s
I20260713 09:03:27.279376 11238 raft_consensus.cc:1275] T ed458fba91a646079e2c9c7cda7fd73a P f3ab4fc98bc1458ebca154059a3049f3 [term 2 FOLLOWER]: Refusing update from remote peer fb0d71d80a8a460b857e82ba3fab8cee: Log matching property violated. Preceding OpId in replica: term: 1 index: 1. Preceding OpId from leader: term: 2 index: 2. (index mismatch)
I20260713 09:03:27.280426 11522 consensus_queue.cc:1048] T ed458fba91a646079e2c9c7cda7fd73a P fb0d71d80a8a460b857e82ba3fab8cee [LEADER]: Connected to new peer: Peer: permanent_uuid: "f3ab4fc98bc1458ebca154059a3049f3" member_type: VOTER last_known_addr { host: "127.10.216.1" port: 39455 }, Status: LMP_MISMATCH, Last received: 0.0, Next index: 2, Last known committed idx: 1, Time since last communication: 0.000s
I20260713 09:03:27.288200 11311 raft_consensus.cc:1275] T 760391427f9949aa9ba2a8b1d5017d8b P fb0d71d80a8a460b857e82ba3fab8cee [term 2 FOLLOWER]: Refusing update from remote peer f3ab4fc98bc1458ebca154059a3049f3: Log matching property violated. Preceding OpId in replica: term: 1 index: 1. Preceding OpId from leader: term: 2 index: 2. (index mismatch)
I20260713 09:03:27.289693 11462 consensus_queue.cc:1048] T 760391427f9949aa9ba2a8b1d5017d8b P f3ab4fc98bc1458ebca154059a3049f3 [LEADER]: Connected to new peer: Peer: permanent_uuid: "fb0d71d80a8a460b857e82ba3fab8cee" member_type: VOTER last_known_addr { host: "127.10.216.2" port: 39853 }, Status: LMP_MISMATCH, Last received: 0.0, Next index: 2, Last known committed idx: 1, Time since last communication: 0.000s
I20260713 09:03:27.290230 11387 raft_consensus.cc:1275] T ed458fba91a646079e2c9c7cda7fd73a P 9b346f299bc041d9a108be8092a4a108 [term 2 FOLLOWER]: Refusing update from remote peer fb0d71d80a8a460b857e82ba3fab8cee: Log matching property violated. Preceding OpId in replica: term: 1 index: 1. Preceding OpId from leader: term: 2 index: 2. (index mismatch)
I20260713 09:03:27.291731 11522 consensus_queue.cc:1048] T ed458fba91a646079e2c9c7cda7fd73a P fb0d71d80a8a460b857e82ba3fab8cee [LEADER]: Connected to new peer: Peer: permanent_uuid: "9b346f299bc041d9a108be8092a4a108" member_type: VOTER last_known_addr { host: "127.10.216.3" port: 35433 }, Status: LMP_MISMATCH, Last received: 0.0, Next index: 2, Last known committed idx: 1, Time since last communication: 0.000s
I20260713 09:03:27.298151 11386 raft_consensus.cc:1275] T 760391427f9949aa9ba2a8b1d5017d8b P 9b346f299bc041d9a108be8092a4a108 [term 2 FOLLOWER]: Refusing update from remote peer f3ab4fc98bc1458ebca154059a3049f3: Log matching property violated. Preceding OpId in replica: term: 1 index: 1. Preceding OpId from leader: term: 2 index: 2. (index mismatch)
I20260713 09:03:27.299880 11438 consensus_queue.cc:1048] T 760391427f9949aa9ba2a8b1d5017d8b P f3ab4fc98bc1458ebca154059a3049f3 [LEADER]: Connected to new peer: Peer: permanent_uuid: "9b346f299bc041d9a108be8092a4a108" member_type: VOTER last_known_addr { host: "127.10.216.3" port: 35433 }, Status: LMP_MISMATCH, Last received: 0.0, Next index: 2, Last known committed idx: 1, Time since last communication: 0.000s
I20260713 09:03:27.613130 11238 raft_consensus.cc:1275] T 29b28cd2df234c1aa84781d2d421c530 P f3ab4fc98bc1458ebca154059a3049f3 [term 2 FOLLOWER]: Refusing update from remote peer fb0d71d80a8a460b857e82ba3fab8cee: Log matching property violated. Preceding OpId in replica: term: 1 index: 1. Preceding OpId from leader: term: 2 index: 2. (index mismatch)
I20260713 09:03:27.614434 11446 consensus_queue.cc:1048] T 29b28cd2df234c1aa84781d2d421c530 P fb0d71d80a8a460b857e82ba3fab8cee [LEADER]: Connected to new peer: Peer: permanent_uuid: "f3ab4fc98bc1458ebca154059a3049f3" member_type: VOTER last_known_addr { host: "127.10.216.1" port: 39455 }, Status: LMP_MISMATCH, Last received: 0.0, Next index: 2, Last known committed idx: 1, Time since last communication: 0.000s
I20260713 09:03:27.622874 11386 raft_consensus.cc:1275] T 29b28cd2df234c1aa84781d2d421c530 P 9b346f299bc041d9a108be8092a4a108 [term 2 FOLLOWER]: Refusing update from remote peer fb0d71d80a8a460b857e82ba3fab8cee: Log matching property violated. Preceding OpId in replica: term: 1 index: 1. Preceding OpId from leader: term: 2 index: 2. (index mismatch)
I20260713 09:03:27.624339 11522 consensus_queue.cc:1048] T 29b28cd2df234c1aa84781d2d421c530 P fb0d71d80a8a460b857e82ba3fab8cee [LEADER]: Connected to new peer: Peer: permanent_uuid: "9b346f299bc041d9a108be8092a4a108" member_type: VOTER last_known_addr { host: "127.10.216.3" port: 35433 }, Status: LMP_MISMATCH, Last received: 0.0, Next index: 2, Last known committed idx: 1, Time since last communication: 0.000s
I20260713 09:03:29.777479 11104 auto_leader_rebalancer-test.cc:320] The leader distribution is 
I20260713 09:03:29.778268 11104 auto_leader_rebalancer.cc:141] leader rebalance for table test-workload
I20260713 09:03:29.800602 11311 tablet_service.cc:2072] Received LeaderStepDown RPC: tablet_id: "5f01882f4f354595bbfcbe0bdc644185"
dest_uuid: "fb0d71d80a8a460b857e82ba3fab8cee"
mode: GRACEFUL
new_leader_uuid: "9b346f299bc041d9a108be8092a4a108"
 from {username='slave'} at 127.0.0.1:51314
I20260713 09:03:29.801128 11311 raft_consensus.cc:606] T 5f01882f4f354595bbfcbe0bdc644185 P fb0d71d80a8a460b857e82ba3fab8cee [term 1 LEADER]: Received request to transfer leadership to TS 9b346f299bc041d9a108be8092a4a108
I20260713 09:03:29.811262 11238 tablet_service.cc:2072] Received LeaderStepDown RPC: tablet_id: "63a3567e5c06400da03b5003f2728163"
dest_uuid: "f3ab4fc98bc1458ebca154059a3049f3"
mode: GRACEFUL
new_leader_uuid: "9b346f299bc041d9a108be8092a4a108"
 from {username='slave'} at 127.0.0.1:58938
I20260713 09:03:29.811770 11238 raft_consensus.cc:606] T 63a3567e5c06400da03b5003f2728163 P f3ab4fc98bc1458ebca154059a3049f3 [term 1 LEADER]: Received request to transfer leadership to TS 9b346f299bc041d9a108be8092a4a108
I20260713 09:03:29.812908 11104 auto_leader_rebalancer.cc:479] table: test-workload, leader rebalance finish, leader transfer count: 2
I20260713 09:03:29.813369 11104 auto_leader_rebalancer.cc:554] All tables' leader rebalancing finished this round
I20260713 09:03:30.165318 11535 raft_consensus.cc:993] T 5f01882f4f354595bbfcbe0bdc644185 P fb0d71d80a8a460b857e82ba3fab8cee: : Instructing follower 9b346f299bc041d9a108be8092a4a108 to start an election
I20260713 09:03:30.165762 11522 raft_consensus.cc:1081] T 5f01882f4f354595bbfcbe0bdc644185 P fb0d71d80a8a460b857e82ba3fab8cee [term 1 LEADER]: Signalling peer 9b346f299bc041d9a108be8092a4a108 to start an election
I20260713 09:03:30.167099 11386 tablet_service.cc:2044] Received Run Leader Election RPC: tablet_id: "5f01882f4f354595bbfcbe0bdc644185"
dest_uuid: "9b346f299bc041d9a108be8092a4a108"
 from {username='slave'} at 127.0.0.1:39582
I20260713 09:03:30.167593 11386 raft_consensus.cc:493] T 5f01882f4f354595bbfcbe0bdc644185 P 9b346f299bc041d9a108be8092a4a108 [term 1 FOLLOWER]: Starting forced leader election (received explicit request)
I20260713 09:03:30.167893 11386 raft_consensus.cc:3060] T 5f01882f4f354595bbfcbe0bdc644185 P 9b346f299bc041d9a108be8092a4a108 [term 1 FOLLOWER]: Advancing to term 2
I20260713 09:03:30.172252 11386 raft_consensus.cc:515] T 5f01882f4f354595bbfcbe0bdc644185 P 9b346f299bc041d9a108be8092a4a108 [term 2 FOLLOWER]: Starting forced leader election with config: opid_index: -1 OBSOLETE_local: false peers { permanent_uuid: "f3ab4fc98bc1458ebca154059a3049f3" member_type: VOTER last_known_addr { host: "127.10.216.1" port: 39455 } } peers { permanent_uuid: "fb0d71d80a8a460b857e82ba3fab8cee" member_type: VOTER last_known_addr { host: "127.10.216.2" port: 39853 } } peers { permanent_uuid: "9b346f299bc041d9a108be8092a4a108" member_type: VOTER last_known_addr { host: "127.10.216.3" port: 35433 } }
I20260713 09:03:30.173732 11386 leader_election.cc:290] T 5f01882f4f354595bbfcbe0bdc644185 P 9b346f299bc041d9a108be8092a4a108 [CANDIDATE]: Term 2 election: Requested vote from peers f3ab4fc98bc1458ebca154059a3049f3 (127.10.216.1:39455), fb0d71d80a8a460b857e82ba3fab8cee (127.10.216.2:39853)
I20260713 09:03:30.174531 11238 tablet_service.cc:1917] Received RequestConsensusVote() RPC: tablet_id: "5f01882f4f354595bbfcbe0bdc644185" candidate_uuid: "9b346f299bc041d9a108be8092a4a108" candidate_term: 2 candidate_status { last_received { term: 1 index: 1 } } ignore_live_leader: true dest_uuid: "f3ab4fc98bc1458ebca154059a3049f3"
I20260713 09:03:30.174813 11311 tablet_service.cc:1917] Received RequestConsensusVote() RPC: tablet_id: "5f01882f4f354595bbfcbe0bdc644185" candidate_uuid: "9b346f299bc041d9a108be8092a4a108" candidate_term: 2 candidate_status { last_received { term: 1 index: 1 } } ignore_live_leader: true dest_uuid: "fb0d71d80a8a460b857e82ba3fab8cee"
I20260713 09:03:30.175130 11238 raft_consensus.cc:3060] T 5f01882f4f354595bbfcbe0bdc644185 P f3ab4fc98bc1458ebca154059a3049f3 [term 1 FOLLOWER]: Advancing to term 2
I20260713 09:03:30.175403 11311 raft_consensus.cc:3055] T 5f01882f4f354595bbfcbe0bdc644185 P fb0d71d80a8a460b857e82ba3fab8cee [term 1 LEADER]: Stepping down as leader of term 1
I20260713 09:03:30.175736 11311 raft_consensus.cc:740] T 5f01882f4f354595bbfcbe0bdc644185 P fb0d71d80a8a460b857e82ba3fab8cee [term 1 LEADER]: Becoming Follower/Learner. State: Replica: fb0d71d80a8a460b857e82ba3fab8cee, State: Running, Role: LEADER
I20260713 09:03:30.176494 11311 consensus_queue.cc:260] T 5f01882f4f354595bbfcbe0bdc644185 P fb0d71d80a8a460b857e82ba3fab8cee [NON_LEADER]: Queue going to NON_LEADER mode. State: All replicated index: 0, Majority replicated index: 1, Committed index: 1, Last appended: 1.1, Last appended by leader: 1, Current term: 1, Majority size: -1, State: 0, Mode: NON_LEADER, active raft config: opid_index: -1 OBSOLETE_local: false peers { permanent_uuid: "f3ab4fc98bc1458ebca154059a3049f3" member_type: VOTER last_known_addr { host: "127.10.216.1" port: 39455 } } peers { permanent_uuid: "fb0d71d80a8a460b857e82ba3fab8cee" member_type: VOTER last_known_addr { host: "127.10.216.2" port: 39853 } } peers { permanent_uuid: "9b346f299bc041d9a108be8092a4a108" member_type: VOTER last_known_addr { host: "127.10.216.3" port: 35433 } }
I20260713 09:03:30.177649 11311 raft_consensus.cc:3060] T 5f01882f4f354595bbfcbe0bdc644185 P fb0d71d80a8a460b857e82ba3fab8cee [term 1 FOLLOWER]: Advancing to term 2
I20260713 09:03:30.181640 11238 raft_consensus.cc:2468] T 5f01882f4f354595bbfcbe0bdc644185 P f3ab4fc98bc1458ebca154059a3049f3 [term 2 FOLLOWER]: Leader election vote request: Granting yes vote for candidate 9b346f299bc041d9a108be8092a4a108 in term 2.
I20260713 09:03:30.182770 11353 leader_election.cc:304] T 5f01882f4f354595bbfcbe0bdc644185 P 9b346f299bc041d9a108be8092a4a108 [CANDIDATE]: Term 2 election: Election decided. Result: candidate won. Election summary: received 2 responses out of 3 voters: 2 yes votes; 0 no votes. yes voters: 9b346f299bc041d9a108be8092a4a108, f3ab4fc98bc1458ebca154059a3049f3; no voters: 
I20260713 09:03:30.183619 11478 raft_consensus.cc:2804] T 5f01882f4f354595bbfcbe0bdc644185 P 9b346f299bc041d9a108be8092a4a108 [term 2 FOLLOWER]: Leader election won for term 2
I20260713 09:03:30.183705 11311 raft_consensus.cc:2468] T 5f01882f4f354595bbfcbe0bdc644185 P fb0d71d80a8a460b857e82ba3fab8cee [term 2 FOLLOWER]: Leader election vote request: Granting yes vote for candidate 9b346f299bc041d9a108be8092a4a108 in term 2.
I20260713 09:03:30.184929 11478 raft_consensus.cc:697] T 5f01882f4f354595bbfcbe0bdc644185 P 9b346f299bc041d9a108be8092a4a108 [term 2 LEADER]: Becoming Leader. State: Replica: 9b346f299bc041d9a108be8092a4a108, State: Running, Role: LEADER
I20260713 09:03:30.185796 11478 consensus_queue.cc:237] T 5f01882f4f354595bbfcbe0bdc644185 P 9b346f299bc041d9a108be8092a4a108 [LEADER]: Queue going to LEADER mode. State: All replicated index: 0, Majority replicated index: 1, Committed index: 1, Last appended: 1.1, Last appended by leader: 1, Current term: 2, Majority size: 2, State: 0, Mode: LEADER, active raft config: opid_index: -1 OBSOLETE_local: false peers { permanent_uuid: "f3ab4fc98bc1458ebca154059a3049f3" member_type: VOTER last_known_addr { host: "127.10.216.1" port: 39455 } } peers { permanent_uuid: "fb0d71d80a8a460b857e82ba3fab8cee" member_type: VOTER last_known_addr { host: "127.10.216.2" port: 39853 } } peers { permanent_uuid: "9b346f299bc041d9a108be8092a4a108" member_type: VOTER last_known_addr { host: "127.10.216.3" port: 35433 } }
I20260713 09:03:30.194267 11134 catalog_manager.cc:5697] T 5f01882f4f354595bbfcbe0bdc644185 P 9b346f299bc041d9a108be8092a4a108 reported cstate change: term changed from 1 to 2, leader changed from fb0d71d80a8a460b857e82ba3fab8cee (127.10.216.2) to 9b346f299bc041d9a108be8092a4a108 (127.10.216.3). New cstate: current_term: 2 leader_uuid: "9b346f299bc041d9a108be8092a4a108" committed_config { opid_index: -1 OBSOLETE_local: false peers { permanent_uuid: "f3ab4fc98bc1458ebca154059a3049f3" member_type: VOTER last_known_addr { host: "127.10.216.1" port: 39455 } health_report { overall_health: UNKNOWN } } peers { permanent_uuid: "fb0d71d80a8a460b857e82ba3fab8cee" member_type: VOTER last_known_addr { host: "127.10.216.2" port: 39853 } health_report { overall_health: UNKNOWN } } peers { permanent_uuid: "9b346f299bc041d9a108be8092a4a108" member_type: VOTER last_known_addr { host: "127.10.216.3" port: 35433 } health_report { overall_health: HEALTHY } } }
I20260713 09:03:30.212791 11534 raft_consensus.cc:993] T 63a3567e5c06400da03b5003f2728163 P f3ab4fc98bc1458ebca154059a3049f3: : Instructing follower 9b346f299bc041d9a108be8092a4a108 to start an election
I20260713 09:03:30.213162 11530 raft_consensus.cc:1081] T 63a3567e5c06400da03b5003f2728163 P f3ab4fc98bc1458ebca154059a3049f3 [term 1 LEADER]: Signalling peer 9b346f299bc041d9a108be8092a4a108 to start an election
I20260713 09:03:30.214453 11386 tablet_service.cc:2044] Received Run Leader Election RPC: tablet_id: "63a3567e5c06400da03b5003f2728163"
dest_uuid: "9b346f299bc041d9a108be8092a4a108"
 from {username='slave'} at 127.0.0.1:39580
I20260713 09:03:30.214825 11386 raft_consensus.cc:493] T 63a3567e5c06400da03b5003f2728163 P 9b346f299bc041d9a108be8092a4a108 [term 1 FOLLOWER]: Starting forced leader election (received explicit request)
I20260713 09:03:30.215059 11386 raft_consensus.cc:3060] T 63a3567e5c06400da03b5003f2728163 P 9b346f299bc041d9a108be8092a4a108 [term 1 FOLLOWER]: Advancing to term 2
I20260713 09:03:30.219079 11386 raft_consensus.cc:515] T 63a3567e5c06400da03b5003f2728163 P 9b346f299bc041d9a108be8092a4a108 [term 2 FOLLOWER]: Starting forced leader election with config: opid_index: -1 OBSOLETE_local: false peers { permanent_uuid: "f3ab4fc98bc1458ebca154059a3049f3" member_type: VOTER last_known_addr { host: "127.10.216.1" port: 39455 } } peers { permanent_uuid: "9b346f299bc041d9a108be8092a4a108" member_type: VOTER last_known_addr { host: "127.10.216.3" port: 35433 } } peers { permanent_uuid: "fb0d71d80a8a460b857e82ba3fab8cee" member_type: VOTER last_known_addr { host: "127.10.216.2" port: 39853 } }
I20260713 09:03:30.220597 11386 leader_election.cc:290] T 63a3567e5c06400da03b5003f2728163 P 9b346f299bc041d9a108be8092a4a108 [CANDIDATE]: Term 2 election: Requested vote from peers f3ab4fc98bc1458ebca154059a3049f3 (127.10.216.1:39455), fb0d71d80a8a460b857e82ba3fab8cee (127.10.216.2:39853)
I20260713 09:03:30.221285 11238 tablet_service.cc:1917] Received RequestConsensusVote() RPC: tablet_id: "63a3567e5c06400da03b5003f2728163" candidate_uuid: "9b346f299bc041d9a108be8092a4a108" candidate_term: 2 candidate_status { last_received { term: 1 index: 1 } } ignore_live_leader: true dest_uuid: "f3ab4fc98bc1458ebca154059a3049f3"
I20260713 09:03:30.221570 11311 tablet_service.cc:1917] Received RequestConsensusVote() RPC: tablet_id: "63a3567e5c06400da03b5003f2728163" candidate_uuid: "9b346f299bc041d9a108be8092a4a108" candidate_term: 2 candidate_status { last_received { term: 1 index: 1 } } ignore_live_leader: true dest_uuid: "fb0d71d80a8a460b857e82ba3fab8cee"
I20260713 09:03:30.221825 11238 raft_consensus.cc:3055] T 63a3567e5c06400da03b5003f2728163 P f3ab4fc98bc1458ebca154059a3049f3 [term 1 LEADER]: Stepping down as leader of term 1
I20260713 09:03:30.222096 11311 raft_consensus.cc:3060] T 63a3567e5c06400da03b5003f2728163 P fb0d71d80a8a460b857e82ba3fab8cee [term 1 FOLLOWER]: Advancing to term 2
I20260713 09:03:30.222136 11238 raft_consensus.cc:740] T 63a3567e5c06400da03b5003f2728163 P f3ab4fc98bc1458ebca154059a3049f3 [term 1 LEADER]: Becoming Follower/Learner. State: Replica: f3ab4fc98bc1458ebca154059a3049f3, State: Running, Role: LEADER
I20260713 09:03:30.222954 11238 consensus_queue.cc:260] T 63a3567e5c06400da03b5003f2728163 P f3ab4fc98bc1458ebca154059a3049f3 [NON_LEADER]: Queue going to NON_LEADER mode. State: All replicated index: 0, Majority replicated index: 1, Committed index: 1, Last appended: 1.1, Last appended by leader: 1, Current term: 1, Majority size: -1, State: 0, Mode: NON_LEADER, active raft config: opid_index: -1 OBSOLETE_local: false peers { permanent_uuid: "f3ab4fc98bc1458ebca154059a3049f3" member_type: VOTER last_known_addr { host: "127.10.216.1" port: 39455 } } peers { permanent_uuid: "9b346f299bc041d9a108be8092a4a108" member_type: VOTER last_known_addr { host: "127.10.216.3" port: 35433 } } peers { permanent_uuid: "fb0d71d80a8a460b857e82ba3fab8cee" member_type: VOTER last_known_addr { host: "127.10.216.2" port: 39853 } }
I20260713 09:03:30.223856 11238 raft_consensus.cc:3060] T 63a3567e5c06400da03b5003f2728163 P f3ab4fc98bc1458ebca154059a3049f3 [term 1 FOLLOWER]: Advancing to term 2
I20260713 09:03:30.226402 11311 raft_consensus.cc:2468] T 63a3567e5c06400da03b5003f2728163 P fb0d71d80a8a460b857e82ba3fab8cee [term 2 FOLLOWER]: Leader election vote request: Granting yes vote for candidate 9b346f299bc041d9a108be8092a4a108 in term 2.
I20260713 09:03:30.227324 11352 leader_election.cc:304] T 63a3567e5c06400da03b5003f2728163 P 9b346f299bc041d9a108be8092a4a108 [CANDIDATE]: Term 2 election: Election decided. Result: candidate won. Election summary: received 2 responses out of 3 voters: 2 yes votes; 0 no votes. yes voters: 9b346f299bc041d9a108be8092a4a108, fb0d71d80a8a460b857e82ba3fab8cee; no voters: 
I20260713 09:03:30.227946 11478 raft_consensus.cc:2804] T 63a3567e5c06400da03b5003f2728163 P 9b346f299bc041d9a108be8092a4a108 [term 2 FOLLOWER]: Leader election won for term 2
I20260713 09:03:30.228085 11238 raft_consensus.cc:2468] T 63a3567e5c06400da03b5003f2728163 P f3ab4fc98bc1458ebca154059a3049f3 [term 2 FOLLOWER]: Leader election vote request: Granting yes vote for candidate 9b346f299bc041d9a108be8092a4a108 in term 2.
I20260713 09:03:30.228432 11478 raft_consensus.cc:697] T 63a3567e5c06400da03b5003f2728163 P 9b346f299bc041d9a108be8092a4a108 [term 2 LEADER]: Becoming Leader. State: Replica: 9b346f299bc041d9a108be8092a4a108, State: Running, Role: LEADER
I20260713 09:03:30.229240 11478 consensus_queue.cc:237] T 63a3567e5c06400da03b5003f2728163 P 9b346f299bc041d9a108be8092a4a108 [LEADER]: Queue going to LEADER mode. State: All replicated index: 0, Majority replicated index: 1, Committed index: 1, Last appended: 1.1, Last appended by leader: 1, Current term: 2, Majority size: 2, State: 0, Mode: LEADER, active raft config: opid_index: -1 OBSOLETE_local: false peers { permanent_uuid: "f3ab4fc98bc1458ebca154059a3049f3" member_type: VOTER last_known_addr { host: "127.10.216.1" port: 39455 } } peers { permanent_uuid: "9b346f299bc041d9a108be8092a4a108" member_type: VOTER last_known_addr { host: "127.10.216.3" port: 35433 } } peers { permanent_uuid: "fb0d71d80a8a460b857e82ba3fab8cee" member_type: VOTER last_known_addr { host: "127.10.216.2" port: 39853 } }
I20260713 09:03:30.236584 11134 catalog_manager.cc:5697] T 63a3567e5c06400da03b5003f2728163 P 9b346f299bc041d9a108be8092a4a108 reported cstate change: term changed from 1 to 2, leader changed from f3ab4fc98bc1458ebca154059a3049f3 (127.10.216.1) to 9b346f299bc041d9a108be8092a4a108 (127.10.216.3). New cstate: current_term: 2 leader_uuid: "9b346f299bc041d9a108be8092a4a108" committed_config { opid_index: -1 OBSOLETE_local: false peers { permanent_uuid: "f3ab4fc98bc1458ebca154059a3049f3" member_type: VOTER last_known_addr { host: "127.10.216.1" port: 39455 } health_report { overall_health: UNKNOWN } } peers { permanent_uuid: "9b346f299bc041d9a108be8092a4a108" member_type: VOTER last_known_addr { host: "127.10.216.3" port: 35433 } health_report { overall_health: HEALTHY } } peers { permanent_uuid: "fb0d71d80a8a460b857e82ba3fab8cee" member_type: VOTER last_known_addr { host: "127.10.216.2" port: 39853 } health_report { overall_health: UNKNOWN } } }
I20260713 09:03:30.593132 11311 raft_consensus.cc:1275] T 5f01882f4f354595bbfcbe0bdc644185 P fb0d71d80a8a460b857e82ba3fab8cee [term 2 FOLLOWER]: Refusing update from remote peer 9b346f299bc041d9a108be8092a4a108: Log matching property violated. Preceding OpId in replica: term: 1 index: 1. Preceding OpId from leader: term: 2 index: 2. (index mismatch)
I20260713 09:03:30.594326 11478 consensus_queue.cc:1048] T 5f01882f4f354595bbfcbe0bdc644185 P 9b346f299bc041d9a108be8092a4a108 [LEADER]: Connected to new peer: Peer: permanent_uuid: "fb0d71d80a8a460b857e82ba3fab8cee" member_type: VOTER last_known_addr { host: "127.10.216.2" port: 39853 }, Status: LMP_MISMATCH, Last received: 0.0, Next index: 2, Last known committed idx: 1, Time since last communication: 0.000s
