I20260713 09:03:35.515898  6427 leader_election.cc:304] T fdacae3321834fbab5ad7917798b5ceb P 86a57dab220b442d8c91911eaff57c10 [CANDIDATE]: Term 2 election: Election decided. Result: candidate won. Election summary: received 2 responses out of 3 voters: 2 yes votes; 0 no votes. yes voters: 5a34ee1e31864c30acc3bc070df5526d, 86a57dab220b442d8c91911eaff57c10; no voters: 
I20260713 09:03:35.516541  6535 raft_consensus.cc:2468] T fdacae3321834fbab5ad7917798b5ceb P d8a2a2ebb82741a2864fdef62efa35b6 [term 2 FOLLOWER]: Leader election vote request: Granting yes vote for candidate 86a57dab220b442d8c91911eaff57c10 in term 2.
I20260713 09:03:35.516707  6584 raft_consensus.cc:2804] T fdacae3321834fbab5ad7917798b5ceb P 86a57dab220b442d8c91911eaff57c10 [term 2 FOLLOWER]: Leader election won for term 2
I20260713 09:03:35.517155  6584 raft_consensus.cc:697] T fdacae3321834fbab5ad7917798b5ceb P 86a57dab220b442d8c91911eaff57c10 [term 2 LEADER]: Becoming Leader. State: Replica: 86a57dab220b442d8c91911eaff57c10, State: Running, Role: LEADER
I20260713 09:03:35.517922  6584 consensus_queue.cc:237] T fdacae3321834fbab5ad7917798b5ceb P 86a57dab220b442d8c91911eaff57c10 [LEADER]: Queue going to LEADER mode. State: All replicated index: 0, Majority replicated index: 1, Committed index: 1, Last appended: 1.1, Last appended by leader: 1, Current term: 2, Majority size: 2, State: 0, Mode: LEADER, active raft config: opid_index: -1 OBSOLETE_local: false peers { permanent_uuid: "5a34ee1e31864c30acc3bc070df5526d" member_type: VOTER last_known_addr { host: "127.5.162.193" port: 45709 } } peers { permanent_uuid: "86a57dab220b442d8c91911eaff57c10" member_type: VOTER last_known_addr { host: "127.5.162.194" port: 40817 } } peers { permanent_uuid: "d8a2a2ebb82741a2864fdef62efa35b6" member_type: VOTER last_known_addr { host: "127.5.162.195" port: 41575 } }
I20260713 09:03:35.524246  6286 catalog_manager.cc:5697] T fdacae3321834fbab5ad7917798b5ceb P 86a57dab220b442d8c91911eaff57c10 reported cstate change: term changed from 1 to 2, leader changed from 5a34ee1e31864c30acc3bc070df5526d (127.5.162.193) to 86a57dab220b442d8c91911eaff57c10 (127.5.162.194). New cstate: current_term: 2 leader_uuid: "86a57dab220b442d8c91911eaff57c10" committed_config { opid_index: -1 OBSOLETE_local: false peers { permanent_uuid: "5a34ee1e31864c30acc3bc070df5526d" member_type: VOTER last_known_addr { host: "127.5.162.193" port: 45709 } health_report { overall_health: UNKNOWN } } peers { permanent_uuid: "86a57dab220b442d8c91911eaff57c10" member_type: VOTER last_known_addr { host: "127.5.162.194" port: 40817 } health_report { overall_health: HEALTHY } } peers { permanent_uuid: "d8a2a2ebb82741a2864fdef62efa35b6" member_type: VOTER last_known_addr { host: "127.5.162.195" port: 41575 } health_report { overall_health: UNKNOWN } } }
I20260713 09:03:35.561285  6584 consensus_queue.cc:1048] T 69766e19219a46a2b86d4de5628bef2b P 86a57dab220b442d8c91911eaff57c10 [LEADER]: Connected to new peer: Peer: permanent_uuid: "5a34ee1e31864c30acc3bc070df5526d" member_type: VOTER last_known_addr { host: "127.5.162.193" port: 45709 }, Status: LMP_MISMATCH, Last received: 0.0, Next index: 1, Last known committed idx: 0, Time since last communication: 0.000s
I20260713 09:03:35.568665  6622 consensus_queue.cc:1048] T a446129f669e4c729078c5909d5f58c0 P 5a34ee1e31864c30acc3bc070df5526d [LEADER]: Connected to new peer: Peer: permanent_uuid: "86a57dab220b442d8c91911eaff57c10" member_type: VOTER last_known_addr { host: "127.5.162.194" port: 40817 }, Status: LMP_MISMATCH, Last received: 0.0, Next index: 1, Last known committed idx: 0, Time since last communication: 0.000s
I20260713 09:03:35.571159  6584 consensus_queue.cc:1048] T 69766e19219a46a2b86d4de5628bef2b P 86a57dab220b442d8c91911eaff57c10 [LEADER]: Connected to new peer: Peer: permanent_uuid: "d8a2a2ebb82741a2864fdef62efa35b6" member_type: VOTER last_known_addr { host: "127.5.162.195" port: 41575 }, Status: LMP_MISMATCH, Last received: 0.0, Next index: 1, Last known committed idx: 0, Time since last communication: 0.000s
I20260713 09:03:35.581135  6582 consensus_queue.cc:1048] T a446129f669e4c729078c5909d5f58c0 P 5a34ee1e31864c30acc3bc070df5526d [LEADER]: Connected to new peer: Peer: permanent_uuid: "d8a2a2ebb82741a2864fdef62efa35b6" member_type: VOTER last_known_addr { host: "127.5.162.195" port: 41575 }, Status: LMP_MISMATCH, Last received: 0.0, Next index: 1, Last known committed idx: 0, Time since last communication: 0.000s
I20260713 09:03:35.607329  6582 consensus_queue.cc:1048] T 238d76f405ea437483689b903a012b8a P 5a34ee1e31864c30acc3bc070df5526d [LEADER]: Connected to new peer: Peer: permanent_uuid: "86a57dab220b442d8c91911eaff57c10" member_type: VOTER last_known_addr { host: "127.5.162.194" port: 40817 }, Status: LMP_MISMATCH, Last received: 0.0, Next index: 1, Last known committed idx: 0, Time since last communication: 0.000s
I20260713 09:03:35.616650  6622 consensus_queue.cc:1048] T 238d76f405ea437483689b903a012b8a P 5a34ee1e31864c30acc3bc070df5526d [LEADER]: Connected to new peer: Peer: permanent_uuid: "d8a2a2ebb82741a2864fdef62efa35b6" member_type: VOTER last_known_addr { host: "127.5.162.195" port: 41575 }, Status: LMP_MISMATCH, Last received: 0.0, Next index: 1, Last known committed idx: 0, Time since last communication: 0.000s
I20260713 09:03:35.675650  6584 raft_consensus.cc:993] T c2eabf8b15ae4d48bd50c92349eb96f1 P 86a57dab220b442d8c91911eaff57c10: : Instructing follower 5a34ee1e31864c30acc3bc070df5526d to start an election
I20260713 09:03:35.676038  6653 raft_consensus.cc:1081] T c2eabf8b15ae4d48bd50c92349eb96f1 P 86a57dab220b442d8c91911eaff57c10 [term 1 LEADER]: Signalling peer 5a34ee1e31864c30acc3bc070df5526d to start an election
I20260713 09:03:35.677300  6388 tablet_service.cc:2044] Received Run Leader Election RPC: tablet_id: "c2eabf8b15ae4d48bd50c92349eb96f1"
dest_uuid: "5a34ee1e31864c30acc3bc070df5526d"
 from {username='slave'} at 127.0.0.1:43294
I20260713 09:03:35.677760  6388 raft_consensus.cc:493] T c2eabf8b15ae4d48bd50c92349eb96f1 P 5a34ee1e31864c30acc3bc070df5526d [term 1 FOLLOWER]: Starting forced leader election (received explicit request)
I20260713 09:03:35.678038  6388 raft_consensus.cc:3060] T c2eabf8b15ae4d48bd50c92349eb96f1 P 5a34ee1e31864c30acc3bc070df5526d [term 1 FOLLOWER]: Advancing to term 2
I20260713 09:03:35.682542  6388 raft_consensus.cc:515] T c2eabf8b15ae4d48bd50c92349eb96f1 P 5a34ee1e31864c30acc3bc070df5526d [term 2 FOLLOWER]: Starting forced leader election with config: opid_index: -1 OBSOLETE_local: false peers { permanent_uuid: "5a34ee1e31864c30acc3bc070df5526d" member_type: VOTER last_known_addr { host: "127.5.162.193" port: 45709 } } peers { permanent_uuid: "86a57dab220b442d8c91911eaff57c10" member_type: VOTER last_known_addr { host: "127.5.162.194" port: 40817 } } peers { permanent_uuid: "d8a2a2ebb82741a2864fdef62efa35b6" member_type: VOTER last_known_addr { host: "127.5.162.195" port: 41575 } }
I20260713 09:03:35.683493  6653 consensus_queue.cc:1048] T a82df84bc45642d087c51774cfa3863a P 86a57dab220b442d8c91911eaff57c10 [LEADER]: Connected to new peer: Peer: permanent_uuid: "5a34ee1e31864c30acc3bc070df5526d" member_type: VOTER last_known_addr { host: "127.5.162.193" port: 45709 }, Status: LMP_MISMATCH, Last received: 0.0, Next index: 1, Last known committed idx: 0, Time since last communication: 0.000s
I20260713 09:03:35.684152  6388 leader_election.cc:290] T c2eabf8b15ae4d48bd50c92349eb96f1 P 5a34ee1e31864c30acc3bc070df5526d [CANDIDATE]: Term 2 election: Requested vote from peers 86a57dab220b442d8c91911eaff57c10 (127.5.162.194:40817), d8a2a2ebb82741a2864fdef62efa35b6 (127.5.162.195:41575)
I20260713 09:03:35.684900  6462 tablet_service.cc:1917] Received RequestConsensusVote() RPC: tablet_id: "c2eabf8b15ae4d48bd50c92349eb96f1" candidate_uuid: "5a34ee1e31864c30acc3bc070df5526d" candidate_term: 2 candidate_status { last_received { term: 1 index: 1 } } ignore_live_leader: true dest_uuid: "86a57dab220b442d8c91911eaff57c10"
I20260713 09:03:35.685148  6536 tablet_service.cc:1917] Received RequestConsensusVote() RPC: tablet_id: "c2eabf8b15ae4d48bd50c92349eb96f1" candidate_uuid: "5a34ee1e31864c30acc3bc070df5526d" candidate_term: 2 candidate_status { last_received { term: 1 index: 1 } } ignore_live_leader: true dest_uuid: "d8a2a2ebb82741a2864fdef62efa35b6"
I20260713 09:03:35.685559  6462 raft_consensus.cc:3055] T c2eabf8b15ae4d48bd50c92349eb96f1 P 86a57dab220b442d8c91911eaff57c10 [term 1 LEADER]: Stepping down as leader of term 1
I20260713 09:03:35.685624  6536 raft_consensus.cc:3060] T c2eabf8b15ae4d48bd50c92349eb96f1 P d8a2a2ebb82741a2864fdef62efa35b6 [term 1 FOLLOWER]: Advancing to term 2
I20260713 09:03:35.685941  6462 raft_consensus.cc:740] T c2eabf8b15ae4d48bd50c92349eb96f1 P 86a57dab220b442d8c91911eaff57c10 [term 1 LEADER]: Becoming Follower/Learner. State: Replica: 86a57dab220b442d8c91911eaff57c10, State: Running, Role: LEADER
I20260713 09:03:35.688035  6462 consensus_queue.cc:260] T c2eabf8b15ae4d48bd50c92349eb96f1 P 86a57dab220b442d8c91911eaff57c10 [NON_LEADER]: Queue going to NON_LEADER mode. State: All replicated index: 0, Majority replicated index: 1, Committed index: 1, Last appended: 1.1, Last appended by leader: 1, Current term: 1, Majority size: -1, State: 0, Mode: NON_LEADER, active raft config: opid_index: -1 OBSOLETE_local: false peers { permanent_uuid: "5a34ee1e31864c30acc3bc070df5526d" member_type: VOTER last_known_addr { host: "127.5.162.193" port: 45709 } } peers { permanent_uuid: "86a57dab220b442d8c91911eaff57c10" member_type: VOTER last_known_addr { host: "127.5.162.194" port: 40817 } } peers { permanent_uuid: "d8a2a2ebb82741a2864fdef62efa35b6" member_type: VOTER last_known_addr { host: "127.5.162.195" port: 41575 } }
I20260713 09:03:35.689347  6462 raft_consensus.cc:3060] T c2eabf8b15ae4d48bd50c92349eb96f1 P 86a57dab220b442d8c91911eaff57c10 [term 1 FOLLOWER]: Advancing to term 2
I20260713 09:03:35.692719  6536 raft_consensus.cc:2468] T c2eabf8b15ae4d48bd50c92349eb96f1 P d8a2a2ebb82741a2864fdef62efa35b6 [term 2 FOLLOWER]: Leader election vote request: Granting yes vote for candidate 5a34ee1e31864c30acc3bc070df5526d in term 2.
I20260713 09:03:35.696013  6584 consensus_queue.cc:1048] T a82df84bc45642d087c51774cfa3863a P 86a57dab220b442d8c91911eaff57c10 [LEADER]: Connected to new peer: Peer: permanent_uuid: "d8a2a2ebb82741a2864fdef62efa35b6" member_type: VOTER last_known_addr { host: "127.5.162.195" port: 41575 }, Status: LMP_MISMATCH, Last received: 0.0, Next index: 1, Last known committed idx: 0, Time since last communication: 0.000s
I20260713 09:03:35.696041  6462 raft_consensus.cc:2468] T c2eabf8b15ae4d48bd50c92349eb96f1 P 86a57dab220b442d8c91911eaff57c10 [term 2 FOLLOWER]: Leader election vote request: Granting yes vote for candidate 5a34ee1e31864c30acc3bc070df5526d in term 2.
I20260713 09:03:35.696729  6352 leader_election.cc:304] T c2eabf8b15ae4d48bd50c92349eb96f1 P 5a34ee1e31864c30acc3bc070df5526d [CANDIDATE]: Term 2 election: Election decided. Result: candidate won. Election summary: received 2 responses out of 3 voters: 2 yes votes; 0 no votes. yes voters: 5a34ee1e31864c30acc3bc070df5526d, d8a2a2ebb82741a2864fdef62efa35b6; no voters: 
I20260713 09:03:35.697532  6622 raft_consensus.cc:2804] T c2eabf8b15ae4d48bd50c92349eb96f1 P 5a34ee1e31864c30acc3bc070df5526d [term 2 FOLLOWER]: Leader election won for term 2
I20260713 09:03:35.697973  6622 raft_consensus.cc:697] T c2eabf8b15ae4d48bd50c92349eb96f1 P 5a34ee1e31864c30acc3bc070df5526d [term 2 LEADER]: Becoming Leader. State: Replica: 5a34ee1e31864c30acc3bc070df5526d, State: Running, Role: LEADER
I20260713 09:03:35.698778  6622 consensus_queue.cc:237] T c2eabf8b15ae4d48bd50c92349eb96f1 P 5a34ee1e31864c30acc3bc070df5526d [LEADER]: Queue going to LEADER mode. State: All replicated index: 0, Majority replicated index: 1, Committed index: 1, Last appended: 1.1, Last appended by leader: 1, Current term: 2, Majority size: 2, State: 0, Mode: LEADER, active raft config: opid_index: -1 OBSOLETE_local: false peers { permanent_uuid: "5a34ee1e31864c30acc3bc070df5526d" member_type: VOTER last_known_addr { host: "127.5.162.193" port: 45709 } } peers { permanent_uuid: "86a57dab220b442d8c91911eaff57c10" member_type: VOTER last_known_addr { host: "127.5.162.194" port: 40817 } } peers { permanent_uuid: "d8a2a2ebb82741a2864fdef62efa35b6" member_type: VOTER last_known_addr { host: "127.5.162.195" port: 41575 } }
I20260713 09:03:35.707926  6284 catalog_manager.cc:5697] T c2eabf8b15ae4d48bd50c92349eb96f1 P 5a34ee1e31864c30acc3bc070df5526d reported cstate change: term changed from 1 to 2, leader changed from 86a57dab220b442d8c91911eaff57c10 (127.5.162.194) to 5a34ee1e31864c30acc3bc070df5526d (127.5.162.193). New cstate: current_term: 2 leader_uuid: "5a34ee1e31864c30acc3bc070df5526d" committed_config { opid_index: -1 OBSOLETE_local: false peers { permanent_uuid: "5a34ee1e31864c30acc3bc070df5526d" member_type: VOTER last_known_addr { host: "127.5.162.193" port: 45709 } health_report { overall_health: HEALTHY } } peers { permanent_uuid: "86a57dab220b442d8c91911eaff57c10" member_type: VOTER last_known_addr { host: "127.5.162.194" port: 40817 } health_report { overall_health: UNKNOWN } } peers { permanent_uuid: "d8a2a2ebb82741a2864fdef62efa35b6" member_type: VOTER last_known_addr { host: "127.5.162.195" port: 41575 } health_report { overall_health: UNKNOWN } } }
I20260713 09:03:35.761778  6622 consensus_queue.cc:1048] T 13be192a4c7b4a3c837625bdf2f7ca6e P 5a34ee1e31864c30acc3bc070df5526d [LEADER]: Connected to new peer: Peer: permanent_uuid: "d8a2a2ebb82741a2864fdef62efa35b6" member_type: VOTER last_known_addr { host: "127.5.162.195" port: 41575 }, Status: LMP_MISMATCH, Last received: 0.0, Next index: 1, Last known committed idx: 0, Time since last communication: 0.000s
I20260713 09:03:35.767550  6582 raft_consensus.cc:993] T 13be192a4c7b4a3c837625bdf2f7ca6e P 5a34ee1e31864c30acc3bc070df5526d: : Instructing follower d8a2a2ebb82741a2864fdef62efa35b6 to start an election
I20260713 09:03:35.768018  6617 raft_consensus.cc:1081] T 13be192a4c7b4a3c837625bdf2f7ca6e P 5a34ee1e31864c30acc3bc070df5526d [term 1 LEADER]: Signalling peer d8a2a2ebb82741a2864fdef62efa35b6 to start an election
I20260713 09:03:35.769559  6535 tablet_service.cc:2044] Received Run Leader Election RPC: tablet_id: "13be192a4c7b4a3c837625bdf2f7ca6e"
dest_uuid: "d8a2a2ebb82741a2864fdef62efa35b6"
 from {username='slave'} at 127.0.0.1:39784
I20260713 09:03:35.770949  6535 raft_consensus.cc:493] T 13be192a4c7b4a3c837625bdf2f7ca6e P d8a2a2ebb82741a2864fdef62efa35b6 [term 1 FOLLOWER]: Starting forced leader election (received explicit request)
I20260713 09:03:35.771311  6535 raft_consensus.cc:3060] T 13be192a4c7b4a3c837625bdf2f7ca6e P d8a2a2ebb82741a2864fdef62efa35b6 [term 1 FOLLOWER]: Advancing to term 2
I20260713 09:03:35.772851  6622 consensus_queue.cc:1048] T 13be192a4c7b4a3c837625bdf2f7ca6e P 5a34ee1e31864c30acc3bc070df5526d [LEADER]: Connected to new peer: Peer: permanent_uuid: "86a57dab220b442d8c91911eaff57c10" member_type: VOTER last_known_addr { host: "127.5.162.194" port: 40817 }, Status: LMP_MISMATCH, Last received: 0.0, Next index: 1, Last known committed idx: 0, Time since last communication: 0.000s
I20260713 09:03:35.777809  6535 raft_consensus.cc:515] T 13be192a4c7b4a3c837625bdf2f7ca6e P d8a2a2ebb82741a2864fdef62efa35b6 [term 2 FOLLOWER]: Starting forced leader election with config: opid_index: -1 OBSOLETE_local: false peers { permanent_uuid: "5a34ee1e31864c30acc3bc070df5526d" member_type: VOTER last_known_addr { host: "127.5.162.193" port: 45709 } } peers { permanent_uuid: "86a57dab220b442d8c91911eaff57c10" member_type: VOTER last_known_addr { host: "127.5.162.194" port: 40817 } } peers { permanent_uuid: "d8a2a2ebb82741a2864fdef62efa35b6" member_type: VOTER last_known_addr { host: "127.5.162.195" port: 41575 } }
I20260713 09:03:35.780006  6535 leader_election.cc:290] T 13be192a4c7b4a3c837625bdf2f7ca6e P d8a2a2ebb82741a2864fdef62efa35b6 [CANDIDATE]: Term 2 election: Requested vote from peers 5a34ee1e31864c30acc3bc070df5526d (127.5.162.193:45709), 86a57dab220b442d8c91911eaff57c10 (127.5.162.194:40817)
I20260713 09:03:35.780630  6463 tablet_service.cc:1917] Received RequestConsensusVote() RPC: tablet_id: "13be192a4c7b4a3c837625bdf2f7ca6e" candidate_uuid: "d8a2a2ebb82741a2864fdef62efa35b6" candidate_term: 2 candidate_status { last_received { term: 1 index: 1 } } ignore_live_leader: true dest_uuid: "86a57dab220b442d8c91911eaff57c10"
I20260713 09:03:35.781167  6463 raft_consensus.cc:3060] T 13be192a4c7b4a3c837625bdf2f7ca6e P 86a57dab220b442d8c91911eaff57c10 [term 1 FOLLOWER]: Advancing to term 2
I20260713 09:03:35.786211  6463 raft_consensus.cc:2468] T 13be192a4c7b4a3c837625bdf2f7ca6e P 86a57dab220b442d8c91911eaff57c10 [term 2 FOLLOWER]: Leader election vote request: Granting yes vote for candidate d8a2a2ebb82741a2864fdef62efa35b6 in term 2.
I20260713 09:03:35.786312  6587 consensus_queue.cc:1048] T cf1f1c09488f4d1eac30a909ed230eab P d8a2a2ebb82741a2864fdef62efa35b6 [LEADER]: Connected to new peer: Peer: permanent_uuid: "86a57dab220b442d8c91911eaff57c10" member_type: VOTER last_known_addr { host: "127.5.162.194" port: 40817 }, Status: LMP_MISMATCH, Last received: 0.0, Next index: 1, Last known committed idx: 0, Time since last communication: 0.000s
I20260713 09:03:35.788174  6500 leader_election.cc:304] T 13be192a4c7b4a3c837625bdf2f7ca6e P d8a2a2ebb82741a2864fdef62efa35b6 [CANDIDATE]: Term 2 election: Election decided. Result: candidate won. Election summary: received 2 responses out of 3 voters: 2 yes votes; 0 no votes. yes voters: 86a57dab220b442d8c91911eaff57c10, d8a2a2ebb82741a2864fdef62efa35b6; no voters: 
I20260713 09:03:35.788959  6587 raft_consensus.cc:2804] T 13be192a4c7b4a3c837625bdf2f7ca6e P d8a2a2ebb82741a2864fdef62efa35b6 [term 2 FOLLOWER]: Leader election won for term 2
I20260713 09:03:35.789397  6587 raft_consensus.cc:697] T 13be192a4c7b4a3c837625bdf2f7ca6e P d8a2a2ebb82741a2864fdef62efa35b6 [term 2 LEADER]: Becoming Leader. State: Replica: d8a2a2ebb82741a2864fdef62efa35b6, State: Running, Role: LEADER
I20260713 09:03:35.789620  6388 tablet_service.cc:1917] Received RequestConsensusVote() RPC: tablet_id: "13be192a4c7b4a3c837625bdf2f7ca6e" candidate_uuid: "d8a2a2ebb82741a2864fdef62efa35b6" candidate_term: 2 candidate_status { last_received { term: 1 index: 1 } } ignore_live_leader: true dest_uuid: "5a34ee1e31864c30acc3bc070df5526d"
I20260713 09:03:35.790185  6388 raft_consensus.cc:3055] T 13be192a4c7b4a3c837625bdf2f7ca6e P 5a34ee1e31864c30acc3bc070df5526d [term 1 LEADER]: Stepping down as leader of term 1
I20260713 09:03:35.790108  6587 consensus_queue.cc:237] T 13be192a4c7b4a3c837625bdf2f7ca6e P d8a2a2ebb82741a2864fdef62efa35b6 [LEADER]: Queue going to LEADER mode. State: All replicated index: 0, Majority replicated index: 1, Committed index: 1, Last appended: 1.1, Last appended by leader: 1, Current term: 2, Majority size: 2, State: 0, Mode: LEADER, active raft config: opid_index: -1 OBSOLETE_local: false peers { permanent_uuid: "5a34ee1e31864c30acc3bc070df5526d" member_type: VOTER last_known_addr { host: "127.5.162.193" port: 45709 } } peers { permanent_uuid: "86a57dab220b442d8c91911eaff57c10" member_type: VOTER last_known_addr { host: "127.5.162.194" port: 40817 } } peers { permanent_uuid: "d8a2a2ebb82741a2864fdef62efa35b6" member_type: VOTER last_known_addr { host: "127.5.162.195" port: 41575 } }
I20260713 09:03:35.790591  6388 raft_consensus.cc:740] T 13be192a4c7b4a3c837625bdf2f7ca6e P 5a34ee1e31864c30acc3bc070df5526d [term 1 LEADER]: Becoming Follower/Learner. State: Replica: 5a34ee1e31864c30acc3bc070df5526d, State: Running, Role: LEADER
I20260713 09:03:35.791406  6388 consensus_queue.cc:260] T 13be192a4c7b4a3c837625bdf2f7ca6e P 5a34ee1e31864c30acc3bc070df5526d [NON_LEADER]: Queue going to NON_LEADER mode. State: All replicated index: 0, Majority replicated index: 1, Committed index: 1, Last appended: 1.1, Last appended by leader: 1, Current term: 1, Majority size: -1, State: 0, Mode: NON_LEADER, active raft config: opid_index: -1 OBSOLETE_local: false peers { permanent_uuid: "5a34ee1e31864c30acc3bc070df5526d" member_type: VOTER last_known_addr { host: "127.5.162.193" port: 45709 } } peers { permanent_uuid: "86a57dab220b442d8c91911eaff57c10" member_type: VOTER last_known_addr { host: "127.5.162.194" port: 40817 } } peers { permanent_uuid: "d8a2a2ebb82741a2864fdef62efa35b6" member_type: VOTER last_known_addr { host: "127.5.162.195" port: 41575 } }
I20260713 09:03:35.792690  6388 raft_consensus.cc:3060] T 13be192a4c7b4a3c837625bdf2f7ca6e P 5a34ee1e31864c30acc3bc070df5526d [term 1 FOLLOWER]: Advancing to term 2
I20260713 09:03:35.800271  6388 raft_consensus.cc:2468] T 13be192a4c7b4a3c837625bdf2f7ca6e P 5a34ee1e31864c30acc3bc070df5526d [term 2 FOLLOWER]: Leader election vote request: Granting yes vote for candidate d8a2a2ebb82741a2864fdef62efa35b6 in term 2.
I20260713 09:03:35.802253  6284 catalog_manager.cc:5697] T 13be192a4c7b4a3c837625bdf2f7ca6e P d8a2a2ebb82741a2864fdef62efa35b6 reported cstate change: term changed from 1 to 2, leader changed from 5a34ee1e31864c30acc3bc070df5526d (127.5.162.193) to d8a2a2ebb82741a2864fdef62efa35b6 (127.5.162.195). New cstate: current_term: 2 leader_uuid: "d8a2a2ebb82741a2864fdef62efa35b6" committed_config { opid_index: -1 OBSOLETE_local: false peers { permanent_uuid: "5a34ee1e31864c30acc3bc070df5526d" member_type: VOTER last_known_addr { host: "127.5.162.193" port: 45709 } health_report { overall_health: UNKNOWN } } peers { permanent_uuid: "86a57dab220b442d8c91911eaff57c10" member_type: VOTER last_known_addr { host: "127.5.162.194" port: 40817 } health_report { overall_health: UNKNOWN } } peers { permanent_uuid: "d8a2a2ebb82741a2864fdef62efa35b6" member_type: VOTER last_known_addr { host: "127.5.162.195" port: 41575 } health_report { overall_health: HEALTHY } } }
I20260713 09:03:35.803792  6587 raft_consensus.cc:993] T cf1f1c09488f4d1eac30a909ed230eab P d8a2a2ebb82741a2864fdef62efa35b6: : Instructing follower 86a57dab220b442d8c91911eaff57c10 to start an election
I20260713 09:03:35.804196  6587 raft_consensus.cc:1081] T cf1f1c09488f4d1eac30a909ed230eab P d8a2a2ebb82741a2864fdef62efa35b6 [term 1 LEADER]: Signalling peer 86a57dab220b442d8c91911eaff57c10 to start an election
I20260713 09:03:35.805984  6462 tablet_service.cc:2044] Received Run Leader Election RPC: tablet_id: "cf1f1c09488f4d1eac30a909ed230eab"
dest_uuid: "86a57dab220b442d8c91911eaff57c10"
 from {username='slave'} at 127.0.0.1:52816
I20260713 09:03:35.806530  6462 raft_consensus.cc:493] T cf1f1c09488f4d1eac30a909ed230eab P 86a57dab220b442d8c91911eaff57c10 [term 1 FOLLOWER]: Starting forced leader election (received explicit request)
I20260713 09:03:35.806869  6462 raft_consensus.cc:3060] T cf1f1c09488f4d1eac30a909ed230eab P 86a57dab220b442d8c91911eaff57c10 [term 1 FOLLOWER]: Advancing to term 2
I20260713 09:03:35.809991  6587 consensus_queue.cc:1048] T cf1f1c09488f4d1eac30a909ed230eab P d8a2a2ebb82741a2864fdef62efa35b6 [LEADER]: Connected to new peer: Peer: permanent_uuid: "5a34ee1e31864c30acc3bc070df5526d" member_type: VOTER last_known_addr { host: "127.5.162.193" port: 45709 }, Status: LMP_MISMATCH, Last received: 0.0, Next index: 1, Last known committed idx: 0, Time since last communication: 0.000s
I20260713 09:03:35.812760  6462 raft_consensus.cc:515] T cf1f1c09488f4d1eac30a909ed230eab P 86a57dab220b442d8c91911eaff57c10 [term 2 FOLLOWER]: Starting forced leader election with config: opid_index: -1 OBSOLETE_local: false peers { permanent_uuid: "5a34ee1e31864c30acc3bc070df5526d" member_type: VOTER last_known_addr { host: "127.5.162.193" port: 45709 } } peers { permanent_uuid: "86a57dab220b442d8c91911eaff57c10" member_type: VOTER last_known_addr { host: "127.5.162.194" port: 40817 } } peers { permanent_uuid: "d8a2a2ebb82741a2864fdef62efa35b6" member_type: VOTER last_known_addr { host: "127.5.162.195" port: 41575 } }
I20260713 09:03:35.813694  6463 raft_consensus.cc:1240] T cf1f1c09488f4d1eac30a909ed230eab P 86a57dab220b442d8c91911eaff57c10 [term 2 FOLLOWER]: Rejecting Update request from peer d8a2a2ebb82741a2864fdef62efa35b6 for earlier term 1. Current term is 2. Ops: []
I20260713 09:03:35.814814  6462 leader_election.cc:290] T cf1f1c09488f4d1eac30a909ed230eab P 86a57dab220b442d8c91911eaff57c10 [CANDIDATE]: Term 2 election: Requested vote from peers 5a34ee1e31864c30acc3bc070df5526d (127.5.162.193:45709), d8a2a2ebb82741a2864fdef62efa35b6 (127.5.162.195:41575)
I20260713 09:03:35.815435  6387 tablet_service.cc:1917] Received RequestConsensusVote() RPC: tablet_id: "cf1f1c09488f4d1eac30a909ed230eab" candidate_uuid: "86a57dab220b442d8c91911eaff57c10" candidate_term: 2 candidate_status { last_received { term: 1 index: 1 } } ignore_live_leader: true dest_uuid: "5a34ee1e31864c30acc3bc070df5526d"
I20260713 09:03:35.816910  6535 tablet_service.cc:1917] Received RequestConsensusVote() RPC: tablet_id: "cf1f1c09488f4d1eac30a909ed230eab" candidate_uuid: "86a57dab220b442d8c91911eaff57c10" candidate_term: 2 candidate_status { last_received { term: 1 index: 1 } } ignore_live_leader: true dest_uuid: "d8a2a2ebb82741a2864fdef62efa35b6"
I20260713 09:03:35.817463  6535 raft_consensus.cc:3055] T cf1f1c09488f4d1eac30a909ed230eab P d8a2a2ebb82741a2864fdef62efa35b6 [term 1 LEADER]: Stepping down as leader of term 1
I20260713 09:03:35.817754  6535 raft_consensus.cc:740] T cf1f1c09488f4d1eac30a909ed230eab P d8a2a2ebb82741a2864fdef62efa35b6 [term 1 LEADER]: Becoming Follower/Learner. State: Replica: d8a2a2ebb82741a2864fdef62efa35b6, State: Running, Role: LEADER
I20260713 09:03:35.818454  6535 consensus_queue.cc:260] T cf1f1c09488f4d1eac30a909ed230eab P d8a2a2ebb82741a2864fdef62efa35b6 [NON_LEADER]: Queue going to NON_LEADER mode. State: All replicated index: 0, Majority replicated index: 1, Committed index: 1, Last appended: 1.1, Last appended by leader: 1, Current term: 1, Majority size: -1, State: 0, Mode: NON_LEADER, active raft config: opid_index: -1 OBSOLETE_local: false peers { permanent_uuid: "5a34ee1e31864c30acc3bc070df5526d" member_type: VOTER last_known_addr { host: "127.5.162.193" port: 45709 } } peers { permanent_uuid: "86a57dab220b442d8c91911eaff57c10" member_type: VOTER last_known_addr { host: "127.5.162.194" port: 40817 } } peers { permanent_uuid: "d8a2a2ebb82741a2864fdef62efa35b6" member_type: VOTER last_known_addr { host: "127.5.162.195" port: 41575 } }
I20260713 09:03:35.819398  6535 raft_consensus.cc:3060] T cf1f1c09488f4d1eac30a909ed230eab P d8a2a2ebb82741a2864fdef62efa35b6 [term 1 FOLLOWER]: Advancing to term 2
W20260713 09:03:35.820521  6587 consensus_queue.cc:1175] T cf1f1c09488f4d1eac30a909ed230eab P d8a2a2ebb82741a2864fdef62efa35b6 [NON_LEADER]: Queue is closed or peer was untracked, disregarding peer response. Response: responder_uuid: "5a34ee1e31864c30acc3bc070df5526d" responder_term: 1 status { last_received { term: 1 index: 1 } last_committed_idx: 1 last_received_current_leader { term: 1 index: 1 } }
I20260713 09:03:35.824358  6535 raft_consensus.cc:2468] T cf1f1c09488f4d1eac30a909ed230eab P d8a2a2ebb82741a2864fdef62efa35b6 [term 2 FOLLOWER]: Leader election vote request: Granting yes vote for candidate 86a57dab220b442d8c91911eaff57c10 in term 2.
I20260713 09:03:35.825489  6427 leader_election.cc:304] T cf1f1c09488f4d1eac30a909ed230eab P 86a57dab220b442d8c91911eaff57c10 [CANDIDATE]: Term 2 election: Election decided. Result: candidate won. Election summary: received 3 responses out of 3 voters: 2 yes votes; 1 no votes. yes voters: 86a57dab220b442d8c91911eaff57c10, d8a2a2ebb82741a2864fdef62efa35b6; no voters: 5a34ee1e31864c30acc3bc070df5526d
I20260713 09:03:35.826143  6584 raft_consensus.cc:2804] T cf1f1c09488f4d1eac30a909ed230eab P 86a57dab220b442d8c91911eaff57c10 [term 2 FOLLOWER]: Leader election won for term 2
I20260713 09:03:35.826577  6584 raft_consensus.cc:697] T cf1f1c09488f4d1eac30a909ed230eab P 86a57dab220b442d8c91911eaff57c10 [term 2 LEADER]: Becoming Leader. State: Replica: 86a57dab220b442d8c91911eaff57c10, State: Running, Role: LEADER
I20260713 09:03:35.827246  6584 consensus_queue.cc:237] T cf1f1c09488f4d1eac30a909ed230eab P 86a57dab220b442d8c91911eaff57c10 [LEADER]: Queue going to LEADER mode. State: All replicated index: 0, Majority replicated index: 0, Committed index: 0, Last appended: 1.1, Last appended by leader: 1, Current term: 2, Majority size: 2, State: 0, Mode: LEADER, active raft config: opid_index: -1 OBSOLETE_local: false peers { permanent_uuid: "5a34ee1e31864c30acc3bc070df5526d" member_type: VOTER last_known_addr { host: "127.5.162.193" port: 45709 } } peers { permanent_uuid: "86a57dab220b442d8c91911eaff57c10" member_type: VOTER last_known_addr { host: "127.5.162.194" port: 40817 } } peers { permanent_uuid: "d8a2a2ebb82741a2864fdef62efa35b6" member_type: VOTER last_known_addr { host: "127.5.162.195" port: 41575 } }
I20260713 09:03:35.832674  6284 catalog_manager.cc:5697] T cf1f1c09488f4d1eac30a909ed230eab P 86a57dab220b442d8c91911eaff57c10 reported cstate change: term changed from 1 to 2, leader changed from d8a2a2ebb82741a2864fdef62efa35b6 (127.5.162.195) to 86a57dab220b442d8c91911eaff57c10 (127.5.162.194). New cstate: current_term: 2 leader_uuid: "86a57dab220b442d8c91911eaff57c10" committed_config { opid_index: -1 OBSOLETE_local: false peers { permanent_uuid: "5a34ee1e31864c30acc3bc070df5526d" member_type: VOTER last_known_addr { host: "127.5.162.193" port: 45709 } health_report { overall_health: UNKNOWN } } peers { permanent_uuid: "86a57dab220b442d8c91911eaff57c10" member_type: VOTER last_known_addr { host: "127.5.162.194" port: 40817 } health_report { overall_health: HEALTHY } } peers { permanent_uuid: "d8a2a2ebb82741a2864fdef62efa35b6" member_type: VOTER last_known_addr { host: "127.5.162.195" port: 41575 } health_report { overall_health: UNKNOWN } } }
I20260713 09:03:35.981153  6588 raft_consensus.cc:993] T c97a9514af624c8486c9eb7bd438a6c0 P d8a2a2ebb82741a2864fdef62efa35b6: : Instructing follower 5a34ee1e31864c30acc3bc070df5526d to start an election
I20260713 09:03:35.981505  6587 raft_consensus.cc:1081] T c97a9514af624c8486c9eb7bd438a6c0 P d8a2a2ebb82741a2864fdef62efa35b6 [term 1 LEADER]: Signalling peer 5a34ee1e31864c30acc3bc070df5526d to start an election
I20260713 09:03:35.982820  6388 tablet_service.cc:2044] Received Run Leader Election RPC: tablet_id: "c97a9514af624c8486c9eb7bd438a6c0"
dest_uuid: "5a34ee1e31864c30acc3bc070df5526d"
 from {username='slave'} at 127.0.0.1:43308
I20260713 09:03:35.983271  6388 raft_consensus.cc:493] T c97a9514af624c8486c9eb7bd438a6c0 P 5a34ee1e31864c30acc3bc070df5526d [term 1 FOLLOWER]: Starting forced leader election (received explicit request)
I20260713 09:03:35.983534  6388 raft_consensus.cc:3060] T c97a9514af624c8486c9eb7bd438a6c0 P 5a34ee1e31864c30acc3bc070df5526d [term 1 FOLLOWER]: Advancing to term 2
I20260713 09:03:35.987728  6388 raft_consensus.cc:515] T c97a9514af624c8486c9eb7bd438a6c0 P 5a34ee1e31864c30acc3bc070df5526d [term 2 FOLLOWER]: Starting forced leader election with config: opid_index: -1 OBSOLETE_local: false peers { permanent_uuid: "5a34ee1e31864c30acc3bc070df5526d" member_type: VOTER last_known_addr { host: "127.5.162.193" port: 45709 } } peers { permanent_uuid: "86a57dab220b442d8c91911eaff57c10" member_type: VOTER last_known_addr { host: "127.5.162.194" port: 40817 } } peers { permanent_uuid: "d8a2a2ebb82741a2864fdef62efa35b6" member_type: VOTER last_known_addr { host: "127.5.162.195" port: 41575 } }
I20260713 09:03:35.989218  6388 leader_election.cc:290] T c97a9514af624c8486c9eb7bd438a6c0 P 5a34ee1e31864c30acc3bc070df5526d [CANDIDATE]: Term 2 election: Requested vote from peers 86a57dab220b442d8c91911eaff57c10 (127.5.162.194:40817), d8a2a2ebb82741a2864fdef62efa35b6 (127.5.162.195:41575)
I20260713 09:03:35.990053  6463 tablet_service.cc:1917] Received RequestConsensusVote() RPC: tablet_id: "c97a9514af624c8486c9eb7bd438a6c0" candidate_uuid: "5a34ee1e31864c30acc3bc070df5526d" candidate_term: 2 candidate_status { last_received { term: 1 index: 1 } } ignore_live_leader: true dest_uuid: "86a57dab220b442d8c91911eaff57c10"
I20260713 09:03:35.990234  6535 tablet_service.cc:1917] Received RequestConsensusVote() RPC: tablet_id: "c97a9514af624c8486c9eb7bd438a6c0" candidate_uuid: "5a34ee1e31864c30acc3bc070df5526d" candidate_term: 2 candidate_status { last_received { term: 1 index: 1 } } ignore_live_leader: true dest_uuid: "d8a2a2ebb82741a2864fdef62efa35b6"
I20260713 09:03:35.990505  6463 raft_consensus.cc:3060] T c97a9514af624c8486c9eb7bd438a6c0 P 86a57dab220b442d8c91911eaff57c10 [term 1 FOLLOWER]: Advancing to term 2
I20260713 09:03:35.990701  6535 raft_consensus.cc:3055] T c97a9514af624c8486c9eb7bd438a6c0 P d8a2a2ebb82741a2864fdef62efa35b6 [term 1 LEADER]: Stepping down as leader of term 1
I20260713 09:03:35.990980  6535 raft_consensus.cc:740] T c97a9514af624c8486c9eb7bd438a6c0 P d8a2a2ebb82741a2864fdef62efa35b6 [term 1 LEADER]: Becoming Follower/Learner. State: Replica: d8a2a2ebb82741a2864fdef62efa35b6, State: Running, Role: LEADER
I20260713 09:03:35.991585  6535 consensus_queue.cc:260] T c97a9514af624c8486c9eb7bd438a6c0 P d8a2a2ebb82741a2864fdef62efa35b6 [NON_LEADER]: Queue going to NON_LEADER mode. State: All replicated index: 0, Majority replicated index: 1, Committed index: 1, Last appended: 1.1, Last appended by leader: 1, Current term: 1, Majority size: -1, State: 0, Mode: NON_LEADER, active raft config: opid_index: -1 OBSOLETE_local: false peers { permanent_uuid: "5a34ee1e31864c30acc3bc070df5526d" member_type: VOTER last_known_addr { host: "127.5.162.193" port: 45709 } } peers { permanent_uuid: "86a57dab220b442d8c91911eaff57c10" member_type: VOTER last_known_addr { host: "127.5.162.194" port: 40817 } } peers { permanent_uuid: "d8a2a2ebb82741a2864fdef62efa35b6" member_type: VOTER last_known_addr { host: "127.5.162.195" port: 41575 } }
I20260713 09:03:35.992414  6535 raft_consensus.cc:3060] T c97a9514af624c8486c9eb7bd438a6c0 P d8a2a2ebb82741a2864fdef62efa35b6 [term 1 FOLLOWER]: Advancing to term 2
I20260713 09:03:35.994840  6463 raft_consensus.cc:2468] T c97a9514af624c8486c9eb7bd438a6c0 P 86a57dab220b442d8c91911eaff57c10 [term 2 FOLLOWER]: Leader election vote request: Granting yes vote for candidate 5a34ee1e31864c30acc3bc070df5526d in term 2.
I20260713 09:03:35.995853  6351 leader_election.cc:304] T c97a9514af624c8486c9eb7bd438a6c0 P 5a34ee1e31864c30acc3bc070df5526d [CANDIDATE]: Term 2 election: Election decided. Result: candidate won. Election summary: received 2 responses out of 3 voters: 2 yes votes; 0 no votes. yes voters: 5a34ee1e31864c30acc3bc070df5526d, 86a57dab220b442d8c91911eaff57c10; no voters: 
I20260713 09:03:35.996614  6622 raft_consensus.cc:2804] T c97a9514af624c8486c9eb7bd438a6c0 P 5a34ee1e31864c30acc3bc070df5526d [term 2 FOLLOWER]: Leader election won for term 2
I20260713 09:03:35.996982  6622 raft_consensus.cc:697] T c97a9514af624c8486c9eb7bd438a6c0 P 5a34ee1e31864c30acc3bc070df5526d [term 2 LEADER]: Becoming Leader. State: Replica: 5a34ee1e31864c30acc3bc070df5526d, State: Running, Role: LEADER
I20260713 09:03:35.997146  6535 raft_consensus.cc:2468] T c97a9514af624c8486c9eb7bd438a6c0 P d8a2a2ebb82741a2864fdef62efa35b6 [term 2 FOLLOWER]: Leader election vote request: Granting yes vote for candidate 5a34ee1e31864c30acc3bc070df5526d in term 2.
I20260713 09:03:35.997694  6622 consensus_queue.cc:237] T c97a9514af624c8486c9eb7bd438a6c0 P 5a34ee1e31864c30acc3bc070df5526d [LEADER]: Queue going to LEADER mode. State: All replicated index: 0, Majority replicated index: 1, Committed index: 1, Last appended: 1.1, Last appended by leader: 1, Current term: 2, Majority size: 2, State: 0, Mode: LEADER, active raft config: opid_index: -1 OBSOLETE_local: false peers { permanent_uuid: "5a34ee1e31864c30acc3bc070df5526d" member_type: VOTER last_known_addr { host: "127.5.162.193" port: 45709 } } peers { permanent_uuid: "86a57dab220b442d8c91911eaff57c10" member_type: VOTER last_known_addr { host: "127.5.162.194" port: 40817 } } peers { permanent_uuid: "d8a2a2ebb82741a2864fdef62efa35b6" member_type: VOTER last_known_addr { host: "127.5.162.195" port: 41575 } }
I20260713 09:03:36.003098  6284 catalog_manager.cc:5697] T c97a9514af624c8486c9eb7bd438a6c0 P 5a34ee1e31864c30acc3bc070df5526d reported cstate change: term changed from 1 to 2, leader changed from d8a2a2ebb82741a2864fdef62efa35b6 (127.5.162.195) to 5a34ee1e31864c30acc3bc070df5526d (127.5.162.193). New cstate: current_term: 2 leader_uuid: "5a34ee1e31864c30acc3bc070df5526d" committed_config { opid_index: -1 OBSOLETE_local: false peers { permanent_uuid: "5a34ee1e31864c30acc3bc070df5526d" member_type: VOTER last_known_addr { host: "127.5.162.193" port: 45709 } health_report { overall_health: HEALTHY } } peers { permanent_uuid: "86a57dab220b442d8c91911eaff57c10" member_type: VOTER last_known_addr { host: "127.5.162.194" port: 40817 } health_report { overall_health: UNKNOWN } } peers { permanent_uuid: "d8a2a2ebb82741a2864fdef62efa35b6" member_type: VOTER last_known_addr { host: "127.5.162.195" port: 41575 } health_report { overall_health: UNKNOWN } } }
I20260713 09:03:36.114151  6388 raft_consensus.cc:1275] T fdacae3321834fbab5ad7917798b5ceb P 5a34ee1e31864c30acc3bc070df5526d [term 2 FOLLOWER]: Refusing update from remote peer 86a57dab220b442d8c91911eaff57c10: Log matching property violated. Preceding OpId in replica: term: 1 index: 1. Preceding OpId from leader: term: 2 index: 2. (index mismatch)
I20260713 09:03:36.114769  6535 raft_consensus.cc:1275] T fdacae3321834fbab5ad7917798b5ceb P d8a2a2ebb82741a2864fdef62efa35b6 [term 2 FOLLOWER]: Refusing update from remote peer 86a57dab220b442d8c91911eaff57c10: Log matching property violated. Preceding OpId in replica: term: 1 index: 1. Preceding OpId from leader: term: 2 index: 2. (index mismatch)
I20260713 09:03:36.115762  6584 consensus_queue.cc:1048] T fdacae3321834fbab5ad7917798b5ceb P 86a57dab220b442d8c91911eaff57c10 [LEADER]: Connected to new peer: Peer: permanent_uuid: "5a34ee1e31864c30acc3bc070df5526d" member_type: VOTER last_known_addr { host: "127.5.162.193" port: 45709 }, Status: LMP_MISMATCH, Last received: 0.0, Next index: 2, Last known committed idx: 1, Time since last communication: 0.000s
I20260713 09:03:36.116324  6599 consensus_queue.cc:1048] T fdacae3321834fbab5ad7917798b5ceb P 86a57dab220b442d8c91911eaff57c10 [LEADER]: Connected to new peer: Peer: permanent_uuid: "d8a2a2ebb82741a2864fdef62efa35b6" member_type: VOTER last_known_addr { host: "127.5.162.195" port: 41575 }, Status: LMP_MISMATCH, Last received: 0.0, Next index: 2, Last known committed idx: 1, Time since last communication: 0.000s
I20260713 09:03:36.214505  6535 raft_consensus.cc:1275] T c2eabf8b15ae4d48bd50c92349eb96f1 P d8a2a2ebb82741a2864fdef62efa35b6 [term 2 FOLLOWER]: Refusing update from remote peer 5a34ee1e31864c30acc3bc070df5526d: Log matching property violated. Preceding OpId in replica: term: 1 index: 1. Preceding OpId from leader: term: 2 index: 2. (index mismatch)
I20260713 09:03:36.215533  6622 consensus_queue.cc:1048] T c2eabf8b15ae4d48bd50c92349eb96f1 P 5a34ee1e31864c30acc3bc070df5526d [LEADER]: Connected to new peer: Peer: permanent_uuid: "d8a2a2ebb82741a2864fdef62efa35b6" member_type: VOTER last_known_addr { host: "127.5.162.195" port: 41575 }, Status: LMP_MISMATCH, Last received: 0.0, Next index: 2, Last known committed idx: 1, Time since last communication: 0.000s
I20260713 09:03:36.222486  6463 raft_consensus.cc:1275] T c2eabf8b15ae4d48bd50c92349eb96f1 P 86a57dab220b442d8c91911eaff57c10 [term 2 FOLLOWER]: Refusing update from remote peer 5a34ee1e31864c30acc3bc070df5526d: Log matching property violated. Preceding OpId in replica: term: 1 index: 1. Preceding OpId from leader: term: 2 index: 2. (index mismatch)
I20260713 09:03:36.223961  6665 consensus_queue.cc:1048] T c2eabf8b15ae4d48bd50c92349eb96f1 P 5a34ee1e31864c30acc3bc070df5526d [LEADER]: Connected to new peer: Peer: permanent_uuid: "86a57dab220b442d8c91911eaff57c10" member_type: VOTER last_known_addr { host: "127.5.162.194" port: 40817 }, Status: LMP_MISMATCH, Last received: 0.0, Next index: 2, Last known committed idx: 1, Time since last communication: 0.000s
I20260713 09:03:36.232502  6535 raft_consensus.cc:1275] T cf1f1c09488f4d1eac30a909ed230eab P d8a2a2ebb82741a2864fdef62efa35b6 [term 2 FOLLOWER]: Refusing update from remote peer 86a57dab220b442d8c91911eaff57c10: Log matching property violated. Preceding OpId in replica: term: 1 index: 1. Preceding OpId from leader: term: 2 index: 2. (index mismatch)
I20260713 09:03:36.233675  6584 consensus_queue.cc:1048] T cf1f1c09488f4d1eac30a909ed230eab P 86a57dab220b442d8c91911eaff57c10 [LEADER]: Connected to new peer: Peer: permanent_uuid: "d8a2a2ebb82741a2864fdef62efa35b6" member_type: VOTER last_known_addr { host: "127.5.162.195" port: 41575 }, Status: LMP_MISMATCH, Last received: 0.0, Next index: 2, Last known committed idx: 1, Time since last communication: 0.000s
I20260713 09:03:36.240716  6388 raft_consensus.cc:3060] T cf1f1c09488f4d1eac30a909ed230eab P 5a34ee1e31864c30acc3bc070df5526d [term 1 FOLLOWER]: Advancing to term 2
I20260713 09:03:36.246721  6388 raft_consensus.cc:1275] T cf1f1c09488f4d1eac30a909ed230eab P 5a34ee1e31864c30acc3bc070df5526d [term 2 FOLLOWER]: Refusing update from remote peer 86a57dab220b442d8c91911eaff57c10: Log matching property violated. Preceding OpId in replica: term: 1 index: 1. Preceding OpId from leader: term: 2 index: 2. (index mismatch)
I20260713 09:03:36.247969  6584 consensus_queue.cc:1048] T cf1f1c09488f4d1eac30a909ed230eab P 86a57dab220b442d8c91911eaff57c10 [LEADER]: Connected to new peer: Peer: permanent_uuid: "5a34ee1e31864c30acc3bc070df5526d" member_type: VOTER last_known_addr { host: "127.5.162.193" port: 45709 }, Status: LMP_MISMATCH, Last received: 0.0, Next index: 2, Last known committed idx: 1, Time since last communication: 0.000s
I20260713 09:03:36.382959  6463 raft_consensus.cc:1275] T 13be192a4c7b4a3c837625bdf2f7ca6e P 86a57dab220b442d8c91911eaff57c10 [term 2 FOLLOWER]: Refusing update from remote peer d8a2a2ebb82741a2864fdef62efa35b6: Log matching property violated. Preceding OpId in replica: term: 1 index: 1. Preceding OpId from leader: term: 2 index: 2. (index mismatch)
I20260713 09:03:36.384047  6587 consensus_queue.cc:1048] T 13be192a4c7b4a3c837625bdf2f7ca6e P d8a2a2ebb82741a2864fdef62efa35b6 [LEADER]: Connected to new peer: Peer: permanent_uuid: "86a57dab220b442d8c91911eaff57c10" member_type: VOTER last_known_addr { host: "127.5.162.194" port: 40817 }, Status: LMP_MISMATCH, Last received: 0.0, Next index: 2, Last known committed idx: 1, Time since last communication: 0.000s
I20260713 09:03:36.390574  6388 raft_consensus.cc:1275] T 13be192a4c7b4a3c837625bdf2f7ca6e P 5a34ee1e31864c30acc3bc070df5526d [term 2 FOLLOWER]: Refusing update from remote peer d8a2a2ebb82741a2864fdef62efa35b6: Log matching property violated. Preceding OpId in replica: term: 1 index: 1. Preceding OpId from leader: term: 2 index: 2. (index mismatch)
I20260713 09:03:36.392076  6588 consensus_queue.cc:1048] T 13be192a4c7b4a3c837625bdf2f7ca6e P d8a2a2ebb82741a2864fdef62efa35b6 [LEADER]: Connected to new peer: Peer: permanent_uuid: "5a34ee1e31864c30acc3bc070df5526d" member_type: VOTER last_known_addr { host: "127.5.162.193" port: 45709 }, Status: LMP_MISMATCH, Last received: 0.0, Next index: 2, Last known committed idx: 1, Time since last communication: 0.000s
I20260713 09:03:36.519264  6463 raft_consensus.cc:1275] T c97a9514af624c8486c9eb7bd438a6c0 P 86a57dab220b442d8c91911eaff57c10 [term 2 FOLLOWER]: Refusing update from remote peer 5a34ee1e31864c30acc3bc070df5526d: Log matching property violated. Preceding OpId in replica: term: 1 index: 1. Preceding OpId from leader: term: 2 index: 2. (index mismatch)
I20260713 09:03:36.520442  6665 consensus_queue.cc:1048] T c97a9514af624c8486c9eb7bd438a6c0 P 5a34ee1e31864c30acc3bc070df5526d [LEADER]: Connected to new peer: Peer: permanent_uuid: "86a57dab220b442d8c91911eaff57c10" member_type: VOTER last_known_addr { host: "127.5.162.194" port: 40817 }, Status: LMP_MISMATCH, Last received: 0.0, Next index: 2, Last known committed idx: 1, Time since last communication: 0.000s
I20260713 09:03:36.528131  6535 raft_consensus.cc:1275] T c97a9514af624c8486c9eb7bd438a6c0 P d8a2a2ebb82741a2864fdef62efa35b6 [term 2 FOLLOWER]: Refusing update from remote peer 5a34ee1e31864c30acc3bc070df5526d: Log matching property violated. Preceding OpId in replica: term: 1 index: 1. Preceding OpId from leader: term: 2 index: 2. (index mismatch)
I20260713 09:03:36.530249  6617 consensus_queue.cc:1048] T c97a9514af624c8486c9eb7bd438a6c0 P 5a34ee1e31864c30acc3bc070df5526d [LEADER]: Connected to new peer: Peer: permanent_uuid: "d8a2a2ebb82741a2864fdef62efa35b6" member_type: VOTER last_known_addr { host: "127.5.162.195" port: 41575 }, Status: LMP_MISMATCH, Last received: 0.0, Next index: 2, Last known committed idx: 1, Time since last communication: 0.000s
I20260713 09:03:38.493829  5771 auto_leader_rebalancer-test.cc:352] The leader distribution is 
I20260713 09:03:38.494530  5771 auto_leader_rebalancer.cc:141] leader rebalance for table test-workload
I20260713 09:03:38.510142  6387 tablet_service.cc:2072] Received LeaderStepDown RPC: tablet_id: "238d76f405ea437483689b903a012b8a"
dest_uuid: "5a34ee1e31864c30acc3bc070df5526d"
mode: GRACEFUL
new_leader_uuid: "d8a2a2ebb82741a2864fdef62efa35b6"
 from {username='slave'} at 127.0.0.1:43320
I20260713 09:03:38.510612  6387 raft_consensus.cc:606] T 238d76f405ea437483689b903a012b8a P 5a34ee1e31864c30acc3bc070df5526d [term 1 LEADER]: Received request to transfer leadership to TS d8a2a2ebb82741a2864fdef62efa35b6
I20260713 09:03:38.512785  6387 tablet_service.cc:2072] Received LeaderStepDown RPC: tablet_id: "c2eabf8b15ae4d48bd50c92349eb96f1"
dest_uuid: "5a34ee1e31864c30acc3bc070df5526d"
mode: GRACEFUL
new_leader_uuid: "d8a2a2ebb82741a2864fdef62efa35b6"
 from {username='slave'} at 127.0.0.1:43320
I20260713 09:03:38.513226  6387 raft_consensus.cc:606] T c2eabf8b15ae4d48bd50c92349eb96f1 P 5a34ee1e31864c30acc3bc070df5526d [term 2 LEADER]: Received request to transfer leadership to TS d8a2a2ebb82741a2864fdef62efa35b6
I20260713 09:03:38.514134  5771 auto_leader_rebalancer.cc:479] table: test-workload, leader rebalance finish, leader transfer count: 2
I20260713 09:03:38.514546  5771 auto_leader_rebalancer.cc:554] All tables' leader rebalancing finished this round
I20260713 09:03:38.527874  6622 raft_consensus.cc:993] T 238d76f405ea437483689b903a012b8a P 5a34ee1e31864c30acc3bc070df5526d: : Instructing follower d8a2a2ebb82741a2864fdef62efa35b6 to start an election
I20260713 09:03:38.528276  6622 raft_consensus.cc:1081] T 238d76f405ea437483689b903a012b8a P 5a34ee1e31864c30acc3bc070df5526d [term 1 LEADER]: Signalling peer d8a2a2ebb82741a2864fdef62efa35b6 to start an election
I20260713 09:03:38.529513  6535 tablet_service.cc:2044] Received Run Leader Election RPC: tablet_id: "238d76f405ea437483689b903a012b8a"
dest_uuid: "d8a2a2ebb82741a2864fdef62efa35b6"
 from {username='slave'} at 127.0.0.1:39784
I20260713 09:03:38.529938  6535 raft_consensus.cc:493] T 238d76f405ea437483689b903a012b8a P d8a2a2ebb82741a2864fdef62efa35b6 [term 1 FOLLOWER]: Starting forced leader election (received explicit request)
I20260713 09:03:38.530176  6535 raft_consensus.cc:3060] T 238d76f405ea437483689b903a012b8a P d8a2a2ebb82741a2864fdef62efa35b6 [term 1 FOLLOWER]: Advancing to term 2
I20260713 09:03:38.534395  6535 raft_consensus.cc:515] T 238d76f405ea437483689b903a012b8a P d8a2a2ebb82741a2864fdef62efa35b6 [term 2 FOLLOWER]: Starting forced leader election with config: opid_index: -1 OBSOLETE_local: false peers { permanent_uuid: "5a34ee1e31864c30acc3bc070df5526d" member_type: VOTER last_known_addr { host: "127.5.162.193" port: 45709 } } peers { permanent_uuid: "86a57dab220b442d8c91911eaff57c10" member_type: VOTER last_known_addr { host: "127.5.162.194" port: 40817 } } peers { permanent_uuid: "d8a2a2ebb82741a2864fdef62efa35b6" member_type: VOTER last_known_addr { host: "127.5.162.195" port: 41575 } }
I20260713 09:03:38.535784  6535 leader_election.cc:290] T 238d76f405ea437483689b903a012b8a P d8a2a2ebb82741a2864fdef62efa35b6 [CANDIDATE]: Term 2 election: Requested vote from peers 5a34ee1e31864c30acc3bc070df5526d (127.5.162.193:45709), 86a57dab220b442d8c91911eaff57c10 (127.5.162.194:40817)
I20260713 09:03:38.536697  6387 tablet_service.cc:1917] Received RequestConsensusVote() RPC: tablet_id: "238d76f405ea437483689b903a012b8a" candidate_uuid: "d8a2a2ebb82741a2864fdef62efa35b6" candidate_term: 2 candidate_status { last_received { term: 1 index: 1 } } ignore_live_leader: true dest_uuid: "5a34ee1e31864c30acc3bc070df5526d"
I20260713 09:03:38.536796  6463 tablet_service.cc:1917] Received RequestConsensusVote() RPC: tablet_id: "238d76f405ea437483689b903a012b8a" candidate_uuid: "d8a2a2ebb82741a2864fdef62efa35b6" candidate_term: 2 candidate_status { last_received { term: 1 index: 1 } } ignore_live_leader: true dest_uuid: "86a57dab220b442d8c91911eaff57c10"
I20260713 09:03:38.537173  6387 raft_consensus.cc:3055] T 238d76f405ea437483689b903a012b8a P 5a34ee1e31864c30acc3bc070df5526d [term 1 LEADER]: Stepping down as leader of term 1
I20260713 09:03:38.537261  6463 raft_consensus.cc:3060] T 238d76f405ea437483689b903a012b8a P 86a57dab220b442d8c91911eaff57c10 [term 1 FOLLOWER]: Advancing to term 2
I20260713 09:03:38.537439  6387 raft_consensus.cc:740] T 238d76f405ea437483689b903a012b8a P 5a34ee1e31864c30acc3bc070df5526d [term 1 LEADER]: Becoming Follower/Learner. State: Replica: 5a34ee1e31864c30acc3bc070df5526d, State: Running, Role: LEADER
