I20260713 09:03:47.418548  7016 tablet_service.cc:1917] Received RequestConsensusVote() RPC: tablet_id: "1c61cc78b3c543f5a6e59f47766bb849" candidate_uuid: "54c84eed2f1c404da07cdc50de669ee1" candidate_term: 1 candidate_status { last_received { term: 0 index: 0 } } ignore_live_leader: false dest_uuid: "2ae35b16dfb141a8b87a678af49e47c0"
I20260713 09:03:47.419018  7056 tablet_bootstrap.cc:492] T 63555aae676644a6b06fa79fa244a73f P c060bd25e1db4513ab3615c9e2b9db7d: No bootstrap required, opened a new log
I20260713 09:03:47.419453  7056 ts_tablet_manager.cc:1403] T 63555aae676644a6b06fa79fa244a73f P c060bd25e1db4513ab3615c9e2b9db7d: Time spent bootstrapping tablet: real 0.052s	user 0.012s	sys 0.024s
W20260713 09:03:47.420042  6905 leader_election.cc:343] T 1c61cc78b3c543f5a6e59f47766bb849 P 54c84eed2f1c404da07cdc50de669ee1 [CANDIDATE]: Term 1 election: Tablet error from VoteRequest() call to peer 2ae35b16dfb141a8b87a678af49e47c0 (127.5.162.195:33783): Illegal state: must be running to vote when last-logged opid is not known
I20260713 09:03:47.421661  6865 raft_consensus.cc:2468] T 1c61cc78b3c543f5a6e59f47766bb849 P c060bd25e1db4513ab3615c9e2b9db7d [term 1 FOLLOWER]: Leader election vote request: Granting yes vote for candidate 54c84eed2f1c404da07cdc50de669ee1 in term 1.
I20260713 09:03:47.421885  7059 raft_consensus.cc:359] T 7396d94eea454864b640263d2050063a P 2ae35b16dfb141a8b87a678af49e47c0 [term 0 FOLLOWER]: Replica starting. Triggering 0 pending ops. Active config: opid_index: -1 OBSOLETE_local: false peers { permanent_uuid: "c060bd25e1db4513ab3615c9e2b9db7d" member_type: VOTER last_known_addr { host: "127.5.162.193" port: 38481 } } peers { permanent_uuid: "54c84eed2f1c404da07cdc50de669ee1" member_type: VOTER last_known_addr { host: "127.5.162.194" port: 45525 } } peers { permanent_uuid: "2ae35b16dfb141a8b87a678af49e47c0" member_type: VOTER last_known_addr { host: "127.5.162.195" port: 33783 } }
I20260713 09:03:47.422267  7058 tablet_bootstrap.cc:492] T 7396d94eea454864b640263d2050063a P 54c84eed2f1c404da07cdc50de669ee1: No bootstrap required, opened a new log
I20260713 09:03:47.422570  7059 raft_consensus.cc:385] T 7396d94eea454864b640263d2050063a P 2ae35b16dfb141a8b87a678af49e47c0 [term 0 FOLLOWER]: Consensus starting up: Expiring failure detector timer to make a prompt election more likely
I20260713 09:03:47.422816  7058 ts_tablet_manager.cc:1403] T 7396d94eea454864b640263d2050063a P 54c84eed2f1c404da07cdc50de669ee1: Time spent bootstrapping tablet: real 0.022s	user 0.009s	sys 0.007s
I20260713 09:03:47.422868  7059 raft_consensus.cc:740] T 7396d94eea454864b640263d2050063a P 2ae35b16dfb141a8b87a678af49e47c0 [term 0 FOLLOWER]: Becoming Follower/Learner. State: Replica: 2ae35b16dfb141a8b87a678af49e47c0, State: Initialized, Role: FOLLOWER
I20260713 09:03:47.423177  7056 raft_consensus.cc:359] T 63555aae676644a6b06fa79fa244a73f P c060bd25e1db4513ab3615c9e2b9db7d [term 0 FOLLOWER]: Replica starting. Triggering 0 pending ops. Active config: opid_index: -1 OBSOLETE_local: false peers { permanent_uuid: "c060bd25e1db4513ab3615c9e2b9db7d" member_type: VOTER last_known_addr { host: "127.5.162.193" port: 38481 } } peers { permanent_uuid: "54c84eed2f1c404da07cdc50de669ee1" member_type: VOTER last_known_addr { host: "127.5.162.194" port: 45525 } } peers { permanent_uuid: "2ae35b16dfb141a8b87a678af49e47c0" member_type: VOTER last_known_addr { host: "127.5.162.195" port: 33783 } }
I20260713 09:03:47.423808  7056 raft_consensus.cc:385] T 63555aae676644a6b06fa79fa244a73f P c060bd25e1db4513ab3615c9e2b9db7d [term 0 FOLLOWER]: Consensus starting up: Expiring failure detector timer to make a prompt election more likely
I20260713 09:03:47.424077  7056 raft_consensus.cc:740] T 63555aae676644a6b06fa79fa244a73f P c060bd25e1db4513ab3615c9e2b9db7d [term 0 FOLLOWER]: Becoming Follower/Learner. State: Replica: c060bd25e1db4513ab3615c9e2b9db7d, State: Initialized, Role: FOLLOWER
I20260713 09:03:47.424707  7056 consensus_queue.cc:260] T 63555aae676644a6b06fa79fa244a73f P c060bd25e1db4513ab3615c9e2b9db7d [NON_LEADER]: Queue going to NON_LEADER mode. State: All replicated index: 0, Majority replicated index: 0, Committed index: 0, Last appended: 0.0, Last appended by leader: 0, Current term: 0, Majority size: -1, State: 0, Mode: NON_LEADER, active raft config: opid_index: -1 OBSOLETE_local: false peers { permanent_uuid: "c060bd25e1db4513ab3615c9e2b9db7d" member_type: VOTER last_known_addr { host: "127.5.162.193" port: 38481 } } peers { permanent_uuid: "54c84eed2f1c404da07cdc50de669ee1" member_type: VOTER last_known_addr { host: "127.5.162.194" port: 45525 } } peers { permanent_uuid: "2ae35b16dfb141a8b87a678af49e47c0" member_type: VOTER last_known_addr { host: "127.5.162.195" port: 33783 } }
I20260713 09:03:47.423687  7059 consensus_queue.cc:260] T 7396d94eea454864b640263d2050063a P 2ae35b16dfb141a8b87a678af49e47c0 [NON_LEADER]: Queue going to NON_LEADER mode. State: All replicated index: 0, Majority replicated index: 0, Committed index: 0, Last appended: 0.0, Last appended by leader: 0, Current term: 0, Majority size: -1, State: 0, Mode: NON_LEADER, active raft config: opid_index: -1 OBSOLETE_local: false peers { permanent_uuid: "c060bd25e1db4513ab3615c9e2b9db7d" member_type: VOTER last_known_addr { host: "127.5.162.193" port: 38481 } } peers { permanent_uuid: "54c84eed2f1c404da07cdc50de669ee1" member_type: VOTER last_known_addr { host: "127.5.162.194" port: 45525 } } peers { permanent_uuid: "2ae35b16dfb141a8b87a678af49e47c0" member_type: VOTER last_known_addr { host: "127.5.162.195" port: 33783 } }
I20260713 09:03:47.425765  7058 raft_consensus.cc:359] T 7396d94eea454864b640263d2050063a P 54c84eed2f1c404da07cdc50de669ee1 [term 0 FOLLOWER]: Replica starting. Triggering 0 pending ops. Active config: opid_index: -1 OBSOLETE_local: false peers { permanent_uuid: "c060bd25e1db4513ab3615c9e2b9db7d" member_type: VOTER last_known_addr { host: "127.5.162.193" port: 38481 } } peers { permanent_uuid: "54c84eed2f1c404da07cdc50de669ee1" member_type: VOTER last_known_addr { host: "127.5.162.194" port: 45525 } } peers { permanent_uuid: "2ae35b16dfb141a8b87a678af49e47c0" member_type: VOTER last_known_addr { host: "127.5.162.195" port: 33783 } }
I20260713 09:03:47.426489  7058 raft_consensus.cc:385] T 7396d94eea454864b640263d2050063a P 54c84eed2f1c404da07cdc50de669ee1 [term 0 FOLLOWER]: Consensus starting up: Expiring failure detector timer to make a prompt election more likely
I20260713 09:03:47.426648  7056 ts_tablet_manager.cc:1434] T 63555aae676644a6b06fa79fa244a73f P c060bd25e1db4513ab3615c9e2b9db7d: Time spent starting tablet: real 0.007s	user 0.006s	sys 0.000s
I20260713 09:03:47.426751  7058 raft_consensus.cc:740] T 7396d94eea454864b640263d2050063a P 54c84eed2f1c404da07cdc50de669ee1 [term 0 FOLLOWER]: Becoming Follower/Learner. State: Replica: 54c84eed2f1c404da07cdc50de669ee1, State: Initialized, Role: FOLLOWER
I20260713 09:03:47.427474  7058 consensus_queue.cc:260] T 7396d94eea454864b640263d2050063a P 54c84eed2f1c404da07cdc50de669ee1 [NON_LEADER]: Queue going to NON_LEADER mode. State: All replicated index: 0, Majority replicated index: 0, Committed index: 0, Last appended: 0.0, Last appended by leader: 0, Current term: 0, Majority size: -1, State: 0, Mode: NON_LEADER, active raft config: opid_index: -1 OBSOLETE_local: false peers { permanent_uuid: "c060bd25e1db4513ab3615c9e2b9db7d" member_type: VOTER last_known_addr { host: "127.5.162.193" port: 38481 } } peers { permanent_uuid: "54c84eed2f1c404da07cdc50de669ee1" member_type: VOTER last_known_addr { host: "127.5.162.194" port: 45525 } } peers { permanent_uuid: "2ae35b16dfb141a8b87a678af49e47c0" member_type: VOTER last_known_addr { host: "127.5.162.195" port: 33783 } }
I20260713 09:03:47.428514  7059 ts_tablet_manager.cc:1434] T 7396d94eea454864b640263d2050063a P 2ae35b16dfb141a8b87a678af49e47c0: Time spent starting tablet: real 0.009s	user 0.006s	sys 0.000s
I20260713 09:03:47.429368  7059 tablet_bootstrap.cc:492] T 1c61cc78b3c543f5a6e59f47766bb849 P 2ae35b16dfb141a8b87a678af49e47c0: Bootstrap starting.
I20260713 09:03:47.429900  7058 ts_tablet_manager.cc:1434] T 7396d94eea454864b640263d2050063a P 54c84eed2f1c404da07cdc50de669ee1: Time spent starting tablet: real 0.007s	user 0.005s	sys 0.000s
I20260713 09:03:47.430682  7058 tablet_bootstrap.cc:492] T dad15702f2684485b9945a860f79dd2f P 54c84eed2f1c404da07cdc50de669ee1: Bootstrap starting.
I20260713 09:03:47.430598  6906 leader_election.cc:304] T 1c61cc78b3c543f5a6e59f47766bb849 P 54c84eed2f1c404da07cdc50de669ee1 [CANDIDATE]: Term 1 election: Election decided. Result: candidate won. Election summary: received 3 responses out of 3 voters: 2 yes votes; 1 no votes. yes voters: 54c84eed2f1c404da07cdc50de669ee1, c060bd25e1db4513ab3615c9e2b9db7d; no voters: 2ae35b16dfb141a8b87a678af49e47c0
I20260713 09:03:47.431934  7085 raft_consensus.cc:2804] T 1c61cc78b3c543f5a6e59f47766bb849 P 54c84eed2f1c404da07cdc50de669ee1 [term 1 FOLLOWER]: Leader election won for term 1
I20260713 09:03:47.432392  7085 raft_consensus.cc:697] T 1c61cc78b3c543f5a6e59f47766bb849 P 54c84eed2f1c404da07cdc50de669ee1 [term 1 LEADER]: Becoming Leader. State: Replica: 54c84eed2f1c404da07cdc50de669ee1, State: Running, Role: LEADER
I20260713 09:03:47.433341  7085 consensus_queue.cc:237] T 1c61cc78b3c543f5a6e59f47766bb849 P 54c84eed2f1c404da07cdc50de669ee1 [LEADER]: Queue going to LEADER mode. State: All replicated index: 0, Majority replicated index: 0, Committed index: 0, Last appended: 0.0, Last appended by leader: 0, Current term: 1, Majority size: 2, State: 0, Mode: LEADER, active raft config: opid_index: -1 OBSOLETE_local: false peers { permanent_uuid: "c060bd25e1db4513ab3615c9e2b9db7d" member_type: VOTER last_known_addr { host: "127.5.162.193" port: 38481 } } peers { permanent_uuid: "54c84eed2f1c404da07cdc50de669ee1" member_type: VOTER last_known_addr { host: "127.5.162.194" port: 45525 } } peers { permanent_uuid: "2ae35b16dfb141a8b87a678af49e47c0" member_type: VOTER last_known_addr { host: "127.5.162.195" port: 33783 } }
I20260713 09:03:47.434689  7059 tablet_bootstrap.cc:654] T 1c61cc78b3c543f5a6e59f47766bb849 P 2ae35b16dfb141a8b87a678af49e47c0: Neither blocks nor log segments found. Creating new log.
I20260713 09:03:47.436371  7058 tablet_bootstrap.cc:654] T dad15702f2684485b9945a860f79dd2f P 54c84eed2f1c404da07cdc50de669ee1: Neither blocks nor log segments found. Creating new log.
I20260713 09:03:47.450314  7056 tablet_bootstrap.cc:492] T 9edfb73aa79247a89f939692600cdfef P c060bd25e1db4513ab3615c9e2b9db7d: Bootstrap starting.
I20260713 09:03:47.455219  7064 raft_consensus.cc:493] T 9edfb73aa79247a89f939692600cdfef P 54c84eed2f1c404da07cdc50de669ee1 [term 0 FOLLOWER]: Starting pre-election (no leader contacted us within the election timeout)
I20260713 09:03:47.455727  7064 raft_consensus.cc:515] T 9edfb73aa79247a89f939692600cdfef P 54c84eed2f1c404da07cdc50de669ee1 [term 0 FOLLOWER]: Starting pre-election with config: opid_index: -1 OBSOLETE_local: false peers { permanent_uuid: "c060bd25e1db4513ab3615c9e2b9db7d" member_type: VOTER last_known_addr { host: "127.5.162.193" port: 38481 } } peers { permanent_uuid: "54c84eed2f1c404da07cdc50de669ee1" member_type: VOTER last_known_addr { host: "127.5.162.194" port: 45525 } } peers { permanent_uuid: "2ae35b16dfb141a8b87a678af49e47c0" member_type: VOTER last_known_addr { host: "127.5.162.195" port: 33783 } }
I20260713 09:03:47.457930  7064 leader_election.cc:290] T 9edfb73aa79247a89f939692600cdfef P 54c84eed2f1c404da07cdc50de669ee1 [CANDIDATE]: Term 1 pre-election: Requested pre-vote from peers c060bd25e1db4513ab3615c9e2b9db7d (127.5.162.193:38481), 2ae35b16dfb141a8b87a678af49e47c0 (127.5.162.195:33783)
I20260713 09:03:47.459774  7014 tablet_service.cc:1917] Received RequestConsensusVote() RPC: tablet_id: "9edfb73aa79247a89f939692600cdfef" candidate_uuid: "54c84eed2f1c404da07cdc50de669ee1" candidate_term: 1 candidate_status { last_received { term: 0 index: 0 } } ignore_live_leader: false dest_uuid: "2ae35b16dfb141a8b87a678af49e47c0" is_pre_election: true
I20260713 09:03:47.461073  7014 raft_consensus.cc:2468] T 9edfb73aa79247a89f939692600cdfef P 2ae35b16dfb141a8b87a678af49e47c0 [term 0 FOLLOWER]: Leader pre-election vote request: Granting yes vote for candidate 54c84eed2f1c404da07cdc50de669ee1 in term 0.
I20260713 09:03:47.462464  6905 leader_election.cc:304] T 9edfb73aa79247a89f939692600cdfef P 54c84eed2f1c404da07cdc50de669ee1 [CANDIDATE]: Term 1 pre-election: Election decided. Result: candidate won. Election summary: received 2 responses out of 3 voters: 2 yes votes; 0 no votes. yes voters: 2ae35b16dfb141a8b87a678af49e47c0, 54c84eed2f1c404da07cdc50de669ee1; no voters: 
I20260713 09:03:47.463344  7064 raft_consensus.cc:2804] T 9edfb73aa79247a89f939692600cdfef P 54c84eed2f1c404da07cdc50de669ee1 [term 0 FOLLOWER]: Leader pre-election won for term 1
I20260713 09:03:47.463734  7064 raft_consensus.cc:493] T 9edfb73aa79247a89f939692600cdfef P 54c84eed2f1c404da07cdc50de669ee1 [term 0 FOLLOWER]: Starting leader election (no leader contacted us within the election timeout)
I20260713 09:03:47.464056  7064 raft_consensus.cc:3060] T 9edfb73aa79247a89f939692600cdfef P 54c84eed2f1c404da07cdc50de669ee1 [term 0 FOLLOWER]: Advancing to term 1
I20260713 09:03:47.466987  7056 tablet_bootstrap.cc:654] T 9edfb73aa79247a89f939692600cdfef P c060bd25e1db4513ab3615c9e2b9db7d: Neither blocks nor log segments found. Creating new log.
I20260713 09:03:47.475596  7058 tablet_bootstrap.cc:492] T dad15702f2684485b9945a860f79dd2f P 54c84eed2f1c404da07cdc50de669ee1: No bootstrap required, opened a new log
I20260713 09:03:47.476086  7058 ts_tablet_manager.cc:1403] T dad15702f2684485b9945a860f79dd2f P 54c84eed2f1c404da07cdc50de669ee1: Time spent bootstrapping tablet: real 0.046s	user 0.011s	sys 0.027s
I20260713 09:03:47.481514  7056 tablet_bootstrap.cc:492] T 9edfb73aa79247a89f939692600cdfef P c060bd25e1db4513ab3615c9e2b9db7d: No bootstrap required, opened a new log
I20260713 09:03:47.482059  7056 ts_tablet_manager.cc:1403] T 9edfb73aa79247a89f939692600cdfef P c060bd25e1db4513ab3615c9e2b9db7d: Time spent bootstrapping tablet: real 0.032s	user 0.009s	sys 0.001s
I20260713 09:03:47.482357  6865 tablet_service.cc:1917] Received RequestConsensusVote() RPC: tablet_id: "9edfb73aa79247a89f939692600cdfef" candidate_uuid: "54c84eed2f1c404da07cdc50de669ee1" candidate_term: 1 candidate_status { last_received { term: 0 index: 0 } } ignore_live_leader: false dest_uuid: "c060bd25e1db4513ab3615c9e2b9db7d" is_pre_election: true
I20260713 09:03:47.479116  7058 raft_consensus.cc:359] T dad15702f2684485b9945a860f79dd2f P 54c84eed2f1c404da07cdc50de669ee1 [term 0 FOLLOWER]: Replica starting. Triggering 0 pending ops. Active config: opid_index: -1 OBSOLETE_local: false peers { permanent_uuid: "c060bd25e1db4513ab3615c9e2b9db7d" member_type: VOTER last_known_addr { host: "127.5.162.193" port: 38481 } } peers { permanent_uuid: "54c84eed2f1c404da07cdc50de669ee1" member_type: VOTER last_known_addr { host: "127.5.162.194" port: 45525 } } peers { permanent_uuid: "2ae35b16dfb141a8b87a678af49e47c0" member_type: VOTER last_known_addr { host: "127.5.162.195" port: 33783 } }
I20260713 09:03:47.485005  7058 raft_consensus.cc:385] T dad15702f2684485b9945a860f79dd2f P 54c84eed2f1c404da07cdc50de669ee1 [term 0 FOLLOWER]: Consensus starting up: Expiring failure detector timer to make a prompt election more likely
I20260713 09:03:47.485297  7058 raft_consensus.cc:740] T dad15702f2684485b9945a860f79dd2f P 54c84eed2f1c404da07cdc50de669ee1 [term 0 FOLLOWER]: Becoming Follower/Learner. State: Replica: 54c84eed2f1c404da07cdc50de669ee1, State: Initialized, Role: FOLLOWER
I20260713 09:03:47.486159  7058 consensus_queue.cc:260] T dad15702f2684485b9945a860f79dd2f P 54c84eed2f1c404da07cdc50de669ee1 [NON_LEADER]: Queue going to NON_LEADER mode. State: All replicated index: 0, Majority replicated index: 0, Committed index: 0, Last appended: 0.0, Last appended by leader: 0, Current term: 0, Majority size: -1, State: 0, Mode: NON_LEADER, active raft config: opid_index: -1 OBSOLETE_local: false peers { permanent_uuid: "c060bd25e1db4513ab3615c9e2b9db7d" member_type: VOTER last_known_addr { host: "127.5.162.193" port: 38481 } } peers { permanent_uuid: "54c84eed2f1c404da07cdc50de669ee1" member_type: VOTER last_known_addr { host: "127.5.162.194" port: 45525 } } peers { permanent_uuid: "2ae35b16dfb141a8b87a678af49e47c0" member_type: VOTER last_known_addr { host: "127.5.162.195" port: 33783 } }
W20260713 09:03:47.488301  6906 leader_election.cc:343] T 9edfb73aa79247a89f939692600cdfef P 54c84eed2f1c404da07cdc50de669ee1 [CANDIDATE]: Term 1 pre-election: Tablet error from VoteRequest() call to peer c060bd25e1db4513ab3615c9e2b9db7d (127.5.162.193:38481): Illegal state: must be running to vote when last-logged opid is not known
I20260713 09:03:47.488397  7058 ts_tablet_manager.cc:1434] T dad15702f2684485b9945a860f79dd2f P 54c84eed2f1c404da07cdc50de669ee1: Time spent starting tablet: real 0.012s	user 0.004s	sys 0.000s
I20260713 09:03:47.491552  7058 tablet_bootstrap.cc:492] T 7268ac95da314efd9fa4f76f89e40a4c P 54c84eed2f1c404da07cdc50de669ee1: Bootstrap starting.
I20260713 09:03:47.489287  7087 raft_consensus.cc:493] T dad15702f2684485b9945a860f79dd2f P 54c84eed2f1c404da07cdc50de669ee1 [term 0 FOLLOWER]: Starting pre-election (no leader contacted us within the election timeout)
I20260713 09:03:47.492444  7087 raft_consensus.cc:515] T dad15702f2684485b9945a860f79dd2f P 54c84eed2f1c404da07cdc50de669ee1 [term 0 FOLLOWER]: Starting pre-election with config: opid_index: -1 OBSOLETE_local: false peers { permanent_uuid: "c060bd25e1db4513ab3615c9e2b9db7d" member_type: VOTER last_known_addr { host: "127.5.162.193" port: 38481 } } peers { permanent_uuid: "54c84eed2f1c404da07cdc50de669ee1" member_type: VOTER last_known_addr { host: "127.5.162.194" port: 45525 } } peers { permanent_uuid: "2ae35b16dfb141a8b87a678af49e47c0" member_type: VOTER last_known_addr { host: "127.5.162.195" port: 33783 } }
I20260713 09:03:47.494714  7087 leader_election.cc:290] T dad15702f2684485b9945a860f79dd2f P 54c84eed2f1c404da07cdc50de669ee1 [CANDIDATE]: Term 1 pre-election: Requested pre-vote from peers c060bd25e1db4513ab3615c9e2b9db7d (127.5.162.193:38481), 2ae35b16dfb141a8b87a678af49e47c0 (127.5.162.195:33783)
I20260713 09:03:47.498016  7014 tablet_service.cc:1917] Received RequestConsensusVote() RPC: tablet_id: "dad15702f2684485b9945a860f79dd2f" candidate_uuid: "54c84eed2f1c404da07cdc50de669ee1" candidate_term: 1 candidate_status { last_received { term: 0 index: 0 } } ignore_live_leader: false dest_uuid: "2ae35b16dfb141a8b87a678af49e47c0" is_pre_election: true
I20260713 09:03:47.499284  7058 tablet_bootstrap.cc:654] T 7268ac95da314efd9fa4f76f89e40a4c P 54c84eed2f1c404da07cdc50de669ee1: Neither blocks nor log segments found. Creating new log.
W20260713 09:03:47.499648  6905 leader_election.cc:343] T dad15702f2684485b9945a860f79dd2f P 54c84eed2f1c404da07cdc50de669ee1 [CANDIDATE]: Term 1 pre-election: Tablet error from VoteRequest() call to peer 2ae35b16dfb141a8b87a678af49e47c0 (127.5.162.195:33783): Illegal state: must be running to vote when last-logged opid is not known
I20260713 09:03:47.500437  7087 raft_consensus.cc:493] T e16f1f634e87430d90e62dd96d1cfce8 P 54c84eed2f1c404da07cdc50de669ee1 [term 0 FOLLOWER]: Starting pre-election (no leader contacted us within the election timeout)
I20260713 09:03:47.501039  7087 raft_consensus.cc:515] T e16f1f634e87430d90e62dd96d1cfce8 P 54c84eed2f1c404da07cdc50de669ee1 [term 0 FOLLOWER]: Starting pre-election with config: opid_index: -1 OBSOLETE_local: false peers { permanent_uuid: "c060bd25e1db4513ab3615c9e2b9db7d" member_type: VOTER last_known_addr { host: "127.5.162.193" port: 38481 } } peers { permanent_uuid: "54c84eed2f1c404da07cdc50de669ee1" member_type: VOTER last_known_addr { host: "127.5.162.194" port: 45525 } } peers { permanent_uuid: "2ae35b16dfb141a8b87a678af49e47c0" member_type: VOTER last_known_addr { host: "127.5.162.195" port: 33783 } }
I20260713 09:03:47.490536  7056 raft_consensus.cc:359] T 9edfb73aa79247a89f939692600cdfef P c060bd25e1db4513ab3615c9e2b9db7d [term 0 FOLLOWER]: Replica starting. Triggering 0 pending ops. Active config: opid_index: -1 OBSOLETE_local: false peers { permanent_uuid: "c060bd25e1db4513ab3615c9e2b9db7d" member_type: VOTER last_known_addr { host: "127.5.162.193" port: 38481 } } peers { permanent_uuid: "54c84eed2f1c404da07cdc50de669ee1" member_type: VOTER last_known_addr { host: "127.5.162.194" port: 45525 } } peers { permanent_uuid: "2ae35b16dfb141a8b87a678af49e47c0" member_type: VOTER last_known_addr { host: "127.5.162.195" port: 33783 } }
I20260713 09:03:47.501991  7056 raft_consensus.cc:385] T 9edfb73aa79247a89f939692600cdfef P c060bd25e1db4513ab3615c9e2b9db7d [term 0 FOLLOWER]: Consensus starting up: Expiring failure detector timer to make a prompt election more likely
I20260713 09:03:47.502285  7056 raft_consensus.cc:740] T 9edfb73aa79247a89f939692600cdfef P c060bd25e1db4513ab3615c9e2b9db7d [term 0 FOLLOWER]: Becoming Follower/Learner. State: Replica: c060bd25e1db4513ab3615c9e2b9db7d, State: Initialized, Role: FOLLOWER
I20260713 09:03:47.503087  7056 consensus_queue.cc:260] T 9edfb73aa79247a89f939692600cdfef P c060bd25e1db4513ab3615c9e2b9db7d [NON_LEADER]: Queue going to NON_LEADER mode. State: All replicated index: 0, Majority replicated index: 0, Committed index: 0, Last appended: 0.0, Last appended by leader: 0, Current term: 0, Majority size: -1, State: 0, Mode: NON_LEADER, active raft config: opid_index: -1 OBSOLETE_local: false peers { permanent_uuid: "c060bd25e1db4513ab3615c9e2b9db7d" member_type: VOTER last_known_addr { host: "127.5.162.193" port: 38481 } } peers { permanent_uuid: "54c84eed2f1c404da07cdc50de669ee1" member_type: VOTER last_known_addr { host: "127.5.162.194" port: 45525 } } peers { permanent_uuid: "2ae35b16dfb141a8b87a678af49e47c0" member_type: VOTER last_known_addr { host: "127.5.162.195" port: 33783 } }
I20260713 09:03:47.504030  6866 tablet_service.cc:1917] Received RequestConsensusVote() RPC: tablet_id: "e16f1f634e87430d90e62dd96d1cfce8" candidate_uuid: "54c84eed2f1c404da07cdc50de669ee1" candidate_term: 1 candidate_status { last_received { term: 0 index: 0 } } ignore_live_leader: false dest_uuid: "c060bd25e1db4513ab3615c9e2b9db7d" is_pre_election: true
I20260713 09:03:47.505160  7056 ts_tablet_manager.cc:1434] T 9edfb73aa79247a89f939692600cdfef P c060bd25e1db4513ab3615c9e2b9db7d: Time spent starting tablet: real 0.023s	user 0.004s	sys 0.003s
W20260713 09:03:47.505436  6906 leader_election.cc:343] T e16f1f634e87430d90e62dd96d1cfce8 P 54c84eed2f1c404da07cdc50de669ee1 [CANDIDATE]: Term 1 pre-election: Tablet error from VoteRequest() call to peer c060bd25e1db4513ab3615c9e2b9db7d (127.5.162.193:38481): Illegal state: must be running to vote when last-logged opid is not known
I20260713 09:03:47.506366  7056 tablet_bootstrap.cc:492] T 39743b57fa3d406c95ae886264dc4675 P c060bd25e1db4513ab3615c9e2b9db7d: Bootstrap starting.
I20260713 09:03:47.507443  7014 tablet_service.cc:1917] Received RequestConsensusVote() RPC: tablet_id: "e16f1f634e87430d90e62dd96d1cfce8" candidate_uuid: "54c84eed2f1c404da07cdc50de669ee1" candidate_term: 1 candidate_status { last_received { term: 0 index: 0 } } ignore_live_leader: false dest_uuid: "2ae35b16dfb141a8b87a678af49e47c0" is_pre_election: true
W20260713 09:03:47.508963  6905 leader_election.cc:343] T e16f1f634e87430d90e62dd96d1cfce8 P 54c84eed2f1c404da07cdc50de669ee1 [CANDIDATE]: Term 1 pre-election: Tablet error from VoteRequest() call to peer 2ae35b16dfb141a8b87a678af49e47c0 (127.5.162.195:33783): Illegal state: must be running to vote when last-logged opid is not known
I20260713 09:03:47.509415  6905 leader_election.cc:304] T e16f1f634e87430d90e62dd96d1cfce8 P 54c84eed2f1c404da07cdc50de669ee1 [CANDIDATE]: Term 1 pre-election: Election decided. Result: candidate lost. Election summary: received 3 responses out of 3 voters: 1 yes votes; 2 no votes. yes voters: 54c84eed2f1c404da07cdc50de669ee1; no voters: 2ae35b16dfb141a8b87a678af49e47c0, c060bd25e1db4513ab3615c9e2b9db7d
I20260713 09:03:47.510424  7087 leader_election.cc:290] T e16f1f634e87430d90e62dd96d1cfce8 P 54c84eed2f1c404da07cdc50de669ee1 [CANDIDATE]: Term 1 pre-election: Requested pre-vote from peers c060bd25e1db4513ab3615c9e2b9db7d (127.5.162.193:38481), 2ae35b16dfb141a8b87a678af49e47c0 (127.5.162.195:33783)
I20260713 09:03:47.511022  7087 raft_consensus.cc:2749] T e16f1f634e87430d90e62dd96d1cfce8 P 54c84eed2f1c404da07cdc50de669ee1 [term 0 FOLLOWER]: Leader pre-election lost for term 1. Reason: could not achieve majority
I20260713 09:03:47.512609  7056 tablet_bootstrap.cc:654] T 39743b57fa3d406c95ae886264dc4675 P c060bd25e1db4513ab3615c9e2b9db7d: Neither blocks nor log segments found. Creating new log.
I20260713 09:03:47.491505  7064 raft_consensus.cc:515] T 9edfb73aa79247a89f939692600cdfef P 54c84eed2f1c404da07cdc50de669ee1 [term 1 FOLLOWER]: Starting leader election with config: opid_index: -1 OBSOLETE_local: false peers { permanent_uuid: "c060bd25e1db4513ab3615c9e2b9db7d" member_type: VOTER last_known_addr { host: "127.5.162.193" port: 38481 } } peers { permanent_uuid: "54c84eed2f1c404da07cdc50de669ee1" member_type: VOTER last_known_addr { host: "127.5.162.194" port: 45525 } } peers { permanent_uuid: "2ae35b16dfb141a8b87a678af49e47c0" member_type: VOTER last_known_addr { host: "127.5.162.195" port: 33783 } }
I20260713 09:03:47.529131  6866 tablet_service.cc:1917] Received RequestConsensusVote() RPC: tablet_id: "9edfb73aa79247a89f939692600cdfef" candidate_uuid: "54c84eed2f1c404da07cdc50de669ee1" candidate_term: 1 candidate_status { last_received { term: 0 index: 0 } } ignore_live_leader: false dest_uuid: "c060bd25e1db4513ab3615c9e2b9db7d"
I20260713 09:03:47.529842  6866 raft_consensus.cc:3060] T 9edfb73aa79247a89f939692600cdfef P c060bd25e1db4513ab3615c9e2b9db7d [term 0 FOLLOWER]: Advancing to term 1
I20260713 09:03:47.537341  7056 tablet_bootstrap.cc:492] T 39743b57fa3d406c95ae886264dc4675 P c060bd25e1db4513ab3615c9e2b9db7d: No bootstrap required, opened a new log
I20260713 09:03:47.537883  7056 ts_tablet_manager.cc:1403] T 39743b57fa3d406c95ae886264dc4675 P c060bd25e1db4513ab3615c9e2b9db7d: Time spent bootstrapping tablet: real 0.032s	user 0.014s	sys 0.002s
I20260713 09:03:47.539742  7060 consensus_queue.cc:1048] T 20506cb24f734bdc8c568c301ce2a5cf P c060bd25e1db4513ab3615c9e2b9db7d [LEADER]: Connected to new peer: Peer: permanent_uuid: "2ae35b16dfb141a8b87a678af49e47c0" member_type: VOTER last_known_addr { host: "127.5.162.195" port: 33783 }, Status: LMP_MISMATCH, Last received: 0.0, Next index: 1, Last known committed idx: 0, Time since last communication: 0.000s
I20260713 09:03:47.541122  7056 raft_consensus.cc:359] T 39743b57fa3d406c95ae886264dc4675 P c060bd25e1db4513ab3615c9e2b9db7d [term 0 FOLLOWER]: Replica starting. Triggering 0 pending ops. Active config: opid_index: -1 OBSOLETE_local: false peers { permanent_uuid: "c060bd25e1db4513ab3615c9e2b9db7d" member_type: VOTER last_known_addr { host: "127.5.162.193" port: 38481 } } peers { permanent_uuid: "54c84eed2f1c404da07cdc50de669ee1" member_type: VOTER last_known_addr { host: "127.5.162.194" port: 45525 } } peers { permanent_uuid: "2ae35b16dfb141a8b87a678af49e47c0" member_type: VOTER last_known_addr { host: "127.5.162.195" port: 33783 } }
I20260713 09:03:47.548559  7060 consensus_queue.cc:1048] T 8910651251a64fe6b041b2a80cfb03f3 P c060bd25e1db4513ab3615c9e2b9db7d [LEADER]: Connected to new peer: Peer: permanent_uuid: "54c84eed2f1c404da07cdc50de669ee1" member_type: VOTER last_known_addr { host: "127.5.162.194" port: 45525 }, Status: LMP_MISMATCH, Last received: 0.0, Next index: 1, Last known committed idx: 0, Time since last communication: 0.000s
I20260713 09:03:47.549067  7063 raft_consensus.cc:493] T 7396d94eea454864b640263d2050063a P 2ae35b16dfb141a8b87a678af49e47c0 [term 0 FOLLOWER]: Starting pre-election (no leader contacted us within the election timeout)
I20260713 09:03:47.549644  7063 raft_consensus.cc:515] T 7396d94eea454864b640263d2050063a P 2ae35b16dfb141a8b87a678af49e47c0 [term 0 FOLLOWER]: Starting pre-election with config: opid_index: -1 OBSOLETE_local: false peers { permanent_uuid: "c060bd25e1db4513ab3615c9e2b9db7d" member_type: VOTER last_known_addr { host: "127.5.162.193" port: 38481 } } peers { permanent_uuid: "54c84eed2f1c404da07cdc50de669ee1" member_type: VOTER last_known_addr { host: "127.5.162.194" port: 45525 } } peers { permanent_uuid: "2ae35b16dfb141a8b87a678af49e47c0" member_type: VOTER last_known_addr { host: "127.5.162.195" port: 33783 } }
I20260713 09:03:47.551785  7063 leader_election.cc:290] T 7396d94eea454864b640263d2050063a P 2ae35b16dfb141a8b87a678af49e47c0 [CANDIDATE]: Term 1 pre-election: Requested pre-vote from peers c060bd25e1db4513ab3615c9e2b9db7d (127.5.162.193:38481), 54c84eed2f1c404da07cdc50de669ee1 (127.5.162.194:45525)
I20260713 09:03:47.553661  6867 tablet_service.cc:1917] Received RequestConsensusVote() RPC: tablet_id: "7396d94eea454864b640263d2050063a" candidate_uuid: "2ae35b16dfb141a8b87a678af49e47c0" candidate_term: 1 candidate_status { last_received { term: 0 index: 0 } } ignore_live_leader: false dest_uuid: "c060bd25e1db4513ab3615c9e2b9db7d" is_pre_election: true
W20260713 09:03:47.555096  6980 leader_election.cc:343] T 7396d94eea454864b640263d2050063a P 2ae35b16dfb141a8b87a678af49e47c0 [CANDIDATE]: Term 1 pre-election: Tablet error from VoteRequest() call to peer c060bd25e1db4513ab3615c9e2b9db7d (127.5.162.193:38481): Illegal state: must be running to vote when last-logged opid is not known
I20260713 09:03:47.541858  7056 raft_consensus.cc:385] T 39743b57fa3d406c95ae886264dc4675 P c060bd25e1db4513ab3615c9e2b9db7d [term 0 FOLLOWER]: Consensus starting up: Expiring failure detector timer to make a prompt election more likely
I20260713 09:03:47.560068  7056 raft_consensus.cc:740] T 39743b57fa3d406c95ae886264dc4675 P c060bd25e1db4513ab3615c9e2b9db7d [term 0 FOLLOWER]: Becoming Follower/Learner. State: Replica: c060bd25e1db4513ab3615c9e2b9db7d, State: Initialized, Role: FOLLOWER
I20260713 09:03:47.560832  7056 consensus_queue.cc:260] T 39743b57fa3d406c95ae886264dc4675 P c060bd25e1db4513ab3615c9e2b9db7d [NON_LEADER]: Queue going to NON_LEADER mode. State: All replicated index: 0, Majority replicated index: 0, Committed index: 0, Last appended: 0.0, Last appended by leader: 0, Current term: 0, Majority size: -1, State: 0, Mode: NON_LEADER, active raft config: opid_index: -1 OBSOLETE_local: false peers { permanent_uuid: "c060bd25e1db4513ab3615c9e2b9db7d" member_type: VOTER last_known_addr { host: "127.5.162.193" port: 38481 } } peers { permanent_uuid: "54c84eed2f1c404da07cdc50de669ee1" member_type: VOTER last_known_addr { host: "127.5.162.194" port: 45525 } } peers { permanent_uuid: "2ae35b16dfb141a8b87a678af49e47c0" member_type: VOTER last_known_addr { host: "127.5.162.195" port: 33783 } }
I20260713 09:03:47.565428  6865 tablet_service.cc:1917] Received RequestConsensusVote() RPC: tablet_id: "dad15702f2684485b9945a860f79dd2f" candidate_uuid: "54c84eed2f1c404da07cdc50de669ee1" candidate_term: 1 candidate_status { last_received { term: 0 index: 0 } } ignore_live_leader: false dest_uuid: "c060bd25e1db4513ab3615c9e2b9db7d" is_pre_election: true
W20260713 09:03:47.567019  6906 leader_election.cc:343] T dad15702f2684485b9945a860f79dd2f P 54c84eed2f1c404da07cdc50de669ee1 [CANDIDATE]: Term 1 pre-election: Tablet error from VoteRequest() call to peer c060bd25e1db4513ab3615c9e2b9db7d (127.5.162.193:38481): Illegal state: must be running to vote when last-logged opid is not known
I20260713 09:03:47.567530  6906 leader_election.cc:304] T dad15702f2684485b9945a860f79dd2f P 54c84eed2f1c404da07cdc50de669ee1 [CANDIDATE]: Term 1 pre-election: Election decided. Result: candidate lost. Election summary: received 3 responses out of 3 voters: 1 yes votes; 2 no votes. yes voters: 54c84eed2f1c404da07cdc50de669ee1; no voters: 2ae35b16dfb141a8b87a678af49e47c0, c060bd25e1db4513ab3615c9e2b9db7d
I20260713 09:03:47.567090  7056 ts_tablet_manager.cc:1434] T 39743b57fa3d406c95ae886264dc4675 P c060bd25e1db4513ab3615c9e2b9db7d: Time spent starting tablet: real 0.029s	user 0.007s	sys 0.000s
I20260713 09:03:47.570776  7056 tablet_bootstrap.cc:492] T e16f1f634e87430d90e62dd96d1cfce8 P c060bd25e1db4513ab3615c9e2b9db7d: Bootstrap starting.
I20260713 09:03:47.578044  7060 raft_consensus.cc:493] T 63555aae676644a6b06fa79fa244a73f P c060bd25e1db4513ab3615c9e2b9db7d [term 0 FOLLOWER]: Starting pre-election (no leader contacted us within the election timeout)
I20260713 09:03:47.578586  7060 raft_consensus.cc:515] T 63555aae676644a6b06fa79fa244a73f P c060bd25e1db4513ab3615c9e2b9db7d [term 0 FOLLOWER]: Starting pre-election with config: opid_index: -1 OBSOLETE_local: false peers { permanent_uuid: "c060bd25e1db4513ab3615c9e2b9db7d" member_type: VOTER last_known_addr { host: "127.5.162.193" port: 38481 } } peers { permanent_uuid: "54c84eed2f1c404da07cdc50de669ee1" member_type: VOTER last_known_addr { host: "127.5.162.194" port: 45525 } } peers { permanent_uuid: "2ae35b16dfb141a8b87a678af49e47c0" member_type: VOTER last_known_addr { host: "127.5.162.195" port: 33783 } }
I20260713 09:03:47.582139  7060 leader_election.cc:290] T 63555aae676644a6b06fa79fa244a73f P c060bd25e1db4513ab3615c9e2b9db7d [CANDIDATE]: Term 1 pre-election: Requested pre-vote from peers 54c84eed2f1c404da07cdc50de669ee1 (127.5.162.194:45525), 2ae35b16dfb141a8b87a678af49e47c0 (127.5.162.195:33783)
I20260713 09:03:47.589174  7056 tablet_bootstrap.cc:654] T e16f1f634e87430d90e62dd96d1cfce8 P c060bd25e1db4513ab3615c9e2b9db7d: Neither blocks nor log segments found. Creating new log.
I20260713 09:03:47.589715  6942 tablet_service.cc:1917] Received RequestConsensusVote() RPC: tablet_id: "63555aae676644a6b06fa79fa244a73f" candidate_uuid: "c060bd25e1db4513ab3615c9e2b9db7d" candidate_term: 1 candidate_status { last_received { term: 0 index: 0 } } ignore_live_leader: false dest_uuid: "54c84eed2f1c404da07cdc50de669ee1" is_pre_election: true
W20260713 09:03:47.590934  6831 leader_election.cc:343] T 63555aae676644a6b06fa79fa244a73f P c060bd25e1db4513ab3615c9e2b9db7d [CANDIDATE]: Term 1 pre-election: Tablet error from VoteRequest() call to peer 54c84eed2f1c404da07cdc50de669ee1 (127.5.162.194:45525): Illegal state: must be running to vote when last-logged opid is not known
I20260713 09:03:47.598146  7087 raft_consensus.cc:2749] T dad15702f2684485b9945a860f79dd2f P 54c84eed2f1c404da07cdc50de669ee1 [term 0 FOLLOWER]: Leader pre-election lost for term 1. Reason: could not achieve majority
I20260713 09:03:47.599007  7087 consensus_queue.cc:1048] T 1d0f27508b7f476dbfc2cb6d8370aa0e P 54c84eed2f1c404da07cdc50de669ee1 [LEADER]: Connected to new peer: Peer: permanent_uuid: "c060bd25e1db4513ab3615c9e2b9db7d" member_type: VOTER last_known_addr { host: "127.5.162.193" port: 38481 }, Status: LMP_MISMATCH, Last received: 0.0, Next index: 1, Last known committed idx: 0, Time since last communication: 0.000s
I20260713 09:03:47.601405  7015 tablet_service.cc:1917] Received RequestConsensusVote() RPC: tablet_id: "63555aae676644a6b06fa79fa244a73f" candidate_uuid: "c060bd25e1db4513ab3615c9e2b9db7d" candidate_term: 1 candidate_status { last_received { term: 0 index: 0 } } ignore_live_leader: false dest_uuid: "2ae35b16dfb141a8b87a678af49e47c0" is_pre_election: true
I20260713 09:03:47.602111  7015 raft_consensus.cc:2468] T 63555aae676644a6b06fa79fa244a73f P 2ae35b16dfb141a8b87a678af49e47c0 [term 0 FOLLOWER]: Leader pre-election vote request: Granting yes vote for candidate c060bd25e1db4513ab3615c9e2b9db7d in term 0.
I20260713 09:03:47.603300  6830 leader_election.cc:304] T 63555aae676644a6b06fa79fa244a73f P c060bd25e1db4513ab3615c9e2b9db7d [CANDIDATE]: Term 1 pre-election: Election decided. Result: candidate won. Election summary: received 3 responses out of 3 voters: 2 yes votes; 1 no votes. yes voters: 2ae35b16dfb141a8b87a678af49e47c0, c060bd25e1db4513ab3615c9e2b9db7d; no voters: 54c84eed2f1c404da07cdc50de669ee1
I20260713 09:03:47.604532  7060 raft_consensus.cc:2804] T 63555aae676644a6b06fa79fa244a73f P c060bd25e1db4513ab3615c9e2b9db7d [term 0 FOLLOWER]: Leader pre-election won for term 1
I20260713 09:03:47.604888  7060 raft_consensus.cc:493] T 63555aae676644a6b06fa79fa244a73f P c060bd25e1db4513ab3615c9e2b9db7d [term 0 FOLLOWER]: Starting leader election (no leader contacted us within the election timeout)
I20260713 09:03:47.605208  7060 raft_consensus.cc:3060] T 63555aae676644a6b06fa79fa244a73f P c060bd25e1db4513ab3615c9e2b9db7d [term 0 FOLLOWER]: Advancing to term 1
I20260713 09:03:47.610459  7056 tablet_bootstrap.cc:492] T e16f1f634e87430d90e62dd96d1cfce8 P c060bd25e1db4513ab3615c9e2b9db7d: No bootstrap required, opened a new log
I20260713 09:03:47.610962  7056 ts_tablet_manager.cc:1403] T e16f1f634e87430d90e62dd96d1cfce8 P c060bd25e1db4513ab3615c9e2b9db7d: Time spent bootstrapping tablet: real 0.040s	user 0.007s	sys 0.004s
I20260713 09:03:47.615867  7095 consensus_queue.cc:1048] T 20506cb24f734bdc8c568c301ce2a5cf P c060bd25e1db4513ab3615c9e2b9db7d [LEADER]: Connected to new peer: Peer: permanent_uuid: "54c84eed2f1c404da07cdc50de669ee1" member_type: VOTER last_known_addr { host: "127.5.162.194" port: 45525 }, Status: LMP_MISMATCH, Last received: 0.0, Next index: 1, Last known committed idx: 0, Time since last communication: 0.000s
I20260713 09:03:47.618222  6866 raft_consensus.cc:2468] T 9edfb73aa79247a89f939692600cdfef P c060bd25e1db4513ab3615c9e2b9db7d [term 1 FOLLOWER]: Leader election vote request: Granting yes vote for candidate 54c84eed2f1c404da07cdc50de669ee1 in term 1.
I20260713 09:03:47.613756  7056 raft_consensus.cc:359] T e16f1f634e87430d90e62dd96d1cfce8 P c060bd25e1db4513ab3615c9e2b9db7d [term 0 FOLLOWER]: Replica starting. Triggering 0 pending ops. Active config: opid_index: -1 OBSOLETE_local: false peers { permanent_uuid: "c060bd25e1db4513ab3615c9e2b9db7d" member_type: VOTER last_known_addr { host: "127.5.162.193" port: 38481 } } peers { permanent_uuid: "54c84eed2f1c404da07cdc50de669ee1" member_type: VOTER last_known_addr { host: "127.5.162.194" port: 45525 } } peers { permanent_uuid: "2ae35b16dfb141a8b87a678af49e47c0" member_type: VOTER last_known_addr { host: "127.5.162.195" port: 33783 } }
I20260713 09:03:47.623986  7056 raft_consensus.cc:385] T e16f1f634e87430d90e62dd96d1cfce8 P c060bd25e1db4513ab3615c9e2b9db7d [term 0 FOLLOWER]: Consensus starting up: Expiring failure detector timer to make a prompt election more likely
I20260713 09:03:47.624307  7056 raft_consensus.cc:740] T e16f1f634e87430d90e62dd96d1cfce8 P c060bd25e1db4513ab3615c9e2b9db7d [term 0 FOLLOWER]: Becoming Follower/Learner. State: Replica: c060bd25e1db4513ab3615c9e2b9db7d, State: Initialized, Role: FOLLOWER
I20260713 09:03:47.625007  7056 consensus_queue.cc:260] T e16f1f634e87430d90e62dd96d1cfce8 P c060bd25e1db4513ab3615c9e2b9db7d [NON_LEADER]: Queue going to NON_LEADER mode. State: All replicated index: 0, Majority replicated index: 0, Committed index: 0, Last appended: 0.0, Last appended by leader: 0, Current term: 0, Majority size: -1, State: 0, Mode: NON_LEADER, active raft config: opid_index: -1 OBSOLETE_local: false peers { permanent_uuid: "c060bd25e1db4513ab3615c9e2b9db7d" member_type: VOTER last_known_addr { host: "127.5.162.193" port: 38481 } } peers { permanent_uuid: "54c84eed2f1c404da07cdc50de669ee1" member_type: VOTER last_known_addr { host: "127.5.162.194" port: 45525 } } peers { permanent_uuid: "2ae35b16dfb141a8b87a678af49e47c0" member_type: VOTER last_known_addr { host: "127.5.162.195" port: 33783 } }
I20260713 09:03:47.627121  7064 leader_election.cc:290] T 9edfb73aa79247a89f939692600cdfef P 54c84eed2f1c404da07cdc50de669ee1 [CANDIDATE]: Term 1 election: Requested vote from peers c060bd25e1db4513ab3615c9e2b9db7d (127.5.162.193:38481), 2ae35b16dfb141a8b87a678af49e47c0 (127.5.162.195:33783)
I20260713 09:03:47.628945  7060 raft_consensus.cc:515] T 63555aae676644a6b06fa79fa244a73f P c060bd25e1db4513ab3615c9e2b9db7d [term 1 FOLLOWER]: Starting leader election with config: opid_index: -1 OBSOLETE_local: false peers { permanent_uuid: "c060bd25e1db4513ab3615c9e2b9db7d" member_type: VOTER last_known_addr { host: "127.5.162.193" port: 38481 } } peers { permanent_uuid: "54c84eed2f1c404da07cdc50de669ee1" member_type: VOTER last_known_addr { host: "127.5.162.194" port: 45525 } } peers { permanent_uuid: "2ae35b16dfb141a8b87a678af49e47c0" member_type: VOTER last_known_addr { host: "127.5.162.195" port: 33783 } }
I20260713 09:03:47.632131  6940 tablet_service.cc:1917] Received RequestConsensusVote() RPC: tablet_id: "63555aae676644a6b06fa79fa244a73f" candidate_uuid: "c060bd25e1db4513ab3615c9e2b9db7d" candidate_term: 1 candidate_status { last_received { term: 0 index: 0 } } ignore_live_leader: false dest_uuid: "54c84eed2f1c404da07cdc50de669ee1"
I20260713 09:03:47.632591  7060 leader_election.cc:290] T 63555aae676644a6b06fa79fa244a73f P c060bd25e1db4513ab3615c9e2b9db7d [CANDIDATE]: Term 1 election: Requested vote from peers 54c84eed2f1c404da07cdc50de669ee1 (127.5.162.194:45525), 2ae35b16dfb141a8b87a678af49e47c0 (127.5.162.195:33783)
W20260713 09:03:47.633491  6831 leader_election.cc:343] T 63555aae676644a6b06fa79fa244a73f P c060bd25e1db4513ab3615c9e2b9db7d [CANDIDATE]: Term 1 election: Tablet error from VoteRequest() call to peer 54c84eed2f1c404da07cdc50de669ee1 (127.5.162.194:45525): Illegal state: must be running to vote when last-logged opid is not known
I20260713 09:03:47.633658  7015 tablet_service.cc:1917] Received RequestConsensusVote() RPC: tablet_id: "63555aae676644a6b06fa79fa244a73f" candidate_uuid: "c060bd25e1db4513ab3615c9e2b9db7d" candidate_term: 1 candidate_status { last_received { term: 0 index: 0 } } ignore_live_leader: false dest_uuid: "2ae35b16dfb141a8b87a678af49e47c0"
I20260713 09:03:47.634354  7015 raft_consensus.cc:3060] T 63555aae676644a6b06fa79fa244a73f P 2ae35b16dfb141a8b87a678af49e47c0 [term 0 FOLLOWER]: Advancing to term 1
I20260713 09:03:47.636582  7056 ts_tablet_manager.cc:1434] T e16f1f634e87430d90e62dd96d1cfce8 P c060bd25e1db4513ab3615c9e2b9db7d: Time spent starting tablet: real 0.025s	user 0.009s	sys 0.000s
I20260713 09:03:47.637591  7056 tablet_bootstrap.cc:492] T 7396d94eea454864b640263d2050063a P c060bd25e1db4513ab3615c9e2b9db7d: Bootstrap starting.
I20260713 09:03:47.640796  7063 consensus_queue.cc:1048] T ff631e53fc4a44fe813560c0c7649478 P 2ae35b16dfb141a8b87a678af49e47c0 [LEADER]: Connected to new peer: Peer: permanent_uuid: "c060bd25e1db4513ab3615c9e2b9db7d" member_type: VOTER last_known_addr { host: "127.5.162.193" port: 38481 }, Status: LMP_MISMATCH, Last received: 0.0, Next index: 1, Last known committed idx: 0, Time since last communication: 0.000s
I20260713 09:03:47.643225  7056 tablet_bootstrap.cc:654] T 7396d94eea454864b640263d2050063a P c060bd25e1db4513ab3615c9e2b9db7d: Neither blocks nor log segments found. Creating new log.
W20260713 09:03:47.653864  6906 outbound_call.cc:321] RPC callback for RPC call kudu.consensus.ConsensusService.UpdateConsensus -> {remote=127.5.162.193:38481, user_credentials={real_user=slave}} blocked reactor thread for 59289.7us
I20260713 09:03:47.679251  6906 leader_election.cc:304] T 9edfb73aa79247a89f939692600cdfef P 54c84eed2f1c404da07cdc50de669ee1 [CANDIDATE]: Term 1 election: Election decided. Result: candidate won. Election summary: received 2 responses out of 3 voters: 2 yes votes; 0 no votes. yes voters: 54c84eed2f1c404da07cdc50de669ee1, c060bd25e1db4513ab3615c9e2b9db7d; no voters: 
I20260713 09:03:47.693046  7060 consensus_queue.cc:1048] T 8910651251a64fe6b041b2a80cfb03f3 P c060bd25e1db4513ab3615c9e2b9db7d [LEADER]: Connected to new peer: Peer: permanent_uuid: "2ae35b16dfb141a8b87a678af49e47c0" member_type: VOTER last_known_addr { host: "127.5.162.195" port: 33783 }, Status: LMP_MISMATCH, Last received: 0.0, Next index: 1, Last known committed idx: 0, Time since last communication: 0.000s
I20260713 09:03:47.696399  7087 raft_consensus.cc:2804] T 9edfb73aa79247a89f939692600cdfef P 54c84eed2f1c404da07cdc50de669ee1 [term 1 FOLLOWER]: Leader election won for term 1
I20260713 09:03:47.696928  7087 raft_consensus.cc:697] T 9edfb73aa79247a89f939692600cdfef P 54c84eed2f1c404da07cdc50de669ee1 [term 1 LEADER]: Becoming Leader. State: Replica: 54c84eed2f1c404da07cdc50de669ee1, State: Running, Role: LEADER
I20260713 09:03:47.698448  7087 consensus_queue.cc:237] T 9edfb73aa79247a89f939692600cdfef P 54c84eed2f1c404da07cdc50de669ee1 [LEADER]: Queue going to LEADER mode. State: All replicated index: 0, Majority replicated index: 0, Committed index: 0, Last appended: 0.0, Last appended by leader: 0, Current term: 1, Majority size: 2, State: 0, Mode: LEADER, active raft config: opid_index: -1 OBSOLETE_local: false peers { permanent_uuid: "c060bd25e1db4513ab3615c9e2b9db7d" member_type: VOTER last_known_addr { host: "127.5.162.193" port: 38481 } } peers { permanent_uuid: "54c84eed2f1c404da07cdc50de669ee1" member_type: VOTER last_known_addr { host: "127.5.162.194" port: 45525 } } peers { permanent_uuid: "2ae35b16dfb141a8b87a678af49e47c0" member_type: VOTER last_known_addr { host: "127.5.162.195" port: 33783 } }
I20260713 09:03:47.709138  7059 tablet_bootstrap.cc:492] T 1c61cc78b3c543f5a6e59f47766bb849 P 2ae35b16dfb141a8b87a678af49e47c0: No bootstrap required, opened a new log
I20260713 09:03:47.709625  7059 ts_tablet_manager.cc:1403] T 1c61cc78b3c543f5a6e59f47766bb849 P 2ae35b16dfb141a8b87a678af49e47c0: Time spent bootstrapping tablet: real 0.280s	user 0.074s	sys 0.120s
I20260713 09:03:47.715116  7056 tablet_bootstrap.cc:492] T 7396d94eea454864b640263d2050063a P c060bd25e1db4513ab3615c9e2b9db7d: No bootstrap required, opened a new log
I20260713 09:03:47.715611  7056 ts_tablet_manager.cc:1403] T 7396d94eea454864b640263d2050063a P c060bd25e1db4513ab3615c9e2b9db7d: Time spent bootstrapping tablet: real 0.078s	user 0.020s	sys 0.017s
I20260713 09:03:47.718787  7056 raft_consensus.cc:359] T 7396d94eea454864b640263d2050063a P c060bd25e1db4513ab3615c9e2b9db7d [term 0 FOLLOWER]: Replica starting. Triggering 0 pending ops. Active config: opid_index: -1 OBSOLETE_local: false peers { permanent_uuid: "c060bd25e1db4513ab3615c9e2b9db7d" member_type: VOTER last_known_addr { host: "127.5.162.193" port: 38481 } } peers { permanent_uuid: "54c84eed2f1c404da07cdc50de669ee1" member_type: VOTER last_known_addr { host: "127.5.162.194" port: 45525 } } peers { permanent_uuid: "2ae35b16dfb141a8b87a678af49e47c0" member_type: VOTER last_known_addr { host: "127.5.162.195" port: 33783 } }
I20260713 09:03:47.719480  7056 raft_consensus.cc:385] T 7396d94eea454864b640263d2050063a P c060bd25e1db4513ab3615c9e2b9db7d [term 0 FOLLOWER]: Consensus starting up: Expiring failure detector timer to make a prompt election more likely
I20260713 09:03:47.719741  7056 raft_consensus.cc:740] T 7396d94eea454864b640263d2050063a P c060bd25e1db4513ab3615c9e2b9db7d [term 0 FOLLOWER]: Becoming Follower/Learner. State: Replica: c060bd25e1db4513ab3615c9e2b9db7d, State: Initialized, Role: FOLLOWER
I20260713 09:03:47.720383  7056 consensus_queue.cc:260] T 7396d94eea454864b640263d2050063a P c060bd25e1db4513ab3615c9e2b9db7d [NON_LEADER]: Queue going to NON_LEADER mode. State: All replicated index: 0, Majority replicated index: 0, Committed index: 0, Last appended: 0.0, Last appended by leader: 0, Current term: 0, Majority size: -1, State: 0, Mode: NON_LEADER, active raft config: opid_index: -1 OBSOLETE_local: false peers { permanent_uuid: "c060bd25e1db4513ab3615c9e2b9db7d" member_type: VOTER last_known_addr { host: "127.5.162.193" port: 38481 } } peers { permanent_uuid: "54c84eed2f1c404da07cdc50de669ee1" member_type: VOTER last_known_addr { host: "127.5.162.194" port: 45525 } } peers { permanent_uuid: "2ae35b16dfb141a8b87a678af49e47c0" member_type: VOTER last_known_addr { host: "127.5.162.195" port: 33783 } }
I20260713 09:03:47.706209  7015 raft_consensus.cc:2468] T 63555aae676644a6b06fa79fa244a73f P 2ae35b16dfb141a8b87a678af49e47c0 [term 1 FOLLOWER]: Leader election vote request: Granting yes vote for candidate c060bd25e1db4513ab3615c9e2b9db7d in term 1.
I20260713 09:03:47.737921  7058 tablet_bootstrap.cc:492] T 7268ac95da314efd9fa4f76f89e40a4c P 54c84eed2f1c404da07cdc50de669ee1: No bootstrap required, opened a new log
I20260713 09:03:47.751507  7058 ts_tablet_manager.cc:1403] T 7268ac95da314efd9fa4f76f89e40a4c P 54c84eed2f1c404da07cdc50de669ee1: Time spent bootstrapping tablet: real 0.260s	user 0.030s	sys 0.040s
I20260713 09:03:47.755880  7095 raft_consensus.cc:493] T e16f1f634e87430d90e62dd96d1cfce8 P c060bd25e1db4513ab3615c9e2b9db7d [term 0 FOLLOWER]: Starting pre-election (no leader contacted us within the election timeout)
I20260713 09:03:47.756414  7095 raft_consensus.cc:515] T e16f1f634e87430d90e62dd96d1cfce8 P c060bd25e1db4513ab3615c9e2b9db7d [term 0 FOLLOWER]: Starting pre-election with config: opid_index: -1 OBSOLETE_local: false peers { permanent_uuid: "c060bd25e1db4513ab3615c9e2b9db7d" member_type: VOTER last_known_addr { host: "127.5.162.193" port: 38481 } } peers { permanent_uuid: "54c84eed2f1c404da07cdc50de669ee1" member_type: VOTER last_known_addr { host: "127.5.162.194" port: 45525 } } peers { permanent_uuid: "2ae35b16dfb141a8b87a678af49e47c0" member_type: VOTER last_known_addr { host: "127.5.162.195" port: 33783 } }
I20260713 09:03:47.758595  7095 leader_election.cc:290] T e16f1f634e87430d90e62dd96d1cfce8 P c060bd25e1db4513ab3615c9e2b9db7d [CANDIDATE]: Term 1 pre-election: Requested pre-vote from peers 54c84eed2f1c404da07cdc50de669ee1 (127.5.162.194:45525), 2ae35b16dfb141a8b87a678af49e47c0 (127.5.162.195:33783)
I20260713 09:03:47.761155  7056 ts_tablet_manager.cc:1434] T 7396d94eea454864b640263d2050063a P c060bd25e1db4513ab3615c9e2b9db7d: Time spent starting tablet: real 0.045s	user 0.004s	sys 0.002s
I20260713 09:03:47.762193  7056 tablet_bootstrap.cc:492] T e6c84019ff9647d298866be5b69e1729 P c060bd25e1db4513ab3615c9e2b9db7d: Bootstrap starting.
