I20260713 09:03:49.140676  7012 tablet_service.cc:1917] Received RequestConsensusVote() RPC: tablet_id: "b4b166cdd038462f9fb8995960344bf0" candidate_uuid: "54c84eed2f1c404da07cdc50de669ee1" candidate_term: 1 candidate_status { last_received { term: 0 index: 0 } } ignore_live_leader: false dest_uuid: "2ae35b16dfb141a8b87a678af49e47c0"
I20260713 09:03:49.140805  6864 raft_consensus.cc:3060] T b4b166cdd038462f9fb8995960344bf0 P c060bd25e1db4513ab3615c9e2b9db7d [term 0 FOLLOWER]: Advancing to term 1
I20260713 09:03:49.141283  7012 raft_consensus.cc:3060] T b4b166cdd038462f9fb8995960344bf0 P 2ae35b16dfb141a8b87a678af49e47c0 [term 0 FOLLOWER]: Advancing to term 1
I20260713 09:03:49.141094  7151 raft_consensus.cc:515] T fe646fbfb1084d259efef6c0525b1d01 P c060bd25e1db4513ab3615c9e2b9db7d [term 0 FOLLOWER]: Starting pre-election with config: opid_index: -1 OBSOLETE_local: false peers { permanent_uuid: "c060bd25e1db4513ab3615c9e2b9db7d" member_type: VOTER last_known_addr { host: "127.5.162.193" port: 38481 } } peers { permanent_uuid: "54c84eed2f1c404da07cdc50de669ee1" member_type: VOTER last_known_addr { host: "127.5.162.194" port: 45525 } } peers { permanent_uuid: "2ae35b16dfb141a8b87a678af49e47c0" member_type: VOTER last_known_addr { host: "127.5.162.195" port: 33783 } }
I20260713 09:03:49.143051  7151 leader_election.cc:290] T fe646fbfb1084d259efef6c0525b1d01 P c060bd25e1db4513ab3615c9e2b9db7d [CANDIDATE]: Term 1 pre-election: Requested pre-vote from peers 54c84eed2f1c404da07cdc50de669ee1 (127.5.162.194:45525), 2ae35b16dfb141a8b87a678af49e47c0 (127.5.162.195:33783)
I20260713 09:03:49.143597  6939 tablet_service.cc:1917] Received RequestConsensusVote() RPC: tablet_id: "fe646fbfb1084d259efef6c0525b1d01" candidate_uuid: "c060bd25e1db4513ab3615c9e2b9db7d" candidate_term: 1 candidate_status { last_received { term: 0 index: 0 } } ignore_live_leader: false dest_uuid: "54c84eed2f1c404da07cdc50de669ee1" is_pre_election: true
I20260713 09:03:49.145823  7014 tablet_service.cc:1917] Received RequestConsensusVote() RPC: tablet_id: "fe646fbfb1084d259efef6c0525b1d01" candidate_uuid: "c060bd25e1db4513ab3615c9e2b9db7d" candidate_term: 1 candidate_status { last_received { term: 0 index: 0 } } ignore_live_leader: false dest_uuid: "2ae35b16dfb141a8b87a678af49e47c0" is_pre_election: true
I20260713 09:03:49.146524  7014 raft_consensus.cc:2393] T fe646fbfb1084d259efef6c0525b1d01 P 2ae35b16dfb141a8b87a678af49e47c0 [term 1 FOLLOWER]: Leader pre-election vote request: Denying vote to candidate c060bd25e1db4513ab3615c9e2b9db7d in current term 1: Already voted for candidate 54c84eed2f1c404da07cdc50de669ee1 in this term.
I20260713 09:03:49.147033  6864 raft_consensus.cc:2468] T b4b166cdd038462f9fb8995960344bf0 P c060bd25e1db4513ab3615c9e2b9db7d [term 1 FOLLOWER]: Leader election vote request: Granting yes vote for candidate 54c84eed2f1c404da07cdc50de669ee1 in term 1.
I20260713 09:03:49.147693  7012 raft_consensus.cc:2468] T b4b166cdd038462f9fb8995960344bf0 P 2ae35b16dfb141a8b87a678af49e47c0 [term 1 FOLLOWER]: Leader election vote request: Granting yes vote for candidate 54c84eed2f1c404da07cdc50de669ee1 in term 1.
I20260713 09:03:49.148032  6906 leader_election.cc:304] T b4b166cdd038462f9fb8995960344bf0 P 54c84eed2f1c404da07cdc50de669ee1 [CANDIDATE]: Term 1 election: Election decided. Result: candidate won. Election summary: received 2 responses out of 3 voters: 2 yes votes; 0 no votes. yes voters: 54c84eed2f1c404da07cdc50de669ee1, c060bd25e1db4513ab3615c9e2b9db7d; no voters: 
I20260713 09:03:49.147991  6830 leader_election.cc:304] T fe646fbfb1084d259efef6c0525b1d01 P c060bd25e1db4513ab3615c9e2b9db7d [CANDIDATE]: Term 1 pre-election: Election decided. Result: candidate lost. Election summary: received 3 responses out of 3 voters: 1 yes votes; 2 no votes. yes voters: c060bd25e1db4513ab3615c9e2b9db7d; no voters: 2ae35b16dfb141a8b87a678af49e47c0, 54c84eed2f1c404da07cdc50de669ee1
I20260713 09:03:49.149271  7143 raft_consensus.cc:3060] T fe646fbfb1084d259efef6c0525b1d01 P c060bd25e1db4513ab3615c9e2b9db7d [term 0 FOLLOWER]: Advancing to term 1
I20260713 09:03:49.149674  7085 raft_consensus.cc:2804] T b4b166cdd038462f9fb8995960344bf0 P 54c84eed2f1c404da07cdc50de669ee1 [term 1 FOLLOWER]: Leader election won for term 1
I20260713 09:03:49.150132  7085 raft_consensus.cc:697] T b4b166cdd038462f9fb8995960344bf0 P 54c84eed2f1c404da07cdc50de669ee1 [term 1 LEADER]: Becoming Leader. State: Replica: 54c84eed2f1c404da07cdc50de669ee1, State: Running, Role: LEADER
I20260713 09:03:49.150909  7085 consensus_queue.cc:237] T b4b166cdd038462f9fb8995960344bf0 P 54c84eed2f1c404da07cdc50de669ee1 [LEADER]: Queue going to LEADER mode. State: All replicated index: 0, Majority replicated index: 0, Committed index: 0, Last appended: 0.0, Last appended by leader: 0, Current term: 1, Majority size: 2, State: 0, Mode: LEADER, active raft config: opid_index: -1 OBSOLETE_local: false peers { permanent_uuid: "c060bd25e1db4513ab3615c9e2b9db7d" member_type: VOTER last_known_addr { host: "127.5.162.193" port: 38481 } } peers { permanent_uuid: "54c84eed2f1c404da07cdc50de669ee1" member_type: VOTER last_known_addr { host: "127.5.162.194" port: 45525 } } peers { permanent_uuid: "2ae35b16dfb141a8b87a678af49e47c0" member_type: VOTER last_known_addr { host: "127.5.162.195" port: 33783 } }
I20260713 09:03:49.159600  7143 raft_consensus.cc:2749] T fe646fbfb1084d259efef6c0525b1d01 P c060bd25e1db4513ab3615c9e2b9db7d [term 1 FOLLOWER]: Leader pre-election lost for term 1. Reason: could not achieve majority
I20260713 09:03:49.159655  7106 consensus_queue.cc:1048] T 39743b57fa3d406c95ae886264dc4675 P 2ae35b16dfb141a8b87a678af49e47c0 [LEADER]: Connected to new peer: Peer: permanent_uuid: "c060bd25e1db4513ab3615c9e2b9db7d" member_type: VOTER last_known_addr { host: "127.5.162.193" port: 38481 }, Status: LMP_MISMATCH, Last received: 0.0, Next index: 1, Last known committed idx: 0, Time since last communication: 0.001s
I20260713 09:03:49.167692  6763 catalog_manager.cc:5697] T b4b166cdd038462f9fb8995960344bf0 P 54c84eed2f1c404da07cdc50de669ee1 reported cstate change: term changed from 0 to 1, leader changed from <none> to 54c84eed2f1c404da07cdc50de669ee1 (127.5.162.194). New cstate: current_term: 1 leader_uuid: "54c84eed2f1c404da07cdc50de669ee1" committed_config { opid_index: -1 OBSOLETE_local: false peers { permanent_uuid: "c060bd25e1db4513ab3615c9e2b9db7d" member_type: VOTER last_known_addr { host: "127.5.162.193" port: 38481 } health_report { overall_health: UNKNOWN } } peers { permanent_uuid: "54c84eed2f1c404da07cdc50de669ee1" member_type: VOTER last_known_addr { host: "127.5.162.194" port: 45525 } health_report { overall_health: HEALTHY } } peers { permanent_uuid: "2ae35b16dfb141a8b87a678af49e47c0" member_type: VOTER last_known_addr { host: "127.5.162.195" port: 33783 } health_report { overall_health: UNKNOWN } } }
I20260713 09:03:49.216574  7129 consensus_queue.cc:1048] T fe646fbfb1084d259efef6c0525b1d01 P 54c84eed2f1c404da07cdc50de669ee1 [LEADER]: Connected to new peer: Peer: permanent_uuid: "2ae35b16dfb141a8b87a678af49e47c0" member_type: VOTER last_known_addr { host: "127.5.162.195" port: 33783 }, Status: LMP_MISMATCH, Last received: 0.0, Next index: 1, Last known committed idx: 0, Time since last communication: 0.000s
I20260713 09:03:49.225739  7129 consensus_queue.cc:1048] T fe646fbfb1084d259efef6c0525b1d01 P 54c84eed2f1c404da07cdc50de669ee1 [LEADER]: Connected to new peer: Peer: permanent_uuid: "c060bd25e1db4513ab3615c9e2b9db7d" member_type: VOTER last_known_addr { host: "127.5.162.193" port: 38481 }, Status: LMP_MISMATCH, Last received: 0.0, Next index: 1, Last known committed idx: 0, Time since last communication: 0.000s
I20260713 09:03:49.231895  7085 raft_consensus.cc:493] T f8bf6408c2204cee8ad3daa8e2f19a92 P 54c84eed2f1c404da07cdc50de669ee1 [term 0 FOLLOWER]: Starting pre-election (no leader contacted us within the election timeout)
I20260713 09:03:49.232345  7085 raft_consensus.cc:515] T f8bf6408c2204cee8ad3daa8e2f19a92 P 54c84eed2f1c404da07cdc50de669ee1 [term 0 FOLLOWER]: Starting pre-election with config: opid_index: -1 OBSOLETE_local: false peers { permanent_uuid: "c060bd25e1db4513ab3615c9e2b9db7d" member_type: VOTER last_known_addr { host: "127.5.162.193" port: 38481 } } peers { permanent_uuid: "54c84eed2f1c404da07cdc50de669ee1" member_type: VOTER last_known_addr { host: "127.5.162.194" port: 45525 } } peers { permanent_uuid: "2ae35b16dfb141a8b87a678af49e47c0" member_type: VOTER last_known_addr { host: "127.5.162.195" port: 33783 } }
I20260713 09:03:49.234097  7085 leader_election.cc:290] T f8bf6408c2204cee8ad3daa8e2f19a92 P 54c84eed2f1c404da07cdc50de669ee1 [CANDIDATE]: Term 1 pre-election: Requested pre-vote from peers c060bd25e1db4513ab3615c9e2b9db7d (127.5.162.193:38481), 2ae35b16dfb141a8b87a678af49e47c0 (127.5.162.195:33783)
I20260713 09:03:49.234705  6864 tablet_service.cc:1917] Received RequestConsensusVote() RPC: tablet_id: "f8bf6408c2204cee8ad3daa8e2f19a92" candidate_uuid: "54c84eed2f1c404da07cdc50de669ee1" candidate_term: 1 candidate_status { last_received { term: 0 index: 0 } } ignore_live_leader: false dest_uuid: "c060bd25e1db4513ab3615c9e2b9db7d" is_pre_election: true
I20260713 09:03:49.234972  7012 tablet_service.cc:1917] Received RequestConsensusVote() RPC: tablet_id: "f8bf6408c2204cee8ad3daa8e2f19a92" candidate_uuid: "54c84eed2f1c404da07cdc50de669ee1" candidate_term: 1 candidate_status { last_received { term: 0 index: 0 } } ignore_live_leader: false dest_uuid: "2ae35b16dfb141a8b87a678af49e47c0" is_pre_election: true
I20260713 09:03:49.235639  7012 raft_consensus.cc:2393] T f8bf6408c2204cee8ad3daa8e2f19a92 P 2ae35b16dfb141a8b87a678af49e47c0 [term 1 FOLLOWER]: Leader pre-election vote request: Denying vote to candidate 54c84eed2f1c404da07cdc50de669ee1 in current term 1: Already voted for candidate c060bd25e1db4513ab3615c9e2b9db7d in this term.
I20260713 09:03:49.236523  6905 leader_election.cc:304] T f8bf6408c2204cee8ad3daa8e2f19a92 P 54c84eed2f1c404da07cdc50de669ee1 [CANDIDATE]: Term 1 pre-election: Election decided. Result: candidate lost. Election summary: received 3 responses out of 3 voters: 1 yes votes; 2 no votes. yes voters: 54c84eed2f1c404da07cdc50de669ee1; no voters: 2ae35b16dfb141a8b87a678af49e47c0, c060bd25e1db4513ab3615c9e2b9db7d
I20260713 09:03:49.237258  7085 raft_consensus.cc:3060] T f8bf6408c2204cee8ad3daa8e2f19a92 P 54c84eed2f1c404da07cdc50de669ee1 [term 0 FOLLOWER]: Advancing to term 1
I20260713 09:03:49.242586  7085 raft_consensus.cc:2749] T f8bf6408c2204cee8ad3daa8e2f19a92 P 54c84eed2f1c404da07cdc50de669ee1 [term 1 FOLLOWER]: Leader pre-election lost for term 1. Reason: could not achieve majority
I20260713 09:03:49.269979  7143 raft_consensus.cc:493] T 920b47c2968a483b914ad0e98d9d8491 P c060bd25e1db4513ab3615c9e2b9db7d [term 0 FOLLOWER]: Starting pre-election (no leader contacted us within the election timeout)
I20260713 09:03:49.270531  7143 raft_consensus.cc:515] T 920b47c2968a483b914ad0e98d9d8491 P c060bd25e1db4513ab3615c9e2b9db7d [term 0 FOLLOWER]: Starting pre-election with config: opid_index: -1 OBSOLETE_local: false peers { permanent_uuid: "c060bd25e1db4513ab3615c9e2b9db7d" member_type: VOTER last_known_addr { host: "127.5.162.193" port: 38481 } } peers { permanent_uuid: "54c84eed2f1c404da07cdc50de669ee1" member_type: VOTER last_known_addr { host: "127.5.162.194" port: 45525 } } peers { permanent_uuid: "2ae35b16dfb141a8b87a678af49e47c0" member_type: VOTER last_known_addr { host: "127.5.162.195" port: 33783 } }
I20260713 09:03:49.272589  7143 leader_election.cc:290] T 920b47c2968a483b914ad0e98d9d8491 P c060bd25e1db4513ab3615c9e2b9db7d [CANDIDATE]: Term 1 pre-election: Requested pre-vote from peers 54c84eed2f1c404da07cdc50de669ee1 (127.5.162.194:45525), 2ae35b16dfb141a8b87a678af49e47c0 (127.5.162.195:33783)
I20260713 09:03:49.274744  6939 tablet_service.cc:1917] Received RequestConsensusVote() RPC: tablet_id: "920b47c2968a483b914ad0e98d9d8491" candidate_uuid: "c060bd25e1db4513ab3615c9e2b9db7d" candidate_term: 1 candidate_status { last_received { term: 0 index: 0 } } ignore_live_leader: false dest_uuid: "54c84eed2f1c404da07cdc50de669ee1" is_pre_election: true
I20260713 09:03:49.275367  6939 raft_consensus.cc:2468] T 920b47c2968a483b914ad0e98d9d8491 P 54c84eed2f1c404da07cdc50de669ee1 [term 0 FOLLOWER]: Leader pre-election vote request: Granting yes vote for candidate c060bd25e1db4513ab3615c9e2b9db7d in term 0.
I20260713 09:03:49.275728  7012 tablet_service.cc:1917] Received RequestConsensusVote() RPC: tablet_id: "920b47c2968a483b914ad0e98d9d8491" candidate_uuid: "c060bd25e1db4513ab3615c9e2b9db7d" candidate_term: 1 candidate_status { last_received { term: 0 index: 0 } } ignore_live_leader: false dest_uuid: "2ae35b16dfb141a8b87a678af49e47c0" is_pre_election: true
I20260713 09:03:49.276340  7012 raft_consensus.cc:2468] T 920b47c2968a483b914ad0e98d9d8491 P 2ae35b16dfb141a8b87a678af49e47c0 [term 0 FOLLOWER]: Leader pre-election vote request: Granting yes vote for candidate c060bd25e1db4513ab3615c9e2b9db7d in term 0.
I20260713 09:03:49.276338  6831 leader_election.cc:304] T 920b47c2968a483b914ad0e98d9d8491 P c060bd25e1db4513ab3615c9e2b9db7d [CANDIDATE]: Term 1 pre-election: Election decided. Result: candidate won. Election summary: received 2 responses out of 3 voters: 2 yes votes; 0 no votes. yes voters: 54c84eed2f1c404da07cdc50de669ee1, c060bd25e1db4513ab3615c9e2b9db7d; no voters: 
I20260713 09:03:49.277216  7143 raft_consensus.cc:2804] T 920b47c2968a483b914ad0e98d9d8491 P c060bd25e1db4513ab3615c9e2b9db7d [term 0 FOLLOWER]: Leader pre-election won for term 1
I20260713 09:03:49.277568  7143 raft_consensus.cc:493] T 920b47c2968a483b914ad0e98d9d8491 P c060bd25e1db4513ab3615c9e2b9db7d [term 0 FOLLOWER]: Starting leader election (no leader contacted us within the election timeout)
I20260713 09:03:49.277477  7192 consensus_queue.cc:1048] T e6c84019ff9647d298866be5b69e1729 P 2ae35b16dfb141a8b87a678af49e47c0 [LEADER]: Connected to new peer: Peer: permanent_uuid: "c060bd25e1db4513ab3615c9e2b9db7d" member_type: VOTER last_known_addr { host: "127.5.162.193" port: 38481 }, Status: LMP_MISMATCH, Last received: 0.0, Next index: 1, Last known committed idx: 0, Time since last communication: 0.000s
I20260713 09:03:49.278016  7143 raft_consensus.cc:3060] T 920b47c2968a483b914ad0e98d9d8491 P c060bd25e1db4513ab3615c9e2b9db7d [term 0 FOLLOWER]: Advancing to term 1
I20260713 09:03:49.284536  7143 raft_consensus.cc:515] T 920b47c2968a483b914ad0e98d9d8491 P c060bd25e1db4513ab3615c9e2b9db7d [term 1 FOLLOWER]: Starting leader election with config: opid_index: -1 OBSOLETE_local: false peers { permanent_uuid: "c060bd25e1db4513ab3615c9e2b9db7d" member_type: VOTER last_known_addr { host: "127.5.162.193" port: 38481 } } peers { permanent_uuid: "54c84eed2f1c404da07cdc50de669ee1" member_type: VOTER last_known_addr { host: "127.5.162.194" port: 45525 } } peers { permanent_uuid: "2ae35b16dfb141a8b87a678af49e47c0" member_type: VOTER last_known_addr { host: "127.5.162.195" port: 33783 } }
I20260713 09:03:49.289270  7143 leader_election.cc:290] T 920b47c2968a483b914ad0e98d9d8491 P c060bd25e1db4513ab3615c9e2b9db7d [CANDIDATE]: Term 1 election: Requested vote from peers 54c84eed2f1c404da07cdc50de669ee1 (127.5.162.194:45525), 2ae35b16dfb141a8b87a678af49e47c0 (127.5.162.195:33783)
I20260713 09:03:49.289973  6939 tablet_service.cc:1917] Received RequestConsensusVote() RPC: tablet_id: "920b47c2968a483b914ad0e98d9d8491" candidate_uuid: "c060bd25e1db4513ab3615c9e2b9db7d" candidate_term: 1 candidate_status { last_received { term: 0 index: 0 } } ignore_live_leader: false dest_uuid: "54c84eed2f1c404da07cdc50de669ee1"
I20260713 09:03:49.290285  7012 tablet_service.cc:1917] Received RequestConsensusVote() RPC: tablet_id: "920b47c2968a483b914ad0e98d9d8491" candidate_uuid: "c060bd25e1db4513ab3615c9e2b9db7d" candidate_term: 1 candidate_status { last_received { term: 0 index: 0 } } ignore_live_leader: false dest_uuid: "2ae35b16dfb141a8b87a678af49e47c0"
I20260713 09:03:49.290472  6939 raft_consensus.cc:3060] T 920b47c2968a483b914ad0e98d9d8491 P 54c84eed2f1c404da07cdc50de669ee1 [term 0 FOLLOWER]: Advancing to term 1
I20260713 09:03:49.290828  7012 raft_consensus.cc:3060] T 920b47c2968a483b914ad0e98d9d8491 P 2ae35b16dfb141a8b87a678af49e47c0 [term 0 FOLLOWER]: Advancing to term 1
I20260713 09:03:49.295118  7147 consensus_queue.cc:1048] T e6c84019ff9647d298866be5b69e1729 P 2ae35b16dfb141a8b87a678af49e47c0 [LEADER]: Connected to new peer: Peer: permanent_uuid: "54c84eed2f1c404da07cdc50de669ee1" member_type: VOTER last_known_addr { host: "127.5.162.194" port: 45525 }, Status: LMP_MISMATCH, Last received: 0.0, Next index: 1, Last known committed idx: 0, Time since last communication: 0.000s
I20260713 09:03:49.297009  7012 raft_consensus.cc:2468] T 920b47c2968a483b914ad0e98d9d8491 P 2ae35b16dfb141a8b87a678af49e47c0 [term 1 FOLLOWER]: Leader election vote request: Granting yes vote for candidate c060bd25e1db4513ab3615c9e2b9db7d in term 1.
I20260713 09:03:49.298087  6830 leader_election.cc:304] T 920b47c2968a483b914ad0e98d9d8491 P c060bd25e1db4513ab3615c9e2b9db7d [CANDIDATE]: Term 1 election: Election decided. Result: candidate won. Election summary: received 2 responses out of 3 voters: 2 yes votes; 0 no votes. yes voters: 2ae35b16dfb141a8b87a678af49e47c0, c060bd25e1db4513ab3615c9e2b9db7d; no voters: 
I20260713 09:03:49.298221  6939 raft_consensus.cc:2468] T 920b47c2968a483b914ad0e98d9d8491 P 54c84eed2f1c404da07cdc50de669ee1 [term 1 FOLLOWER]: Leader election vote request: Granting yes vote for candidate c060bd25e1db4513ab3615c9e2b9db7d in term 1.
I20260713 09:03:49.298908  7151 raft_consensus.cc:2804] T 920b47c2968a483b914ad0e98d9d8491 P c060bd25e1db4513ab3615c9e2b9db7d [term 1 FOLLOWER]: Leader election won for term 1
I20260713 09:03:49.299328  7151 raft_consensus.cc:697] T 920b47c2968a483b914ad0e98d9d8491 P c060bd25e1db4513ab3615c9e2b9db7d [term 1 LEADER]: Becoming Leader. State: Replica: c060bd25e1db4513ab3615c9e2b9db7d, State: Running, Role: LEADER
I20260713 09:03:49.300082  7151 consensus_queue.cc:237] T 920b47c2968a483b914ad0e98d9d8491 P c060bd25e1db4513ab3615c9e2b9db7d [LEADER]: Queue going to LEADER mode. State: All replicated index: 0, Majority replicated index: 0, Committed index: 0, Last appended: 0.0, Last appended by leader: 0, Current term: 1, Majority size: 2, State: 0, Mode: LEADER, active raft config: opid_index: -1 OBSOLETE_local: false peers { permanent_uuid: "c060bd25e1db4513ab3615c9e2b9db7d" member_type: VOTER last_known_addr { host: "127.5.162.193" port: 38481 } } peers { permanent_uuid: "54c84eed2f1c404da07cdc50de669ee1" member_type: VOTER last_known_addr { host: "127.5.162.194" port: 45525 } } peers { permanent_uuid: "2ae35b16dfb141a8b87a678af49e47c0" member_type: VOTER last_known_addr { host: "127.5.162.195" port: 33783 } }
I20260713 09:03:49.311331  6764 catalog_manager.cc:5697] T 920b47c2968a483b914ad0e98d9d8491 P c060bd25e1db4513ab3615c9e2b9db7d reported cstate change: term changed from 0 to 1, leader changed from <none> to c060bd25e1db4513ab3615c9e2b9db7d (127.5.162.193). New cstate: current_term: 1 leader_uuid: "c060bd25e1db4513ab3615c9e2b9db7d" committed_config { opid_index: -1 OBSOLETE_local: false peers { permanent_uuid: "c060bd25e1db4513ab3615c9e2b9db7d" member_type: VOTER last_known_addr { host: "127.5.162.193" port: 38481 } health_report { overall_health: HEALTHY } } peers { permanent_uuid: "54c84eed2f1c404da07cdc50de669ee1" member_type: VOTER last_known_addr { host: "127.5.162.194" port: 45525 } health_report { overall_health: UNKNOWN } } peers { permanent_uuid: "2ae35b16dfb141a8b87a678af49e47c0" member_type: VOTER last_known_addr { host: "127.5.162.195" port: 33783 } health_report { overall_health: UNKNOWN } } }
I20260713 09:03:49.376634  7085 consensus_queue.cc:1048] T ae14d274215542849237b1f5d65c1d50 P 54c84eed2f1c404da07cdc50de669ee1 [LEADER]: Connected to new peer: Peer: permanent_uuid: "c060bd25e1db4513ab3615c9e2b9db7d" member_type: VOTER last_known_addr { host: "127.5.162.193" port: 38481 }, Status: LMP_MISMATCH, Last received: 0.0, Next index: 1, Last known committed idx: 0, Time since last communication: 0.000s
I20260713 09:03:49.385972  7087 consensus_queue.cc:1048] T ae14d274215542849237b1f5d65c1d50 P 54c84eed2f1c404da07cdc50de669ee1 [LEADER]: Connected to new peer: Peer: permanent_uuid: "2ae35b16dfb141a8b87a678af49e47c0" member_type: VOTER last_known_addr { host: "127.5.162.195" port: 33783 }, Status: LMP_MISMATCH, Last received: 0.0, Next index: 1, Last known committed idx: 0, Time since last communication: 0.000s
I20260713 09:03:49.404335  7087 consensus_queue.cc:1048] T da02b558ed554d3d96aeb3ff053140db P 54c84eed2f1c404da07cdc50de669ee1 [LEADER]: Connected to new peer: Peer: permanent_uuid: "2ae35b16dfb141a8b87a678af49e47c0" member_type: VOTER last_known_addr { host: "127.5.162.195" port: 33783 }, Status: LMP_MISMATCH, Last received: 0.0, Next index: 1, Last known committed idx: 0, Time since last communication: 0.000s
I20260713 09:03:49.413713  7087 consensus_queue.cc:1048] T da02b558ed554d3d96aeb3ff053140db P 54c84eed2f1c404da07cdc50de669ee1 [LEADER]: Connected to new peer: Peer: permanent_uuid: "c060bd25e1db4513ab3615c9e2b9db7d" member_type: VOTER last_known_addr { host: "127.5.162.193" port: 38481 }, Status: LMP_MISMATCH, Last received: 0.0, Next index: 1, Last known committed idx: 0, Time since last communication: 0.000s
I20260713 09:03:49.462707  7143 consensus_queue.cc:1048] T f8bf6408c2204cee8ad3daa8e2f19a92 P c060bd25e1db4513ab3615c9e2b9db7d [LEADER]: Connected to new peer: Peer: permanent_uuid: "54c84eed2f1c404da07cdc50de669ee1" member_type: VOTER last_known_addr { host: "127.5.162.194" port: 45525 }, Status: LMP_MISMATCH, Last received: 0.0, Next index: 1, Last known committed idx: 0, Time since last communication: 0.000s
I20260713 09:03:49.472244  7060 consensus_queue.cc:1048] T f8bf6408c2204cee8ad3daa8e2f19a92 P c060bd25e1db4513ab3615c9e2b9db7d [LEADER]: Connected to new peer: Peer: permanent_uuid: "2ae35b16dfb141a8b87a678af49e47c0" member_type: VOTER last_known_addr { host: "127.5.162.195" port: 33783 }, Status: LMP_MISMATCH, Last received: 0.0, Next index: 1, Last known committed idx: 0, Time since last communication: 0.000s
I20260713 09:03:49.657625  7085 consensus_queue.cc:1048] T b4b166cdd038462f9fb8995960344bf0 P 54c84eed2f1c404da07cdc50de669ee1 [LEADER]: Connected to new peer: Peer: permanent_uuid: "2ae35b16dfb141a8b87a678af49e47c0" member_type: VOTER last_known_addr { host: "127.5.162.195" port: 33783 }, Status: LMP_MISMATCH, Last received: 0.0, Next index: 1, Last known committed idx: 0, Time since last communication: 0.000s
I20260713 09:03:49.667925  7085 consensus_queue.cc:1048] T b4b166cdd038462f9fb8995960344bf0 P 54c84eed2f1c404da07cdc50de669ee1 [LEADER]: Connected to new peer: Peer: permanent_uuid: "c060bd25e1db4513ab3615c9e2b9db7d" member_type: VOTER last_known_addr { host: "127.5.162.193" port: 38481 }, Status: LMP_MISMATCH, Last received: 0.0, Next index: 1, Last known committed idx: 0, Time since last communication: 0.000s
I20260713 09:03:49.725533  5771 file_cache.cc:504] Constructed file cache file cache with capacity 419430
W20260713 09:03:49.730677  7239 instance_detector.cc:116] could not retrieve AWS instance metadata: Network error: curl error: HTTP response code said error: The requested URL returned error: 404
W20260713 09:03:49.731308  7240 instance_detector.cc:116] could not retrieve Azure instance metadata: Network error: curl error: HTTP response code said error: The requested URL returned error: 404
W20260713 09:03:49.732827  7242 instance_detector.cc:116] could not retrieve OpenStack instance metadata: Network error: curl error: HTTP response code said error: The requested URL returned error: 404
I20260713 09:03:49.734498  5771 server_base.cc:1061] running on GCE node
I20260713 09:03:49.735306  5771 hybrid_clock.cc:584] initializing the hybrid clock with 'system_unsync' time source
W20260713 09:03:49.735559  5771 system_unsync_time.cc:38] NTP support is disabled. Clock error bounds will not be accurate. This configuration is not suitable for distributed clusters.
I20260713 09:03:49.735755  5771 hybrid_clock.cc:648] HybridClock initialized: now 1783933429735739 us; error 0 us; skew 500 ppm
I20260713 09:03:49.736392  5771 server_base.cc:861] Flag tcmalloc_max_total_thread_cache_bytes is not working since tcmalloc is not enabled.
I20260713 09:03:49.739846  5771 webserver.cc:533] Webserver started at http://127.5.162.196:33829/ using document root <none> and password file <none>
I20260713 09:03:49.740468  5771 fs_manager.cc:362] Metadata directory not provided
I20260713 09:03:49.740696  5771 fs_manager.cc:368] Using write-ahead log directory (fs_wal_dir) as metadata directory
I20260713 09:03:49.741003  5771 server_base.cc:909] This appears to be a new deployment of Kudu; creating new FS layout
I20260713 09:03:49.742699  5771 fs_manager.cc:1068] Generated new instance metadata in path /tmp/dist-test-task1NkD0f/test-tmp/auto_leader_rebalancer-test.0.LeaderRebalancerTest.AddTserver.1783933401587464-5771-0/minicluster-data/ts-3-root/instance:
uuid: "47a5646612894ce3baaa2db6fc9aba37"
format_stamp: "Formatted at 2026-07-13 09:03:49 on dist-test-slave-xjc1"
I20260713 09:03:49.747064  5771 fs_manager.cc:696] Time spent creating directory manager: real 0.004s	user 0.005s	sys 0.000s
I20260713 09:03:49.750393  7247 log_block_manager.cc:4127] Time spent loading block containers with low live blocks: real 0.000s	user 0.000s	sys 0.000s
I20260713 09:03:49.751153  5771 fs_manager.cc:730] Time spent opening block manager: real 0.002s	user 0.001s	sys 0.000s
I20260713 09:03:49.751519  5771 fs_manager.cc:647] Opened local filesystem: /tmp/dist-test-task1NkD0f/test-tmp/auto_leader_rebalancer-test.0.LeaderRebalancerTest.AddTserver.1783933401587464-5771-0/minicluster-data/ts-3-root
uuid: "47a5646612894ce3baaa2db6fc9aba37"
format_stamp: "Formatted at 2026-07-13 09:03:49 on dist-test-slave-xjc1"
I20260713 09:03:49.751722  7143 consensus_queue.cc:1048] T 920b47c2968a483b914ad0e98d9d8491 P c060bd25e1db4513ab3615c9e2b9db7d [LEADER]: Connected to new peer: Peer: permanent_uuid: "2ae35b16dfb141a8b87a678af49e47c0" member_type: VOTER last_known_addr { host: "127.5.162.195" port: 33783 }, Status: LMP_MISMATCH, Last received: 0.0, Next index: 1, Last known committed idx: 0, Time since last communication: 0.000s
I20260713 09:03:49.751850  5771 fs_report.cc:389] FS layout report
--------------------
wal directory: /tmp/dist-test-task1NkD0f/test-tmp/auto_leader_rebalancer-test.0.LeaderRebalancerTest.AddTserver.1783933401587464-5771-0/minicluster-data/ts-3-root
metadata directory: /tmp/dist-test-task1NkD0f/test-tmp/auto_leader_rebalancer-test.0.LeaderRebalancerTest.AddTserver.1783933401587464-5771-0/minicluster-data/ts-3-root
1 data directories: /tmp/dist-test-task1NkD0f/test-tmp/auto_leader_rebalancer-test.0.LeaderRebalancerTest.AddTserver.1783933401587464-5771-0/minicluster-data/ts-3-root/data
Total live blocks: 0
Total live bytes: 0
Total live bytes (after alignment): 0
Total number of LBM containers: 0 (0 full)
Did not check for missing blocks
Did not check for orphaned blocks
Total full LBM containers with extra space: 0 (0 repaired)
Total full LBM container extra space in bytes: 0 (0 repaired)
Total incomplete LBM containers: 0 (0 repaired)
Total LBM partial records: 0 (0 repaired)
Total corrupted LBM metadata records in RocksDB: 0 (0 repaired)
I20260713 09:03:49.761005  7143 consensus_queue.cc:1048] T 920b47c2968a483b914ad0e98d9d8491 P c060bd25e1db4513ab3615c9e2b9db7d [LEADER]: Connected to new peer: Peer: permanent_uuid: "54c84eed2f1c404da07cdc50de669ee1" member_type: VOTER last_known_addr { host: "127.5.162.194" port: 45525 }, Status: LMP_MISMATCH, Last received: 0.0, Next index: 1, Last known committed idx: 0, Time since last communication: 0.000s
I20260713 09:03:49.817420  5771 rpc_server.cc:225] running with OpenSSL 1.1.1  11 Sep 2018
I20260713 09:03:49.818886  5771 kserver.cc:163] Server-wide thread pool size limit: 3276
I20260713 09:03:49.820277  5771 txn_system_client.cc:432] TxnSystemClient initialization is disabled...
I20260713 09:03:49.822184  5771 ts_tablet_manager.cc:585] Loaded tablet metadata (0 total tablets, 0 live tablets)
I20260713 09:03:49.822376  5771 ts_tablet_manager.cc:531] Time spent load tablet metadata: real 0.000s	user 0.000s	sys 0.000s
I20260713 09:03:49.822603  5771 ts_tablet_manager.cc:616] Registered 0 tablets
I20260713 09:03:49.822759  5771 ts_tablet_manager.cc:595] Time spent register tablets: real 0.000s	user 0.000s	sys 0.000s
I20260713 09:03:49.883001  5771 rpc_server.cc:307] RPC server started. Bound to: 127.5.162.196:35391
I20260713 09:03:49.883106  7311 acceptor_pool.cc:272] collecting diagnostics on the listening RPC socket 127.5.162.196:35391 every 8 connection(s)
I20260713 09:03:49.887538  5771 auto_leader_rebalancer-test.cc:392] add a tserver: 47a5646612894ce3baaa2db6fc9aba37
I20260713 09:03:49.901469  7312 heartbeater.cc:344] Connected to a master server at 127.5.162.254:39085
I20260713 09:03:49.901831  7312 heartbeater.cc:461] Registering TS with master...
I20260713 09:03:49.902585  7312 heartbeater.cc:507] Master 127.5.162.254:39085 requested a full tablet report, sending...
I20260713 09:03:49.904588  6763 ts_manager.cc:194] Registered new tserver with Master: 47a5646612894ce3baaa2db6fc9aba37 (127.5.162.196:35391)
I20260713 09:03:49.905982  6763 master_service.cc:502] Signed X509 certificate for tserver {username='slave'} at 127.0.0.1:59864
I20260713 09:03:50.075989  6867 consensus_queue.cc:237] T 63555aae676644a6b06fa79fa244a73f P c060bd25e1db4513ab3615c9e2b9db7d [LEADER]: Queue going to LEADER mode. State: All replicated index: 0, Majority replicated index: 1, Committed index: 1, Last appended: 1.1, Last appended by leader: 0, Current term: 1, Majority size: 2, State: 0, Mode: LEADER, active raft config: opid_index: 2 OBSOLETE_local: false peers { permanent_uuid: "c060bd25e1db4513ab3615c9e2b9db7d" member_type: VOTER last_known_addr { host: "127.5.162.193" port: 38481 } } peers { permanent_uuid: "54c84eed2f1c404da07cdc50de669ee1" member_type: VOTER last_known_addr { host: "127.5.162.194" port: 45525 } attrs { replace: true } } peers { permanent_uuid: "2ae35b16dfb141a8b87a678af49e47c0" member_type: VOTER last_known_addr { host: "127.5.162.195" port: 33783 } } peers { permanent_uuid: "47a5646612894ce3baaa2db6fc9aba37" member_type: NON_VOTER last_known_addr { host: "127.5.162.196" port: 35391 } attrs { promote: true } }
I20260713 09:03:50.082648  6939 raft_consensus.cc:1275] T 63555aae676644a6b06fa79fa244a73f P 54c84eed2f1c404da07cdc50de669ee1 [term 1 FOLLOWER]: Refusing update from remote peer c060bd25e1db4513ab3615c9e2b9db7d: Log matching property violated. Preceding OpId in replica: term: 1 index: 1. Preceding OpId from leader: term: 1 index: 2. (index mismatch)
I20260713 09:03:50.083163  7012 raft_consensus.cc:1275] T 63555aae676644a6b06fa79fa244a73f P 2ae35b16dfb141a8b87a678af49e47c0 [term 1 FOLLOWER]: Refusing update from remote peer c060bd25e1db4513ab3615c9e2b9db7d: Log matching property violated. Preceding OpId in replica: term: 1 index: 1. Preceding OpId from leader: term: 1 index: 2. (index mismatch)
I20260713 09:03:50.084740  7060 consensus_queue.cc:1048] T 63555aae676644a6b06fa79fa244a73f P c060bd25e1db4513ab3615c9e2b9db7d [LEADER]: Connected to new peer: Peer: permanent_uuid: "2ae35b16dfb141a8b87a678af49e47c0" member_type: VOTER last_known_addr { host: "127.5.162.195" port: 33783 }, Status: LMP_MISMATCH, Last received: 0.0, Next index: 2, Last known committed idx: 1, Time since last communication: 0.000s
I20260713 09:03:50.085526  7151 consensus_queue.cc:1048] T 63555aae676644a6b06fa79fa244a73f P c060bd25e1db4513ab3615c9e2b9db7d [LEADER]: Connected to new peer: Peer: permanent_uuid: "54c84eed2f1c404da07cdc50de669ee1" member_type: VOTER last_known_addr { host: "127.5.162.194" port: 45525 } attrs { replace: true }, Status: LMP_MISMATCH, Last received: 0.0, Next index: 2, Last known committed idx: 1, Time since last communication: 0.000s
I20260713 09:03:50.095338  7060 raft_consensus.cc:2955] T 63555aae676644a6b06fa79fa244a73f P c060bd25e1db4513ab3615c9e2b9db7d [term 1 LEADER]: Committing config change with OpId 1.2: config changed from index -1 to 2, NON_VOTER 47a5646612894ce3baaa2db6fc9aba37 (127.5.162.196) added. New config: { opid_index: 2 OBSOLETE_local: false peers { permanent_uuid: "c060bd25e1db4513ab3615c9e2b9db7d" member_type: VOTER last_known_addr { host: "127.5.162.193" port: 38481 } } peers { permanent_uuid: "54c84eed2f1c404da07cdc50de669ee1" member_type: VOTER last_known_addr { host: "127.5.162.194" port: 45525 } attrs { replace: true } } peers { permanent_uuid: "2ae35b16dfb141a8b87a678af49e47c0" member_type: VOTER last_known_addr { host: "127.5.162.195" port: 33783 } } peers { permanent_uuid: "47a5646612894ce3baaa2db6fc9aba37" member_type: NON_VOTER last_known_addr { host: "127.5.162.196" port: 35391 } attrs { promote: true } } }
W20260713 09:03:50.096807  6830 consensus_peers.cc:597] T 63555aae676644a6b06fa79fa244a73f P c060bd25e1db4513ab3615c9e2b9db7d -> Peer 47a5646612894ce3baaa2db6fc9aba37 (127.5.162.196:35391): Couldn't send request to peer 47a5646612894ce3baaa2db6fc9aba37. Error code: TABLET_NOT_FOUND (6). Status: Not found: Tablet not found: 63555aae676644a6b06fa79fa244a73f. This is attempt 1: this message will repeat every 5th retry.
I20260713 09:03:50.098289  7012 raft_consensus.cc:2955] T 63555aae676644a6b06fa79fa244a73f P 2ae35b16dfb141a8b87a678af49e47c0 [term 1 FOLLOWER]: Committing config change with OpId 1.2: config changed from index -1 to 2, NON_VOTER 47a5646612894ce3baaa2db6fc9aba37 (127.5.162.196) added. New config: { opid_index: 2 OBSOLETE_local: false peers { permanent_uuid: "c060bd25e1db4513ab3615c9e2b9db7d" member_type: VOTER last_known_addr { host: "127.5.162.193" port: 38481 } } peers { permanent_uuid: "54c84eed2f1c404da07cdc50de669ee1" member_type: VOTER last_known_addr { host: "127.5.162.194" port: 45525 } attrs { replace: true } } peers { permanent_uuid: "2ae35b16dfb141a8b87a678af49e47c0" member_type: VOTER last_known_addr { host: "127.5.162.195" port: 33783 } } peers { permanent_uuid: "47a5646612894ce3baaa2db6fc9aba37" member_type: NON_VOTER last_known_addr { host: "127.5.162.196" port: 35391 } attrs { promote: true } } }
I20260713 09:03:50.098417  6939 raft_consensus.cc:2955] T 63555aae676644a6b06fa79fa244a73f P 54c84eed2f1c404da07cdc50de669ee1 [term 1 FOLLOWER]: Committing config change with OpId 1.2: config changed from index -1 to 2, NON_VOTER 47a5646612894ce3baaa2db6fc9aba37 (127.5.162.196) added. New config: { opid_index: 2 OBSOLETE_local: false peers { permanent_uuid: "c060bd25e1db4513ab3615c9e2b9db7d" member_type: VOTER last_known_addr { host: "127.5.162.193" port: 38481 } } peers { permanent_uuid: "54c84eed2f1c404da07cdc50de669ee1" member_type: VOTER last_known_addr { host: "127.5.162.194" port: 45525 } attrs { replace: true } } peers { permanent_uuid: "2ae35b16dfb141a8b87a678af49e47c0" member_type: VOTER last_known_addr { host: "127.5.162.195" port: 33783 } } peers { permanent_uuid: "47a5646612894ce3baaa2db6fc9aba37" member_type: NON_VOTER last_known_addr { host: "127.5.162.196" port: 35391 } attrs { promote: true } } }
I20260713 09:03:50.111886  6764 catalog_manager.cc:5697] T 63555aae676644a6b06fa79fa244a73f P 54c84eed2f1c404da07cdc50de669ee1 reported cstate change: config changed from index -1 to 2, NON_VOTER 47a5646612894ce3baaa2db6fc9aba37 (127.5.162.196) added. New cstate: current_term: 1 leader_uuid: "c060bd25e1db4513ab3615c9e2b9db7d" committed_config { opid_index: 2 OBSOLETE_local: false peers { permanent_uuid: "c060bd25e1db4513ab3615c9e2b9db7d" member_type: VOTER last_known_addr { host: "127.5.162.193" port: 38481 } } peers { permanent_uuid: "54c84eed2f1c404da07cdc50de669ee1" member_type: VOTER last_known_addr { host: "127.5.162.194" port: 45525 } attrs { replace: true } } peers { permanent_uuid: "2ae35b16dfb141a8b87a678af49e47c0" member_type: VOTER last_known_addr { host: "127.5.162.195" port: 33783 } } peers { permanent_uuid: "47a5646612894ce3baaa2db6fc9aba37" member_type: NON_VOTER last_known_addr { host: "127.5.162.196" port: 35391 } attrs { promote: true } } }
I20260713 09:03:50.122370  6939 consensus_queue.cc:237] T b4b166cdd038462f9fb8995960344bf0 P 54c84eed2f1c404da07cdc50de669ee1 [LEADER]: Queue going to LEADER mode. State: All replicated index: 0, Majority replicated index: 1, Committed index: 1, Last appended: 1.1, Last appended by leader: 0, Current term: 1, Majority size: 2, State: 0, Mode: LEADER, active raft config: opid_index: 2 OBSOLETE_local: false peers { permanent_uuid: "c060bd25e1db4513ab3615c9e2b9db7d" member_type: VOTER last_known_addr { host: "127.5.162.193" port: 38481 } } peers { permanent_uuid: "54c84eed2f1c404da07cdc50de669ee1" member_type: VOTER last_known_addr { host: "127.5.162.194" port: 45525 } } peers { permanent_uuid: "2ae35b16dfb141a8b87a678af49e47c0" member_type: VOTER last_known_addr { host: "127.5.162.195" port: 33783 } attrs { replace: true } } peers { permanent_uuid: "47a5646612894ce3baaa2db6fc9aba37" member_type: NON_VOTER last_known_addr { host: "127.5.162.196" port: 35391 } attrs { promote: true } }
I20260713 09:03:50.129230  6867 raft_consensus.cc:1275] T b4b166cdd038462f9fb8995960344bf0 P c060bd25e1db4513ab3615c9e2b9db7d [term 1 FOLLOWER]: Refusing update from remote peer 54c84eed2f1c404da07cdc50de669ee1: Log matching property violated. Preceding OpId in replica: term: 1 index: 1. Preceding OpId from leader: term: 1 index: 2. (index mismatch)
I20260713 09:03:50.130409  7012 raft_consensus.cc:1275] T b4b166cdd038462f9fb8995960344bf0 P 2ae35b16dfb141a8b87a678af49e47c0 [term 1 FOLLOWER]: Refusing update from remote peer 54c84eed2f1c404da07cdc50de669ee1: Log matching property violated. Preceding OpId in replica: term: 1 index: 1. Preceding OpId from leader: term: 1 index: 2. (index mismatch)
I20260713 09:03:50.130472  7085 consensus_queue.cc:1048] T b4b166cdd038462f9fb8995960344bf0 P 54c84eed2f1c404da07cdc50de669ee1 [LEADER]: Connected to new peer: Peer: permanent_uuid: "c060bd25e1db4513ab3615c9e2b9db7d" member_type: VOTER last_known_addr { host: "127.5.162.193" port: 38481 }, Status: LMP_MISMATCH, Last received: 0.0, Next index: 2, Last known committed idx: 1, Time since last communication: 0.000s
I20260713 09:03:50.131672  7129 consensus_queue.cc:1048] T b4b166cdd038462f9fb8995960344bf0 P 54c84eed2f1c404da07cdc50de669ee1 [LEADER]: Connected to new peer: Peer: permanent_uuid: "2ae35b16dfb141a8b87a678af49e47c0" member_type: VOTER last_known_addr { host: "127.5.162.195" port: 33783 } attrs { replace: true }, Status: LMP_MISMATCH, Last received: 0.0, Next index: 2, Last known committed idx: 1, Time since last communication: 0.000s
I20260713 09:03:50.137728  7087 raft_consensus.cc:2955] T b4b166cdd038462f9fb8995960344bf0 P 54c84eed2f1c404da07cdc50de669ee1 [term 1 LEADER]: Committing config change with OpId 1.2: config changed from index -1 to 2, NON_VOTER 47a5646612894ce3baaa2db6fc9aba37 (127.5.162.196) added. New config: { opid_index: 2 OBSOLETE_local: false peers { permanent_uuid: "c060bd25e1db4513ab3615c9e2b9db7d" member_type: VOTER last_known_addr { host: "127.5.162.193" port: 38481 } } peers { permanent_uuid: "54c84eed2f1c404da07cdc50de669ee1" member_type: VOTER last_known_addr { host: "127.5.162.194" port: 45525 } } peers { permanent_uuid: "2ae35b16dfb141a8b87a678af49e47c0" member_type: VOTER last_known_addr { host: "127.5.162.195" port: 33783 } attrs { replace: true } } peers { permanent_uuid: "47a5646612894ce3baaa2db6fc9aba37" member_type: NON_VOTER last_known_addr { host: "127.5.162.196" port: 35391 } attrs { promote: true } } }
I20260713 09:03:50.139137  7012 raft_consensus.cc:2955] T b4b166cdd038462f9fb8995960344bf0 P 2ae35b16dfb141a8b87a678af49e47c0 [term 1 FOLLOWER]: Committing config change with OpId 1.2: config changed from index -1 to 2, NON_VOTER 47a5646612894ce3baaa2db6fc9aba37 (127.5.162.196) added. New config: { opid_index: 2 OBSOLETE_local: false peers { permanent_uuid: "c060bd25e1db4513ab3615c9e2b9db7d" member_type: VOTER last_known_addr { host: "127.5.162.193" port: 38481 } } peers { permanent_uuid: "54c84eed2f1c404da07cdc50de669ee1" member_type: VOTER last_known_addr { host: "127.5.162.194" port: 45525 } } peers { permanent_uuid: "2ae35b16dfb141a8b87a678af49e47c0" member_type: VOTER last_known_addr { host: "127.5.162.195" port: 33783 } attrs { replace: true } } peers { permanent_uuid: "47a5646612894ce3baaa2db6fc9aba37" member_type: NON_VOTER last_known_addr { host: "127.5.162.196" port: 35391 } attrs { promote: true } } }
W20260713 09:03:50.140492  6905 consensus_peers.cc:597] T b4b166cdd038462f9fb8995960344bf0 P 54c84eed2f1c404da07cdc50de669ee1 -> Peer 47a5646612894ce3baaa2db6fc9aba37 (127.5.162.196:35391): Couldn't send request to peer 47a5646612894ce3baaa2db6fc9aba37. Error code: TABLET_NOT_FOUND (6). Status: Not found: Tablet not found: b4b166cdd038462f9fb8995960344bf0. This is attempt 1: this message will repeat every 5th retry.
I20260713 09:03:50.142304  6867 raft_consensus.cc:2955] T b4b166cdd038462f9fb8995960344bf0 P c060bd25e1db4513ab3615c9e2b9db7d [term 1 FOLLOWER]: Committing config change with OpId 1.2: config changed from index -1 to 2, NON_VOTER 47a5646612894ce3baaa2db6fc9aba37 (127.5.162.196) added. New config: { opid_index: 2 OBSOLETE_local: false peers { permanent_uuid: "c060bd25e1db4513ab3615c9e2b9db7d" member_type: VOTER last_known_addr { host: "127.5.162.193" port: 38481 } } peers { permanent_uuid: "54c84eed2f1c404da07cdc50de669ee1" member_type: VOTER last_known_addr { host: "127.5.162.194" port: 45525 } } peers { permanent_uuid: "2ae35b16dfb141a8b87a678af49e47c0" member_type: VOTER last_known_addr { host: "127.5.162.195" port: 33783 } attrs { replace: true } } peers { permanent_uuid: "47a5646612894ce3baaa2db6fc9aba37" member_type: NON_VOTER last_known_addr { host: "127.5.162.196" port: 35391 } attrs { promote: true } } }
I20260713 09:03:50.150275  6765 catalog_manager.cc:5697] T b4b166cdd038462f9fb8995960344bf0 P 54c84eed2f1c404da07cdc50de669ee1 reported cstate change: config changed from index -1 to 2, NON_VOTER 47a5646612894ce3baaa2db6fc9aba37 (127.5.162.196) added. New cstate: current_term: 1 leader_uuid: "54c84eed2f1c404da07cdc50de669ee1" committed_config { opid_index: 2 OBSOLETE_local: false peers { permanent_uuid: "c060bd25e1db4513ab3615c9e2b9db7d" member_type: VOTER last_known_addr { host: "127.5.162.193" port: 38481 } health_report { overall_health: HEALTHY } } peers { permanent_uuid: "54c84eed2f1c404da07cdc50de669ee1" member_type: VOTER last_known_addr { host: "127.5.162.194" port: 45525 } health_report { overall_health: HEALTHY } } peers { permanent_uuid: "2ae35b16dfb141a8b87a678af49e47c0" member_type: VOTER last_known_addr { host: "127.5.162.195" port: 33783 } attrs { replace: true } health_report { overall_health: HEALTHY } } peers { permanent_uuid: "47a5646612894ce3baaa2db6fc9aba37" member_type: NON_VOTER last_known_addr { host: "127.5.162.196" port: 35391 } attrs { promote: true } health_report { overall_health: UNKNOWN } } }
I20260713 09:03:50.151562  6939 consensus_queue.cc:237] T 1c61cc78b3c543f5a6e59f47766bb849 P 54c84eed2f1c404da07cdc50de669ee1 [LEADER]: Queue going to LEADER mode. State: All replicated index: 0, Majority replicated index: 1, Committed index: 1, Last appended: 1.1, Last appended by leader: 0, Current term: 1, Majority size: 2, State: 0, Mode: LEADER, active raft config: opid_index: 2 OBSOLETE_local: false peers { permanent_uuid: "c060bd25e1db4513ab3615c9e2b9db7d" member_type: VOTER last_known_addr { host: "127.5.162.193" port: 38481 } attrs { replace: true } } peers { permanent_uuid: "54c84eed2f1c404da07cdc50de669ee1" member_type: VOTER last_known_addr { host: "127.5.162.194" port: 45525 } } peers { permanent_uuid: "2ae35b16dfb141a8b87a678af49e47c0" member_type: VOTER last_known_addr { host: "127.5.162.195" port: 33783 } } peers { permanent_uuid: "47a5646612894ce3baaa2db6fc9aba37" member_type: NON_VOTER last_known_addr { host: "127.5.162.196" port: 35391 } attrs { promote: true } }
I20260713 09:03:50.162920  6867 raft_consensus.cc:1275] T 1c61cc78b3c543f5a6e59f47766bb849 P c060bd25e1db4513ab3615c9e2b9db7d [term 1 FOLLOWER]: Refusing update from remote peer 54c84eed2f1c404da07cdc50de669ee1: Log matching property violated. Preceding OpId in replica: term: 1 index: 1. Preceding OpId from leader: term: 1 index: 2. (index mismatch)
I20260713 09:03:50.164114  7129 consensus_queue.cc:1048] T 1c61cc78b3c543f5a6e59f47766bb849 P 54c84eed2f1c404da07cdc50de669ee1 [LEADER]: Connected to new peer: Peer: permanent_uuid: "c060bd25e1db4513ab3615c9e2b9db7d" member_type: VOTER last_known_addr { host: "127.5.162.193" port: 38481 } attrs { replace: true }, Status: LMP_MISMATCH, Last received: 0.0, Next index: 2, Last known committed idx: 1, Time since last communication: 0.000s
W20260713 09:03:50.165086  6905 consensus_peers.cc:597] T 1c61cc78b3c543f5a6e59f47766bb849 P 54c84eed2f1c404da07cdc50de669ee1 -> Peer 47a5646612894ce3baaa2db6fc9aba37 (127.5.162.196:35391): Couldn't send request to peer 47a5646612894ce3baaa2db6fc9aba37. Error code: TABLET_NOT_FOUND (6). Status: Not found: Tablet not found: 1c61cc78b3c543f5a6e59f47766bb849. This is attempt 1: this message will repeat every 5th retry.
I20260713 09:03:50.166582  7012 raft_consensus.cc:1275] T 1c61cc78b3c543f5a6e59f47766bb849 P 2ae35b16dfb141a8b87a678af49e47c0 [term 1 FOLLOWER]: Refusing update from remote peer 54c84eed2f1c404da07cdc50de669ee1: Log matching property violated. Preceding OpId in replica: term: 1 index: 1. Preceding OpId from leader: term: 1 index: 2. (index mismatch)
I20260713 09:03:50.167990  7129 consensus_queue.cc:1048] T 1c61cc78b3c543f5a6e59f47766bb849 P 54c84eed2f1c404da07cdc50de669ee1 [LEADER]: Connected to new peer: Peer: permanent_uuid: "2ae35b16dfb141a8b87a678af49e47c0" member_type: VOTER last_known_addr { host: "127.5.162.195" port: 33783 }, Status: LMP_MISMATCH, Last received: 0.0, Next index: 2, Last known committed idx: 1, Time since last communication: 0.000s
I20260713 09:03:50.171130  7087 raft_consensus.cc:2955] T 1c61cc78b3c543f5a6e59f47766bb849 P 54c84eed2f1c404da07cdc50de669ee1 [term 1 LEADER]: Committing config change with OpId 1.2: config changed from index -1 to 2, NON_VOTER 47a5646612894ce3baaa2db6fc9aba37 (127.5.162.196) added. New config: { opid_index: 2 OBSOLETE_local: false peers { permanent_uuid: "c060bd25e1db4513ab3615c9e2b9db7d" member_type: VOTER last_known_addr { host: "127.5.162.193" port: 38481 } attrs { replace: true } } peers { permanent_uuid: "54c84eed2f1c404da07cdc50de669ee1" member_type: VOTER last_known_addr { host: "127.5.162.194" port: 45525 } } peers { permanent_uuid: "2ae35b16dfb141a8b87a678af49e47c0" member_type: VOTER last_known_addr { host: "127.5.162.195" port: 33783 } } peers { permanent_uuid: "47a5646612894ce3baaa2db6fc9aba37" member_type: NON_VOTER last_known_addr { host: "127.5.162.196" port: 35391 } attrs { promote: true } } }
I20260713 09:03:50.173328  6867 raft_consensus.cc:2955] T 1c61cc78b3c543f5a6e59f47766bb849 P c060bd25e1db4513ab3615c9e2b9db7d [term 1 FOLLOWER]: Committing config change with OpId 1.2: config changed from index -1 to 2, NON_VOTER 47a5646612894ce3baaa2db6fc9aba37 (127.5.162.196) added. New config: { opid_index: 2 OBSOLETE_local: false peers { permanent_uuid: "c060bd25e1db4513ab3615c9e2b9db7d" member_type: VOTER last_known_addr { host: "127.5.162.193" port: 38481 } attrs { replace: true } } peers { permanent_uuid: "54c84eed2f1c404da07cdc50de669ee1" member_type: VOTER last_known_addr { host: "127.5.162.194" port: 45525 } } peers { permanent_uuid: "2ae35b16dfb141a8b87a678af49e47c0" member_type: VOTER last_known_addr { host: "127.5.162.195" port: 33783 } } peers { permanent_uuid: "47a5646612894ce3baaa2db6fc9aba37" member_type: NON_VOTER last_known_addr { host: "127.5.162.196" port: 35391 } attrs { promote: true } } }
I20260713 09:03:50.175922  7012 raft_consensus.cc:2955] T 1c61cc78b3c543f5a6e59f47766bb849 P 2ae35b16dfb141a8b87a678af49e47c0 [term 1 FOLLOWER]: Committing config change with OpId 1.2: config changed from index -1 to 2, NON_VOTER 47a5646612894ce3baaa2db6fc9aba37 (127.5.162.196) added. New config: { opid_index: 2 OBSOLETE_local: false peers { permanent_uuid: "c060bd25e1db4513ab3615c9e2b9db7d" member_type: VOTER last_known_addr { host: "127.5.162.193" port: 38481 } attrs { replace: true } } peers { permanent_uuid: "54c84eed2f1c404da07cdc50de669ee1" member_type: VOTER last_known_addr { host: "127.5.162.194" port: 45525 } } peers { permanent_uuid: "2ae35b16dfb141a8b87a678af49e47c0" member_type: VOTER last_known_addr { host: "127.5.162.195" port: 33783 } } peers { permanent_uuid: "47a5646612894ce3baaa2db6fc9aba37" member_type: NON_VOTER last_known_addr { host: "127.5.162.196" port: 35391 } attrs { promote: true } } }
