I20260713 09:03:24.807614  6211 raft_consensus.cc:515] T 670fcf19f6ff4b12b3f1abd3471db1d4 P 01107c7f712a4d45a1f3b3599b80380b [term 0 FOLLOWER]: Starting pre-election with config: opid_index: -1 OBSOLETE_local: false peers { permanent_uuid: "57e013593abf4446a46efcf19c491341" member_type: VOTER last_known_addr { host: "127.5.189.1" port: 44817 } } peers { permanent_uuid: "01107c7f712a4d45a1f3b3599b80380b" member_type: VOTER last_known_addr { host: "127.5.189.3" port: 33259 } } peers { permanent_uuid: "bd50e7b85e874279a4387eb6f13517be" member_type: VOTER last_known_addr { host: "127.5.189.2" port: 34285 } }
I20260713 09:03:24.809574  5976 leader_election.cc:304] T 32f21652aba742e488ce8d345b323d85 P 57e013593abf4446a46efcf19c491341 [CANDIDATE]: Term 1 election: Election decided. Result: candidate won. Election summary: received 3 responses out of 3 voters: 2 yes votes; 1 no votes. yes voters: 57e013593abf4446a46efcf19c491341, bd50e7b85e874279a4387eb6f13517be; no voters: 01107c7f712a4d45a1f3b3599b80380b
I20260713 09:03:24.810420  6211 leader_election.cc:290] T 670fcf19f6ff4b12b3f1abd3471db1d4 P 01107c7f712a4d45a1f3b3599b80380b [CANDIDATE]: Term 1 pre-election: Requested pre-vote from peers 57e013593abf4446a46efcf19c491341 (127.5.189.1:44817), bd50e7b85e874279a4387eb6f13517be (127.5.189.2:34285)
I20260713 09:03:24.811528  6232 raft_consensus.cc:2804] T 32f21652aba742e488ce8d345b323d85 P 57e013593abf4446a46efcf19c491341 [term 1 FOLLOWER]: Leader election won for term 1
I20260713 09:03:24.812438  6232 raft_consensus.cc:697] T 32f21652aba742e488ce8d345b323d85 P 57e013593abf4446a46efcf19c491341 [term 1 LEADER]: Becoming Leader. State: Replica: 57e013593abf4446a46efcf19c491341, State: Running, Role: LEADER
I20260713 09:03:24.813690  6232 consensus_queue.cc:237] T 32f21652aba742e488ce8d345b323d85 P 57e013593abf4446a46efcf19c491341 [LEADER]: Queue going to LEADER mode. State: All replicated index: 0, Majority replicated index: 0, Committed index: 0, Last appended: 0.0, Last appended by leader: 0, Current term: 1, Majority size: 2, State: 0, Mode: LEADER, active raft config: opid_index: -1 OBSOLETE_local: false peers { permanent_uuid: "57e013593abf4446a46efcf19c491341" member_type: VOTER last_known_addr { host: "127.5.189.1" port: 44817 } } peers { permanent_uuid: "bd50e7b85e874279a4387eb6f13517be" member_type: VOTER last_known_addr { host: "127.5.189.2" port: 34285 } } peers { permanent_uuid: "01107c7f712a4d45a1f3b3599b80380b" member_type: VOTER last_known_addr { host: "127.5.189.3" port: 33259 } }
I20260713 09:03:24.829571  6084 tablet_service.cc:1917] Received RequestConsensusVote() RPC: tablet_id: "32b7689665d44d1d94c847687a633ccb" candidate_uuid: "57e013593abf4446a46efcf19c491341" candidate_term: 1 candidate_status { last_received { term: 0 index: 0 } } ignore_live_leader: false dest_uuid: "bd50e7b85e874279a4387eb6f13517be"
I20260713 09:03:24.830217  6084 raft_consensus.cc:3060] T 32b7689665d44d1d94c847687a633ccb P bd50e7b85e874279a4387eb6f13517be [term 0 FOLLOWER]: Advancing to term 1
I20260713 09:03:24.837571  6084 raft_consensus.cc:2468] T 32b7689665d44d1d94c847687a633ccb P bd50e7b85e874279a4387eb6f13517be [term 1 FOLLOWER]: Leader election vote request: Granting yes vote for candidate 57e013593abf4446a46efcf19c491341 in term 1.
I20260713 09:03:24.839244  5976 leader_election.cc:304] T 32b7689665d44d1d94c847687a633ccb P 57e013593abf4446a46efcf19c491341 [CANDIDATE]: Term 1 election: Election decided. Result: candidate won. Election summary: received 3 responses out of 3 voters: 2 yes votes; 1 no votes. yes voters: 57e013593abf4446a46efcf19c491341, bd50e7b85e874279a4387eb6f13517be; no voters: 01107c7f712a4d45a1f3b3599b80380b
I20260713 09:03:24.840365  6231 raft_consensus.cc:2804] T 32b7689665d44d1d94c847687a633ccb P 57e013593abf4446a46efcf19c491341 [term 1 FOLLOWER]: Leader election won for term 1
I20260713 09:03:24.840868  6231 raft_consensus.cc:697] T 32b7689665d44d1d94c847687a633ccb P 57e013593abf4446a46efcf19c491341 [term 1 LEADER]: Becoming Leader. State: Replica: 57e013593abf4446a46efcf19c491341, State: Running, Role: LEADER
I20260713 09:03:24.841701  6231 consensus_queue.cc:237] T 32b7689665d44d1d94c847687a633ccb P 57e013593abf4446a46efcf19c491341 [LEADER]: Queue going to LEADER mode. State: All replicated index: 0, Majority replicated index: 0, Committed index: 0, Last appended: 0.0, Last appended by leader: 0, Current term: 1, Majority size: 2, State: 0, Mode: LEADER, active raft config: opid_index: -1 OBSOLETE_local: false peers { permanent_uuid: "57e013593abf4446a46efcf19c491341" member_type: VOTER last_known_addr { host: "127.5.189.1" port: 44817 } } peers { permanent_uuid: "bd50e7b85e874279a4387eb6f13517be" member_type: VOTER last_known_addr { host: "127.5.189.2" port: 34285 } } peers { permanent_uuid: "01107c7f712a4d45a1f3b3599b80380b" member_type: VOTER last_known_addr { host: "127.5.189.3" port: 33259 } }
I20260713 09:03:24.844947  6011 tablet_service.cc:1917] Received RequestConsensusVote() RPC: tablet_id: "670fcf19f6ff4b12b3f1abd3471db1d4" candidate_uuid: "01107c7f712a4d45a1f3b3599b80380b" candidate_term: 1 candidate_status { last_received { term: 0 index: 0 } } ignore_live_leader: false dest_uuid: "57e013593abf4446a46efcf19c491341" is_pre_election: true
I20260713 09:03:24.848443  6211 raft_consensus.cc:493] T df2917f607cd4af99caed4d0c9af46fa P 01107c7f712a4d45a1f3b3599b80380b [term 0 FOLLOWER]: Starting pre-election (no leader contacted us within the election timeout)
I20260713 09:03:24.851050  6210 raft_consensus.cc:493] T 6ed838a0e4a145c2b2fd208374890a40 P 57e013593abf4446a46efcf19c491341 [term 0 FOLLOWER]: Starting pre-election (no leader contacted us within the election timeout)
I20260713 09:03:24.851523  6211 raft_consensus.cc:515] T df2917f607cd4af99caed4d0c9af46fa P 01107c7f712a4d45a1f3b3599b80380b [term 0 FOLLOWER]: Starting pre-election with config: opid_index: -1 OBSOLETE_local: false peers { permanent_uuid: "57e013593abf4446a46efcf19c491341" member_type: VOTER last_known_addr { host: "127.5.189.1" port: 44817 } } peers { permanent_uuid: "bd50e7b85e874279a4387eb6f13517be" member_type: VOTER last_known_addr { host: "127.5.189.2" port: 34285 } } peers { permanent_uuid: "01107c7f712a4d45a1f3b3599b80380b" member_type: VOTER last_known_addr { host: "127.5.189.3" port: 33259 } }
I20260713 09:03:24.851676  6210 raft_consensus.cc:515] T 6ed838a0e4a145c2b2fd208374890a40 P 57e013593abf4446a46efcf19c491341 [term 0 FOLLOWER]: Starting pre-election with config: opid_index: -1 OBSOLETE_local: false peers { permanent_uuid: "57e013593abf4446a46efcf19c491341" member_type: VOTER last_known_addr { host: "127.5.189.1" port: 44817 } } peers { permanent_uuid: "bd50e7b85e874279a4387eb6f13517be" member_type: VOTER last_known_addr { host: "127.5.189.2" port: 34285 } } peers { permanent_uuid: "01107c7f712a4d45a1f3b3599b80380b" member_type: VOTER last_known_addr { host: "127.5.189.3" port: 33259 } }
I20260713 09:03:24.853575  6211 leader_election.cc:290] T df2917f607cd4af99caed4d0c9af46fa P 01107c7f712a4d45a1f3b3599b80380b [CANDIDATE]: Term 1 pre-election: Requested pre-vote from peers 57e013593abf4446a46efcf19c491341 (127.5.189.1:44817), bd50e7b85e874279a4387eb6f13517be (127.5.189.2:34285)
I20260713 09:03:24.854276  6210 leader_election.cc:290] T 6ed838a0e4a145c2b2fd208374890a40 P 57e013593abf4446a46efcf19c491341 [CANDIDATE]: Term 1 pre-election: Requested pre-vote from peers bd50e7b85e874279a4387eb6f13517be (127.5.189.2:34285), 01107c7f712a4d45a1f3b3599b80380b (127.5.189.3:33259)
W20260713 09:03:24.854784  6124 leader_election.cc:343] T 670fcf19f6ff4b12b3f1abd3471db1d4 P 01107c7f712a4d45a1f3b3599b80380b [CANDIDATE]: Term 1 pre-election: Tablet error from VoteRequest() call to peer 57e013593abf4446a46efcf19c491341 (127.5.189.1:44817): Illegal state: must be running to vote when last-logged opid is not known
I20260713 09:03:24.849531  6160 tablet_service.cc:1917] Received RequestConsensusVote() RPC: tablet_id: "32b7689665d44d1d94c847687a633ccb" candidate_uuid: "bd50e7b85e874279a4387eb6f13517be" candidate_term: 1 candidate_status { last_received { term: 0 index: 0 } } ignore_live_leader: false dest_uuid: "01107c7f712a4d45a1f3b3599b80380b" is_pre_election: true
I20260713 09:03:24.849897  6158 tablet_service.cc:1917] Received RequestConsensusVote() RPC: tablet_id: "df2917f607cd4af99caed4d0c9af46fa" candidate_uuid: "bd50e7b85e874279a4387eb6f13517be" candidate_term: 1 candidate_status { last_received { term: 0 index: 0 } } ignore_live_leader: false dest_uuid: "01107c7f712a4d45a1f3b3599b80380b" is_pre_election: true
I20260713 09:03:24.857048  6158 raft_consensus.cc:2468] T df2917f607cd4af99caed4d0c9af46fa P 01107c7f712a4d45a1f3b3599b80380b [term 0 FOLLOWER]: Leader pre-election vote request: Granting yes vote for candidate bd50e7b85e874279a4387eb6f13517be in term 0.
I20260713 09:03:24.860193  6160 tablet_service.cc:1917] Received RequestConsensusVote() RPC: tablet_id: "6ed838a0e4a145c2b2fd208374890a40" candidate_uuid: "57e013593abf4446a46efcf19c491341" candidate_term: 1 candidate_status { last_received { term: 0 index: 0 } } ignore_live_leader: false dest_uuid: "01107c7f712a4d45a1f3b3599b80380b" is_pre_election: true
I20260713 09:03:24.861410  6011 tablet_service.cc:1917] Received RequestConsensusVote() RPC: tablet_id: "df2917f607cd4af99caed4d0c9af46fa" candidate_uuid: "01107c7f712a4d45a1f3b3599b80380b" candidate_term: 1 candidate_status { last_received { term: 0 index: 0 } } ignore_live_leader: false dest_uuid: "57e013593abf4446a46efcf19c491341" is_pre_election: true
W20260713 09:03:24.863245  6052 leader_election.cc:343] T 32b7689665d44d1d94c847687a633ccb P bd50e7b85e874279a4387eb6f13517be [CANDIDATE]: Term 1 pre-election: Tablet error from VoteRequest() call to peer 01107c7f712a4d45a1f3b3599b80380b (127.5.189.3:33259): Illegal state: must be running to vote when last-logged opid is not known
I20260713 09:03:24.863920  6052 leader_election.cc:304] T df2917f607cd4af99caed4d0c9af46fa P bd50e7b85e874279a4387eb6f13517be [CANDIDATE]: Term 1 pre-election: Election decided. Result: candidate won. Election summary: received 2 responses out of 3 voters: 2 yes votes; 0 no votes. yes voters: 01107c7f712a4d45a1f3b3599b80380b, bd50e7b85e874279a4387eb6f13517be; no voters: 
I20260713 09:03:24.865465  6209 raft_consensus.cc:2804] T df2917f607cd4af99caed4d0c9af46fa P bd50e7b85e874279a4387eb6f13517be [term 0 FOLLOWER]: Leader pre-election won for term 1
I20260713 09:03:24.865821  6209 raft_consensus.cc:493] T df2917f607cd4af99caed4d0c9af46fa P bd50e7b85e874279a4387eb6f13517be [term 0 FOLLOWER]: Starting leader election (no leader contacted us within the election timeout)
I20260713 09:03:24.866118  6209 raft_consensus.cc:3060] T df2917f607cd4af99caed4d0c9af46fa P bd50e7b85e874279a4387eb6f13517be [term 0 FOLLOWER]: Advancing to term 1
I20260713 09:03:24.872329  6084 tablet_service.cc:1917] Received RequestConsensusVote() RPC: tablet_id: "6ed838a0e4a145c2b2fd208374890a40" candidate_uuid: "57e013593abf4446a46efcf19c491341" candidate_term: 1 candidate_status { last_received { term: 0 index: 0 } } ignore_live_leader: false dest_uuid: "bd50e7b85e874279a4387eb6f13517be" is_pre_election: true
I20260713 09:03:24.873102  6084 raft_consensus.cc:2468] T 6ed838a0e4a145c2b2fd208374890a40 P bd50e7b85e874279a4387eb6f13517be [term 0 FOLLOWER]: Leader pre-election vote request: Granting yes vote for candidate 57e013593abf4446a46efcf19c491341 in term 0.
W20260713 09:03:24.873512  5977 leader_election.cc:343] T 6ed838a0e4a145c2b2fd208374890a40 P 57e013593abf4446a46efcf19c491341 [CANDIDATE]: Term 1 pre-election: Tablet error from VoteRequest() call to peer 01107c7f712a4d45a1f3b3599b80380b (127.5.189.3:33259): Illegal state: must be running to vote when last-logged opid is not known
W20260713 09:03:24.875133  6124 leader_election.cc:343] T df2917f607cd4af99caed4d0c9af46fa P 01107c7f712a4d45a1f3b3599b80380b [CANDIDATE]: Term 1 pre-election: Tablet error from VoteRequest() call to peer 57e013593abf4446a46efcf19c491341 (127.5.189.1:44817): Illegal state: must be running to vote when last-logged opid is not known
I20260713 09:03:24.875102  5976 leader_election.cc:304] T 6ed838a0e4a145c2b2fd208374890a40 P 57e013593abf4446a46efcf19c491341 [CANDIDATE]: Term 1 pre-election: Election decided. Result: candidate won. Election summary: received 3 responses out of 3 voters: 2 yes votes; 1 no votes. yes voters: 57e013593abf4446a46efcf19c491341, bd50e7b85e874279a4387eb6f13517be; no voters: 01107c7f712a4d45a1f3b3599b80380b
I20260713 09:03:24.876360  6231 raft_consensus.cc:2804] T 6ed838a0e4a145c2b2fd208374890a40 P 57e013593abf4446a46efcf19c491341 [term 0 FOLLOWER]: Leader pre-election won for term 1
I20260713 09:03:24.876250  6209 raft_consensus.cc:515] T df2917f607cd4af99caed4d0c9af46fa P bd50e7b85e874279a4387eb6f13517be [term 1 FOLLOWER]: Starting leader election with config: opid_index: -1 OBSOLETE_local: false peers { permanent_uuid: "57e013593abf4446a46efcf19c491341" member_type: VOTER last_known_addr { host: "127.5.189.1" port: 44817 } } peers { permanent_uuid: "bd50e7b85e874279a4387eb6f13517be" member_type: VOTER last_known_addr { host: "127.5.189.2" port: 34285 } } peers { permanent_uuid: "01107c7f712a4d45a1f3b3599b80380b" member_type: VOTER last_known_addr { host: "127.5.189.3" port: 33259 } }
I20260713 09:03:24.876835  6231 raft_consensus.cc:493] T 6ed838a0e4a145c2b2fd208374890a40 P 57e013593abf4446a46efcf19c491341 [term 0 FOLLOWER]: Starting leader election (no leader contacted us within the election timeout)
I20260713 09:03:24.877283  6231 raft_consensus.cc:3060] T 6ed838a0e4a145c2b2fd208374890a40 P 57e013593abf4446a46efcf19c491341 [term 0 FOLLOWER]: Advancing to term 1
I20260713 09:03:24.880076  6204 tablet_bootstrap.cc:492] T 670fcf19f6ff4b12b3f1abd3471db1d4 P 57e013593abf4446a46efcf19c491341: No bootstrap required, opened a new log
I20260713 09:03:24.880576  6204 ts_tablet_manager.cc:1403] T 670fcf19f6ff4b12b3f1abd3471db1d4 P 57e013593abf4446a46efcf19c491341: Time spent bootstrapping tablet: real 0.417s	user 0.040s	sys 0.051s
I20260713 09:03:24.882390  6203 tablet_bootstrap.cc:492] T 32b7689665d44d1d94c847687a633ccb P 01107c7f712a4d45a1f3b3599b80380b: No bootstrap required, opened a new log
I20260713 09:03:24.882874  6203 ts_tablet_manager.cc:1403] T 32b7689665d44d1d94c847687a633ccb P 01107c7f712a4d45a1f3b3599b80380b: Time spent bootstrapping tablet: real 0.411s	user 0.069s	sys 0.094s
I20260713 09:03:24.885547  6205 raft_consensus.cc:359] T 670fcf19f6ff4b12b3f1abd3471db1d4 P bd50e7b85e874279a4387eb6f13517be [term 0 FOLLOWER]: Replica starting. Triggering 0 pending ops. Active config: opid_index: -1 OBSOLETE_local: false peers { permanent_uuid: "57e013593abf4446a46efcf19c491341" member_type: VOTER last_known_addr { host: "127.5.189.1" port: 44817 } } peers { permanent_uuid: "01107c7f712a4d45a1f3b3599b80380b" member_type: VOTER last_known_addr { host: "127.5.189.3" port: 33259 } } peers { permanent_uuid: "bd50e7b85e874279a4387eb6f13517be" member_type: VOTER last_known_addr { host: "127.5.189.2" port: 34285 } }
I20260713 09:03:24.885989  6160 tablet_service.cc:1917] Received RequestConsensusVote() RPC: tablet_id: "df2917f607cd4af99caed4d0c9af46fa" candidate_uuid: "bd50e7b85e874279a4387eb6f13517be" candidate_term: 1 candidate_status { last_received { term: 0 index: 0 } } ignore_live_leader: false dest_uuid: "01107c7f712a4d45a1f3b3599b80380b"
I20260713 09:03:24.886309  6205 raft_consensus.cc:385] T 670fcf19f6ff4b12b3f1abd3471db1d4 P bd50e7b85e874279a4387eb6f13517be [term 0 FOLLOWER]: Consensus starting up: Expiring failure detector timer to make a prompt election more likely
I20260713 09:03:24.886603  6160 raft_consensus.cc:3060] T df2917f607cd4af99caed4d0c9af46fa P 01107c7f712a4d45a1f3b3599b80380b [term 0 FOLLOWER]: Advancing to term 1
I20260713 09:03:24.887534  6203 raft_consensus.cc:359] T 32b7689665d44d1d94c847687a633ccb P 01107c7f712a4d45a1f3b3599b80380b [term 0 FOLLOWER]: Replica starting. Triggering 0 pending ops. Active config: opid_index: -1 OBSOLETE_local: false peers { permanent_uuid: "57e013593abf4446a46efcf19c491341" member_type: VOTER last_known_addr { host: "127.5.189.1" port: 44817 } } peers { permanent_uuid: "bd50e7b85e874279a4387eb6f13517be" member_type: VOTER last_known_addr { host: "127.5.189.2" port: 34285 } } peers { permanent_uuid: "01107c7f712a4d45a1f3b3599b80380b" member_type: VOTER last_known_addr { host: "127.5.189.3" port: 33259 } }
I20260713 09:03:24.890079  6203 raft_consensus.cc:385] T 32b7689665d44d1d94c847687a633ccb P 01107c7f712a4d45a1f3b3599b80380b [term 0 FOLLOWER]: Consensus starting up: Expiring failure detector timer to make a prompt election more likely
I20260713 09:03:24.890518  6203 raft_consensus.cc:740] T 32b7689665d44d1d94c847687a633ccb P 01107c7f712a4d45a1f3b3599b80380b [term 0 FOLLOWER]: Becoming Follower/Learner. State: Replica: 01107c7f712a4d45a1f3b3599b80380b, State: Initialized, Role: FOLLOWER
I20260713 09:03:24.893819  6209 leader_election.cc:290] T df2917f607cd4af99caed4d0c9af46fa P bd50e7b85e874279a4387eb6f13517be [CANDIDATE]: Term 1 election: Requested vote from peers 57e013593abf4446a46efcf19c491341 (127.5.189.1:44817), 01107c7f712a4d45a1f3b3599b80380b (127.5.189.3:33259)
I20260713 09:03:24.893699  6160 raft_consensus.cc:2468] T df2917f607cd4af99caed4d0c9af46fa P 01107c7f712a4d45a1f3b3599b80380b [term 1 FOLLOWER]: Leader election vote request: Granting yes vote for candidate bd50e7b85e874279a4387eb6f13517be in term 1.
I20260713 09:03:24.895924  6052 leader_election.cc:304] T df2917f607cd4af99caed4d0c9af46fa P bd50e7b85e874279a4387eb6f13517be [CANDIDATE]: Term 1 election: Election decided. Result: candidate won. Election summary: received 2 responses out of 3 voters: 2 yes votes; 0 no votes. yes voters: 01107c7f712a4d45a1f3b3599b80380b, bd50e7b85e874279a4387eb6f13517be; no voters: 
I20260713 09:03:24.896762  6209 raft_consensus.cc:2804] T df2917f607cd4af99caed4d0c9af46fa P bd50e7b85e874279a4387eb6f13517be [term 1 FOLLOWER]: Leader election won for term 1
I20260713 09:03:24.891815  6203 consensus_queue.cc:260] T 32b7689665d44d1d94c847687a633ccb P 01107c7f712a4d45a1f3b3599b80380b [NON_LEADER]: Queue going to NON_LEADER mode. State: All replicated index: 0, Majority replicated index: 0, Committed index: 0, Last appended: 0.0, Last appended by leader: 0, Current term: 0, Majority size: -1, State: 0, Mode: NON_LEADER, active raft config: opid_index: -1 OBSOLETE_local: false peers { permanent_uuid: "57e013593abf4446a46efcf19c491341" member_type: VOTER last_known_addr { host: "127.5.189.1" port: 44817 } } peers { permanent_uuid: "bd50e7b85e874279a4387eb6f13517be" member_type: VOTER last_known_addr { host: "127.5.189.2" port: 34285 } } peers { permanent_uuid: "01107c7f712a4d45a1f3b3599b80380b" member_type: VOTER last_known_addr { host: "127.5.189.3" port: 33259 } }
I20260713 09:03:24.899199  6203 ts_tablet_manager.cc:1434] T 32b7689665d44d1d94c847687a633ccb P 01107c7f712a4d45a1f3b3599b80380b: Time spent starting tablet: real 0.016s	user 0.004s	sys 0.004s
I20260713 09:03:24.900406  6203 tablet_bootstrap.cc:492] T 6ed838a0e4a145c2b2fd208374890a40 P 01107c7f712a4d45a1f3b3599b80380b: Bootstrap starting.
I20260713 09:03:24.900954  6204 raft_consensus.cc:359] T 670fcf19f6ff4b12b3f1abd3471db1d4 P 57e013593abf4446a46efcf19c491341 [term 0 FOLLOWER]: Replica starting. Triggering 0 pending ops. Active config: opid_index: -1 OBSOLETE_local: false peers { permanent_uuid: "57e013593abf4446a46efcf19c491341" member_type: VOTER last_known_addr { host: "127.5.189.1" port: 44817 } } peers { permanent_uuid: "01107c7f712a4d45a1f3b3599b80380b" member_type: VOTER last_known_addr { host: "127.5.189.3" port: 33259 } } peers { permanent_uuid: "bd50e7b85e874279a4387eb6f13517be" member_type: VOTER last_known_addr { host: "127.5.189.2" port: 34285 } }
I20260713 09:03:24.893733  6231 raft_consensus.cc:515] T 6ed838a0e4a145c2b2fd208374890a40 P 57e013593abf4446a46efcf19c491341 [term 1 FOLLOWER]: Starting leader election with config: opid_index: -1 OBSOLETE_local: false peers { permanent_uuid: "57e013593abf4446a46efcf19c491341" member_type: VOTER last_known_addr { host: "127.5.189.1" port: 44817 } } peers { permanent_uuid: "bd50e7b85e874279a4387eb6f13517be" member_type: VOTER last_known_addr { host: "127.5.189.2" port: 34285 } } peers { permanent_uuid: "01107c7f712a4d45a1f3b3599b80380b" member_type: VOTER last_known_addr { host: "127.5.189.3" port: 33259 } }
I20260713 09:03:24.901639  6204 raft_consensus.cc:385] T 670fcf19f6ff4b12b3f1abd3471db1d4 P 57e013593abf4446a46efcf19c491341 [term 0 FOLLOWER]: Consensus starting up: Expiring failure detector timer to make a prompt election more likely
I20260713 09:03:24.901947  6204 raft_consensus.cc:740] T 670fcf19f6ff4b12b3f1abd3471db1d4 P 57e013593abf4446a46efcf19c491341 [term 0 FOLLOWER]: Becoming Follower/Learner. State: Replica: 57e013593abf4446a46efcf19c491341, State: Initialized, Role: FOLLOWER
I20260713 09:03:24.903252  6231 leader_election.cc:290] T 6ed838a0e4a145c2b2fd208374890a40 P 57e013593abf4446a46efcf19c491341 [CANDIDATE]: Term 1 election: Requested vote from peers bd50e7b85e874279a4387eb6f13517be (127.5.189.2:34285), 01107c7f712a4d45a1f3b3599b80380b (127.5.189.3:33259)
I20260713 09:03:24.908215  5905 catalog_manager.cc:5697] T 94ea468dcbfb4b72bfb7da0316aaaa31 P 57e013593abf4446a46efcf19c491341 reported cstate change: term changed from 0 to 1, leader changed from <none> to 57e013593abf4446a46efcf19c491341 (127.5.189.1). New cstate: current_term: 1 leader_uuid: "57e013593abf4446a46efcf19c491341" committed_config { opid_index: -1 OBSOLETE_local: false peers { permanent_uuid: "57e013593abf4446a46efcf19c491341" member_type: VOTER last_known_addr { host: "127.5.189.1" port: 44817 } health_report { overall_health: HEALTHY } } peers { permanent_uuid: "bd50e7b85e874279a4387eb6f13517be" member_type: VOTER last_known_addr { host: "127.5.189.2" port: 34285 } health_report { overall_health: UNKNOWN } } peers { permanent_uuid: "01107c7f712a4d45a1f3b3599b80380b" member_type: VOTER last_known_addr { host: "127.5.189.3" port: 33259 } health_report { overall_health: UNKNOWN } } }
I20260713 09:03:24.909775  6203 tablet_bootstrap.cc:654] T 6ed838a0e4a145c2b2fd208374890a40 P 01107c7f712a4d45a1f3b3599b80380b: Neither blocks nor log segments found. Creating new log.
I20260713 09:03:24.913848  6160 tablet_service.cc:1917] Received RequestConsensusVote() RPC: tablet_id: "6ed838a0e4a145c2b2fd208374890a40" candidate_uuid: "57e013593abf4446a46efcf19c491341" candidate_term: 1 candidate_status { last_received { term: 0 index: 0 } } ignore_live_leader: false dest_uuid: "01107c7f712a4d45a1f3b3599b80380b"
W20260713 09:03:24.915200  5977 leader_election.cc:343] T 6ed838a0e4a145c2b2fd208374890a40 P 57e013593abf4446a46efcf19c491341 [CANDIDATE]: Term 1 election: Tablet error from VoteRequest() call to peer 01107c7f712a4d45a1f3b3599b80380b (127.5.189.3:33259): Illegal state: must be running to vote when last-logged opid is not known
I20260713 09:03:24.886636  6205 raft_consensus.cc:740] T 670fcf19f6ff4b12b3f1abd3471db1d4 P bd50e7b85e874279a4387eb6f13517be [term 0 FOLLOWER]: Becoming Follower/Learner. State: Replica: bd50e7b85e874279a4387eb6f13517be, State: Initialized, Role: FOLLOWER
I20260713 09:03:24.916342  6205 consensus_queue.cc:260] T 670fcf19f6ff4b12b3f1abd3471db1d4 P bd50e7b85e874279a4387eb6f13517be [NON_LEADER]: Queue going to NON_LEADER mode. State: All replicated index: 0, Majority replicated index: 0, Committed index: 0, Last appended: 0.0, Last appended by leader: 0, Current term: 0, Majority size: -1, State: 0, Mode: NON_LEADER, active raft config: opid_index: -1 OBSOLETE_local: false peers { permanent_uuid: "57e013593abf4446a46efcf19c491341" member_type: VOTER last_known_addr { host: "127.5.189.1" port: 44817 } } peers { permanent_uuid: "01107c7f712a4d45a1f3b3599b80380b" member_type: VOTER last_known_addr { host: "127.5.189.3" port: 33259 } } peers { permanent_uuid: "bd50e7b85e874279a4387eb6f13517be" member_type: VOTER last_known_addr { host: "127.5.189.2" port: 34285 } }
I20260713 09:03:24.918774  6205 ts_tablet_manager.cc:1434] T 670fcf19f6ff4b12b3f1abd3471db1d4 P bd50e7b85e874279a4387eb6f13517be: Time spent starting tablet: real 0.254s	user 0.010s	sys 0.000s
I20260713 09:03:24.919181  6084 tablet_service.cc:1917] Received RequestConsensusVote() RPC: tablet_id: "6ed838a0e4a145c2b2fd208374890a40" candidate_uuid: "57e013593abf4446a46efcf19c491341" candidate_term: 1 candidate_status { last_received { term: 0 index: 0 } } ignore_live_leader: false dest_uuid: "bd50e7b85e874279a4387eb6f13517be"
I20260713 09:03:24.921789  6084 raft_consensus.cc:3060] T 6ed838a0e4a145c2b2fd208374890a40 P bd50e7b85e874279a4387eb6f13517be [term 0 FOLLOWER]: Advancing to term 1
I20260713 09:03:24.926666  6205 tablet_bootstrap.cc:492] T 2dd02e9b6c6748bc97d5513c88f977d2 P bd50e7b85e874279a4387eb6f13517be: Bootstrap starting.
I20260713 09:03:24.920737  6204 consensus_queue.cc:260] T 670fcf19f6ff4b12b3f1abd3471db1d4 P 57e013593abf4446a46efcf19c491341 [NON_LEADER]: Queue going to NON_LEADER mode. State: All replicated index: 0, Majority replicated index: 0, Committed index: 0, Last appended: 0.0, Last appended by leader: 0, Current term: 0, Majority size: -1, State: 0, Mode: NON_LEADER, active raft config: opid_index: -1 OBSOLETE_local: false peers { permanent_uuid: "57e013593abf4446a46efcf19c491341" member_type: VOTER last_known_addr { host: "127.5.189.1" port: 44817 } } peers { permanent_uuid: "01107c7f712a4d45a1f3b3599b80380b" member_type: VOTER last_known_addr { host: "127.5.189.3" port: 33259 } } peers { permanent_uuid: "bd50e7b85e874279a4387eb6f13517be" member_type: VOTER last_known_addr { host: "127.5.189.2" port: 34285 } }
I20260713 09:03:24.930182  6204 ts_tablet_manager.cc:1434] T 670fcf19f6ff4b12b3f1abd3471db1d4 P 57e013593abf4446a46efcf19c491341: Time spent starting tablet: real 0.049s	user 0.005s	sys 0.001s
I20260713 09:03:24.933380  6204 tablet_bootstrap.cc:492] T df2917f607cd4af99caed4d0c9af46fa P 57e013593abf4446a46efcf19c491341: Bootstrap starting.
I20260713 09:03:24.944793  6010 tablet_service.cc:1917] Received RequestConsensusVote() RPC: tablet_id: "df2917f607cd4af99caed4d0c9af46fa" candidate_uuid: "bd50e7b85e874279a4387eb6f13517be" candidate_term: 1 candidate_status { last_received { term: 0 index: 0 } } ignore_live_leader: false dest_uuid: "57e013593abf4446a46efcf19c491341" is_pre_election: true
I20260713 09:03:24.935678  6209 raft_consensus.cc:697] T df2917f607cd4af99caed4d0c9af46fa P bd50e7b85e874279a4387eb6f13517be [term 1 LEADER]: Becoming Leader. State: Replica: bd50e7b85e874279a4387eb6f13517be, State: Running, Role: LEADER
I20260713 09:03:24.944382  6011 tablet_service.cc:1917] Received RequestConsensusVote() RPC: tablet_id: "32b7689665d44d1d94c847687a633ccb" candidate_uuid: "bd50e7b85e874279a4387eb6f13517be" candidate_term: 1 candidate_status { last_received { term: 0 index: 0 } } ignore_live_leader: false dest_uuid: "57e013593abf4446a46efcf19c491341" is_pre_election: true
I20260713 09:03:24.946233  6009 tablet_service.cc:1917] Received RequestConsensusVote() RPC: tablet_id: "df2917f607cd4af99caed4d0c9af46fa" candidate_uuid: "bd50e7b85e874279a4387eb6f13517be" candidate_term: 1 candidate_status { last_received { term: 0 index: 0 } } ignore_live_leader: false dest_uuid: "57e013593abf4446a46efcf19c491341"
I20260713 09:03:24.947365  6209 consensus_queue.cc:237] T df2917f607cd4af99caed4d0c9af46fa P bd50e7b85e874279a4387eb6f13517be [LEADER]: Queue going to LEADER mode. State: All replicated index: 0, Majority replicated index: 0, Committed index: 0, Last appended: 0.0, Last appended by leader: 0, Current term: 1, Majority size: 2, State: 0, Mode: LEADER, active raft config: opid_index: -1 OBSOLETE_local: false peers { permanent_uuid: "57e013593abf4446a46efcf19c491341" member_type: VOTER last_known_addr { host: "127.5.189.1" port: 44817 } } peers { permanent_uuid: "bd50e7b85e874279a4387eb6f13517be" member_type: VOTER last_known_addr { host: "127.5.189.2" port: 34285 } } peers { permanent_uuid: "01107c7f712a4d45a1f3b3599b80380b" member_type: VOTER last_known_addr { host: "127.5.189.3" port: 33259 } }
W20260713 09:03:24.948246  6050 leader_election.cc:343] T df2917f607cd4af99caed4d0c9af46fa P bd50e7b85e874279a4387eb6f13517be [CANDIDATE]: Term 1 pre-election: Tablet error from VoteRequest() call to peer 57e013593abf4446a46efcf19c491341 (127.5.189.1:44817): Illegal state: must be running to vote when last-logged opid is not known
I20260713 09:03:24.949918  6050 leader_election.cc:304] T 32b7689665d44d1d94c847687a633ccb P bd50e7b85e874279a4387eb6f13517be [CANDIDATE]: Term 1 pre-election: Election decided. Result: candidate lost. Election summary: received 3 responses out of 3 voters: 1 yes votes; 2 no votes. yes voters: bd50e7b85e874279a4387eb6f13517be; no voters: 01107c7f712a4d45a1f3b3599b80380b, 57e013593abf4446a46efcf19c491341
I20260713 09:03:24.950887  6239 raft_consensus.cc:2749] T 32b7689665d44d1d94c847687a633ccb P bd50e7b85e874279a4387eb6f13517be [term 1 FOLLOWER]: Leader pre-election lost for term 1. Reason: could not achieve majority
W20260713 09:03:24.951169  6050 leader_election.cc:343] T df2917f607cd4af99caed4d0c9af46fa P bd50e7b85e874279a4387eb6f13517be [CANDIDATE]: Term 1 election: Tablet error from VoteRequest() call to peer 57e013593abf4446a46efcf19c491341 (127.5.189.1:44817): Illegal state: must be running to vote when last-logged opid is not known
I20260713 09:03:24.954236  6086 tablet_service.cc:1917] Received RequestConsensusVote() RPC: tablet_id: "df2917f607cd4af99caed4d0c9af46fa" candidate_uuid: "01107c7f712a4d45a1f3b3599b80380b" candidate_term: 1 candidate_status { last_received { term: 0 index: 0 } } ignore_live_leader: false dest_uuid: "bd50e7b85e874279a4387eb6f13517be" is_pre_election: true
I20260713 09:03:24.953341  6085 tablet_service.cc:1917] Received RequestConsensusVote() RPC: tablet_id: "670fcf19f6ff4b12b3f1abd3471db1d4" candidate_uuid: "01107c7f712a4d45a1f3b3599b80380b" candidate_term: 1 candidate_status { last_received { term: 0 index: 0 } } ignore_live_leader: false dest_uuid: "bd50e7b85e874279a4387eb6f13517be" is_pre_election: true
I20260713 09:03:24.956116  6085 raft_consensus.cc:2468] T 670fcf19f6ff4b12b3f1abd3471db1d4 P bd50e7b85e874279a4387eb6f13517be [term 0 FOLLOWER]: Leader pre-election vote request: Granting yes vote for candidate 01107c7f712a4d45a1f3b3599b80380b in term 0.
I20260713 09:03:24.957784  6125 leader_election.cc:304] T df2917f607cd4af99caed4d0c9af46fa P 01107c7f712a4d45a1f3b3599b80380b [CANDIDATE]: Term 1 pre-election: Election decided. Result: candidate lost. Election summary: received 3 responses out of 3 voters: 1 yes votes; 2 no votes. yes voters: 01107c7f712a4d45a1f3b3599b80380b; no voters: 57e013593abf4446a46efcf19c491341, bd50e7b85e874279a4387eb6f13517be
I20260713 09:03:24.958925  6125 leader_election.cc:304] T 670fcf19f6ff4b12b3f1abd3471db1d4 P 01107c7f712a4d45a1f3b3599b80380b [CANDIDATE]: Term 1 pre-election: Election decided. Result: candidate won. Election summary: received 3 responses out of 3 voters: 2 yes votes; 1 no votes. yes voters: 01107c7f712a4d45a1f3b3599b80380b, bd50e7b85e874279a4387eb6f13517be; no voters: 57e013593abf4446a46efcf19c491341
I20260713 09:03:24.959100  6084 raft_consensus.cc:2468] T 6ed838a0e4a145c2b2fd208374890a40 P bd50e7b85e874279a4387eb6f13517be [term 1 FOLLOWER]: Leader election vote request: Granting yes vote for candidate 57e013593abf4446a46efcf19c491341 in term 1.
I20260713 09:03:24.959821  6211 raft_consensus.cc:2749] T df2917f607cd4af99caed4d0c9af46fa P 01107c7f712a4d45a1f3b3599b80380b [term 1 FOLLOWER]: Leader pre-election lost for term 1. Reason: could not achieve majority
I20260713 09:03:24.960426  6211 raft_consensus.cc:2804] T 670fcf19f6ff4b12b3f1abd3471db1d4 P 01107c7f712a4d45a1f3b3599b80380b [term 0 FOLLOWER]: Leader pre-election won for term 1
I20260713 09:03:24.960729  5976 leader_election.cc:304] T 6ed838a0e4a145c2b2fd208374890a40 P 57e013593abf4446a46efcf19c491341 [CANDIDATE]: Term 1 election: Election decided. Result: candidate won. Election summary: received 3 responses out of 3 voters: 2 yes votes; 1 no votes. yes voters: 57e013593abf4446a46efcf19c491341, bd50e7b85e874279a4387eb6f13517be; no voters: 01107c7f712a4d45a1f3b3599b80380b
I20260713 09:03:24.961300  6211 raft_consensus.cc:493] T 670fcf19f6ff4b12b3f1abd3471db1d4 P 01107c7f712a4d45a1f3b3599b80380b [term 0 FOLLOWER]: Starting leader election (no leader contacted us within the election timeout)
I20260713 09:03:24.961637  6211 raft_consensus.cc:3060] T 670fcf19f6ff4b12b3f1abd3471db1d4 P 01107c7f712a4d45a1f3b3599b80380b [term 0 FOLLOWER]: Advancing to term 1
I20260713 09:03:24.961840  6231 raft_consensus.cc:2804] T 6ed838a0e4a145c2b2fd208374890a40 P 57e013593abf4446a46efcf19c491341 [term 1 FOLLOWER]: Leader election won for term 1
I20260713 09:03:24.962388  6231 raft_consensus.cc:697] T 6ed838a0e4a145c2b2fd208374890a40 P 57e013593abf4446a46efcf19c491341 [term 1 LEADER]: Becoming Leader. State: Replica: 57e013593abf4446a46efcf19c491341, State: Running, Role: LEADER
I20260713 09:03:24.963333  6231 consensus_queue.cc:237] T 6ed838a0e4a145c2b2fd208374890a40 P 57e013593abf4446a46efcf19c491341 [LEADER]: Queue going to LEADER mode. State: All replicated index: 0, Majority replicated index: 0, Committed index: 0, Last appended: 0.0, Last appended by leader: 0, Current term: 1, Majority size: 2, State: 0, Mode: LEADER, active raft config: opid_index: -1 OBSOLETE_local: false peers { permanent_uuid: "57e013593abf4446a46efcf19c491341" member_type: VOTER last_known_addr { host: "127.5.189.1" port: 44817 } } peers { permanent_uuid: "bd50e7b85e874279a4387eb6f13517be" member_type: VOTER last_known_addr { host: "127.5.189.2" port: 34285 } } peers { permanent_uuid: "01107c7f712a4d45a1f3b3599b80380b" member_type: VOTER last_known_addr { host: "127.5.189.3" port: 33259 } }
I20260713 09:03:24.970858  6205 tablet_bootstrap.cc:654] T 2dd02e9b6c6748bc97d5513c88f977d2 P bd50e7b85e874279a4387eb6f13517be: Neither blocks nor log segments found. Creating new log.
I20260713 09:03:24.971478  6203 tablet_bootstrap.cc:492] T 6ed838a0e4a145c2b2fd208374890a40 P 01107c7f712a4d45a1f3b3599b80380b: No bootstrap required, opened a new log
I20260713 09:03:24.971143  6211 raft_consensus.cc:515] T 670fcf19f6ff4b12b3f1abd3471db1d4 P 01107c7f712a4d45a1f3b3599b80380b [term 1 FOLLOWER]: Starting leader election with config: opid_index: -1 OBSOLETE_local: false peers { permanent_uuid: "57e013593abf4446a46efcf19c491341" member_type: VOTER last_known_addr { host: "127.5.189.1" port: 44817 } } peers { permanent_uuid: "01107c7f712a4d45a1f3b3599b80380b" member_type: VOTER last_known_addr { host: "127.5.189.3" port: 33259 } } peers { permanent_uuid: "bd50e7b85e874279a4387eb6f13517be" member_type: VOTER last_known_addr { host: "127.5.189.2" port: 34285 } }
I20260713 09:03:24.975842  6211 leader_election.cc:290] T 670fcf19f6ff4b12b3f1abd3471db1d4 P 01107c7f712a4d45a1f3b3599b80380b [CANDIDATE]: Term 1 election: Requested vote from peers 57e013593abf4446a46efcf19c491341 (127.5.189.1:44817), bd50e7b85e874279a4387eb6f13517be (127.5.189.2:34285)
I20260713 09:03:24.976564  6009 tablet_service.cc:1917] Received RequestConsensusVote() RPC: tablet_id: "670fcf19f6ff4b12b3f1abd3471db1d4" candidate_uuid: "01107c7f712a4d45a1f3b3599b80380b" candidate_term: 1 candidate_status { last_received { term: 0 index: 0 } } ignore_live_leader: false dest_uuid: "57e013593abf4446a46efcf19c491341"
I20260713 09:03:24.977180  6009 raft_consensus.cc:3060] T 670fcf19f6ff4b12b3f1abd3471db1d4 P 57e013593abf4446a46efcf19c491341 [term 0 FOLLOWER]: Advancing to term 1
I20260713 09:03:24.973800  6203 ts_tablet_manager.cc:1403] T 6ed838a0e4a145c2b2fd208374890a40 P 01107c7f712a4d45a1f3b3599b80380b: Time spent bootstrapping tablet: real 0.074s	user 0.026s	sys 0.026s
I20260713 09:03:24.982460  6084 tablet_service.cc:1917] Received RequestConsensusVote() RPC: tablet_id: "670fcf19f6ff4b12b3f1abd3471db1d4" candidate_uuid: "01107c7f712a4d45a1f3b3599b80380b" candidate_term: 1 candidate_status { last_received { term: 0 index: 0 } } ignore_live_leader: false dest_uuid: "bd50e7b85e874279a4387eb6f13517be"
I20260713 09:03:24.983004  6084 raft_consensus.cc:3060] T 670fcf19f6ff4b12b3f1abd3471db1d4 P bd50e7b85e874279a4387eb6f13517be [term 0 FOLLOWER]: Advancing to term 1
I20260713 09:03:24.983685  6203 raft_consensus.cc:359] T 6ed838a0e4a145c2b2fd208374890a40 P 01107c7f712a4d45a1f3b3599b80380b [term 0 FOLLOWER]: Replica starting. Triggering 0 pending ops. Active config: opid_index: -1 OBSOLETE_local: false peers { permanent_uuid: "57e013593abf4446a46efcf19c491341" member_type: VOTER last_known_addr { host: "127.5.189.1" port: 44817 } } peers { permanent_uuid: "bd50e7b85e874279a4387eb6f13517be" member_type: VOTER last_known_addr { host: "127.5.189.2" port: 34285 } } peers { permanent_uuid: "01107c7f712a4d45a1f3b3599b80380b" member_type: VOTER last_known_addr { host: "127.5.189.3" port: 33259 } }
I20260713 09:03:24.984540  6203 raft_consensus.cc:385] T 6ed838a0e4a145c2b2fd208374890a40 P 01107c7f712a4d45a1f3b3599b80380b [term 0 FOLLOWER]: Consensus starting up: Expiring failure detector timer to make a prompt election more likely
I20260713 09:03:24.984871  6203 raft_consensus.cc:740] T 6ed838a0e4a145c2b2fd208374890a40 P 01107c7f712a4d45a1f3b3599b80380b [term 0 FOLLOWER]: Becoming Follower/Learner. State: Replica: 01107c7f712a4d45a1f3b3599b80380b, State: Initialized, Role: FOLLOWER
I20260713 09:03:24.985666  6203 consensus_queue.cc:260] T 6ed838a0e4a145c2b2fd208374890a40 P 01107c7f712a4d45a1f3b3599b80380b [NON_LEADER]: Queue going to NON_LEADER mode. State: All replicated index: 0, Majority replicated index: 0, Committed index: 0, Last appended: 0.0, Last appended by leader: 0, Current term: 0, Majority size: -1, State: 0, Mode: NON_LEADER, active raft config: opid_index: -1 OBSOLETE_local: false peers { permanent_uuid: "57e013593abf4446a46efcf19c491341" member_type: VOTER last_known_addr { host: "127.5.189.1" port: 44817 } } peers { permanent_uuid: "bd50e7b85e874279a4387eb6f13517be" member_type: VOTER last_known_addr { host: "127.5.189.2" port: 34285 } } peers { permanent_uuid: "01107c7f712a4d45a1f3b3599b80380b" member_type: VOTER last_known_addr { host: "127.5.189.3" port: 33259 } }
I20260713 09:03:24.991029  6084 raft_consensus.cc:2468] T 670fcf19f6ff4b12b3f1abd3471db1d4 P bd50e7b85e874279a4387eb6f13517be [term 1 FOLLOWER]: Leader election vote request: Granting yes vote for candidate 01107c7f712a4d45a1f3b3599b80380b in term 1.
I20260713 09:03:24.992235  6203 ts_tablet_manager.cc:1434] T 6ed838a0e4a145c2b2fd208374890a40 P 01107c7f712a4d45a1f3b3599b80380b: Time spent starting tablet: real 0.014s	user 0.003s	sys 0.003s
I20260713 09:03:24.993584  6125 leader_election.cc:304] T 670fcf19f6ff4b12b3f1abd3471db1d4 P 01107c7f712a4d45a1f3b3599b80380b [CANDIDATE]: Term 1 election: Election decided. Result: candidate won. Election summary: received 2 responses out of 3 voters: 2 yes votes; 0 no votes. yes voters: 01107c7f712a4d45a1f3b3599b80380b, bd50e7b85e874279a4387eb6f13517be; no voters: 
I20260713 09:03:24.994220  6203 tablet_bootstrap.cc:492] T 9518e82e5f594395bcb3ab91b9297ff9 P 01107c7f712a4d45a1f3b3599b80380b: Bootstrap starting.
I20260713 09:03:24.994383  6211 raft_consensus.cc:2804] T 670fcf19f6ff4b12b3f1abd3471db1d4 P 01107c7f712a4d45a1f3b3599b80380b [term 1 FOLLOWER]: Leader election won for term 1
I20260713 09:03:24.994848  6211 raft_consensus.cc:697] T 670fcf19f6ff4b12b3f1abd3471db1d4 P 01107c7f712a4d45a1f3b3599b80380b [term 1 LEADER]: Becoming Leader. State: Replica: 01107c7f712a4d45a1f3b3599b80380b, State: Running, Role: LEADER
I20260713 09:03:24.995723  6211 consensus_queue.cc:237] T 670fcf19f6ff4b12b3f1abd3471db1d4 P 01107c7f712a4d45a1f3b3599b80380b [LEADER]: Queue going to LEADER mode. State: All replicated index: 0, Majority replicated index: 0, Committed index: 0, Last appended: 0.0, Last appended by leader: 0, Current term: 1, Majority size: 2, State: 0, Mode: LEADER, active raft config: opid_index: -1 OBSOLETE_local: false peers { permanent_uuid: "57e013593abf4446a46efcf19c491341" member_type: VOTER last_known_addr { host: "127.5.189.1" port: 44817 } } peers { permanent_uuid: "01107c7f712a4d45a1f3b3599b80380b" member_type: VOTER last_known_addr { host: "127.5.189.3" port: 33259 } } peers { permanent_uuid: "bd50e7b85e874279a4387eb6f13517be" member_type: VOTER last_known_addr { host: "127.5.189.2" port: 34285 } }
I20260713 09:03:25.000120  6009 raft_consensus.cc:2468] T 670fcf19f6ff4b12b3f1abd3471db1d4 P 57e013593abf4446a46efcf19c491341 [term 1 FOLLOWER]: Leader election vote request: Granting yes vote for candidate 01107c7f712a4d45a1f3b3599b80380b in term 1.
I20260713 09:03:25.001619  6204 tablet_bootstrap.cc:654] T df2917f607cd4af99caed4d0c9af46fa P 57e013593abf4446a46efcf19c491341: Neither blocks nor log segments found. Creating new log.
I20260713 09:03:25.005090  6203 tablet_bootstrap.cc:654] T 9518e82e5f594395bcb3ab91b9297ff9 P 01107c7f712a4d45a1f3b3599b80380b: Neither blocks nor log segments found. Creating new log.
I20260713 09:03:25.014708  5908 catalog_manager.cc:5697] T df2917f607cd4af99caed4d0c9af46fa P bd50e7b85e874279a4387eb6f13517be reported cstate change: term changed from 0 to 1, leader changed from <none> to bd50e7b85e874279a4387eb6f13517be (127.5.189.2). New cstate: current_term: 1 leader_uuid: "bd50e7b85e874279a4387eb6f13517be" committed_config { opid_index: -1 OBSOLETE_local: false peers { permanent_uuid: "57e013593abf4446a46efcf19c491341" member_type: VOTER last_known_addr { host: "127.5.189.1" port: 44817 } health_report { overall_health: UNKNOWN } } peers { permanent_uuid: "bd50e7b85e874279a4387eb6f13517be" member_type: VOTER last_known_addr { host: "127.5.189.2" port: 34285 } health_report { overall_health: HEALTHY } } peers { permanent_uuid: "01107c7f712a4d45a1f3b3599b80380b" member_type: VOTER last_known_addr { host: "127.5.189.3" port: 33259 } health_report { overall_health: UNKNOWN } } }
I20260713 09:03:25.023641  6203 tablet_bootstrap.cc:492] T 9518e82e5f594395bcb3ab91b9297ff9 P 01107c7f712a4d45a1f3b3599b80380b: No bootstrap required, opened a new log
I20260713 09:03:25.024183  6203 ts_tablet_manager.cc:1403] T 9518e82e5f594395bcb3ab91b9297ff9 P 01107c7f712a4d45a1f3b3599b80380b: Time spent bootstrapping tablet: real 0.030s	user 0.010s	sys 0.013s
I20260713 09:03:25.026456  5905 catalog_manager.cc:5697] T 670fcf19f6ff4b12b3f1abd3471db1d4 P 01107c7f712a4d45a1f3b3599b80380b reported cstate change: term changed from 0 to 1, leader changed from <none> to 01107c7f712a4d45a1f3b3599b80380b (127.5.189.3). New cstate: current_term: 1 leader_uuid: "01107c7f712a4d45a1f3b3599b80380b" committed_config { opid_index: -1 OBSOLETE_local: false peers { permanent_uuid: "57e013593abf4446a46efcf19c491341" member_type: VOTER last_known_addr { host: "127.5.189.1" port: 44817 } health_report { overall_health: UNKNOWN } } peers { permanent_uuid: "01107c7f712a4d45a1f3b3599b80380b" member_type: VOTER last_known_addr { host: "127.5.189.3" port: 33259 } health_report { overall_health: HEALTHY } } peers { permanent_uuid: "bd50e7b85e874279a4387eb6f13517be" member_type: VOTER last_known_addr { host: "127.5.189.2" port: 34285 } health_report { overall_health: UNKNOWN } } }
I20260713 09:03:25.027900  6203 raft_consensus.cc:359] T 9518e82e5f594395bcb3ab91b9297ff9 P 01107c7f712a4d45a1f3b3599b80380b [term 0 FOLLOWER]: Replica starting. Triggering 0 pending ops. Active config: opid_index: -1 OBSOLETE_local: false peers { permanent_uuid: "57e013593abf4446a46efcf19c491341" member_type: VOTER last_known_addr { host: "127.5.189.1" port: 44817 } } peers { permanent_uuid: "bd50e7b85e874279a4387eb6f13517be" member_type: VOTER last_known_addr { host: "127.5.189.2" port: 34285 } } peers { permanent_uuid: "01107c7f712a4d45a1f3b3599b80380b" member_type: VOTER last_known_addr { host: "127.5.189.3" port: 33259 } }
I20260713 09:03:25.028818  6203 raft_consensus.cc:385] T 9518e82e5f594395bcb3ab91b9297ff9 P 01107c7f712a4d45a1f3b3599b80380b [term 0 FOLLOWER]: Consensus starting up: Expiring failure detector timer to make a prompt election more likely
I20260713 09:03:25.029135  6203 raft_consensus.cc:740] T 9518e82e5f594395bcb3ab91b9297ff9 P 01107c7f712a4d45a1f3b3599b80380b [term 0 FOLLOWER]: Becoming Follower/Learner. State: Replica: 01107c7f712a4d45a1f3b3599b80380b, State: Initialized, Role: FOLLOWER
I20260713 09:03:25.030071  6203 consensus_queue.cc:260] T 9518e82e5f594395bcb3ab91b9297ff9 P 01107c7f712a4d45a1f3b3599b80380b [NON_LEADER]: Queue going to NON_LEADER mode. State: All replicated index: 0, Majority replicated index: 0, Committed index: 0, Last appended: 0.0, Last appended by leader: 0, Current term: 0, Majority size: -1, State: 0, Mode: NON_LEADER, active raft config: opid_index: -1 OBSOLETE_local: false peers { permanent_uuid: "57e013593abf4446a46efcf19c491341" member_type: VOTER last_known_addr { host: "127.5.189.1" port: 44817 } } peers { permanent_uuid: "bd50e7b85e874279a4387eb6f13517be" member_type: VOTER last_known_addr { host: "127.5.189.2" port: 34285 } } peers { permanent_uuid: "01107c7f712a4d45a1f3b3599b80380b" member_type: VOTER last_known_addr { host: "127.5.189.3" port: 33259 } }
I20260713 09:03:25.032914  6203 ts_tablet_manager.cc:1434] T 9518e82e5f594395bcb3ab91b9297ff9 P 01107c7f712a4d45a1f3b3599b80380b: Time spent starting tablet: real 0.008s	user 0.006s	sys 0.002s
I20260713 09:03:25.033987  6203 tablet_bootstrap.cc:492] T 32f21652aba742e488ce8d345b323d85 P 01107c7f712a4d45a1f3b3599b80380b: Bootstrap starting.
I20260713 09:03:25.034518  6205 tablet_bootstrap.cc:492] T 2dd02e9b6c6748bc97d5513c88f977d2 P bd50e7b85e874279a4387eb6f13517be: No bootstrap required, opened a new log
I20260713 09:03:25.034958  6205 ts_tablet_manager.cc:1403] T 2dd02e9b6c6748bc97d5513c88f977d2 P bd50e7b85e874279a4387eb6f13517be: Time spent bootstrapping tablet: real 0.113s	user 0.011s	sys 0.002s
I20260713 09:03:25.038120  6205 raft_consensus.cc:359] T 2dd02e9b6c6748bc97d5513c88f977d2 P bd50e7b85e874279a4387eb6f13517be [term 0 FOLLOWER]: Replica starting. Triggering 0 pending ops. Active config: opid_index: -1 OBSOLETE_local: false peers { permanent_uuid: "57e013593abf4446a46efcf19c491341" member_type: VOTER last_known_addr { host: "127.5.189.1" port: 44817 } } peers { permanent_uuid: "bd50e7b85e874279a4387eb6f13517be" member_type: VOTER last_known_addr { host: "127.5.189.2" port: 34285 } } peers { permanent_uuid: "01107c7f712a4d45a1f3b3599b80380b" member_type: VOTER last_known_addr { host: "127.5.189.3" port: 33259 } }
I20260713 09:03:25.038882  6205 raft_consensus.cc:385] T 2dd02e9b6c6748bc97d5513c88f977d2 P bd50e7b85e874279a4387eb6f13517be [term 0 FOLLOWER]: Consensus starting up: Expiring failure detector timer to make a prompt election more likely
I20260713 09:03:25.039224  6205 raft_consensus.cc:740] T 2dd02e9b6c6748bc97d5513c88f977d2 P bd50e7b85e874279a4387eb6f13517be [term 0 FOLLOWER]: Becoming Follower/Learner. State: Replica: bd50e7b85e874279a4387eb6f13517be, State: Initialized, Role: FOLLOWER
I20260713 09:03:25.039970  6205 consensus_queue.cc:260] T 2dd02e9b6c6748bc97d5513c88f977d2 P bd50e7b85e874279a4387eb6f13517be [NON_LEADER]: Queue going to NON_LEADER mode. State: All replicated index: 0, Majority replicated index: 0, Committed index: 0, Last appended: 0.0, Last appended by leader: 0, Current term: 0, Majority size: -1, State: 0, Mode: NON_LEADER, active raft config: opid_index: -1 OBSOLETE_local: false peers { permanent_uuid: "57e013593abf4446a46efcf19c491341" member_type: VOTER last_known_addr { host: "127.5.189.1" port: 44817 } } peers { permanent_uuid: "bd50e7b85e874279a4387eb6f13517be" member_type: VOTER last_known_addr { host: "127.5.189.2" port: 34285 } } peers { permanent_uuid: "01107c7f712a4d45a1f3b3599b80380b" member_type: VOTER last_known_addr { host: "127.5.189.3" port: 33259 } }
I20260713 09:03:25.041640  6203 tablet_bootstrap.cc:654] T 32f21652aba742e488ce8d345b323d85 P 01107c7f712a4d45a1f3b3599b80380b: Neither blocks nor log segments found. Creating new log.
I20260713 09:03:25.042869  6205 ts_tablet_manager.cc:1434] T 2dd02e9b6c6748bc97d5513c88f977d2 P bd50e7b85e874279a4387eb6f13517be: Time spent starting tablet: real 0.008s	user 0.007s	sys 0.000s
I20260713 09:03:25.046850  6205 tablet_bootstrap.cc:492] T 9518e82e5f594395bcb3ab91b9297ff9 P bd50e7b85e874279a4387eb6f13517be: Bootstrap starting.
I20260713 09:03:25.054638  6204 tablet_bootstrap.cc:492] T df2917f607cd4af99caed4d0c9af46fa P 57e013593abf4446a46efcf19c491341: No bootstrap required, opened a new log
I20260713 09:03:25.055291  6204 ts_tablet_manager.cc:1403] T df2917f607cd4af99caed4d0c9af46fa P 57e013593abf4446a46efcf19c491341: Time spent bootstrapping tablet: real 0.122s	user 0.010s	sys 0.002s
I20260713 09:03:25.059046  6204 raft_consensus.cc:359] T df2917f607cd4af99caed4d0c9af46fa P 57e013593abf4446a46efcf19c491341 [term 0 FOLLOWER]: Replica starting. Triggering 0 pending ops. Active config: opid_index: -1 OBSOLETE_local: false peers { permanent_uuid: "57e013593abf4446a46efcf19c491341" member_type: VOTER last_known_addr { host: "127.5.189.1" port: 44817 } } peers { permanent_uuid: "bd50e7b85e874279a4387eb6f13517be" member_type: VOTER last_known_addr { host: "127.5.189.2" port: 34285 } } peers { permanent_uuid: "01107c7f712a4d45a1f3b3599b80380b" member_type: VOTER last_known_addr { host: "127.5.189.3" port: 33259 } }
I20260713 09:03:25.060070  6204 raft_consensus.cc:385] T df2917f607cd4af99caed4d0c9af46fa P 57e013593abf4446a46efcf19c491341 [term 0 FOLLOWER]: Consensus starting up: Expiring failure detector timer to make a prompt election more likely
I20260713 09:03:25.066286  6203 tablet_bootstrap.cc:492] T 32f21652aba742e488ce8d345b323d85 P 01107c7f712a4d45a1f3b3599b80380b: No bootstrap required, opened a new log
I20260713 09:03:25.066789  6203 ts_tablet_manager.cc:1403] T 32f21652aba742e488ce8d345b323d85 P 01107c7f712a4d45a1f3b3599b80380b: Time spent bootstrapping tablet: real 0.033s	user 0.008s	sys 0.015s
