I20260713 09:03:42.644594 12157 leader_election.cc:304] T 11e639b53b0943f2a23487c324999a13 P ab14e4aca41c4fa2a46373c999b94985 [CANDIDATE]: Term 1 pre-election: Election decided. Result: candidate lost. Election summary: received 3 responses out of 3 voters: 1 yes votes; 2 no votes. yes voters: ab14e4aca41c4fa2a46373c999b94985; no voters: 8cf0c74cea904b9d90311cab8cd52f46, a9f033467db94468a2f1b1b5cda7f3a0
W20260713 09:03:42.671655 12230 leader_election.cc:343] T 3dbd507599cf4b979f426057240aff72 P a9f033467db94468a2f1b1b5cda7f3a0 [CANDIDATE]: Term 1 election: Tablet error from VoteRequest() call to peer ab14e4aca41c4fa2a46373c999b94985 (127.10.207.129:39895): Illegal state: must be running to vote when last-logged opid is not known
I20260713 09:03:42.676636 12335 raft_consensus.cc:2468] T ed58a3153a514fde936de7ebdcf30d9d P 8cf0c74cea904b9d90311cab8cd52f46 [term 1 FOLLOWER]: Leader election vote request: Granting yes vote for candidate a9f033467db94468a2f1b1b5cda7f3a0 in term 1.
I20260713 09:03:42.678978 12232 leader_election.cc:304] T ed58a3153a514fde936de7ebdcf30d9d P a9f033467db94468a2f1b1b5cda7f3a0 [CANDIDATE]: Term 1 election: Election decided. Result: candidate won. Election summary: received 2 responses out of 3 voters: 2 yes votes; 0 no votes. yes voters: 8cf0c74cea904b9d90311cab8cd52f46, a9f033467db94468a2f1b1b5cda7f3a0; no voters: 
W20260713 09:03:42.679286 12157 outbound_call.cc:321] RPC callback for RPC call kudu.consensus.ConsensusService.RequestConsensusVote -> {remote=127.10.207.131:33613, user_credentials={real_user=slave}} blocked reactor thread for 58112.6us
I20260713 09:03:42.679136 12459 raft_consensus.cc:2749] T 11e639b53b0943f2a23487c324999a13 P ab14e4aca41c4fa2a46373c999b94985 [term 0 FOLLOWER]: Leader pre-election lost for term 1. Reason: could not achieve majority
I20260713 09:03:42.732632 12468 raft_consensus.cc:2804] T ed58a3153a514fde936de7ebdcf30d9d P a9f033467db94468a2f1b1b5cda7f3a0 [term 1 FOLLOWER]: Leader election won for term 1
W20260713 09:03:42.730206 12306 outbound_call.cc:321] RPC callback for RPC call kudu.consensus.ConsensusService.RequestConsensusVote -> {remote=127.10.207.130:42863, user_credentials={real_user=slave}} blocked reactor thread for 79808us
I20260713 09:03:42.733307 12468 raft_consensus.cc:697] T ed58a3153a514fde936de7ebdcf30d9d P a9f033467db94468a2f1b1b5cda7f3a0 [term 1 LEADER]: Becoming Leader. State: Replica: a9f033467db94468a2f1b1b5cda7f3a0, State: Running, Role: LEADER
I20260713 09:03:42.702008 12337 tablet_service.cc:1917] Received RequestConsensusVote() RPC: tablet_id: "d03a828f68484b4a8fcecf12a966684e" candidate_uuid: "ab14e4aca41c4fa2a46373c999b94985" candidate_term: 1 candidate_status { last_received { term: 0 index: 0 } } ignore_live_leader: false dest_uuid: "8cf0c74cea904b9d90311cab8cd52f46" is_pre_election: true
I20260713 09:03:42.733603 12306 leader_election.cc:304] T 3dbd507599cf4b979f426057240aff72 P 8cf0c74cea904b9d90311cab8cd52f46 [CANDIDATE]: Term 1 pre-election: Election decided. Result: candidate lost. Election summary: received 3 responses out of 3 voters: 1 yes votes; 2 no votes. yes voters: 8cf0c74cea904b9d90311cab8cd52f46; no voters: a9f033467db94468a2f1b1b5cda7f3a0, ab14e4aca41c4fa2a46373c999b94985
I20260713 09:03:42.734158 12468 consensus_queue.cc:237] T ed58a3153a514fde936de7ebdcf30d9d P a9f033467db94468a2f1b1b5cda7f3a0 [LEADER]: Queue going to LEADER mode. State: All replicated index: 0, Majority replicated index: 0, Committed index: 0, Last appended: 0.0, Last appended by leader: 0, Current term: 1, Majority size: 2, State: 0, Mode: LEADER, active raft config: opid_index: -1 OBSOLETE_local: false peers { permanent_uuid: "ab14e4aca41c4fa2a46373c999b94985" member_type: VOTER last_known_addr { host: "127.10.207.129" port: 39895 } } peers { permanent_uuid: "a9f033467db94468a2f1b1b5cda7f3a0" member_type: VOTER last_known_addr { host: "127.10.207.130" port: 42863 } } peers { permanent_uuid: "8cf0c74cea904b9d90311cab8cd52f46" member_type: VOTER last_known_addr { host: "127.10.207.131" port: 33613 } }
I20260713 09:03:42.729791 12380 raft_consensus.cc:359] T 25c03a6d726f4d0e86c39f40511b0f50 P ab14e4aca41c4fa2a46373c999b94985 [term 0 FOLLOWER]: Replica starting. Triggering 0 pending ops. Active config: opid_index: -1 OBSOLETE_local: false peers { permanent_uuid: "ab14e4aca41c4fa2a46373c999b94985" member_type: VOTER last_known_addr { host: "127.10.207.129" port: 39895 } } peers { permanent_uuid: "a9f033467db94468a2f1b1b5cda7f3a0" member_type: VOTER last_known_addr { host: "127.10.207.130" port: 42863 } } peers { permanent_uuid: "8cf0c74cea904b9d90311cab8cd52f46" member_type: VOTER last_known_addr { host: "127.10.207.131" port: 33613 } }
I20260713 09:03:42.735126 12380 raft_consensus.cc:385] T 25c03a6d726f4d0e86c39f40511b0f50 P ab14e4aca41c4fa2a46373c999b94985 [term 0 FOLLOWER]: Consensus starting up: Expiring failure detector timer to make a prompt election more likely
I20260713 09:03:42.735448 12380 raft_consensus.cc:740] T 25c03a6d726f4d0e86c39f40511b0f50 P ab14e4aca41c4fa2a46373c999b94985 [term 0 FOLLOWER]: Becoming Follower/Learner. State: Replica: ab14e4aca41c4fa2a46373c999b94985, State: Initialized, Role: FOLLOWER
I20260713 09:03:42.735972 12469 leader_election.cc:290] T 3dbd507599cf4b979f426057240aff72 P a9f033467db94468a2f1b1b5cda7f3a0 [CANDIDATE]: Term 1 election: Requested vote from peers ab14e4aca41c4fa2a46373c999b94985 (127.10.207.129:39895), 8cf0c74cea904b9d90311cab8cd52f46 (127.10.207.131:33613)
I20260713 09:03:42.736150 12393 raft_consensus.cc:3060] T 3dbd507599cf4b979f426057240aff72 P 8cf0c74cea904b9d90311cab8cd52f46 [term 0 FOLLOWER]: Advancing to term 1
I20260713 09:03:42.711247 12471 raft_consensus.cc:2749] T 6807a7266ec541899832df7d43753530 P 8cf0c74cea904b9d90311cab8cd52f46 [term 1 FOLLOWER]: Leader election lost for term 1. Reason: could not achieve majority
I20260713 09:03:42.707896 12188 raft_consensus.cc:2468] T 6cdb838fead94c41821c8025126004e1 P ab14e4aca41c4fa2a46373c999b94985 [term 1 FOLLOWER]: Leader election vote request: Granting yes vote for candidate 8cf0c74cea904b9d90311cab8cd52f46 in term 1.
I20260713 09:03:42.648105 12263 raft_consensus.cc:2468] T 762e6af6f08b40d19666f7d9ef8310c3 P a9f033467db94468a2f1b1b5cda7f3a0 [term 0 FOLLOWER]: Leader pre-election vote request: Granting yes vote for candidate ab14e4aca41c4fa2a46373c999b94985 in term 0.
I20260713 09:03:42.737879 12381 tablet_bootstrap.cc:654] T d03a828f68484b4a8fcecf12a966684e P a9f033467db94468a2f1b1b5cda7f3a0: Neither blocks nor log segments found. Creating new log.
I20260713 09:03:42.700062 12191 raft_consensus.cc:2393] T bdd4125890314552aaff77ecf8bfeb96 P ab14e4aca41c4fa2a46373c999b94985 [term 1 FOLLOWER]: Leader election vote request: Denying vote to candidate a9f033467db94468a2f1b1b5cda7f3a0 in current term 1: Already voted for candidate ab14e4aca41c4fa2a46373c999b94985 in this term.
I20260713 09:03:42.738890 12304 leader_election.cc:304] T 6cdb838fead94c41821c8025126004e1 P 8cf0c74cea904b9d90311cab8cd52f46 [CANDIDATE]: Term 1 election: Election decided. Result: candidate won. Election summary: received 2 responses out of 3 voters: 2 yes votes; 0 no votes. yes voters: 8cf0c74cea904b9d90311cab8cd52f46, ab14e4aca41c4fa2a46373c999b94985; no voters: 
I20260713 09:03:42.739181 12266 tablet_service.cc:1917] Received RequestConsensusVote() RPC: tablet_id: "6cdb838fead94c41821c8025126004e1" candidate_uuid: "8cf0c74cea904b9d90311cab8cd52f46" candidate_term: 1 candidate_status { last_received { term: 0 index: 0 } } ignore_live_leader: false dest_uuid: "a9f033467db94468a2f1b1b5cda7f3a0"
I20260713 09:03:42.739813 12473 raft_consensus.cc:2804] T 6cdb838fead94c41821c8025126004e1 P 8cf0c74cea904b9d90311cab8cd52f46 [term 1 FOLLOWER]: Leader election won for term 1
I20260713 09:03:42.729971 12187 raft_consensus.cc:2468] T ed58a3153a514fde936de7ebdcf30d9d P ab14e4aca41c4fa2a46373c999b94985 [term 1 FOLLOWER]: Leader election vote request: Granting yes vote for candidate a9f033467db94468a2f1b1b5cda7f3a0 in term 1.
I20260713 09:03:42.740278 12473 raft_consensus.cc:697] T 6cdb838fead94c41821c8025126004e1 P 8cf0c74cea904b9d90311cab8cd52f46 [term 1 LEADER]: Becoming Leader. State: Replica: 8cf0c74cea904b9d90311cab8cd52f46, State: Running, Role: LEADER
I20260713 09:03:42.741292 12473 consensus_queue.cc:237] T 6cdb838fead94c41821c8025126004e1 P 8cf0c74cea904b9d90311cab8cd52f46 [LEADER]: Queue going to LEADER mode. State: All replicated index: 0, Majority replicated index: 0, Committed index: 0, Last appended: 0.0, Last appended by leader: 0, Current term: 1, Majority size: 2, State: 0, Mode: LEADER, active raft config: opid_index: -1 OBSOLETE_local: false peers { permanent_uuid: "ab14e4aca41c4fa2a46373c999b94985" member_type: VOTER last_known_addr { host: "127.10.207.129" port: 39895 } } peers { permanent_uuid: "a9f033467db94468a2f1b1b5cda7f3a0" member_type: VOTER last_known_addr { host: "127.10.207.130" port: 42863 } } peers { permanent_uuid: "8cf0c74cea904b9d90311cab8cd52f46" member_type: VOTER last_known_addr { host: "127.10.207.131" port: 33613 } }
I20260713 09:03:42.742923 12393 raft_consensus.cc:2749] T 3dbd507599cf4b979f426057240aff72 P 8cf0c74cea904b9d90311cab8cd52f46 [term 1 FOLLOWER]: Leader pre-election lost for term 1. Reason: could not achieve majority
I20260713 09:03:42.736127 12380 consensus_queue.cc:260] T 25c03a6d726f4d0e86c39f40511b0f50 P ab14e4aca41c4fa2a46373c999b94985 [NON_LEADER]: Queue going to NON_LEADER mode. State: All replicated index: 0, Majority replicated index: 0, Committed index: 0, Last appended: 0.0, Last appended by leader: 0, Current term: 0, Majority size: -1, State: 0, Mode: NON_LEADER, active raft config: opid_index: -1 OBSOLETE_local: false peers { permanent_uuid: "ab14e4aca41c4fa2a46373c999b94985" member_type: VOTER last_known_addr { host: "127.10.207.129" port: 39895 } } peers { permanent_uuid: "a9f033467db94468a2f1b1b5cda7f3a0" member_type: VOTER last_known_addr { host: "127.10.207.130" port: 42863 } } peers { permanent_uuid: "8cf0c74cea904b9d90311cab8cd52f46" member_type: VOTER last_known_addr { host: "127.10.207.131" port: 33613 } }
I20260713 09:03:42.745508 12380 ts_tablet_manager.cc:1434] T 25c03a6d726f4d0e86c39f40511b0f50 P ab14e4aca41c4fa2a46373c999b94985: Time spent starting tablet: real 0.098s	user 0.009s	sys 0.009s
W20260713 09:03:42.745633 12306 leader_election.cc:343] T 6cdb838fead94c41821c8025126004e1 P 8cf0c74cea904b9d90311cab8cd52f46 [CANDIDATE]: Term 1 election: Tablet error from VoteRequest() call to peer a9f033467db94468a2f1b1b5cda7f3a0 (127.10.207.130:42863): Illegal state: must be running to vote when last-logged opid is not known
W20260713 09:03:42.745821 12230 outbound_call.cc:321] RPC callback for RPC call kudu.consensus.ConsensusService.RequestConsensusVote -> {remote=127.10.207.129:39895, user_credentials={real_user=slave}} blocked reactor thread for 83466us
I20260713 09:03:42.746320 12380 tablet_bootstrap.cc:492] T 9635d11848a041a5875ac24e520160e5 P ab14e4aca41c4fa2a46373c999b94985: Bootstrap starting.
W20260713 09:03:42.747921 12157 leader_election.cc:343] T 762e6af6f08b40d19666f7d9ef8310c3 P ab14e4aca41c4fa2a46373c999b94985 [CANDIDATE]: Term 1 pre-election: Tablet error from VoteRequest() call to peer 8cf0c74cea904b9d90311cab8cd52f46 (127.10.207.131:33613): Illegal state: must be running to vote when last-logged opid is not known
I20260713 09:03:42.748692 12157 leader_election.cc:304] T 746385bb211b4951b58f78ceeead9de2 P ab14e4aca41c4fa2a46373c999b94985 [CANDIDATE]: Term 1 pre-election: Election decided. Result: candidate won. Election summary: received 3 responses out of 3 voters: 2 yes votes; 1 no votes. yes voters: 8cf0c74cea904b9d90311cab8cd52f46, ab14e4aca41c4fa2a46373c999b94985; no voters: a9f033467db94468a2f1b1b5cda7f3a0
W20260713 09:03:42.749822 12157 leader_election.cc:343] T bdd4125890314552aaff77ecf8bfeb96 P ab14e4aca41c4fa2a46373c999b94985 [CANDIDATE]: Term 1 election: Tablet error from VoteRequest() call to peer 8cf0c74cea904b9d90311cab8cd52f46 (127.10.207.131:33613): Illegal state: must be running to vote when last-logged opid is not known
I20260713 09:03:42.750320 12477 raft_consensus.cc:2804] T 746385bb211b4951b58f78ceeead9de2 P ab14e4aca41c4fa2a46373c999b94985 [term 0 FOLLOWER]: Leader pre-election won for term 1
W20260713 09:03:42.750509 12157 leader_election.cc:343] T cd2043888f44415f965e62e7620b575f P ab14e4aca41c4fa2a46373c999b94985 [CANDIDATE]: Term 1 election: Tablet error from VoteRequest() call to peer 8cf0c74cea904b9d90311cab8cd52f46 (127.10.207.131:33613): Illegal state: must be running to vote when last-logged opid is not known
I20260713 09:03:42.750736 12477 raft_consensus.cc:493] T 746385bb211b4951b58f78ceeead9de2 P ab14e4aca41c4fa2a46373c999b94985 [term 0 FOLLOWER]: Starting leader election (no leader contacted us within the election timeout)
I20260713 09:03:42.751106 12477 raft_consensus.cc:3060] T 746385bb211b4951b58f78ceeead9de2 P ab14e4aca41c4fa2a46373c999b94985 [term 0 FOLLOWER]: Advancing to term 1
W20260713 09:03:42.751427 12157 leader_election.cc:343] T d03a828f68484b4a8fcecf12a966684e P ab14e4aca41c4fa2a46373c999b94985 [CANDIDATE]: Term 1 pre-election: Tablet error from VoteRequest() call to peer 8cf0c74cea904b9d90311cab8cd52f46 (127.10.207.131:33613): Illegal state: must be running to vote when last-logged opid is not known
I20260713 09:03:42.752138 12468 consensus_queue.cc:1048] T 3c8d4c43151c4beaa38e1a22df7a47a2 P a9f033467db94468a2f1b1b5cda7f3a0 [LEADER]: Connected to new peer: Peer: permanent_uuid: "ab14e4aca41c4fa2a46373c999b94985" member_type: VOTER last_known_addr { host: "127.10.207.129" port: 39895 }, Status: LMP_MISMATCH, Last received: 0.0, Next index: 1, Last known committed idx: 0, Time since last communication: 0.000s
I20260713 09:03:42.754324 12381 tablet_bootstrap.cc:492] T d03a828f68484b4a8fcecf12a966684e P a9f033467db94468a2f1b1b5cda7f3a0: No bootstrap required, opened a new log
W20260713 09:03:42.754556 12157 leader_election.cc:343] T d03a828f68484b4a8fcecf12a966684e P ab14e4aca41c4fa2a46373c999b94985 [CANDIDATE]: Term 1 pre-election: Tablet error from VoteRequest() call to peer a9f033467db94468a2f1b1b5cda7f3a0 (127.10.207.130:42863): Illegal state: must be running to vote when last-logged opid is not known
I20260713 09:03:42.754794 12381 ts_tablet_manager.cc:1403] T d03a828f68484b4a8fcecf12a966684e P a9f033467db94468a2f1b1b5cda7f3a0: Time spent bootstrapping tablet: real 0.108s	user 0.052s	sys 0.038s
I20260713 09:03:42.755007 12157 leader_election.cc:304] T d03a828f68484b4a8fcecf12a966684e P ab14e4aca41c4fa2a46373c999b94985 [CANDIDATE]: Term 1 pre-election: Election decided. Result: candidate lost. Election summary: received 3 responses out of 3 voters: 1 yes votes; 2 no votes. yes voters: ab14e4aca41c4fa2a46373c999b94985; no voters: 8cf0c74cea904b9d90311cab8cd52f46, a9f033467db94468a2f1b1b5cda7f3a0
I20260713 09:03:42.756220 12230 leader_election.cc:304] T bdd4125890314552aaff77ecf8bfeb96 P a9f033467db94468a2f1b1b5cda7f3a0 [CANDIDATE]: Term 1 election: Election decided. Result: candidate lost. Election summary: received 3 responses out of 3 voters: 1 yes votes; 2 no votes. yes voters: a9f033467db94468a2f1b1b5cda7f3a0; no voters: 8cf0c74cea904b9d90311cab8cd52f46, ab14e4aca41c4fa2a46373c999b94985
I20260713 09:03:42.756616 12459 raft_consensus.cc:2749] T d03a828f68484b4a8fcecf12a966684e P ab14e4aca41c4fa2a46373c999b94985 [term 0 FOLLOWER]: Leader pre-election lost for term 1. Reason: could not achieve majority
I20260713 09:03:42.757288 12469 raft_consensus.cc:2749] T bdd4125890314552aaff77ecf8bfeb96 P a9f033467db94468a2f1b1b5cda7f3a0 [term 1 FOLLOWER]: Leader election lost for term 1. Reason: could not achieve majority
I20260713 09:03:42.757706 12157 leader_election.cc:304] T bdd4125890314552aaff77ecf8bfeb96 P ab14e4aca41c4fa2a46373c999b94985 [CANDIDATE]: Term 1 election: Election decided. Result: candidate lost. Election summary: received 3 responses out of 3 voters: 1 yes votes; 2 no votes. yes voters: ab14e4aca41c4fa2a46373c999b94985; no voters: 8cf0c74cea904b9d90311cab8cd52f46, a9f033467db94468a2f1b1b5cda7f3a0
I20260713 09:03:42.757895 12381 raft_consensus.cc:359] T d03a828f68484b4a8fcecf12a966684e P a9f033467db94468a2f1b1b5cda7f3a0 [term 0 FOLLOWER]: Replica starting. Triggering 0 pending ops. Active config: opid_index: -1 OBSOLETE_local: false peers { permanent_uuid: "ab14e4aca41c4fa2a46373c999b94985" member_type: VOTER last_known_addr { host: "127.10.207.129" port: 39895 } } peers { permanent_uuid: "a9f033467db94468a2f1b1b5cda7f3a0" member_type: VOTER last_known_addr { host: "127.10.207.130" port: 42863 } } peers { permanent_uuid: "8cf0c74cea904b9d90311cab8cd52f46" member_type: VOTER last_known_addr { host: "127.10.207.131" port: 33613 } }
I20260713 09:03:42.758451 12459 raft_consensus.cc:2749] T bdd4125890314552aaff77ecf8bfeb96 P ab14e4aca41c4fa2a46373c999b94985 [term 1 FOLLOWER]: Leader election lost for term 1. Reason: could not achieve majority
I20260713 09:03:42.758674 12381 raft_consensus.cc:385] T d03a828f68484b4a8fcecf12a966684e P a9f033467db94468a2f1b1b5cda7f3a0 [term 0 FOLLOWER]: Consensus starting up: Expiring failure detector timer to make a prompt election more likely
I20260713 09:03:42.759099 12381 raft_consensus.cc:740] T d03a828f68484b4a8fcecf12a966684e P a9f033467db94468a2f1b1b5cda7f3a0 [term 0 FOLLOWER]: Becoming Follower/Learner. State: Replica: a9f033467db94468a2f1b1b5cda7f3a0, State: Initialized, Role: FOLLOWER
I20260713 09:03:42.759517 12157 leader_election.cc:304] T 762e6af6f08b40d19666f7d9ef8310c3 P ab14e4aca41c4fa2a46373c999b94985 [CANDIDATE]: Term 1 pre-election: Election decided. Result: candidate won. Election summary: received 3 responses out of 3 voters: 2 yes votes; 1 no votes. yes voters: a9f033467db94468a2f1b1b5cda7f3a0, ab14e4aca41c4fa2a46373c999b94985; no voters: 8cf0c74cea904b9d90311cab8cd52f46
I20260713 09:03:42.760272 12459 raft_consensus.cc:2804] T 762e6af6f08b40d19666f7d9ef8310c3 P ab14e4aca41c4fa2a46373c999b94985 [term 0 FOLLOWER]: Leader pre-election won for term 1
I20260713 09:03:42.760618 12459 raft_consensus.cc:493] T 762e6af6f08b40d19666f7d9ef8310c3 P ab14e4aca41c4fa2a46373c999b94985 [term 0 FOLLOWER]: Starting leader election (no leader contacted us within the election timeout)
I20260713 09:03:42.760953 12459 raft_consensus.cc:3060] T 762e6af6f08b40d19666f7d9ef8310c3 P ab14e4aca41c4fa2a46373c999b94985 [term 0 FOLLOWER]: Advancing to term 1
I20260713 09:03:42.760912 12381 consensus_queue.cc:260] T d03a828f68484b4a8fcecf12a966684e P a9f033467db94468a2f1b1b5cda7f3a0 [NON_LEADER]: Queue going to NON_LEADER mode. State: All replicated index: 0, Majority replicated index: 0, Committed index: 0, Last appended: 0.0, Last appended by leader: 0, Current term: 0, Majority size: -1, State: 0, Mode: NON_LEADER, active raft config: opid_index: -1 OBSOLETE_local: false peers { permanent_uuid: "ab14e4aca41c4fa2a46373c999b94985" member_type: VOTER last_known_addr { host: "127.10.207.129" port: 39895 } } peers { permanent_uuid: "a9f033467db94468a2f1b1b5cda7f3a0" member_type: VOTER last_known_addr { host: "127.10.207.130" port: 42863 } } peers { permanent_uuid: "8cf0c74cea904b9d90311cab8cd52f46" member_type: VOTER last_known_addr { host: "127.10.207.131" port: 33613 } }
I20260713 09:03:42.765635 12381 ts_tablet_manager.cc:1434] T d03a828f68484b4a8fcecf12a966684e P a9f033467db94468a2f1b1b5cda7f3a0: Time spent starting tablet: real 0.010s	user 0.006s	sys 0.000s
I20260713 09:03:42.765117 12090 catalog_manager.cc:5697] T 2608d3925421447cbd187b55b868a623 P a9f033467db94468a2f1b1b5cda7f3a0 reported cstate change: term changed from 0 to 1, leader changed from <none> to a9f033467db94468a2f1b1b5cda7f3a0 (127.10.207.130). New cstate: current_term: 1 leader_uuid: "a9f033467db94468a2f1b1b5cda7f3a0" committed_config { opid_index: -1 OBSOLETE_local: false peers { permanent_uuid: "ab14e4aca41c4fa2a46373c999b94985" member_type: VOTER last_known_addr { host: "127.10.207.129" port: 39895 } health_report { overall_health: UNKNOWN } } peers { permanent_uuid: "a9f033467db94468a2f1b1b5cda7f3a0" member_type: VOTER last_known_addr { host: "127.10.207.130" port: 42863 } health_report { overall_health: HEALTHY } } peers { permanent_uuid: "8cf0c74cea904b9d90311cab8cd52f46" member_type: VOTER last_known_addr { host: "127.10.207.131" port: 33613 } health_report { overall_health: UNKNOWN } } }
I20260713 09:03:42.766588 12381 tablet_bootstrap.cc:492] T 6cdb838fead94c41821c8025126004e1 P a9f033467db94468a2f1b1b5cda7f3a0: Bootstrap starting.
I20260713 09:03:42.767589 12459 raft_consensus.cc:515] T 762e6af6f08b40d19666f7d9ef8310c3 P ab14e4aca41c4fa2a46373c999b94985 [term 1 FOLLOWER]: Starting leader election with config: opid_index: -1 OBSOLETE_local: false peers { permanent_uuid: "ab14e4aca41c4fa2a46373c999b94985" member_type: VOTER last_known_addr { host: "127.10.207.129" port: 39895 } } peers { permanent_uuid: "a9f033467db94468a2f1b1b5cda7f3a0" member_type: VOTER last_known_addr { host: "127.10.207.130" port: 42863 } } peers { permanent_uuid: "8cf0c74cea904b9d90311cab8cd52f46" member_type: VOTER last_known_addr { host: "127.10.207.131" port: 33613 } }
I20260713 09:03:42.769528 12459 leader_election.cc:290] T 762e6af6f08b40d19666f7d9ef8310c3 P ab14e4aca41c4fa2a46373c999b94985 [CANDIDATE]: Term 1 election: Requested vote from peers a9f033467db94468a2f1b1b5cda7f3a0 (127.10.207.130:42863), 8cf0c74cea904b9d90311cab8cd52f46 (127.10.207.131:33613)
I20260713 09:03:42.773101 12381 tablet_bootstrap.cc:654] T 6cdb838fead94c41821c8025126004e1 P a9f033467db94468a2f1b1b5cda7f3a0: Neither blocks nor log segments found. Creating new log.
I20260713 09:03:42.778199 12266 tablet_service.cc:1917] Received RequestConsensusVote() RPC: tablet_id: "762e6af6f08b40d19666f7d9ef8310c3" candidate_uuid: "ab14e4aca41c4fa2a46373c999b94985" candidate_term: 1 candidate_status { last_received { term: 0 index: 0 } } ignore_live_leader: false dest_uuid: "a9f033467db94468a2f1b1b5cda7f3a0"
I20260713 09:03:42.778785 12266 raft_consensus.cc:3060] T 762e6af6f08b40d19666f7d9ef8310c3 P a9f033467db94468a2f1b1b5cda7f3a0 [term 0 FOLLOWER]: Advancing to term 1
W20260713 09:03:42.778759 12232 outbound_call.cc:321] RPC callback for RPC call kudu.consensus.ConsensusService.RequestConsensusVote -> {remote=127.10.207.131:33613, user_credentials={real_user=slave}} blocked reactor thread for 99890.2us
I20260713 09:03:42.729563 12384 ts_tablet_manager.cc:1403] T cd2043888f44415f965e62e7620b575f P 8cf0c74cea904b9d90311cab8cd52f46: Time spent bootstrapping tablet: real 0.273s	user 0.027s	sys 0.013s
I20260713 09:03:42.780010 12089 catalog_manager.cc:5697] T 6807a7266ec541899832df7d43753530 P ab14e4aca41c4fa2a46373c999b94985 reported cstate change: term changed from 0 to 1, leader changed from <none> to ab14e4aca41c4fa2a46373c999b94985 (127.10.207.129). New cstate: current_term: 1 leader_uuid: "ab14e4aca41c4fa2a46373c999b94985" committed_config { opid_index: -1 OBSOLETE_local: false peers { permanent_uuid: "ab14e4aca41c4fa2a46373c999b94985" member_type: VOTER last_known_addr { host: "127.10.207.129" port: 39895 } health_report { overall_health: HEALTHY } } peers { permanent_uuid: "a9f033467db94468a2f1b1b5cda7f3a0" member_type: VOTER last_known_addr { host: "127.10.207.130" port: 42863 } health_report { overall_health: UNKNOWN } } peers { permanent_uuid: "8cf0c74cea904b9d90311cab8cd52f46" member_type: VOTER last_known_addr { host: "127.10.207.131" port: 33613 } health_report { overall_health: UNKNOWN } } }
I20260713 09:03:42.781661 12337 tablet_service.cc:1917] Received RequestConsensusVote() RPC: tablet_id: "3dbd507599cf4b979f426057240aff72" candidate_uuid: "a9f033467db94468a2f1b1b5cda7f3a0" candidate_term: 1 candidate_status { last_received { term: 0 index: 0 } } ignore_live_leader: false dest_uuid: "8cf0c74cea904b9d90311cab8cd52f46"
I20260713 09:03:42.784446 12384 raft_consensus.cc:359] T cd2043888f44415f965e62e7620b575f P 8cf0c74cea904b9d90311cab8cd52f46 [term 0 FOLLOWER]: Replica starting. Triggering 0 pending ops. Active config: opid_index: -1 OBSOLETE_local: false peers { permanent_uuid: "ab14e4aca41c4fa2a46373c999b94985" member_type: VOTER last_known_addr { host: "127.10.207.129" port: 39895 } } peers { permanent_uuid: "a9f033467db94468a2f1b1b5cda7f3a0" member_type: VOTER last_known_addr { host: "127.10.207.130" port: 42863 } } peers { permanent_uuid: "8cf0c74cea904b9d90311cab8cd52f46" member_type: VOTER last_known_addr { host: "127.10.207.131" port: 33613 } }
I20260713 09:03:42.785482 12266 raft_consensus.cc:2468] T 762e6af6f08b40d19666f7d9ef8310c3 P a9f033467db94468a2f1b1b5cda7f3a0 [term 1 FOLLOWER]: Leader election vote request: Granting yes vote for candidate ab14e4aca41c4fa2a46373c999b94985 in term 1.
I20260713 09:03:42.787206 12402 consensus_queue.cc:1048] T 549538a4e72c4f17b9d279598b8830c3 P ab14e4aca41c4fa2a46373c999b94985 [LEADER]: Connected to new peer: Peer: permanent_uuid: "8cf0c74cea904b9d90311cab8cd52f46" member_type: VOTER last_known_addr { host: "127.10.207.131" port: 33613 }, Status: LMP_MISMATCH, Last received: 0.0, Next index: 1, Last known committed idx: 0, Time since last communication: 0.000s
I20260713 09:03:42.787885 12335 tablet_service.cc:1917] Received RequestConsensusVote() RPC: tablet_id: "762e6af6f08b40d19666f7d9ef8310c3" candidate_uuid: "ab14e4aca41c4fa2a46373c999b94985" candidate_term: 1 candidate_status { last_received { term: 0 index: 0 } } ignore_live_leader: false dest_uuid: "8cf0c74cea904b9d90311cab8cd52f46"
I20260713 09:03:42.788237 12456 consensus_queue.cc:1048] T 64319cc0067d4d3391ee16fc07a0c8aa P ab14e4aca41c4fa2a46373c999b94985 [LEADER]: Connected to new peer: Peer: permanent_uuid: "8cf0c74cea904b9d90311cab8cd52f46" member_type: VOTER last_known_addr { host: "127.10.207.131" port: 33613 }, Status: LMP_MISMATCH, Last received: 0.0, Next index: 1, Last known committed idx: 0, Time since last communication: 0.000s
I20260713 09:03:42.789214 12384 raft_consensus.cc:385] T cd2043888f44415f965e62e7620b575f P 8cf0c74cea904b9d90311cab8cd52f46 [term 0 FOLLOWER]: Consensus starting up: Expiring failure detector timer to make a prompt election more likely
I20260713 09:03:42.793884 12337 raft_consensus.cc:2468] T 3dbd507599cf4b979f426057240aff72 P 8cf0c74cea904b9d90311cab8cd52f46 [term 1 FOLLOWER]: Leader election vote request: Granting yes vote for candidate a9f033467db94468a2f1b1b5cda7f3a0 in term 1.
I20260713 09:03:42.794488 12384 raft_consensus.cc:740] T cd2043888f44415f965e62e7620b575f P 8cf0c74cea904b9d90311cab8cd52f46 [term 0 FOLLOWER]: Becoming Follower/Learner. State: Replica: 8cf0c74cea904b9d90311cab8cd52f46, State: Initialized, Role: FOLLOWER
I20260713 09:03:42.791755 12383 consensus_queue.cc:1048] T 549538a4e72c4f17b9d279598b8830c3 P ab14e4aca41c4fa2a46373c999b94985 [LEADER]: Connected to new peer: Peer: permanent_uuid: "a9f033467db94468a2f1b1b5cda7f3a0" member_type: VOTER last_known_addr { host: "127.10.207.130" port: 42863 }, Status: LMP_MISMATCH, Last received: 0.0, Next index: 1, Last known committed idx: 0, Time since last communication: 0.004s
I20260713 09:03:42.795465 12232 leader_election.cc:304] T 3dbd507599cf4b979f426057240aff72 P a9f033467db94468a2f1b1b5cda7f3a0 [CANDIDATE]: Term 1 election: Election decided. Result: candidate won. Election summary: received 3 responses out of 3 voters: 2 yes votes; 1 no votes. yes voters: 8cf0c74cea904b9d90311cab8cd52f46, a9f033467db94468a2f1b1b5cda7f3a0; no voters: ab14e4aca41c4fa2a46373c999b94985
I20260713 09:03:42.797183 12388 raft_consensus.cc:2804] T 3dbd507599cf4b979f426057240aff72 P a9f033467db94468a2f1b1b5cda7f3a0 [term 1 FOLLOWER]: Leader election won for term 1
I20260713 09:03:42.796164 12384 consensus_queue.cc:260] T cd2043888f44415f965e62e7620b575f P 8cf0c74cea904b9d90311cab8cd52f46 [NON_LEADER]: Queue going to NON_LEADER mode. State: All replicated index: 0, Majority replicated index: 0, Committed index: 0, Last appended: 0.0, Last appended by leader: 0, Current term: 0, Majority size: -1, State: 0, Mode: NON_LEADER, active raft config: opid_index: -1 OBSOLETE_local: false peers { permanent_uuid: "ab14e4aca41c4fa2a46373c999b94985" member_type: VOTER last_known_addr { host: "127.10.207.129" port: 39895 } } peers { permanent_uuid: "a9f033467db94468a2f1b1b5cda7f3a0" member_type: VOTER last_known_addr { host: "127.10.207.130" port: 42863 } } peers { permanent_uuid: "8cf0c74cea904b9d90311cab8cd52f46" member_type: VOTER last_known_addr { host: "127.10.207.131" port: 33613 } }
I20260713 09:03:42.797899 12388 raft_consensus.cc:697] T 3dbd507599cf4b979f426057240aff72 P a9f033467db94468a2f1b1b5cda7f3a0 [term 1 LEADER]: Becoming Leader. State: Replica: a9f033467db94468a2f1b1b5cda7f3a0, State: Running, Role: LEADER
I20260713 09:03:42.799926 12388 consensus_queue.cc:237] T 3dbd507599cf4b979f426057240aff72 P a9f033467db94468a2f1b1b5cda7f3a0 [LEADER]: Queue going to LEADER mode. State: All replicated index: 0, Majority replicated index: 0, Committed index: 0, Last appended: 0.0, Last appended by leader: 0, Current term: 1, Majority size: 2, State: 0, Mode: LEADER, active raft config: opid_index: -1 OBSOLETE_local: false peers { permanent_uuid: "ab14e4aca41c4fa2a46373c999b94985" member_type: VOTER last_known_addr { host: "127.10.207.129" port: 39895 } } peers { permanent_uuid: "a9f033467db94468a2f1b1b5cda7f3a0" member_type: VOTER last_known_addr { host: "127.10.207.130" port: 42863 } } peers { permanent_uuid: "8cf0c74cea904b9d90311cab8cd52f46" member_type: VOTER last_known_addr { host: "127.10.207.131" port: 33613 } }
I20260713 09:03:42.801884 12380 tablet_bootstrap.cc:654] T 9635d11848a041a5875ac24e520160e5 P ab14e4aca41c4fa2a46373c999b94985: Neither blocks nor log segments found. Creating new log.
I20260713 09:03:42.803458 12384 ts_tablet_manager.cc:1434] T cd2043888f44415f965e62e7620b575f P 8cf0c74cea904b9d90311cab8cd52f46: Time spent starting tablet: real 0.020s	user 0.005s	sys 0.000s
I20260713 09:03:42.804988 12384 tablet_bootstrap.cc:492] T bdd4125890314552aaff77ecf8bfeb96 P 8cf0c74cea904b9d90311cab8cd52f46: Bootstrap starting.
I20260713 09:03:42.791658 12468 raft_consensus.cc:493] T d03a828f68484b4a8fcecf12a966684e P a9f033467db94468a2f1b1b5cda7f3a0 [term 0 FOLLOWER]: Starting pre-election (no leader contacted us within the election timeout)
I20260713 09:03:42.807839 12468 raft_consensus.cc:515] T d03a828f68484b4a8fcecf12a966684e P a9f033467db94468a2f1b1b5cda7f3a0 [term 0 FOLLOWER]: Starting pre-election with config: opid_index: -1 OBSOLETE_local: false peers { permanent_uuid: "ab14e4aca41c4fa2a46373c999b94985" member_type: VOTER last_known_addr { host: "127.10.207.129" port: 39895 } } peers { permanent_uuid: "a9f033467db94468a2f1b1b5cda7f3a0" member_type: VOTER last_known_addr { host: "127.10.207.130" port: 42863 } } peers { permanent_uuid: "8cf0c74cea904b9d90311cab8cd52f46" member_type: VOTER last_known_addr { host: "127.10.207.131" port: 33613 } }
I20260713 09:03:42.810382 12468 leader_election.cc:290] T d03a828f68484b4a8fcecf12a966684e P a9f033467db94468a2f1b1b5cda7f3a0 [CANDIDATE]: Term 1 pre-election: Requested pre-vote from peers ab14e4aca41c4fa2a46373c999b94985 (127.10.207.129:39895), 8cf0c74cea904b9d90311cab8cd52f46 (127.10.207.131:33613)
I20260713 09:03:42.811800 12337 tablet_service.cc:1917] Received RequestConsensusVote() RPC: tablet_id: "d03a828f68484b4a8fcecf12a966684e" candidate_uuid: "a9f033467db94468a2f1b1b5cda7f3a0" candidate_term: 1 candidate_status { last_received { term: 0 index: 0 } } ignore_live_leader: false dest_uuid: "8cf0c74cea904b9d90311cab8cd52f46" is_pre_election: true
W20260713 09:03:42.815563 12232 leader_election.cc:343] T d03a828f68484b4a8fcecf12a966684e P a9f033467db94468a2f1b1b5cda7f3a0 [CANDIDATE]: Term 1 pre-election: Tablet error from VoteRequest() call to peer 8cf0c74cea904b9d90311cab8cd52f46 (127.10.207.131:33613): Illegal state: must be running to vote when last-logged opid is not known
I20260713 09:03:42.817576 12187 tablet_service.cc:1917] Received RequestConsensusVote() RPC: tablet_id: "d03a828f68484b4a8fcecf12a966684e" candidate_uuid: "a9f033467db94468a2f1b1b5cda7f3a0" candidate_term: 1 candidate_status { last_received { term: 0 index: 0 } } ignore_live_leader: false dest_uuid: "ab14e4aca41c4fa2a46373c999b94985" is_pre_election: true
I20260713 09:03:42.818365 12187 raft_consensus.cc:2468] T d03a828f68484b4a8fcecf12a966684e P ab14e4aca41c4fa2a46373c999b94985 [term 0 FOLLOWER]: Leader pre-election vote request: Granting yes vote for candidate a9f033467db94468a2f1b1b5cda7f3a0 in term 0.
I20260713 09:03:42.818161 12088 catalog_manager.cc:5697] T 6cdb838fead94c41821c8025126004e1 P 8cf0c74cea904b9d90311cab8cd52f46 reported cstate change: term changed from 0 to 1, leader changed from <none> to 8cf0c74cea904b9d90311cab8cd52f46 (127.10.207.131). New cstate: current_term: 1 leader_uuid: "8cf0c74cea904b9d90311cab8cd52f46" committed_config { opid_index: -1 OBSOLETE_local: false peers { permanent_uuid: "ab14e4aca41c4fa2a46373c999b94985" member_type: VOTER last_known_addr { host: "127.10.207.129" port: 39895 } health_report { overall_health: UNKNOWN } } peers { permanent_uuid: "a9f033467db94468a2f1b1b5cda7f3a0" member_type: VOTER last_known_addr { host: "127.10.207.130" port: 42863 } health_report { overall_health: UNKNOWN } } peers { permanent_uuid: "8cf0c74cea904b9d90311cab8cd52f46" member_type: VOTER last_known_addr { host: "127.10.207.131" port: 33613 } health_report { overall_health: HEALTHY } } }
I20260713 09:03:42.821070 12230 leader_election.cc:304] T d03a828f68484b4a8fcecf12a966684e P a9f033467db94468a2f1b1b5cda7f3a0 [CANDIDATE]: Term 1 pre-election: Election decided. Result: candidate won. Election summary: received 3 responses out of 3 voters: 2 yes votes; 1 no votes. yes voters: a9f033467db94468a2f1b1b5cda7f3a0, ab14e4aca41c4fa2a46373c999b94985; no voters: 8cf0c74cea904b9d90311cab8cd52f46
I20260713 09:03:42.822451 12468 raft_consensus.cc:2804] T d03a828f68484b4a8fcecf12a966684e P a9f033467db94468a2f1b1b5cda7f3a0 [term 0 FOLLOWER]: Leader pre-election won for term 1
I20260713 09:03:42.824023 12468 raft_consensus.cc:493] T d03a828f68484b4a8fcecf12a966684e P a9f033467db94468a2f1b1b5cda7f3a0 [term 0 FOLLOWER]: Starting leader election (no leader contacted us within the election timeout)
I20260713 09:03:42.824398 12468 raft_consensus.cc:3060] T d03a828f68484b4a8fcecf12a966684e P a9f033467db94468a2f1b1b5cda7f3a0 [term 0 FOLLOWER]: Advancing to term 1
I20260713 09:03:42.821630 12384 tablet_bootstrap.cc:654] T bdd4125890314552aaff77ecf8bfeb96 P 8cf0c74cea904b9d90311cab8cd52f46: Neither blocks nor log segments found. Creating new log.
I20260713 09:03:42.830868 12086 catalog_manager.cc:5697] T ed58a3153a514fde936de7ebdcf30d9d P a9f033467db94468a2f1b1b5cda7f3a0 reported cstate change: term changed from 0 to 1, leader changed from <none> to a9f033467db94468a2f1b1b5cda7f3a0 (127.10.207.130). New cstate: current_term: 1 leader_uuid: "a9f033467db94468a2f1b1b5cda7f3a0" committed_config { opid_index: -1 OBSOLETE_local: false peers { permanent_uuid: "ab14e4aca41c4fa2a46373c999b94985" member_type: VOTER last_known_addr { host: "127.10.207.129" port: 39895 } health_report { overall_health: UNKNOWN } } peers { permanent_uuid: "a9f033467db94468a2f1b1b5cda7f3a0" member_type: VOTER last_known_addr { host: "127.10.207.130" port: 42863 } health_report { overall_health: HEALTHY } } peers { permanent_uuid: "8cf0c74cea904b9d90311cab8cd52f46" member_type: VOTER last_known_addr { host: "127.10.207.131" port: 33613 } health_report { overall_health: UNKNOWN } } }
I20260713 09:03:42.830993 12468 raft_consensus.cc:515] T d03a828f68484b4a8fcecf12a966684e P a9f033467db94468a2f1b1b5cda7f3a0 [term 1 FOLLOWER]: Starting leader election with config: opid_index: -1 OBSOLETE_local: false peers { permanent_uuid: "ab14e4aca41c4fa2a46373c999b94985" member_type: VOTER last_known_addr { host: "127.10.207.129" port: 39895 } } peers { permanent_uuid: "a9f033467db94468a2f1b1b5cda7f3a0" member_type: VOTER last_known_addr { host: "127.10.207.130" port: 42863 } } peers { permanent_uuid: "8cf0c74cea904b9d90311cab8cd52f46" member_type: VOTER last_known_addr { host: "127.10.207.131" port: 33613 } }
I20260713 09:03:42.838196 12187 tablet_service.cc:1917] Received RequestConsensusVote() RPC: tablet_id: "d03a828f68484b4a8fcecf12a966684e" candidate_uuid: "a9f033467db94468a2f1b1b5cda7f3a0" candidate_term: 1 candidate_status { last_received { term: 0 index: 0 } } ignore_live_leader: false dest_uuid: "ab14e4aca41c4fa2a46373c999b94985"
I20260713 09:03:42.838773 12187 raft_consensus.cc:3060] T d03a828f68484b4a8fcecf12a966684e P ab14e4aca41c4fa2a46373c999b94985 [term 0 FOLLOWER]: Advancing to term 1
I20260713 09:03:42.775228 12477 raft_consensus.cc:515] T 746385bb211b4951b58f78ceeead9de2 P ab14e4aca41c4fa2a46373c999b94985 [term 1 FOLLOWER]: Starting leader election with config: opid_index: -1 OBSOLETE_local: false peers { permanent_uuid: "ab14e4aca41c4fa2a46373c999b94985" member_type: VOTER last_known_addr { host: "127.10.207.129" port: 39895 } } peers { permanent_uuid: "a9f033467db94468a2f1b1b5cda7f3a0" member_type: VOTER last_known_addr { host: "127.10.207.130" port: 42863 } } peers { permanent_uuid: "8cf0c74cea904b9d90311cab8cd52f46" member_type: VOTER last_known_addr { host: "127.10.207.131" port: 33613 } }
I20260713 09:03:42.844923 12477 leader_election.cc:290] T 746385bb211b4951b58f78ceeead9de2 P ab14e4aca41c4fa2a46373c999b94985 [CANDIDATE]: Term 1 election: Requested vote from peers a9f033467db94468a2f1b1b5cda7f3a0 (127.10.207.130:42863), 8cf0c74cea904b9d90311cab8cd52f46 (127.10.207.131:33613)
I20260713 09:03:42.846210 12187 raft_consensus.cc:2468] T d03a828f68484b4a8fcecf12a966684e P ab14e4aca41c4fa2a46373c999b94985 [term 1 FOLLOWER]: Leader election vote request: Granting yes vote for candidate a9f033467db94468a2f1b1b5cda7f3a0 in term 1.
I20260713 09:03:42.848837 12230 leader_election.cc:304] T d03a828f68484b4a8fcecf12a966684e P a9f033467db94468a2f1b1b5cda7f3a0 [CANDIDATE]: Term 1 election: Election decided. Result: candidate won. Election summary: received 2 responses out of 3 voters: 2 yes votes; 0 no votes. yes voters: a9f033467db94468a2f1b1b5cda7f3a0, ab14e4aca41c4fa2a46373c999b94985; no voters: 
I20260713 09:03:42.849891 12421 raft_consensus.cc:2804] T d03a828f68484b4a8fcecf12a966684e P a9f033467db94468a2f1b1b5cda7f3a0 [term 1 FOLLOWER]: Leader election won for term 1
I20260713 09:03:42.850515 12421 raft_consensus.cc:697] T d03a828f68484b4a8fcecf12a966684e P a9f033467db94468a2f1b1b5cda7f3a0 [term 1 LEADER]: Becoming Leader. State: Replica: a9f033467db94468a2f1b1b5cda7f3a0, State: Running, Role: LEADER
I20260713 09:03:42.851194 12338 tablet_service.cc:1917] Received RequestConsensusVote() RPC: tablet_id: "d03a828f68484b4a8fcecf12a966684e" candidate_uuid: "a9f033467db94468a2f1b1b5cda7f3a0" candidate_term: 1 candidate_status { last_received { term: 0 index: 0 } } ignore_live_leader: false dest_uuid: "8cf0c74cea904b9d90311cab8cd52f46"
I20260713 09:03:42.851609 12421 consensus_queue.cc:237] T d03a828f68484b4a8fcecf12a966684e P a9f033467db94468a2f1b1b5cda7f3a0 [LEADER]: Queue going to LEADER mode. State: All replicated index: 0, Majority replicated index: 0, Committed index: 0, Last appended: 0.0, Last appended by leader: 0, Current term: 1, Majority size: 2, State: 0, Mode: LEADER, active raft config: opid_index: -1 OBSOLETE_local: false peers { permanent_uuid: "ab14e4aca41c4fa2a46373c999b94985" member_type: VOTER last_known_addr { host: "127.10.207.129" port: 39895 } } peers { permanent_uuid: "a9f033467db94468a2f1b1b5cda7f3a0" member_type: VOTER last_known_addr { host: "127.10.207.130" port: 42863 } } peers { permanent_uuid: "8cf0c74cea904b9d90311cab8cd52f46" member_type: VOTER last_known_addr { host: "127.10.207.131" port: 33613 } }
W20260713 09:03:42.852651 12232 leader_election.cc:343] T d03a828f68484b4a8fcecf12a966684e P a9f033467db94468a2f1b1b5cda7f3a0 [CANDIDATE]: Term 1 election: Tablet error from VoteRequest() call to peer 8cf0c74cea904b9d90311cab8cd52f46 (127.10.207.131:33613): Illegal state: must be running to vote when last-logged opid is not known
I20260713 09:03:42.854009 12468 leader_election.cc:290] T d03a828f68484b4a8fcecf12a966684e P a9f033467db94468a2f1b1b5cda7f3a0 [CANDIDATE]: Term 1 election: Requested vote from peers ab14e4aca41c4fa2a46373c999b94985 (127.10.207.129:39895), 8cf0c74cea904b9d90311cab8cd52f46 (127.10.207.131:33613)
W20260713 09:03:42.863610 12157 leader_election.cc:343] T 762e6af6f08b40d19666f7d9ef8310c3 P ab14e4aca41c4fa2a46373c999b94985 [CANDIDATE]: Term 1 election: Tablet error from VoteRequest() call to peer 8cf0c74cea904b9d90311cab8cd52f46 (127.10.207.131:33613): Illegal state: must be running to vote when last-logged opid is not known
I20260713 09:03:42.864374 12157 leader_election.cc:304] T 762e6af6f08b40d19666f7d9ef8310c3 P ab14e4aca41c4fa2a46373c999b94985 [CANDIDATE]: Term 1 election: Election decided. Result: candidate won. Election summary: received 3 responses out of 3 voters: 2 yes votes; 1 no votes. yes voters: a9f033467db94468a2f1b1b5cda7f3a0, ab14e4aca41c4fa2a46373c999b94985; no voters: 8cf0c74cea904b9d90311cab8cd52f46
I20260713 09:03:42.867782 12384 tablet_bootstrap.cc:492] T bdd4125890314552aaff77ecf8bfeb96 P 8cf0c74cea904b9d90311cab8cd52f46: No bootstrap required, opened a new log
I20260713 09:03:42.869467 12384 ts_tablet_manager.cc:1403] T bdd4125890314552aaff77ecf8bfeb96 P 8cf0c74cea904b9d90311cab8cd52f46: Time spent bootstrapping tablet: real 0.065s	user 0.011s	sys 0.000s
I20260713 09:03:42.876782 12473 raft_consensus.cc:493] T cd2043888f44415f965e62e7620b575f P 8cf0c74cea904b9d90311cab8cd52f46 [term 0 FOLLOWER]: Starting pre-election (no leader contacted us within the election timeout)
I20260713 09:03:42.877291 12473 raft_consensus.cc:515] T cd2043888f44415f965e62e7620b575f P 8cf0c74cea904b9d90311cab8cd52f46 [term 0 FOLLOWER]: Starting pre-election with config: opid_index: -1 OBSOLETE_local: false peers { permanent_uuid: "ab14e4aca41c4fa2a46373c999b94985" member_type: VOTER last_known_addr { host: "127.10.207.129" port: 39895 } } peers { permanent_uuid: "a9f033467db94468a2f1b1b5cda7f3a0" member_type: VOTER last_known_addr { host: "127.10.207.130" port: 42863 } } peers { permanent_uuid: "8cf0c74cea904b9d90311cab8cd52f46" member_type: VOTER last_known_addr { host: "127.10.207.131" port: 33613 } }
I20260713 09:03:42.878791 12383 raft_consensus.cc:2804] T 762e6af6f08b40d19666f7d9ef8310c3 P ab14e4aca41c4fa2a46373c999b94985 [term 1 FOLLOWER]: Leader election won for term 1
I20260713 09:03:42.880421 12187 tablet_service.cc:1917] Received RequestConsensusVote() RPC: tablet_id: "cd2043888f44415f965e62e7620b575f" candidate_uuid: "8cf0c74cea904b9d90311cab8cd52f46" candidate_term: 1 candidate_status { last_received { term: 0 index: 0 } } ignore_live_leader: false dest_uuid: "ab14e4aca41c4fa2a46373c999b94985" is_pre_election: true
I20260713 09:03:42.880319 12402 consensus_queue.cc:1048] T 64319cc0067d4d3391ee16fc07a0c8aa P ab14e4aca41c4fa2a46373c999b94985 [LEADER]: Connected to new peer: Peer: permanent_uuid: "a9f033467db94468a2f1b1b5cda7f3a0" member_type: VOTER last_known_addr { host: "127.10.207.130" port: 42863 }, Status: LMP_MISMATCH, Last received: 0.0, Next index: 1, Last known committed idx: 0, Time since last communication: 0.001s
I20260713 09:03:42.880789 12473 leader_election.cc:290] T cd2043888f44415f965e62e7620b575f P 8cf0c74cea904b9d90311cab8cd52f46 [CANDIDATE]: Term 1 pre-election: Requested pre-vote from peers ab14e4aca41c4fa2a46373c999b94985 (127.10.207.129:39895), a9f033467db94468a2f1b1b5cda7f3a0 (127.10.207.130:42863)
I20260713 09:03:42.881644 12266 tablet_service.cc:1917] Received RequestConsensusVote() RPC: tablet_id: "cd2043888f44415f965e62e7620b575f" candidate_uuid: "8cf0c74cea904b9d90311cab8cd52f46" candidate_term: 1 candidate_status { last_received { term: 0 index: 0 } } ignore_live_leader: false dest_uuid: "a9f033467db94468a2f1b1b5cda7f3a0" is_pre_election: true
I20260713 09:03:42.882243 12383 raft_consensus.cc:697] T 762e6af6f08b40d19666f7d9ef8310c3 P ab14e4aca41c4fa2a46373c999b94985 [term 1 LEADER]: Becoming Leader. State: Replica: ab14e4aca41c4fa2a46373c999b94985, State: Running, Role: LEADER
I20260713 09:03:42.882521 12266 raft_consensus.cc:2393] T cd2043888f44415f965e62e7620b575f P a9f033467db94468a2f1b1b5cda7f3a0 [term 1 FOLLOWER]: Leader pre-election vote request: Denying vote to candidate 8cf0c74cea904b9d90311cab8cd52f46 in current term 1: Already voted for candidate ab14e4aca41c4fa2a46373c999b94985 in this term.
I20260713 09:03:42.883742 12306 leader_election.cc:304] T cd2043888f44415f965e62e7620b575f P 8cf0c74cea904b9d90311cab8cd52f46 [CANDIDATE]: Term 1 pre-election: Election decided. Result: candidate lost. Election summary: received 3 responses out of 3 voters: 1 yes votes; 2 no votes. yes voters: 8cf0c74cea904b9d90311cab8cd52f46; no voters: a9f033467db94468a2f1b1b5cda7f3a0, ab14e4aca41c4fa2a46373c999b94985
I20260713 09:03:42.884064 12383 consensus_queue.cc:237] T 762e6af6f08b40d19666f7d9ef8310c3 P ab14e4aca41c4fa2a46373c999b94985 [LEADER]: Queue going to LEADER mode. State: All replicated index: 0, Majority replicated index: 0, Committed index: 0, Last appended: 0.0, Last appended by leader: 0, Current term: 1, Majority size: 2, State: 0, Mode: LEADER, active raft config: opid_index: -1 OBSOLETE_local: false peers { permanent_uuid: "ab14e4aca41c4fa2a46373c999b94985" member_type: VOTER last_known_addr { host: "127.10.207.129" port: 39895 } } peers { permanent_uuid: "a9f033467db94468a2f1b1b5cda7f3a0" member_type: VOTER last_known_addr { host: "127.10.207.130" port: 42863 } } peers { permanent_uuid: "8cf0c74cea904b9d90311cab8cd52f46" member_type: VOTER last_known_addr { host: "127.10.207.131" port: 33613 } }
I20260713 09:03:42.884838 12473 raft_consensus.cc:3060] T cd2043888f44415f965e62e7620b575f P 8cf0c74cea904b9d90311cab8cd52f46 [term 0 FOLLOWER]: Advancing to term 1
I20260713 09:03:42.891661 12263 tablet_service.cc:1917] Received RequestConsensusVote() RPC: tablet_id: "746385bb211b4951b58f78ceeead9de2" candidate_uuid: "ab14e4aca41c4fa2a46373c999b94985" candidate_term: 1 candidate_status { last_received { term: 0 index: 0 } } ignore_live_leader: false dest_uuid: "a9f033467db94468a2f1b1b5cda7f3a0"
I20260713 09:03:42.876371 12381 tablet_bootstrap.cc:492] T 6cdb838fead94c41821c8025126004e1 P a9f033467db94468a2f1b1b5cda7f3a0: No bootstrap required, opened a new log
I20260713 09:03:42.892503 12380 tablet_bootstrap.cc:492] T 9635d11848a041a5875ac24e520160e5 P ab14e4aca41c4fa2a46373c999b94985: No bootstrap required, opened a new log
I20260713 09:03:42.892874 12380 ts_tablet_manager.cc:1403] T 9635d11848a041a5875ac24e520160e5 P ab14e4aca41c4fa2a46373c999b94985: Time spent bootstrapping tablet: real 0.147s	user 0.034s	sys 0.046s
I20260713 09:03:42.892874 12381 ts_tablet_manager.cc:1403] T 6cdb838fead94c41821c8025126004e1 P a9f033467db94468a2f1b1b5cda7f3a0: Time spent bootstrapping tablet: real 0.126s	user 0.026s	sys 0.011s
I20260713 09:03:42.891821 12335 tablet_service.cc:1917] Received RequestConsensusVote() RPC: tablet_id: "746385bb211b4951b58f78ceeead9de2" candidate_uuid: "ab14e4aca41c4fa2a46373c999b94985" candidate_term: 1 candidate_status { last_received { term: 0 index: 0 } } ignore_live_leader: false dest_uuid: "8cf0c74cea904b9d90311cab8cd52f46"
I20260713 09:03:42.893504 12335 raft_consensus.cc:3060] T 746385bb211b4951b58f78ceeead9de2 P 8cf0c74cea904b9d90311cab8cd52f46 [term 0 FOLLOWER]: Advancing to term 1
I20260713 09:03:42.894466 12088 catalog_manager.cc:5697] T cd2043888f44415f965e62e7620b575f P ab14e4aca41c4fa2a46373c999b94985 reported cstate change: term changed from 0 to 1, leader changed from <none> to ab14e4aca41c4fa2a46373c999b94985 (127.10.207.129). New cstate: current_term: 1 leader_uuid: "ab14e4aca41c4fa2a46373c999b94985" committed_config { opid_index: -1 OBSOLETE_local: false peers { permanent_uuid: "ab14e4aca41c4fa2a46373c999b94985" member_type: VOTER last_known_addr { host: "127.10.207.129" port: 39895 } health_report { overall_health: HEALTHY } } peers { permanent_uuid: "a9f033467db94468a2f1b1b5cda7f3a0" member_type: VOTER last_known_addr { host: "127.10.207.130" port: 42863 } health_report { overall_health: UNKNOWN } } peers { permanent_uuid: "8cf0c74cea904b9d90311cab8cd52f46" member_type: VOTER last_known_addr { host: "127.10.207.131" port: 33613 } health_report { overall_health: UNKNOWN } } }
I20260713 09:03:42.900382 12335 raft_consensus.cc:2468] T 746385bb211b4951b58f78ceeead9de2 P 8cf0c74cea904b9d90311cab8cd52f46 [term 1 FOLLOWER]: Leader election vote request: Granting yes vote for candidate ab14e4aca41c4fa2a46373c999b94985 in term 1.
I20260713 09:03:42.901758 12380 raft_consensus.cc:359] T 9635d11848a041a5875ac24e520160e5 P ab14e4aca41c4fa2a46373c999b94985 [term 0 FOLLOWER]: Replica starting. Triggering 0 pending ops. Active config: opid_index: -1 OBSOLETE_local: false peers { permanent_uuid: "ab14e4aca41c4fa2a46373c999b94985" member_type: VOTER last_known_addr { host: "127.10.207.129" port: 39895 } } peers { permanent_uuid: "a9f033467db94468a2f1b1b5cda7f3a0" member_type: VOTER last_known_addr { host: "127.10.207.130" port: 42863 } } peers { permanent_uuid: "8cf0c74cea904b9d90311cab8cd52f46" member_type: VOTER last_known_addr { host: "127.10.207.131" port: 33613 } }
I20260713 09:03:42.902401 12380 raft_consensus.cc:385] T 9635d11848a041a5875ac24e520160e5 P ab14e4aca41c4fa2a46373c999b94985 [term 0 FOLLOWER]: Consensus starting up: Expiring failure detector timer to make a prompt election more likely
I20260713 09:03:42.902693 12380 raft_consensus.cc:740] T 9635d11848a041a5875ac24e520160e5 P ab14e4aca41c4fa2a46373c999b94985 [term 0 FOLLOWER]: Becoming Follower/Learner. State: Replica: ab14e4aca41c4fa2a46373c999b94985, State: Initialized, Role: FOLLOWER
