I20260713 08:59:12.267030  1640 raft_consensus.cc:2955] T 7997dffb11fb4900b45833ceb688c57d P 7ebb6f8ee3a44f2d8dcd0c3a298c7a0c [term 1 FOLLOWER]: Committing config change with OpId 1.2: config changed from index -1 to 2, NON_VOTER 942fdb9d4cb54006a7de6c3a1be7cbb5 (127.0.107.196) added. New config: { opid_index: 2 OBSOLETE_local: false peers { permanent_uuid: "857ea695cc5843fb9a99ba0176f8aed7" member_type: VOTER last_known_addr { host: "127.0.107.193" port: 39427 } } peers { permanent_uuid: "7ebb6f8ee3a44f2d8dcd0c3a298c7a0c" member_type: VOTER last_known_addr { host: "127.0.107.194" port: 40739 } } peers { permanent_uuid: "9ab141aa0d0b4db590be86c1489129fb" member_type: VOTER last_known_addr { host: "127.0.107.195" port: 39727 } attrs { replace: true } } peers { permanent_uuid: "942fdb9d4cb54006a7de6c3a1be7cbb5" member_type: NON_VOTER last_known_addr { host: "127.0.107.196" port: 45939 } attrs { promote: true } } }
I20260713 08:59:12.269083  1711 raft_consensus.cc:2955] T 7997dffb11fb4900b45833ceb688c57d P 9ab141aa0d0b4db590be86c1489129fb [term 1 FOLLOWER]: Committing config change with OpId 1.2: config changed from index -1 to 2, NON_VOTER 942fdb9d4cb54006a7de6c3a1be7cbb5 (127.0.107.196) added. New config: { opid_index: 2 OBSOLETE_local: false peers { permanent_uuid: "857ea695cc5843fb9a99ba0176f8aed7" member_type: VOTER last_known_addr { host: "127.0.107.193" port: 39427 } } peers { permanent_uuid: "7ebb6f8ee3a44f2d8dcd0c3a298c7a0c" member_type: VOTER last_known_addr { host: "127.0.107.194" port: 40739 } } peers { permanent_uuid: "9ab141aa0d0b4db590be86c1489129fb" member_type: VOTER last_known_addr { host: "127.0.107.195" port: 39727 } attrs { replace: true } } peers { permanent_uuid: "942fdb9d4cb54006a7de6c3a1be7cbb5" member_type: NON_VOTER last_known_addr { host: "127.0.107.196" port: 45939 } attrs { promote: true } } }
I20260713 08:59:12.323143  1462 catalog_manager.cc:5697] T 7997dffb11fb4900b45833ceb688c57d P 9ab141aa0d0b4db590be86c1489129fb reported cstate change: config changed from index -1 to 2, NON_VOTER 942fdb9d4cb54006a7de6c3a1be7cbb5 (127.0.107.196) added. New cstate: current_term: 1 leader_uuid: "857ea695cc5843fb9a99ba0176f8aed7" committed_config { opid_index: 2 OBSOLETE_local: false peers { permanent_uuid: "857ea695cc5843fb9a99ba0176f8aed7" member_type: VOTER last_known_addr { host: "127.0.107.193" port: 39427 } } peers { permanent_uuid: "7ebb6f8ee3a44f2d8dcd0c3a298c7a0c" member_type: VOTER last_known_addr { host: "127.0.107.194" port: 40739 } } peers { permanent_uuid: "9ab141aa0d0b4db590be86c1489129fb" member_type: VOTER last_known_addr { host: "127.0.107.195" port: 39727 } attrs { replace: true } } peers { permanent_uuid: "942fdb9d4cb54006a7de6c3a1be7cbb5" member_type: NON_VOTER last_known_addr { host: "127.0.107.196" port: 45939 } attrs { promote: true } } }
I20260713 08:59:12.323573  1711 consensus_queue.cc:237] T fa15ba3ba1cf47b48fe96718841b2046 P 9ab141aa0d0b4db590be86c1489129fb [LEADER]: Queue going to LEADER mode. State: All replicated index: 0, Majority replicated index: 1, Committed index: 1, Last appended: 1.1, Last appended by leader: 0, Current term: 1, Majority size: 2, State: 0, Mode: LEADER, active raft config: opid_index: 2 OBSOLETE_local: false peers { permanent_uuid: "857ea695cc5843fb9a99ba0176f8aed7" member_type: VOTER last_known_addr { host: "127.0.107.193" port: 39427 } } peers { permanent_uuid: "7ebb6f8ee3a44f2d8dcd0c3a298c7a0c" member_type: VOTER last_known_addr { host: "127.0.107.194" port: 40739 } attrs { replace: true } } peers { permanent_uuid: "9ab141aa0d0b4db590be86c1489129fb" member_type: VOTER last_known_addr { host: "127.0.107.195" port: 39727 } } peers { permanent_uuid: "942fdb9d4cb54006a7de6c3a1be7cbb5" member_type: NON_VOTER last_known_addr { host: "127.0.107.196" port: 45939 } attrs { promote: true } }
I20260713 08:59:12.330369  1640 raft_consensus.cc:1275] T fa15ba3ba1cf47b48fe96718841b2046 P 7ebb6f8ee3a44f2d8dcd0c3a298c7a0c [term 1 FOLLOWER]: Refusing update from remote peer 9ab141aa0d0b4db590be86c1489129fb: Log matching property violated. Preceding OpId in replica: term: 1 index: 1. Preceding OpId from leader: term: 1 index: 2. (index mismatch)
I20260713 08:59:12.331836  1565 raft_consensus.cc:1275] T fa15ba3ba1cf47b48fe96718841b2046 P 857ea695cc5843fb9a99ba0176f8aed7 [term 1 FOLLOWER]: Refusing update from remote peer 9ab141aa0d0b4db590be86c1489129fb: Log matching property violated. Preceding OpId in replica: term: 1 index: 1. Preceding OpId from leader: term: 1 index: 2. (index mismatch)
W20260713 08:59:12.331943  1679 consensus_peers.cc:597] T fa15ba3ba1cf47b48fe96718841b2046 P 9ab141aa0d0b4db590be86c1489129fb -> Peer 942fdb9d4cb54006a7de6c3a1be7cbb5 (127.0.107.196:45939): Couldn't send request to peer 942fdb9d4cb54006a7de6c3a1be7cbb5. Error code: TABLET_NOT_FOUND (6). Status: Not found: Tablet not found: fa15ba3ba1cf47b48fe96718841b2046. This is attempt 1: this message will repeat every 5th retry.
I20260713 08:59:12.332207  2079 consensus_queue.cc:1048] T fa15ba3ba1cf47b48fe96718841b2046 P 9ab141aa0d0b4db590be86c1489129fb [LEADER]: Connected to new peer: Peer: permanent_uuid: "7ebb6f8ee3a44f2d8dcd0c3a298c7a0c" member_type: VOTER last_known_addr { host: "127.0.107.194" port: 40739 } attrs { replace: true }, Status: LMP_MISMATCH, Last received: 0.0, Next index: 2, Last known committed idx: 1, Time since last communication: 0.001s
I20260713 08:59:12.333879  2078 consensus_queue.cc:1048] T fa15ba3ba1cf47b48fe96718841b2046 P 9ab141aa0d0b4db590be86c1489129fb [LEADER]: Connected to new peer: Peer: permanent_uuid: "857ea695cc5843fb9a99ba0176f8aed7" member_type: VOTER last_known_addr { host: "127.0.107.193" port: 39427 }, Status: LMP_MISMATCH, Last received: 0.0, Next index: 2, Last known committed idx: 1, Time since last communication: 0.000s
I20260713 08:59:12.341394  2078 raft_consensus.cc:2955] T fa15ba3ba1cf47b48fe96718841b2046 P 9ab141aa0d0b4db590be86c1489129fb [term 1 LEADER]: Committing config change with OpId 1.2: config changed from index -1 to 2, NON_VOTER 942fdb9d4cb54006a7de6c3a1be7cbb5 (127.0.107.196) added. New config: { opid_index: 2 OBSOLETE_local: false peers { permanent_uuid: "857ea695cc5843fb9a99ba0176f8aed7" member_type: VOTER last_known_addr { host: "127.0.107.193" port: 39427 } } peers { permanent_uuid: "7ebb6f8ee3a44f2d8dcd0c3a298c7a0c" member_type: VOTER last_known_addr { host: "127.0.107.194" port: 40739 } attrs { replace: true } } peers { permanent_uuid: "9ab141aa0d0b4db590be86c1489129fb" member_type: VOTER last_known_addr { host: "127.0.107.195" port: 39727 } } peers { permanent_uuid: "942fdb9d4cb54006a7de6c3a1be7cbb5" member_type: NON_VOTER last_known_addr { host: "127.0.107.196" port: 45939 } attrs { promote: true } } }
I20260713 08:59:12.342402  1565 raft_consensus.cc:2955] T fa15ba3ba1cf47b48fe96718841b2046 P 857ea695cc5843fb9a99ba0176f8aed7 [term 1 FOLLOWER]: Committing config change with OpId 1.2: config changed from index -1 to 2, NON_VOTER 942fdb9d4cb54006a7de6c3a1be7cbb5 (127.0.107.196) added. New config: { opid_index: 2 OBSOLETE_local: false peers { permanent_uuid: "857ea695cc5843fb9a99ba0176f8aed7" member_type: VOTER last_known_addr { host: "127.0.107.193" port: 39427 } } peers { permanent_uuid: "7ebb6f8ee3a44f2d8dcd0c3a298c7a0c" member_type: VOTER last_known_addr { host: "127.0.107.194" port: 40739 } attrs { replace: true } } peers { permanent_uuid: "9ab141aa0d0b4db590be86c1489129fb" member_type: VOTER last_known_addr { host: "127.0.107.195" port: 39727 } } peers { permanent_uuid: "942fdb9d4cb54006a7de6c3a1be7cbb5" member_type: NON_VOTER last_known_addr { host: "127.0.107.196" port: 45939 } attrs { promote: true } } }
I20260713 08:59:12.345599  1640 raft_consensus.cc:2955] T fa15ba3ba1cf47b48fe96718841b2046 P 7ebb6f8ee3a44f2d8dcd0c3a298c7a0c [term 1 FOLLOWER]: Committing config change with OpId 1.2: config changed from index -1 to 2, NON_VOTER 942fdb9d4cb54006a7de6c3a1be7cbb5 (127.0.107.196) added. New config: { opid_index: 2 OBSOLETE_local: false peers { permanent_uuid: "857ea695cc5843fb9a99ba0176f8aed7" member_type: VOTER last_known_addr { host: "127.0.107.193" port: 39427 } } peers { permanent_uuid: "7ebb6f8ee3a44f2d8dcd0c3a298c7a0c" member_type: VOTER last_known_addr { host: "127.0.107.194" port: 40739 } attrs { replace: true } } peers { permanent_uuid: "9ab141aa0d0b4db590be86c1489129fb" member_type: VOTER last_known_addr { host: "127.0.107.195" port: 39727 } } peers { permanent_uuid: "942fdb9d4cb54006a7de6c3a1be7cbb5" member_type: NON_VOTER last_known_addr { host: "127.0.107.196" port: 45939 } attrs { promote: true } } }
I20260713 08:59:12.352857  1460 catalog_manager.cc:5697] T fa15ba3ba1cf47b48fe96718841b2046 P 857ea695cc5843fb9a99ba0176f8aed7 reported cstate change: config changed from index -1 to 2, NON_VOTER 942fdb9d4cb54006a7de6c3a1be7cbb5 (127.0.107.196) added. New cstate: current_term: 1 leader_uuid: "9ab141aa0d0b4db590be86c1489129fb" committed_config { opid_index: 2 OBSOLETE_local: false peers { permanent_uuid: "857ea695cc5843fb9a99ba0176f8aed7" member_type: VOTER last_known_addr { host: "127.0.107.193" port: 39427 } } peers { permanent_uuid: "7ebb6f8ee3a44f2d8dcd0c3a298c7a0c" member_type: VOTER last_known_addr { host: "127.0.107.194" port: 40739 } attrs { replace: true } } peers { permanent_uuid: "9ab141aa0d0b4db590be86c1489129fb" member_type: VOTER last_known_addr { host: "127.0.107.195" port: 39727 } } peers { permanent_uuid: "942fdb9d4cb54006a7de6c3a1be7cbb5" member_type: NON_VOTER last_known_addr { host: "127.0.107.196" port: 45939 } attrs { promote: true } } }
I20260713 08:59:12.567799  2111 ts_tablet_manager.cc:933] T a5f5457f9dbe4fc8ae6217b0c1dc970a P 942fdb9d4cb54006a7de6c3a1be7cbb5: Initiating tablet copy from peer 7ebb6f8ee3a44f2d8dcd0c3a298c7a0c (127.0.107.194:40739)
I20260713 08:59:12.569236  2111 tablet_copy_client.cc:323] T a5f5457f9dbe4fc8ae6217b0c1dc970a P 942fdb9d4cb54006a7de6c3a1be7cbb5: tablet copy: Beginning tablet copy session from remote peer at address 127.0.107.194:40739
I20260713 08:59:12.570806  1650 tablet_copy_service.cc:140] P 7ebb6f8ee3a44f2d8dcd0c3a298c7a0c: Received BeginTabletCopySession request for tablet a5f5457f9dbe4fc8ae6217b0c1dc970a from peer 942fdb9d4cb54006a7de6c3a1be7cbb5 ({username='slave'} at 127.0.0.1:39114)
I20260713 08:59:12.571229  1650 tablet_copy_service.cc:161] P 7ebb6f8ee3a44f2d8dcd0c3a298c7a0c: Beginning new tablet copy session on tablet a5f5457f9dbe4fc8ae6217b0c1dc970a from peer 942fdb9d4cb54006a7de6c3a1be7cbb5 at {username='slave'} at 127.0.0.1:39114: session id = 942fdb9d4cb54006a7de6c3a1be7cbb5-a5f5457f9dbe4fc8ae6217b0c1dc970a
I20260713 08:59:12.576117  1650 tablet_copy_source_session.cc:215] T a5f5457f9dbe4fc8ae6217b0c1dc970a P 7ebb6f8ee3a44f2d8dcd0c3a298c7a0c: Tablet Copy: opened 0 blocks and 1 log segments
I20260713 08:59:12.578504  2111 data_dirs.cc:400] Could only allocate 1 dirs of requested 3 for tablet a5f5457f9dbe4fc8ae6217b0c1dc970a. 1 dirs total, 0 dirs full, 0 dirs failed
I20260713 08:59:12.588203  2111 tablet_copy_client.cc:806] T a5f5457f9dbe4fc8ae6217b0c1dc970a P 942fdb9d4cb54006a7de6c3a1be7cbb5: tablet copy: Starting download of 0 data blocks...
I20260713 08:59:12.588734  2111 tablet_copy_client.cc:670] T a5f5457f9dbe4fc8ae6217b0c1dc970a P 942fdb9d4cb54006a7de6c3a1be7cbb5: tablet copy: Starting download of 1 WAL segments...
I20260713 08:59:12.592253  2111 tablet_copy_client.cc:538] T a5f5457f9dbe4fc8ae6217b0c1dc970a P 942fdb9d4cb54006a7de6c3a1be7cbb5: tablet copy: Tablet Copy complete. Replacing tablet superblock.
I20260713 08:59:12.599668  2111 tablet_bootstrap.cc:492] T a5f5457f9dbe4fc8ae6217b0c1dc970a P 942fdb9d4cb54006a7de6c3a1be7cbb5: Bootstrap starting.
I20260713 08:59:12.614151  2111 tablet_bootstrap.cc:492] T a5f5457f9dbe4fc8ae6217b0c1dc970a P 942fdb9d4cb54006a7de6c3a1be7cbb5: Bootstrap replayed 1/1 log segments. Stats: ops{read=2 overwritten=0 applied=2 ignored=0} inserts{seen=0 ignored=0} mutations{seen=0 ignored=0} orphaned_commits=0. Pending: 0 replicates
I20260713 08:59:12.614737  2111 tablet_bootstrap.cc:492] T a5f5457f9dbe4fc8ae6217b0c1dc970a P 942fdb9d4cb54006a7de6c3a1be7cbb5: Bootstrap complete.
I20260713 08:59:12.615190  2111 ts_tablet_manager.cc:1403] T a5f5457f9dbe4fc8ae6217b0c1dc970a P 942fdb9d4cb54006a7de6c3a1be7cbb5: Time spent bootstrapping tablet: real 0.016s	user 0.011s	sys 0.000s
I20260713 08:59:12.617460  2111 raft_consensus.cc:359] T a5f5457f9dbe4fc8ae6217b0c1dc970a P 942fdb9d4cb54006a7de6c3a1be7cbb5 [term 1 LEARNER]: Replica starting. Triggering 0 pending ops. Active config: opid_index: 2 OBSOLETE_local: false peers { permanent_uuid: "857ea695cc5843fb9a99ba0176f8aed7" member_type: VOTER last_known_addr { host: "127.0.107.193" port: 39427 } } peers { permanent_uuid: "7ebb6f8ee3a44f2d8dcd0c3a298c7a0c" member_type: VOTER last_known_addr { host: "127.0.107.194" port: 40739 } } peers { permanent_uuid: "9ab141aa0d0b4db590be86c1489129fb" member_type: VOTER last_known_addr { host: "127.0.107.195" port: 39727 } attrs { replace: true } } peers { permanent_uuid: "942fdb9d4cb54006a7de6c3a1be7cbb5" member_type: NON_VOTER last_known_addr { host: "127.0.107.196" port: 45939 } attrs { promote: true } }
I20260713 08:59:12.619343  2111 raft_consensus.cc:740] T a5f5457f9dbe4fc8ae6217b0c1dc970a P 942fdb9d4cb54006a7de6c3a1be7cbb5 [term 1 LEARNER]: Becoming Follower/Learner. State: Replica: 942fdb9d4cb54006a7de6c3a1be7cbb5, State: Initialized, Role: LEARNER
I20260713 08:59:12.619997  2111 consensus_queue.cc:260] T a5f5457f9dbe4fc8ae6217b0c1dc970a P 942fdb9d4cb54006a7de6c3a1be7cbb5 [NON_LEADER]: Queue going to NON_LEADER mode. State: All replicated index: 0, Majority replicated index: 0, Committed index: 2, Last appended: 1.2, Last appended by leader: 2, Current term: 0, Majority size: -1, State: 0, Mode: NON_LEADER, active raft config: opid_index: 2 OBSOLETE_local: false peers { permanent_uuid: "857ea695cc5843fb9a99ba0176f8aed7" member_type: VOTER last_known_addr { host: "127.0.107.193" port: 39427 } } peers { permanent_uuid: "7ebb6f8ee3a44f2d8dcd0c3a298c7a0c" member_type: VOTER last_known_addr { host: "127.0.107.194" port: 40739 } } peers { permanent_uuid: "9ab141aa0d0b4db590be86c1489129fb" member_type: VOTER last_known_addr { host: "127.0.107.195" port: 39727 } attrs { replace: true } } peers { permanent_uuid: "942fdb9d4cb54006a7de6c3a1be7cbb5" member_type: NON_VOTER last_known_addr { host: "127.0.107.196" port: 45939 } attrs { promote: true } }
I20260713 08:59:12.623139  2114 ts_tablet_manager.cc:933] T 19b345197bce4d2c8bb3ea5f8294b04a P 942fdb9d4cb54006a7de6c3a1be7cbb5: Initiating tablet copy from peer 7ebb6f8ee3a44f2d8dcd0c3a298c7a0c (127.0.107.194:40739)
I20260713 08:59:12.624454  2111 ts_tablet_manager.cc:1434] T a5f5457f9dbe4fc8ae6217b0c1dc970a P 942fdb9d4cb54006a7de6c3a1be7cbb5: Time spent starting tablet: real 0.009s	user 0.011s	sys 0.000s
I20260713 08:59:12.625973  1650 tablet_copy_service.cc:342] P 7ebb6f8ee3a44f2d8dcd0c3a298c7a0c: Request end of tablet copy session 942fdb9d4cb54006a7de6c3a1be7cbb5-a5f5457f9dbe4fc8ae6217b0c1dc970a received from {username='slave'} at 127.0.0.1:39114
I20260713 08:59:12.626441  1650 tablet_copy_service.cc:434] P 7ebb6f8ee3a44f2d8dcd0c3a298c7a0c: ending tablet copy session 942fdb9d4cb54006a7de6c3a1be7cbb5-a5f5457f9dbe4fc8ae6217b0c1dc970a on tablet a5f5457f9dbe4fc8ae6217b0c1dc970a with peer 942fdb9d4cb54006a7de6c3a1be7cbb5
I20260713 08:59:12.626893  2114 tablet_copy_client.cc:323] T 19b345197bce4d2c8bb3ea5f8294b04a P 942fdb9d4cb54006a7de6c3a1be7cbb5: tablet copy: Beginning tablet copy session from remote peer at address 127.0.107.194:40739
I20260713 08:59:12.628566  1650 tablet_copy_service.cc:140] P 7ebb6f8ee3a44f2d8dcd0c3a298c7a0c: Received BeginTabletCopySession request for tablet 19b345197bce4d2c8bb3ea5f8294b04a from peer 942fdb9d4cb54006a7de6c3a1be7cbb5 ({username='slave'} at 127.0.0.1:39114)
I20260713 08:59:12.628991  1650 tablet_copy_service.cc:161] P 7ebb6f8ee3a44f2d8dcd0c3a298c7a0c: Beginning new tablet copy session on tablet 19b345197bce4d2c8bb3ea5f8294b04a from peer 942fdb9d4cb54006a7de6c3a1be7cbb5 at {username='slave'} at 127.0.0.1:39114: session id = 942fdb9d4cb54006a7de6c3a1be7cbb5-19b345197bce4d2c8bb3ea5f8294b04a
I20260713 08:59:12.634968  1650 tablet_copy_source_session.cc:215] T 19b345197bce4d2c8bb3ea5f8294b04a P 7ebb6f8ee3a44f2d8dcd0c3a298c7a0c: Tablet Copy: opened 0 blocks and 1 log segments
I20260713 08:59:12.637583  2114 data_dirs.cc:400] Could only allocate 1 dirs of requested 3 for tablet 19b345197bce4d2c8bb3ea5f8294b04a. 1 dirs total, 0 dirs full, 0 dirs failed
I20260713 08:59:12.651897  2114 tablet_copy_client.cc:806] T 19b345197bce4d2c8bb3ea5f8294b04a P 942fdb9d4cb54006a7de6c3a1be7cbb5: tablet copy: Starting download of 0 data blocks...
I20260713 08:59:12.652395  2114 tablet_copy_client.cc:670] T 19b345197bce4d2c8bb3ea5f8294b04a P 942fdb9d4cb54006a7de6c3a1be7cbb5: tablet copy: Starting download of 1 WAL segments...
I20260713 08:59:12.655790  2114 tablet_copy_client.cc:538] T 19b345197bce4d2c8bb3ea5f8294b04a P 942fdb9d4cb54006a7de6c3a1be7cbb5: tablet copy: Tablet Copy complete. Replacing tablet superblock.
I20260713 08:59:12.661861  2114 tablet_bootstrap.cc:492] T 19b345197bce4d2c8bb3ea5f8294b04a P 942fdb9d4cb54006a7de6c3a1be7cbb5: Bootstrap starting.
I20260713 08:59:12.676543  2114 tablet_bootstrap.cc:492] T 19b345197bce4d2c8bb3ea5f8294b04a P 942fdb9d4cb54006a7de6c3a1be7cbb5: Bootstrap replayed 1/1 log segments. Stats: ops{read=2 overwritten=0 applied=2 ignored=0} inserts{seen=0 ignored=0} mutations{seen=0 ignored=0} orphaned_commits=0. Pending: 0 replicates
I20260713 08:59:12.677160  2114 tablet_bootstrap.cc:492] T 19b345197bce4d2c8bb3ea5f8294b04a P 942fdb9d4cb54006a7de6c3a1be7cbb5: Bootstrap complete.
I20260713 08:59:12.677585  2114 ts_tablet_manager.cc:1403] T 19b345197bce4d2c8bb3ea5f8294b04a P 942fdb9d4cb54006a7de6c3a1be7cbb5: Time spent bootstrapping tablet: real 0.016s	user 0.015s	sys 0.000s
I20260713 08:59:12.679564  2114 raft_consensus.cc:359] T 19b345197bce4d2c8bb3ea5f8294b04a P 942fdb9d4cb54006a7de6c3a1be7cbb5 [term 1 LEARNER]: Replica starting. Triggering 0 pending ops. Active config: opid_index: 2 OBSOLETE_local: false peers { permanent_uuid: "857ea695cc5843fb9a99ba0176f8aed7" member_type: VOTER last_known_addr { host: "127.0.107.193" port: 39427 } attrs { replace: true } } peers { permanent_uuid: "7ebb6f8ee3a44f2d8dcd0c3a298c7a0c" member_type: VOTER last_known_addr { host: "127.0.107.194" port: 40739 } } peers { permanent_uuid: "9ab141aa0d0b4db590be86c1489129fb" member_type: VOTER last_known_addr { host: "127.0.107.195" port: 39727 } } peers { permanent_uuid: "942fdb9d4cb54006a7de6c3a1be7cbb5" member_type: NON_VOTER last_known_addr { host: "127.0.107.196" port: 45939 } attrs { promote: true } }
I20260713 08:59:12.680075  2114 raft_consensus.cc:740] T 19b345197bce4d2c8bb3ea5f8294b04a P 942fdb9d4cb54006a7de6c3a1be7cbb5 [term 1 LEARNER]: Becoming Follower/Learner. State: Replica: 942fdb9d4cb54006a7de6c3a1be7cbb5, State: Initialized, Role: LEARNER
I20260713 08:59:12.680512  2114 consensus_queue.cc:260] T 19b345197bce4d2c8bb3ea5f8294b04a P 942fdb9d4cb54006a7de6c3a1be7cbb5 [NON_LEADER]: Queue going to NON_LEADER mode. State: All replicated index: 0, Majority replicated index: 0, Committed index: 2, Last appended: 1.2, Last appended by leader: 2, Current term: 0, Majority size: -1, State: 0, Mode: NON_LEADER, active raft config: opid_index: 2 OBSOLETE_local: false peers { permanent_uuid: "857ea695cc5843fb9a99ba0176f8aed7" member_type: VOTER last_known_addr { host: "127.0.107.193" port: 39427 } attrs { replace: true } } peers { permanent_uuid: "7ebb6f8ee3a44f2d8dcd0c3a298c7a0c" member_type: VOTER last_known_addr { host: "127.0.107.194" port: 40739 } } peers { permanent_uuid: "9ab141aa0d0b4db590be86c1489129fb" member_type: VOTER last_known_addr { host: "127.0.107.195" port: 39727 } } peers { permanent_uuid: "942fdb9d4cb54006a7de6c3a1be7cbb5" member_type: NON_VOTER last_known_addr { host: "127.0.107.196" port: 45939 } attrs { promote: true } }
I20260713 08:59:12.682366  2114 ts_tablet_manager.cc:1434] T 19b345197bce4d2c8bb3ea5f8294b04a P 942fdb9d4cb54006a7de6c3a1be7cbb5: Time spent starting tablet: real 0.005s	user 0.004s	sys 0.000s
I20260713 08:59:12.683887  1650 tablet_copy_service.cc:342] P 7ebb6f8ee3a44f2d8dcd0c3a298c7a0c: Request end of tablet copy session 942fdb9d4cb54006a7de6c3a1be7cbb5-19b345197bce4d2c8bb3ea5f8294b04a received from {username='slave'} at 127.0.0.1:39114
I20260713 08:59:12.684314  1650 tablet_copy_service.cc:434] P 7ebb6f8ee3a44f2d8dcd0c3a298c7a0c: ending tablet copy session 942fdb9d4cb54006a7de6c3a1be7cbb5-19b345197bce4d2c8bb3ea5f8294b04a on tablet 19b345197bce4d2c8bb3ea5f8294b04a with peer 942fdb9d4cb54006a7de6c3a1be7cbb5
I20260713 08:59:12.686329  2111 ts_tablet_manager.cc:933] T 7997dffb11fb4900b45833ceb688c57d P 942fdb9d4cb54006a7de6c3a1be7cbb5: Initiating tablet copy from peer 857ea695cc5843fb9a99ba0176f8aed7 (127.0.107.193:39427)
I20260713 08:59:12.687736  2111 tablet_copy_client.cc:323] T 7997dffb11fb4900b45833ceb688c57d P 942fdb9d4cb54006a7de6c3a1be7cbb5: tablet copy: Beginning tablet copy session from remote peer at address 127.0.107.193:39427
I20260713 08:59:12.699119  1575 tablet_copy_service.cc:140] P 857ea695cc5843fb9a99ba0176f8aed7: Received BeginTabletCopySession request for tablet 7997dffb11fb4900b45833ceb688c57d from peer 942fdb9d4cb54006a7de6c3a1be7cbb5 ({username='slave'} at 127.0.0.1:37628)
I20260713 08:59:12.699658  1575 tablet_copy_service.cc:161] P 857ea695cc5843fb9a99ba0176f8aed7: Beginning new tablet copy session on tablet 7997dffb11fb4900b45833ceb688c57d from peer 942fdb9d4cb54006a7de6c3a1be7cbb5 at {username='slave'} at 127.0.0.1:37628: session id = 942fdb9d4cb54006a7de6c3a1be7cbb5-7997dffb11fb4900b45833ceb688c57d
I20260713 08:59:12.706799  1575 tablet_copy_source_session.cc:215] T 7997dffb11fb4900b45833ceb688c57d P 857ea695cc5843fb9a99ba0176f8aed7: Tablet Copy: opened 0 blocks and 1 log segments
I20260713 08:59:12.709203  2111 data_dirs.cc:400] Could only allocate 1 dirs of requested 3 for tablet 7997dffb11fb4900b45833ceb688c57d. 1 dirs total, 0 dirs full, 0 dirs failed
I20260713 08:59:12.719501  2111 tablet_copy_client.cc:806] T 7997dffb11fb4900b45833ceb688c57d P 942fdb9d4cb54006a7de6c3a1be7cbb5: tablet copy: Starting download of 0 data blocks...
I20260713 08:59:12.720011  2111 tablet_copy_client.cc:670] T 7997dffb11fb4900b45833ceb688c57d P 942fdb9d4cb54006a7de6c3a1be7cbb5: tablet copy: Starting download of 1 WAL segments...
I20260713 08:59:12.722769  2111 tablet_copy_client.cc:538] T 7997dffb11fb4900b45833ceb688c57d P 942fdb9d4cb54006a7de6c3a1be7cbb5: tablet copy: Tablet Copy complete. Replacing tablet superblock.
I20260713 08:59:12.728312  2111 tablet_bootstrap.cc:492] T 7997dffb11fb4900b45833ceb688c57d P 942fdb9d4cb54006a7de6c3a1be7cbb5: Bootstrap starting.
I20260713 08:59:12.744733  2114 ts_tablet_manager.cc:933] T fa15ba3ba1cf47b48fe96718841b2046 P 942fdb9d4cb54006a7de6c3a1be7cbb5: Initiating tablet copy from peer 9ab141aa0d0b4db590be86c1489129fb (127.0.107.195:39727)
I20260713 08:59:12.746531  2114 tablet_copy_client.cc:323] T fa15ba3ba1cf47b48fe96718841b2046 P 942fdb9d4cb54006a7de6c3a1be7cbb5: tablet copy: Beginning tablet copy session from remote peer at address 127.0.107.195:39727
I20260713 08:59:12.748471  1724 tablet_copy_service.cc:140] P 9ab141aa0d0b4db590be86c1489129fb: Received BeginTabletCopySession request for tablet fa15ba3ba1cf47b48fe96718841b2046 from peer 942fdb9d4cb54006a7de6c3a1be7cbb5 ({username='slave'} at 127.0.0.1:39686)
I20260713 08:59:12.748966  1724 tablet_copy_service.cc:161] P 9ab141aa0d0b4db590be86c1489129fb: Beginning new tablet copy session on tablet fa15ba3ba1cf47b48fe96718841b2046 from peer 942fdb9d4cb54006a7de6c3a1be7cbb5 at {username='slave'} at 127.0.0.1:39686: session id = 942fdb9d4cb54006a7de6c3a1be7cbb5-fa15ba3ba1cf47b48fe96718841b2046
I20260713 08:59:12.750584  2111 tablet_bootstrap.cc:492] T 7997dffb11fb4900b45833ceb688c57d P 942fdb9d4cb54006a7de6c3a1be7cbb5: Bootstrap replayed 1/1 log segments. Stats: ops{read=2 overwritten=0 applied=2 ignored=0} inserts{seen=0 ignored=0} mutations{seen=0 ignored=0} orphaned_commits=0. Pending: 0 replicates
I20260713 08:59:12.751367  2111 tablet_bootstrap.cc:492] T 7997dffb11fb4900b45833ceb688c57d P 942fdb9d4cb54006a7de6c3a1be7cbb5: Bootstrap complete.
I20260713 08:59:12.751992  2111 ts_tablet_manager.cc:1403] T 7997dffb11fb4900b45833ceb688c57d P 942fdb9d4cb54006a7de6c3a1be7cbb5: Time spent bootstrapping tablet: real 0.024s	user 0.020s	sys 0.004s
I20260713 08:59:12.754613  2111 raft_consensus.cc:359] T 7997dffb11fb4900b45833ceb688c57d P 942fdb9d4cb54006a7de6c3a1be7cbb5 [term 1 LEARNER]: Replica starting. Triggering 0 pending ops. Active config: opid_index: 2 OBSOLETE_local: false peers { permanent_uuid: "857ea695cc5843fb9a99ba0176f8aed7" member_type: VOTER last_known_addr { host: "127.0.107.193" port: 39427 } } peers { permanent_uuid: "7ebb6f8ee3a44f2d8dcd0c3a298c7a0c" member_type: VOTER last_known_addr { host: "127.0.107.194" port: 40739 } } peers { permanent_uuid: "9ab141aa0d0b4db590be86c1489129fb" member_type: VOTER last_known_addr { host: "127.0.107.195" port: 39727 } attrs { replace: true } } peers { permanent_uuid: "942fdb9d4cb54006a7de6c3a1be7cbb5" member_type: NON_VOTER last_known_addr { host: "127.0.107.196" port: 45939 } attrs { promote: true } }
I20260713 08:59:12.755529  2111 raft_consensus.cc:740] T 7997dffb11fb4900b45833ceb688c57d P 942fdb9d4cb54006a7de6c3a1be7cbb5 [term 1 LEARNER]: Becoming Follower/Learner. State: Replica: 942fdb9d4cb54006a7de6c3a1be7cbb5, State: Initialized, Role: LEARNER
I20260713 08:59:12.756230  1724 tablet_copy_source_session.cc:215] T fa15ba3ba1cf47b48fe96718841b2046 P 9ab141aa0d0b4db590be86c1489129fb: Tablet Copy: opened 0 blocks and 1 log segments
I20260713 08:59:12.756146  2111 consensus_queue.cc:260] T 7997dffb11fb4900b45833ceb688c57d P 942fdb9d4cb54006a7de6c3a1be7cbb5 [NON_LEADER]: Queue going to NON_LEADER mode. State: All replicated index: 0, Majority replicated index: 0, Committed index: 2, Last appended: 1.2, Last appended by leader: 2, Current term: 0, Majority size: -1, State: 0, Mode: NON_LEADER, active raft config: opid_index: 2 OBSOLETE_local: false peers { permanent_uuid: "857ea695cc5843fb9a99ba0176f8aed7" member_type: VOTER last_known_addr { host: "127.0.107.193" port: 39427 } } peers { permanent_uuid: "7ebb6f8ee3a44f2d8dcd0c3a298c7a0c" member_type: VOTER last_known_addr { host: "127.0.107.194" port: 40739 } } peers { permanent_uuid: "9ab141aa0d0b4db590be86c1489129fb" member_type: VOTER last_known_addr { host: "127.0.107.195" port: 39727 } attrs { replace: true } } peers { permanent_uuid: "942fdb9d4cb54006a7de6c3a1be7cbb5" member_type: NON_VOTER last_known_addr { host: "127.0.107.196" port: 45939 } attrs { promote: true } }
I20260713 08:59:12.758599  2111 ts_tablet_manager.cc:1434] T 7997dffb11fb4900b45833ceb688c57d P 942fdb9d4cb54006a7de6c3a1be7cbb5: Time spent starting tablet: real 0.006s	user 0.005s	sys 0.000s
I20260713 08:59:12.760149  1575 tablet_copy_service.cc:342] P 857ea695cc5843fb9a99ba0176f8aed7: Request end of tablet copy session 942fdb9d4cb54006a7de6c3a1be7cbb5-7997dffb11fb4900b45833ceb688c57d received from {username='slave'} at 127.0.0.1:37628
I20260713 08:59:12.760525  1575 tablet_copy_service.cc:434] P 857ea695cc5843fb9a99ba0176f8aed7: ending tablet copy session 942fdb9d4cb54006a7de6c3a1be7cbb5-7997dffb11fb4900b45833ceb688c57d on tablet 7997dffb11fb4900b45833ceb688c57d with peer 942fdb9d4cb54006a7de6c3a1be7cbb5
I20260713 08:59:12.764222  2114 data_dirs.cc:400] Could only allocate 1 dirs of requested 3 for tablet fa15ba3ba1cf47b48fe96718841b2046. 1 dirs total, 0 dirs full, 0 dirs failed
I20260713 08:59:12.779635  2114 tablet_copy_client.cc:806] T fa15ba3ba1cf47b48fe96718841b2046 P 942fdb9d4cb54006a7de6c3a1be7cbb5: tablet copy: Starting download of 0 data blocks...
I20260713 08:59:12.780157  2114 tablet_copy_client.cc:670] T fa15ba3ba1cf47b48fe96718841b2046 P 942fdb9d4cb54006a7de6c3a1be7cbb5: tablet copy: Starting download of 1 WAL segments...
I20260713 08:59:12.783258  2114 tablet_copy_client.cc:538] T fa15ba3ba1cf47b48fe96718841b2046 P 942fdb9d4cb54006a7de6c3a1be7cbb5: tablet copy: Tablet Copy complete. Replacing tablet superblock.
I20260713 08:59:12.790439  2114 tablet_bootstrap.cc:492] T fa15ba3ba1cf47b48fe96718841b2046 P 942fdb9d4cb54006a7de6c3a1be7cbb5: Bootstrap starting.
I20260713 08:59:12.803373  2114 tablet_bootstrap.cc:492] T fa15ba3ba1cf47b48fe96718841b2046 P 942fdb9d4cb54006a7de6c3a1be7cbb5: Bootstrap replayed 1/1 log segments. Stats: ops{read=2 overwritten=0 applied=2 ignored=0} inserts{seen=0 ignored=0} mutations{seen=0 ignored=0} orphaned_commits=0. Pending: 0 replicates
I20260713 08:59:12.803999  2114 tablet_bootstrap.cc:492] T fa15ba3ba1cf47b48fe96718841b2046 P 942fdb9d4cb54006a7de6c3a1be7cbb5: Bootstrap complete.
I20260713 08:59:12.804425  2114 ts_tablet_manager.cc:1403] T fa15ba3ba1cf47b48fe96718841b2046 P 942fdb9d4cb54006a7de6c3a1be7cbb5: Time spent bootstrapping tablet: real 0.014s	user 0.016s	sys 0.000s
I20260713 08:59:12.806372  2114 raft_consensus.cc:359] T fa15ba3ba1cf47b48fe96718841b2046 P 942fdb9d4cb54006a7de6c3a1be7cbb5 [term 1 LEARNER]: Replica starting. Triggering 0 pending ops. Active config: opid_index: 2 OBSOLETE_local: false peers { permanent_uuid: "857ea695cc5843fb9a99ba0176f8aed7" member_type: VOTER last_known_addr { host: "127.0.107.193" port: 39427 } } peers { permanent_uuid: "7ebb6f8ee3a44f2d8dcd0c3a298c7a0c" member_type: VOTER last_known_addr { host: "127.0.107.194" port: 40739 } attrs { replace: true } } peers { permanent_uuid: "9ab141aa0d0b4db590be86c1489129fb" member_type: VOTER last_known_addr { host: "127.0.107.195" port: 39727 } } peers { permanent_uuid: "942fdb9d4cb54006a7de6c3a1be7cbb5" member_type: NON_VOTER last_known_addr { host: "127.0.107.196" port: 45939 } attrs { promote: true } }
I20260713 08:59:12.806902  2114 raft_consensus.cc:740] T fa15ba3ba1cf47b48fe96718841b2046 P 942fdb9d4cb54006a7de6c3a1be7cbb5 [term 1 LEARNER]: Becoming Follower/Learner. State: Replica: 942fdb9d4cb54006a7de6c3a1be7cbb5, State: Initialized, Role: LEARNER
I20260713 08:59:12.807322  2114 consensus_queue.cc:260] T fa15ba3ba1cf47b48fe96718841b2046 P 942fdb9d4cb54006a7de6c3a1be7cbb5 [NON_LEADER]: Queue going to NON_LEADER mode. State: All replicated index: 0, Majority replicated index: 0, Committed index: 2, Last appended: 1.2, Last appended by leader: 2, Current term: 0, Majority size: -1, State: 0, Mode: NON_LEADER, active raft config: opid_index: 2 OBSOLETE_local: false peers { permanent_uuid: "857ea695cc5843fb9a99ba0176f8aed7" member_type: VOTER last_known_addr { host: "127.0.107.193" port: 39427 } } peers { permanent_uuid: "7ebb6f8ee3a44f2d8dcd0c3a298c7a0c" member_type: VOTER last_known_addr { host: "127.0.107.194" port: 40739 } attrs { replace: true } } peers { permanent_uuid: "9ab141aa0d0b4db590be86c1489129fb" member_type: VOTER last_known_addr { host: "127.0.107.195" port: 39727 } } peers { permanent_uuid: "942fdb9d4cb54006a7de6c3a1be7cbb5" member_type: NON_VOTER last_known_addr { host: "127.0.107.196" port: 45939 } attrs { promote: true } }
I20260713 08:59:12.808871  2114 ts_tablet_manager.cc:1434] T fa15ba3ba1cf47b48fe96718841b2046 P 942fdb9d4cb54006a7de6c3a1be7cbb5: Time spent starting tablet: real 0.004s	user 0.000s	sys 0.004s
I20260713 08:59:12.810490  1724 tablet_copy_service.cc:342] P 9ab141aa0d0b4db590be86c1489129fb: Request end of tablet copy session 942fdb9d4cb54006a7de6c3a1be7cbb5-fa15ba3ba1cf47b48fe96718841b2046 received from {username='slave'} at 127.0.0.1:39686
I20260713 08:59:12.810895  1724 tablet_copy_service.cc:434] P 9ab141aa0d0b4db590be86c1489129fb: ending tablet copy session 942fdb9d4cb54006a7de6c3a1be7cbb5-fa15ba3ba1cf47b48fe96718841b2046 on tablet fa15ba3ba1cf47b48fe96718841b2046 with peer 942fdb9d4cb54006a7de6c3a1be7cbb5
I20260713 08:59:13.054236  1978 raft_consensus.cc:1217] T 19b345197bce4d2c8bb3ea5f8294b04a P 942fdb9d4cb54006a7de6c3a1be7cbb5 [term 1 LEARNER]: Deduplicated request from leader. Original: 1.1->[1.2-1.2]   Dedup: 1.2->[]
I20260713 08:59:13.060048  1978 raft_consensus.cc:1217] T a5f5457f9dbe4fc8ae6217b0c1dc970a P 942fdb9d4cb54006a7de6c3a1be7cbb5 [term 1 LEARNER]: Deduplicated request from leader. Original: 1.1->[1.2-1.2]   Dedup: 1.2->[]
I20260713 08:59:13.120563  1978 raft_consensus.cc:1217] T 7997dffb11fb4900b45833ceb688c57d P 942fdb9d4cb54006a7de6c3a1be7cbb5 [term 1 LEARNER]: Deduplicated request from leader. Original: 1.1->[1.2-1.2]   Dedup: 1.2->[]
I20260713 08:59:13.315146  1978 raft_consensus.cc:1217] T fa15ba3ba1cf47b48fe96718841b2046 P 942fdb9d4cb54006a7de6c3a1be7cbb5 [term 1 LEARNER]: Deduplicated request from leader. Original: 1.1->[1.2-1.2]   Dedup: 1.2->[]
I20260713 08:59:13.447721  2123 raft_consensus.cc:1064] T a5f5457f9dbe4fc8ae6217b0c1dc970a P 7ebb6f8ee3a44f2d8dcd0c3a298c7a0c: attempting to promote NON_VOTER 942fdb9d4cb54006a7de6c3a1be7cbb5 to VOTER
I20260713 08:59:13.450040  2123 consensus_queue.cc:237] T a5f5457f9dbe4fc8ae6217b0c1dc970a P 7ebb6f8ee3a44f2d8dcd0c3a298c7a0c [LEADER]: Queue going to LEADER mode. State: All replicated index: 0, Majority replicated index: 2, Committed index: 2, Last appended: 1.2, Last appended by leader: 0, Current term: 1, Majority size: 3, State: 0, Mode: LEADER, active raft config: opid_index: 3 OBSOLETE_local: false peers { permanent_uuid: "857ea695cc5843fb9a99ba0176f8aed7" member_type: VOTER last_known_addr { host: "127.0.107.193" port: 39427 } } peers { permanent_uuid: "7ebb6f8ee3a44f2d8dcd0c3a298c7a0c" member_type: VOTER last_known_addr { host: "127.0.107.194" port: 40739 } } peers { permanent_uuid: "9ab141aa0d0b4db590be86c1489129fb" member_type: VOTER last_known_addr { host: "127.0.107.195" port: 39727 } attrs { replace: true } } peers { permanent_uuid: "942fdb9d4cb54006a7de6c3a1be7cbb5" member_type: VOTER last_known_addr { host: "127.0.107.196" port: 45939 } attrs { promote: false } }
I20260713 08:59:13.455973  1978 raft_consensus.cc:1275] T a5f5457f9dbe4fc8ae6217b0c1dc970a P 942fdb9d4cb54006a7de6c3a1be7cbb5 [term 1 LEARNER]: Refusing update from remote peer 7ebb6f8ee3a44f2d8dcd0c3a298c7a0c: Log matching property violated. Preceding OpId in replica: term: 1 index: 2. Preceding OpId from leader: term: 1 index: 3. (index mismatch)
I20260713 08:59:13.456933  1564 raft_consensus.cc:1275] T a5f5457f9dbe4fc8ae6217b0c1dc970a P 857ea695cc5843fb9a99ba0176f8aed7 [term 1 FOLLOWER]: Refusing update from remote peer 7ebb6f8ee3a44f2d8dcd0c3a298c7a0c: Log matching property violated. Preceding OpId in replica: term: 1 index: 2. Preceding OpId from leader: term: 1 index: 3. (index mismatch)
I20260713 08:59:13.458149  2084 consensus_queue.cc:1048] T a5f5457f9dbe4fc8ae6217b0c1dc970a P 7ebb6f8ee3a44f2d8dcd0c3a298c7a0c [LEADER]: Connected to new peer: Peer: permanent_uuid: "942fdb9d4cb54006a7de6c3a1be7cbb5" member_type: VOTER last_known_addr { host: "127.0.107.196" port: 45939 } attrs { promote: false }, Status: LMP_MISMATCH, Last received: 0.0, Next index: 3, Last known committed idx: 2, Time since last communication: 0.000s
I20260713 08:59:13.455991  1711 raft_consensus.cc:1275] T a5f5457f9dbe4fc8ae6217b0c1dc970a P 9ab141aa0d0b4db590be86c1489129fb [term 1 FOLLOWER]: Refusing update from remote peer 7ebb6f8ee3a44f2d8dcd0c3a298c7a0c: Log matching property violated. Preceding OpId in replica: term: 1 index: 2. Preceding OpId from leader: term: 1 index: 3. (index mismatch)
I20260713 08:59:13.459913  2084 consensus_queue.cc:1048] T a5f5457f9dbe4fc8ae6217b0c1dc970a P 7ebb6f8ee3a44f2d8dcd0c3a298c7a0c [LEADER]: Connected to new peer: Peer: permanent_uuid: "857ea695cc5843fb9a99ba0176f8aed7" member_type: VOTER last_known_addr { host: "127.0.107.193" port: 39427 }, Status: LMP_MISMATCH, Last received: 0.0, Next index: 3, Last known committed idx: 2, Time since last communication: 0.000s
I20260713 08:59:13.460714  2083 consensus_queue.cc:1048] T a5f5457f9dbe4fc8ae6217b0c1dc970a P 7ebb6f8ee3a44f2d8dcd0c3a298c7a0c [LEADER]: Connected to new peer: Peer: permanent_uuid: "9ab141aa0d0b4db590be86c1489129fb" member_type: VOTER last_known_addr { host: "127.0.107.195" port: 39727 } attrs { replace: true }, Status: LMP_MISMATCH, Last received: 0.0, Next index: 3, Last known committed idx: 2, Time since last communication: 0.000s
I20260713 08:59:13.471207  2123 raft_consensus.cc:2955] T a5f5457f9dbe4fc8ae6217b0c1dc970a P 7ebb6f8ee3a44f2d8dcd0c3a298c7a0c [term 1 LEADER]: Committing config change with OpId 1.3: config changed from index 2 to 3, 942fdb9d4cb54006a7de6c3a1be7cbb5 (127.0.107.196) changed from NON_VOTER to VOTER. New config: { opid_index: 3 OBSOLETE_local: false peers { permanent_uuid: "857ea695cc5843fb9a99ba0176f8aed7" member_type: VOTER last_known_addr { host: "127.0.107.193" port: 39427 } } peers { permanent_uuid: "7ebb6f8ee3a44f2d8dcd0c3a298c7a0c" member_type: VOTER last_known_addr { host: "127.0.107.194" port: 40739 } } peers { permanent_uuid: "9ab141aa0d0b4db590be86c1489129fb" member_type: VOTER last_known_addr { host: "127.0.107.195" port: 39727 } attrs { replace: true } } peers { permanent_uuid: "942fdb9d4cb54006a7de6c3a1be7cbb5" member_type: VOTER last_known_addr { host: "127.0.107.196" port: 45939 } attrs { promote: false } } }
I20260713 08:59:13.473279  1564 raft_consensus.cc:2955] T a5f5457f9dbe4fc8ae6217b0c1dc970a P 857ea695cc5843fb9a99ba0176f8aed7 [term 1 FOLLOWER]: Committing config change with OpId 1.3: config changed from index 2 to 3, 942fdb9d4cb54006a7de6c3a1be7cbb5 (127.0.107.196) changed from NON_VOTER to VOTER. New config: { opid_index: 3 OBSOLETE_local: false peers { permanent_uuid: "857ea695cc5843fb9a99ba0176f8aed7" member_type: VOTER last_known_addr { host: "127.0.107.193" port: 39427 } } peers { permanent_uuid: "7ebb6f8ee3a44f2d8dcd0c3a298c7a0c" member_type: VOTER last_known_addr { host: "127.0.107.194" port: 40739 } } peers { permanent_uuid: "9ab141aa0d0b4db590be86c1489129fb" member_type: VOTER last_known_addr { host: "127.0.107.195" port: 39727 } attrs { replace: true } } peers { permanent_uuid: "942fdb9d4cb54006a7de6c3a1be7cbb5" member_type: VOTER last_known_addr { host: "127.0.107.196" port: 45939 } attrs { promote: false } } }
I20260713 08:59:13.478416  1711 raft_consensus.cc:2955] T a5f5457f9dbe4fc8ae6217b0c1dc970a P 9ab141aa0d0b4db590be86c1489129fb [term 1 FOLLOWER]: Committing config change with OpId 1.3: config changed from index 2 to 3, 942fdb9d4cb54006a7de6c3a1be7cbb5 (127.0.107.196) changed from NON_VOTER to VOTER. New config: { opid_index: 3 OBSOLETE_local: false peers { permanent_uuid: "857ea695cc5843fb9a99ba0176f8aed7" member_type: VOTER last_known_addr { host: "127.0.107.193" port: 39427 } } peers { permanent_uuid: "7ebb6f8ee3a44f2d8dcd0c3a298c7a0c" member_type: VOTER last_known_addr { host: "127.0.107.194" port: 40739 } } peers { permanent_uuid: "9ab141aa0d0b4db590be86c1489129fb" member_type: VOTER last_known_addr { host: "127.0.107.195" port: 39727 } attrs { replace: true } } peers { permanent_uuid: "942fdb9d4cb54006a7de6c3a1be7cbb5" member_type: VOTER last_known_addr { host: "127.0.107.196" port: 45939 } attrs { promote: false } } }
I20260713 08:59:13.480865  1978 raft_consensus.cc:2955] T a5f5457f9dbe4fc8ae6217b0c1dc970a P 942fdb9d4cb54006a7de6c3a1be7cbb5 [term 1 FOLLOWER]: Committing config change with OpId 1.3: config changed from index 2 to 3, 942fdb9d4cb54006a7de6c3a1be7cbb5 (127.0.107.196) changed from NON_VOTER to VOTER. New config: { opid_index: 3 OBSOLETE_local: false peers { permanent_uuid: "857ea695cc5843fb9a99ba0176f8aed7" member_type: VOTER last_known_addr { host: "127.0.107.193" port: 39427 } } peers { permanent_uuid: "7ebb6f8ee3a44f2d8dcd0c3a298c7a0c" member_type: VOTER last_known_addr { host: "127.0.107.194" port: 40739 } } peers { permanent_uuid: "9ab141aa0d0b4db590be86c1489129fb" member_type: VOTER last_known_addr { host: "127.0.107.195" port: 39727 } attrs { replace: true } } peers { permanent_uuid: "942fdb9d4cb54006a7de6c3a1be7cbb5" member_type: VOTER last_known_addr { host: "127.0.107.196" port: 45939 } attrs { promote: false } } }
I20260713 08:59:13.486347  1459 catalog_manager.cc:5697] T a5f5457f9dbe4fc8ae6217b0c1dc970a P 857ea695cc5843fb9a99ba0176f8aed7 reported cstate change: config changed from index 2 to 3, 942fdb9d4cb54006a7de6c3a1be7cbb5 (127.0.107.196) changed from NON_VOTER to VOTER. New cstate: current_term: 1 leader_uuid: "7ebb6f8ee3a44f2d8dcd0c3a298c7a0c" committed_config { opid_index: 3 OBSOLETE_local: false peers { permanent_uuid: "857ea695cc5843fb9a99ba0176f8aed7" member_type: VOTER last_known_addr { host: "127.0.107.193" port: 39427 } } peers { permanent_uuid: "7ebb6f8ee3a44f2d8dcd0c3a298c7a0c" member_type: VOTER last_known_addr { host: "127.0.107.194" port: 40739 } } peers { permanent_uuid: "9ab141aa0d0b4db590be86c1489129fb" member_type: VOTER last_known_addr { host: "127.0.107.195" port: 39727 } attrs { replace: true } } peers { permanent_uuid: "942fdb9d4cb54006a7de6c3a1be7cbb5" member_type: VOTER last_known_addr { host: "127.0.107.196" port: 45939 } attrs { promote: false } } }
I20260713 08:59:13.504413  2124 raft_consensus.cc:1064] T 7997dffb11fb4900b45833ceb688c57d P 857ea695cc5843fb9a99ba0176f8aed7: attempting to promote NON_VOTER 942fdb9d4cb54006a7de6c3a1be7cbb5 to VOTER
I20260713 08:59:13.506680  2124 consensus_queue.cc:237] T 7997dffb11fb4900b45833ceb688c57d P 857ea695cc5843fb9a99ba0176f8aed7 [LEADER]: Queue going to LEADER mode. State: All replicated index: 0, Majority replicated index: 2, Committed index: 2, Last appended: 1.2, Last appended by leader: 0, Current term: 1, Majority size: 3, State: 0, Mode: LEADER, active raft config: opid_index: 3 OBSOLETE_local: false peers { permanent_uuid: "857ea695cc5843fb9a99ba0176f8aed7" member_type: VOTER last_known_addr { host: "127.0.107.193" port: 39427 } } peers { permanent_uuid: "7ebb6f8ee3a44f2d8dcd0c3a298c7a0c" member_type: VOTER last_known_addr { host: "127.0.107.194" port: 40739 } } peers { permanent_uuid: "9ab141aa0d0b4db590be86c1489129fb" member_type: VOTER last_known_addr { host: "127.0.107.195" port: 39727 } attrs { replace: true } } peers { permanent_uuid: "942fdb9d4cb54006a7de6c3a1be7cbb5" member_type: VOTER last_known_addr { host: "127.0.107.196" port: 45939 } attrs { promote: false } }
I20260713 08:59:13.514057  1640 consensus_queue.cc:237] T a5f5457f9dbe4fc8ae6217b0c1dc970a P 7ebb6f8ee3a44f2d8dcd0c3a298c7a0c [LEADER]: Queue going to LEADER mode. State: All replicated index: 0, Majority replicated index: 3, Committed index: 3, Last appended: 1.3, Last appended by leader: 0, Current term: 1, Majority size: 2, State: 0, Mode: LEADER, active raft config: opid_index: 4 OBSOLETE_local: false peers { permanent_uuid: "857ea695cc5843fb9a99ba0176f8aed7" member_type: VOTER last_known_addr { host: "127.0.107.193" port: 39427 } } peers { permanent_uuid: "7ebb6f8ee3a44f2d8dcd0c3a298c7a0c" member_type: VOTER last_known_addr { host: "127.0.107.194" port: 40739 } } peers { permanent_uuid: "942fdb9d4cb54006a7de6c3a1be7cbb5" member_type: VOTER last_known_addr { host: "127.0.107.196" port: 45939 } attrs { promote: false } }
I20260713 08:59:13.523669  1564 raft_consensus.cc:1275] T a5f5457f9dbe4fc8ae6217b0c1dc970a P 857ea695cc5843fb9a99ba0176f8aed7 [term 1 FOLLOWER]: Refusing update from remote peer 7ebb6f8ee3a44f2d8dcd0c3a298c7a0c: Log matching property violated. Preceding OpId in replica: term: 1 index: 3. Preceding OpId from leader: term: 1 index: 4. (index mismatch)
I20260713 08:59:13.525736  1976 raft_consensus.cc:1275] T a5f5457f9dbe4fc8ae6217b0c1dc970a P 942fdb9d4cb54006a7de6c3a1be7cbb5 [term 1 FOLLOWER]: Refusing update from remote peer 7ebb6f8ee3a44f2d8dcd0c3a298c7a0c: Log matching property violated. Preceding OpId in replica: term: 1 index: 3. Preceding OpId from leader: term: 1 index: 4. (index mismatch)
I20260713 08:59:13.526471  2129 consensus_queue.cc:1048] T a5f5457f9dbe4fc8ae6217b0c1dc970a P 7ebb6f8ee3a44f2d8dcd0c3a298c7a0c [LEADER]: Connected to new peer: Peer: permanent_uuid: "857ea695cc5843fb9a99ba0176f8aed7" member_type: VOTER last_known_addr { host: "127.0.107.193" port: 39427 }, Status: LMP_MISMATCH, Last received: 0.0, Next index: 4, Last known committed idx: 3, Time since last communication: 0.000s
I20260713 08:59:13.527199  2123 consensus_queue.cc:1048] T a5f5457f9dbe4fc8ae6217b0c1dc970a P 7ebb6f8ee3a44f2d8dcd0c3a298c7a0c [LEADER]: Connected to new peer: Peer: permanent_uuid: "942fdb9d4cb54006a7de6c3a1be7cbb5" member_type: VOTER last_known_addr { host: "127.0.107.196" port: 45939 } attrs { promote: false }, Status: LMP_MISMATCH, Last received: 0.0, Next index: 4, Last known committed idx: 3, Time since last communication: 0.000s
I20260713 08:59:13.539958  2084 raft_consensus.cc:2955] T a5f5457f9dbe4fc8ae6217b0c1dc970a P 7ebb6f8ee3a44f2d8dcd0c3a298c7a0c [term 1 LEADER]: Committing config change with OpId 1.4: config changed from index 3 to 4, VOTER 9ab141aa0d0b4db590be86c1489129fb (127.0.107.195) evicted. New config: { opid_index: 4 OBSOLETE_local: false peers { permanent_uuid: "857ea695cc5843fb9a99ba0176f8aed7" member_type: VOTER last_known_addr { host: "127.0.107.193" port: 39427 } } peers { permanent_uuid: "7ebb6f8ee3a44f2d8dcd0c3a298c7a0c" member_type: VOTER last_known_addr { host: "127.0.107.194" port: 40739 } } peers { permanent_uuid: "942fdb9d4cb54006a7de6c3a1be7cbb5" member_type: VOTER last_known_addr { host: "127.0.107.196" port: 45939 } attrs { promote: false } } }
I20260713 08:59:13.542780  1976 raft_consensus.cc:1275] T 7997dffb11fb4900b45833ceb688c57d P 942fdb9d4cb54006a7de6c3a1be7cbb5 [term 1 LEARNER]: Refusing update from remote peer 857ea695cc5843fb9a99ba0176f8aed7: Log matching property violated. Preceding OpId in replica: term: 1 index: 2. Preceding OpId from leader: term: 1 index: 3. (index mismatch)
I20260713 08:59:13.543567  1640 raft_consensus.cc:1275] T 7997dffb11fb4900b45833ceb688c57d P 7ebb6f8ee3a44f2d8dcd0c3a298c7a0c [term 1 FOLLOWER]: Refusing update from remote peer 857ea695cc5843fb9a99ba0176f8aed7: Log matching property violated. Preceding OpId in replica: term: 1 index: 2. Preceding OpId from leader: term: 1 index: 3. (index mismatch)
I20260713 08:59:13.544255  2124 consensus_queue.cc:1048] T 7997dffb11fb4900b45833ceb688c57d P 857ea695cc5843fb9a99ba0176f8aed7 [LEADER]: Connected to new peer: Peer: permanent_uuid: "942fdb9d4cb54006a7de6c3a1be7cbb5" member_type: VOTER last_known_addr { host: "127.0.107.196" port: 45939 } attrs { promote: false }, Status: LMP_MISMATCH, Last received: 0.0, Next index: 3, Last known committed idx: 2, Time since last communication: 0.000s
I20260713 08:59:13.545077  2125 consensus_queue.cc:1048] T 7997dffb11fb4900b45833ceb688c57d P 857ea695cc5843fb9a99ba0176f8aed7 [LEADER]: Connected to new peer: Peer: permanent_uuid: "7ebb6f8ee3a44f2d8dcd0c3a298c7a0c" member_type: VOTER last_known_addr { host: "127.0.107.194" port: 40739 }, Status: LMP_MISMATCH, Last received: 0.0, Next index: 3, Last known committed idx: 2, Time since last communication: 0.000s
I20260713 08:59:13.546645  1714 raft_consensus.cc:1275] T 7997dffb11fb4900b45833ceb688c57d P 9ab141aa0d0b4db590be86c1489129fb [term 1 FOLLOWER]: Refusing update from remote peer 857ea695cc5843fb9a99ba0176f8aed7: Log matching property violated. Preceding OpId in replica: term: 1 index: 2. Preceding OpId from leader: term: 1 index: 3. (index mismatch)
I20260713 08:59:13.548123  2125 consensus_queue.cc:1048] T 7997dffb11fb4900b45833ceb688c57d P 857ea695cc5843fb9a99ba0176f8aed7 [LEADER]: Connected to new peer: Peer: permanent_uuid: "9ab141aa0d0b4db590be86c1489129fb" member_type: VOTER last_known_addr { host: "127.0.107.195" port: 39727 } attrs { replace: true }, Status: LMP_MISMATCH, Last received: 0.0, Next index: 3, Last known committed idx: 2, Time since last communication: 0.000s
I20260713 08:59:13.551038  1978 raft_consensus.cc:2955] T a5f5457f9dbe4fc8ae6217b0c1dc970a P 942fdb9d4cb54006a7de6c3a1be7cbb5 [term 1 FOLLOWER]: Committing config change with OpId 1.4: config changed from index 3 to 4, VOTER 9ab141aa0d0b4db590be86c1489129fb (127.0.107.195) evicted. New config: { opid_index: 4 OBSOLETE_local: false peers { permanent_uuid: "857ea695cc5843fb9a99ba0176f8aed7" member_type: VOTER last_known_addr { host: "127.0.107.193" port: 39427 } } peers { permanent_uuid: "7ebb6f8ee3a44f2d8dcd0c3a298c7a0c" member_type: VOTER last_known_addr { host: "127.0.107.194" port: 40739 } } peers { permanent_uuid: "942fdb9d4cb54006a7de6c3a1be7cbb5" member_type: VOTER last_known_addr { host: "127.0.107.196" port: 45939 } attrs { promote: false } } }
I20260713 08:59:13.553336  1564 raft_consensus.cc:2955] T a5f5457f9dbe4fc8ae6217b0c1dc970a P 857ea695cc5843fb9a99ba0176f8aed7 [term 1 FOLLOWER]: Committing config change with OpId 1.4: config changed from index 3 to 4, VOTER 9ab141aa0d0b4db590be86c1489129fb (127.0.107.195) evicted. New config: { opid_index: 4 OBSOLETE_local: false peers { permanent_uuid: "857ea695cc5843fb9a99ba0176f8aed7" member_type: VOTER last_known_addr { host: "127.0.107.193" port: 39427 } } peers { permanent_uuid: "7ebb6f8ee3a44f2d8dcd0c3a298c7a0c" member_type: VOTER last_known_addr { host: "127.0.107.194" port: 40739 } } peers { permanent_uuid: "942fdb9d4cb54006a7de6c3a1be7cbb5" member_type: VOTER last_known_addr { host: "127.0.107.196" port: 45939 } attrs { promote: false } } }
