I20260713 09:03:36.428719 12891 raft_consensus.cc:1081] T b500d419f77c403e83e08f9c51d60106 P 5c0bcc39adb74653bc729c5a885ef02f [term 2 LEADER]: Signalling peer a601ed2380dd4ac0836df343fdb0a35a to start an election
I20260713 09:03:36.430111 12715 tablet_service.cc:2044] Received Run Leader Election RPC: tablet_id: "b500d419f77c403e83e08f9c51d60106"
dest_uuid: "a601ed2380dd4ac0836df343fdb0a35a"
 from {username='slave'} at 127.0.0.1:41228
I20260713 09:03:36.430619 12715 raft_consensus.cc:493] T b500d419f77c403e83e08f9c51d60106 P a601ed2380dd4ac0836df343fdb0a35a [term 2 FOLLOWER]: Starting forced leader election (received explicit request)
I20260713 09:03:36.430950 12715 raft_consensus.cc:3060] T b500d419f77c403e83e08f9c51d60106 P a601ed2380dd4ac0836df343fdb0a35a [term 2 FOLLOWER]: Advancing to term 3
I20260713 09:03:36.436280 12715 raft_consensus.cc:515] T b500d419f77c403e83e08f9c51d60106 P a601ed2380dd4ac0836df343fdb0a35a [term 3 FOLLOWER]: Starting forced leader election with config: opid_index: -1 OBSOLETE_local: false peers { permanent_uuid: "5c0bcc39adb74653bc729c5a885ef02f" member_type: VOTER last_known_addr { host: "127.11.169.129" port: 34139 } } peers { permanent_uuid: "f63bd199a77448dfbf7fd2d8846b24e7" member_type: VOTER last_known_addr { host: "127.11.169.130" port: 38913 } } peers { permanent_uuid: "a601ed2380dd4ac0836df343fdb0a35a" member_type: VOTER last_known_addr { host: "127.11.169.131" port: 40183 } }
I20260713 09:03:36.437784 12715 leader_election.cc:290] T b500d419f77c403e83e08f9c51d60106 P a601ed2380dd4ac0836df343fdb0a35a [CANDIDATE]: Term 3 election: Requested vote from peers 5c0bcc39adb74653bc729c5a885ef02f (127.11.169.129:34139), f63bd199a77448dfbf7fd2d8846b24e7 (127.11.169.130:38913)
I20260713 09:03:36.438864 12641 tablet_service.cc:1917] Received RequestConsensusVote() RPC: tablet_id: "b500d419f77c403e83e08f9c51d60106" candidate_uuid: "a601ed2380dd4ac0836df343fdb0a35a" candidate_term: 3 candidate_status { last_received { term: 2 index: 2 } } ignore_live_leader: true dest_uuid: "f63bd199a77448dfbf7fd2d8846b24e7"
I20260713 09:03:36.438624 12566 tablet_service.cc:1917] Received RequestConsensusVote() RPC: tablet_id: "b500d419f77c403e83e08f9c51d60106" candidate_uuid: "a601ed2380dd4ac0836df343fdb0a35a" candidate_term: 3 candidate_status { last_received { term: 2 index: 2 } } ignore_live_leader: true dest_uuid: "5c0bcc39adb74653bc729c5a885ef02f"
I20260713 09:03:36.439342 12641 raft_consensus.cc:3060] T b500d419f77c403e83e08f9c51d60106 P f63bd199a77448dfbf7fd2d8846b24e7 [term 2 FOLLOWER]: Advancing to term 3
I20260713 09:03:36.439397 12566 raft_consensus.cc:3055] T b500d419f77c403e83e08f9c51d60106 P 5c0bcc39adb74653bc729c5a885ef02f [term 2 LEADER]: Stepping down as leader of term 2
I20260713 09:03:36.439813 12566 raft_consensus.cc:740] T b500d419f77c403e83e08f9c51d60106 P 5c0bcc39adb74653bc729c5a885ef02f [term 2 LEADER]: Becoming Follower/Learner. State: Replica: 5c0bcc39adb74653bc729c5a885ef02f, State: Running, Role: LEADER
I20260713 09:03:36.440549 12566 consensus_queue.cc:260] T b500d419f77c403e83e08f9c51d60106 P 5c0bcc39adb74653bc729c5a885ef02f [NON_LEADER]: Queue going to NON_LEADER mode. State: All replicated index: 0, Majority replicated index: 2, Committed index: 2, Last appended: 2.2, Last appended by leader: 2, Current term: 2, Majority size: -1, State: 0, Mode: NON_LEADER, active raft config: opid_index: -1 OBSOLETE_local: false peers { permanent_uuid: "5c0bcc39adb74653bc729c5a885ef02f" member_type: VOTER last_known_addr { host: "127.11.169.129" port: 34139 } } peers { permanent_uuid: "f63bd199a77448dfbf7fd2d8846b24e7" member_type: VOTER last_known_addr { host: "127.11.169.130" port: 38913 } } peers { permanent_uuid: "a601ed2380dd4ac0836df343fdb0a35a" member_type: VOTER last_known_addr { host: "127.11.169.131" port: 40183 } }
I20260713 09:03:36.441476 12566 raft_consensus.cc:3060] T b500d419f77c403e83e08f9c51d60106 P 5c0bcc39adb74653bc729c5a885ef02f [term 2 FOLLOWER]: Advancing to term 3
I20260713 09:03:36.444178 12641 raft_consensus.cc:2468] T b500d419f77c403e83e08f9c51d60106 P f63bd199a77448dfbf7fd2d8846b24e7 [term 3 FOLLOWER]: Leader election vote request: Granting yes vote for candidate a601ed2380dd4ac0836df343fdb0a35a in term 3.
I20260713 09:03:36.445426 12678 leader_election.cc:304] T b500d419f77c403e83e08f9c51d60106 P a601ed2380dd4ac0836df343fdb0a35a [CANDIDATE]: Term 3 election: Election decided. Result: candidate won. Election summary: received 2 responses out of 3 voters: 2 yes votes; 0 no votes. yes voters: a601ed2380dd4ac0836df343fdb0a35a, f63bd199a77448dfbf7fd2d8846b24e7; no voters: 
I20260713 09:03:36.446346 12856 raft_consensus.cc:2804] T b500d419f77c403e83e08f9c51d60106 P a601ed2380dd4ac0836df343fdb0a35a [term 3 FOLLOWER]: Leader election won for term 3
I20260713 09:03:36.447176 12566 raft_consensus.cc:2468] T b500d419f77c403e83e08f9c51d60106 P 5c0bcc39adb74653bc729c5a885ef02f [term 3 FOLLOWER]: Leader election vote request: Granting yes vote for candidate a601ed2380dd4ac0836df343fdb0a35a in term 3.
I20260713 09:03:36.447532 12856 raft_consensus.cc:697] T b500d419f77c403e83e08f9c51d60106 P a601ed2380dd4ac0836df343fdb0a35a [term 3 LEADER]: Becoming Leader. State: Replica: a601ed2380dd4ac0836df343fdb0a35a, State: Running, Role: LEADER
I20260713 09:03:36.448715 12856 consensus_queue.cc:237] T b500d419f77c403e83e08f9c51d60106 P a601ed2380dd4ac0836df343fdb0a35a [LEADER]: Queue going to LEADER mode. State: All replicated index: 0, Majority replicated index: 2, Committed index: 2, Last appended: 2.2, Last appended by leader: 2, Current term: 3, Majority size: 2, State: 0, Mode: LEADER, active raft config: opid_index: -1 OBSOLETE_local: false peers { permanent_uuid: "5c0bcc39adb74653bc729c5a885ef02f" member_type: VOTER last_known_addr { host: "127.11.169.129" port: 34139 } } peers { permanent_uuid: "f63bd199a77448dfbf7fd2d8846b24e7" member_type: VOTER last_known_addr { host: "127.11.169.130" port: 38913 } } peers { permanent_uuid: "a601ed2380dd4ac0836df343fdb0a35a" member_type: VOTER last_known_addr { host: "127.11.169.131" port: 40183 } }
I20260713 09:03:36.455874 12464 catalog_manager.cc:5697] T b500d419f77c403e83e08f9c51d60106 P a601ed2380dd4ac0836df343fdb0a35a reported cstate change: term changed from 2 to 3, leader changed from 5c0bcc39adb74653bc729c5a885ef02f (127.11.169.129) to a601ed2380dd4ac0836df343fdb0a35a (127.11.169.131). New cstate: current_term: 3 leader_uuid: "a601ed2380dd4ac0836df343fdb0a35a" committed_config { opid_index: -1 OBSOLETE_local: false peers { permanent_uuid: "5c0bcc39adb74653bc729c5a885ef02f" member_type: VOTER last_known_addr { host: "127.11.169.129" port: 34139 } health_report { overall_health: UNKNOWN } } peers { permanent_uuid: "f63bd199a77448dfbf7fd2d8846b24e7" member_type: VOTER last_known_addr { host: "127.11.169.130" port: 38913 } health_report { overall_health: UNKNOWN } } peers { permanent_uuid: "a601ed2380dd4ac0836df343fdb0a35a" member_type: VOTER last_known_addr { host: "127.11.169.131" port: 40183 } health_report { overall_health: HEALTHY } } }
I20260713 09:03:36.508558 12837 raft_consensus.cc:993] T ebe0975760ec42e4802e7394b21a08d0 P 5c0bcc39adb74653bc729c5a885ef02f: : Instructing follower f63bd199a77448dfbf7fd2d8846b24e7 to start an election
I20260713 09:03:36.508991 12891 raft_consensus.cc:1081] T ebe0975760ec42e4802e7394b21a08d0 P 5c0bcc39adb74653bc729c5a885ef02f [term 1 LEADER]: Signalling peer f63bd199a77448dfbf7fd2d8846b24e7 to start an election
I20260713 09:03:36.510653 12641 tablet_service.cc:2044] Received Run Leader Election RPC: tablet_id: "ebe0975760ec42e4802e7394b21a08d0"
dest_uuid: "f63bd199a77448dfbf7fd2d8846b24e7"
 from {username='slave'} at 127.0.0.1:34658
I20260713 09:03:36.511009 12641 raft_consensus.cc:493] T ebe0975760ec42e4802e7394b21a08d0 P f63bd199a77448dfbf7fd2d8846b24e7 [term 1 FOLLOWER]: Starting forced leader election (received explicit request)
I20260713 09:03:36.511233 12641 raft_consensus.cc:3060] T ebe0975760ec42e4802e7394b21a08d0 P f63bd199a77448dfbf7fd2d8846b24e7 [term 1 FOLLOWER]: Advancing to term 2
I20260713 09:03:36.515300 12641 raft_consensus.cc:515] T ebe0975760ec42e4802e7394b21a08d0 P f63bd199a77448dfbf7fd2d8846b24e7 [term 2 FOLLOWER]: Starting forced leader election with config: opid_index: -1 OBSOLETE_local: false peers { permanent_uuid: "5c0bcc39adb74653bc729c5a885ef02f" member_type: VOTER last_known_addr { host: "127.11.169.129" port: 34139 } } peers { permanent_uuid: "f63bd199a77448dfbf7fd2d8846b24e7" member_type: VOTER last_known_addr { host: "127.11.169.130" port: 38913 } } peers { permanent_uuid: "a601ed2380dd4ac0836df343fdb0a35a" member_type: VOTER last_known_addr { host: "127.11.169.131" port: 40183 } }
I20260713 09:03:36.516716 12641 leader_election.cc:290] T ebe0975760ec42e4802e7394b21a08d0 P f63bd199a77448dfbf7fd2d8846b24e7 [CANDIDATE]: Term 2 election: Requested vote from peers 5c0bcc39adb74653bc729c5a885ef02f (127.11.169.129:34139), a601ed2380dd4ac0836df343fdb0a35a (127.11.169.131:40183)
I20260713 09:03:36.517308 12566 tablet_service.cc:1917] Received RequestConsensusVote() RPC: tablet_id: "ebe0975760ec42e4802e7394b21a08d0" candidate_uuid: "f63bd199a77448dfbf7fd2d8846b24e7" candidate_term: 2 candidate_status { last_received { term: 1 index: 1 } } ignore_live_leader: true dest_uuid: "5c0bcc39adb74653bc729c5a885ef02f"
I20260713 09:03:36.517817 12715 tablet_service.cc:1917] Received RequestConsensusVote() RPC: tablet_id: "ebe0975760ec42e4802e7394b21a08d0" candidate_uuid: "f63bd199a77448dfbf7fd2d8846b24e7" candidate_term: 2 candidate_status { last_received { term: 1 index: 1 } } ignore_live_leader: true dest_uuid: "a601ed2380dd4ac0836df343fdb0a35a"
I20260713 09:03:36.517828 12566 raft_consensus.cc:3055] T ebe0975760ec42e4802e7394b21a08d0 P 5c0bcc39adb74653bc729c5a885ef02f [term 1 LEADER]: Stepping down as leader of term 1
I20260713 09:03:36.518244 12715 raft_consensus.cc:3060] T ebe0975760ec42e4802e7394b21a08d0 P a601ed2380dd4ac0836df343fdb0a35a [term 1 FOLLOWER]: Advancing to term 2
I20260713 09:03:36.518286 12566 raft_consensus.cc:740] T ebe0975760ec42e4802e7394b21a08d0 P 5c0bcc39adb74653bc729c5a885ef02f [term 1 LEADER]: Becoming Follower/Learner. State: Replica: 5c0bcc39adb74653bc729c5a885ef02f, State: Running, Role: LEADER
I20260713 09:03:36.519251 12566 consensus_queue.cc:260] T ebe0975760ec42e4802e7394b21a08d0 P 5c0bcc39adb74653bc729c5a885ef02f [NON_LEADER]: Queue going to NON_LEADER mode. State: All replicated index: 0, Majority replicated index: 1, Committed index: 1, Last appended: 1.1, Last appended by leader: 1, Current term: 1, Majority size: -1, State: 0, Mode: NON_LEADER, active raft config: opid_index: -1 OBSOLETE_local: false peers { permanent_uuid: "5c0bcc39adb74653bc729c5a885ef02f" member_type: VOTER last_known_addr { host: "127.11.169.129" port: 34139 } } peers { permanent_uuid: "f63bd199a77448dfbf7fd2d8846b24e7" member_type: VOTER last_known_addr { host: "127.11.169.130" port: 38913 } } peers { permanent_uuid: "a601ed2380dd4ac0836df343fdb0a35a" member_type: VOTER last_known_addr { host: "127.11.169.131" port: 40183 } }
I20260713 09:03:36.520555 12566 raft_consensus.cc:3060] T ebe0975760ec42e4802e7394b21a08d0 P 5c0bcc39adb74653bc729c5a885ef02f [term 1 FOLLOWER]: Advancing to term 2
I20260713 09:03:36.523151 12715 raft_consensus.cc:2468] T ebe0975760ec42e4802e7394b21a08d0 P a601ed2380dd4ac0836df343fdb0a35a [term 2 FOLLOWER]: Leader election vote request: Granting yes vote for candidate f63bd199a77448dfbf7fd2d8846b24e7 in term 2.
I20260713 09:03:36.524183 12605 leader_election.cc:304] T ebe0975760ec42e4802e7394b21a08d0 P f63bd199a77448dfbf7fd2d8846b24e7 [CANDIDATE]: Term 2 election: Election decided. Result: candidate won. Election summary: received 2 responses out of 3 voters: 2 yes votes; 0 no votes. yes voters: a601ed2380dd4ac0836df343fdb0a35a, f63bd199a77448dfbf7fd2d8846b24e7; no voters: 
I20260713 09:03:36.524881 12871 raft_consensus.cc:2804] T ebe0975760ec42e4802e7394b21a08d0 P f63bd199a77448dfbf7fd2d8846b24e7 [term 2 FOLLOWER]: Leader election won for term 2
I20260713 09:03:36.525283 12566 raft_consensus.cc:2468] T ebe0975760ec42e4802e7394b21a08d0 P 5c0bcc39adb74653bc729c5a885ef02f [term 2 FOLLOWER]: Leader election vote request: Granting yes vote for candidate f63bd199a77448dfbf7fd2d8846b24e7 in term 2.
I20260713 09:03:36.525951 12871 raft_consensus.cc:697] T ebe0975760ec42e4802e7394b21a08d0 P f63bd199a77448dfbf7fd2d8846b24e7 [term 2 LEADER]: Becoming Leader. State: Replica: f63bd199a77448dfbf7fd2d8846b24e7, State: Running, Role: LEADER
I20260713 09:03:36.526875 12871 consensus_queue.cc:237] T ebe0975760ec42e4802e7394b21a08d0 P f63bd199a77448dfbf7fd2d8846b24e7 [LEADER]: Queue going to LEADER mode. State: All replicated index: 0, Majority replicated index: 1, Committed index: 1, Last appended: 1.1, Last appended by leader: 1, Current term: 2, Majority size: 2, State: 0, Mode: LEADER, active raft config: opid_index: -1 OBSOLETE_local: false peers { permanent_uuid: "5c0bcc39adb74653bc729c5a885ef02f" member_type: VOTER last_known_addr { host: "127.11.169.129" port: 34139 } } peers { permanent_uuid: "f63bd199a77448dfbf7fd2d8846b24e7" member_type: VOTER last_known_addr { host: "127.11.169.130" port: 38913 } } peers { permanent_uuid: "a601ed2380dd4ac0836df343fdb0a35a" member_type: VOTER last_known_addr { host: "127.11.169.131" port: 40183 } }
I20260713 09:03:36.531901 12837 raft_consensus.cc:993] T 551b53b248834ee98a86938ef0aa94ed P 5c0bcc39adb74653bc729c5a885ef02f: : Instructing follower f63bd199a77448dfbf7fd2d8846b24e7 to start an election
I20260713 09:03:36.532335 12891 raft_consensus.cc:1081] T 551b53b248834ee98a86938ef0aa94ed P 5c0bcc39adb74653bc729c5a885ef02f [term 3 LEADER]: Signalling peer f63bd199a77448dfbf7fd2d8846b24e7 to start an election
I20260713 09:03:36.533712 12641 tablet_service.cc:2044] Received Run Leader Election RPC: tablet_id: "551b53b248834ee98a86938ef0aa94ed"
dest_uuid: "f63bd199a77448dfbf7fd2d8846b24e7"
 from {username='slave'} at 127.0.0.1:34658
I20260713 09:03:36.534113 12641 raft_consensus.cc:493] T 551b53b248834ee98a86938ef0aa94ed P f63bd199a77448dfbf7fd2d8846b24e7 [term 3 FOLLOWER]: Starting forced leader election (received explicit request)
I20260713 09:03:36.534477 12641 raft_consensus.cc:3060] T 551b53b248834ee98a86938ef0aa94ed P f63bd199a77448dfbf7fd2d8846b24e7 [term 3 FOLLOWER]: Advancing to term 4
I20260713 09:03:36.534082 12464 catalog_manager.cc:5697] T ebe0975760ec42e4802e7394b21a08d0 P f63bd199a77448dfbf7fd2d8846b24e7 reported cstate change: term changed from 1 to 2, leader changed from 5c0bcc39adb74653bc729c5a885ef02f (127.11.169.129) to f63bd199a77448dfbf7fd2d8846b24e7 (127.11.169.130). New cstate: current_term: 2 leader_uuid: "f63bd199a77448dfbf7fd2d8846b24e7" committed_config { opid_index: -1 OBSOLETE_local: false peers { permanent_uuid: "5c0bcc39adb74653bc729c5a885ef02f" member_type: VOTER last_known_addr { host: "127.11.169.129" port: 34139 } health_report { overall_health: UNKNOWN } } peers { permanent_uuid: "f63bd199a77448dfbf7fd2d8846b24e7" member_type: VOTER last_known_addr { host: "127.11.169.130" port: 38913 } health_report { overall_health: HEALTHY } } peers { permanent_uuid: "a601ed2380dd4ac0836df343fdb0a35a" member_type: VOTER last_known_addr { host: "127.11.169.131" port: 40183 } health_report { overall_health: UNKNOWN } } }
I20260713 09:03:36.539613 12641 raft_consensus.cc:515] T 551b53b248834ee98a86938ef0aa94ed P f63bd199a77448dfbf7fd2d8846b24e7 [term 4 FOLLOWER]: Starting forced leader election with config: opid_index: -1 OBSOLETE_local: false peers { permanent_uuid: "5c0bcc39adb74653bc729c5a885ef02f" member_type: VOTER last_known_addr { host: "127.11.169.129" port: 34139 } } peers { permanent_uuid: "f63bd199a77448dfbf7fd2d8846b24e7" member_type: VOTER last_known_addr { host: "127.11.169.130" port: 38913 } } peers { permanent_uuid: "a601ed2380dd4ac0836df343fdb0a35a" member_type: VOTER last_known_addr { host: "127.11.169.131" port: 40183 } }
I20260713 09:03:36.542718 12641 leader_election.cc:290] T 551b53b248834ee98a86938ef0aa94ed P f63bd199a77448dfbf7fd2d8846b24e7 [CANDIDATE]: Term 4 election: Requested vote from peers 5c0bcc39adb74653bc729c5a885ef02f (127.11.169.129:34139), a601ed2380dd4ac0836df343fdb0a35a (127.11.169.131:40183)
I20260713 09:03:36.543625 12715 tablet_service.cc:1917] Received RequestConsensusVote() RPC: tablet_id: "551b53b248834ee98a86938ef0aa94ed" candidate_uuid: "f63bd199a77448dfbf7fd2d8846b24e7" candidate_term: 4 candidate_status { last_received { term: 3 index: 3 } } ignore_live_leader: true dest_uuid: "a601ed2380dd4ac0836df343fdb0a35a"
I20260713 09:03:36.544149 12715 raft_consensus.cc:3060] T 551b53b248834ee98a86938ef0aa94ed P a601ed2380dd4ac0836df343fdb0a35a [term 3 FOLLOWER]: Advancing to term 4
I20260713 09:03:36.544070 12566 tablet_service.cc:1917] Received RequestConsensusVote() RPC: tablet_id: "551b53b248834ee98a86938ef0aa94ed" candidate_uuid: "f63bd199a77448dfbf7fd2d8846b24e7" candidate_term: 4 candidate_status { last_received { term: 3 index: 3 } } ignore_live_leader: true dest_uuid: "5c0bcc39adb74653bc729c5a885ef02f"
I20260713 09:03:36.544690 12566 raft_consensus.cc:3055] T 551b53b248834ee98a86938ef0aa94ed P 5c0bcc39adb74653bc729c5a885ef02f [term 3 LEADER]: Stepping down as leader of term 3
I20260713 09:03:36.544975 12566 raft_consensus.cc:740] T 551b53b248834ee98a86938ef0aa94ed P 5c0bcc39adb74653bc729c5a885ef02f [term 3 LEADER]: Becoming Follower/Learner. State: Replica: 5c0bcc39adb74653bc729c5a885ef02f, State: Running, Role: LEADER
I20260713 09:03:36.545648 12566 consensus_queue.cc:260] T 551b53b248834ee98a86938ef0aa94ed P 5c0bcc39adb74653bc729c5a885ef02f [NON_LEADER]: Queue going to NON_LEADER mode. State: All replicated index: 0, Majority replicated index: 3, Committed index: 3, Last appended: 3.3, Last appended by leader: 3, Current term: 3, Majority size: -1, State: 0, Mode: NON_LEADER, active raft config: opid_index: -1 OBSOLETE_local: false peers { permanent_uuid: "5c0bcc39adb74653bc729c5a885ef02f" member_type: VOTER last_known_addr { host: "127.11.169.129" port: 34139 } } peers { permanent_uuid: "f63bd199a77448dfbf7fd2d8846b24e7" member_type: VOTER last_known_addr { host: "127.11.169.130" port: 38913 } } peers { permanent_uuid: "a601ed2380dd4ac0836df343fdb0a35a" member_type: VOTER last_known_addr { host: "127.11.169.131" port: 40183 } }
I20260713 09:03:36.546495 12566 raft_consensus.cc:3060] T 551b53b248834ee98a86938ef0aa94ed P 5c0bcc39adb74653bc729c5a885ef02f [term 3 FOLLOWER]: Advancing to term 4
I20260713 09:03:36.548642 12715 raft_consensus.cc:2468] T 551b53b248834ee98a86938ef0aa94ed P a601ed2380dd4ac0836df343fdb0a35a [term 4 FOLLOWER]: Leader election vote request: Granting yes vote for candidate f63bd199a77448dfbf7fd2d8846b24e7 in term 4.
I20260713 09:03:36.549465 12605 leader_election.cc:304] T 551b53b248834ee98a86938ef0aa94ed P f63bd199a77448dfbf7fd2d8846b24e7 [CANDIDATE]: Term 4 election: Election decided. Result: candidate won. Election summary: received 2 responses out of 3 voters: 2 yes votes; 0 no votes. yes voters: a601ed2380dd4ac0836df343fdb0a35a, f63bd199a77448dfbf7fd2d8846b24e7; no voters: 
I20260713 09:03:36.550248 12871 raft_consensus.cc:2804] T 551b53b248834ee98a86938ef0aa94ed P f63bd199a77448dfbf7fd2d8846b24e7 [term 4 FOLLOWER]: Leader election won for term 4
I20260713 09:03:36.550622 12871 raft_consensus.cc:697] T 551b53b248834ee98a86938ef0aa94ed P f63bd199a77448dfbf7fd2d8846b24e7 [term 4 LEADER]: Becoming Leader. State: Replica: f63bd199a77448dfbf7fd2d8846b24e7, State: Running, Role: LEADER
I20260713 09:03:36.551429 12871 consensus_queue.cc:237] T 551b53b248834ee98a86938ef0aa94ed P f63bd199a77448dfbf7fd2d8846b24e7 [LEADER]: Queue going to LEADER mode. State: All replicated index: 0, Majority replicated index: 3, Committed index: 3, Last appended: 3.3, Last appended by leader: 3, Current term: 4, Majority size: 2, State: 0, Mode: LEADER, active raft config: opid_index: -1 OBSOLETE_local: false peers { permanent_uuid: "5c0bcc39adb74653bc729c5a885ef02f" member_type: VOTER last_known_addr { host: "127.11.169.129" port: 34139 } } peers { permanent_uuid: "f63bd199a77448dfbf7fd2d8846b24e7" member_type: VOTER last_known_addr { host: "127.11.169.130" port: 38913 } } peers { permanent_uuid: "a601ed2380dd4ac0836df343fdb0a35a" member_type: VOTER last_known_addr { host: "127.11.169.131" port: 40183 } }
I20260713 09:03:36.551733 12566 raft_consensus.cc:2468] T 551b53b248834ee98a86938ef0aa94ed P 5c0bcc39adb74653bc729c5a885ef02f [term 4 FOLLOWER]: Leader election vote request: Granting yes vote for candidate f63bd199a77448dfbf7fd2d8846b24e7 in term 4.
I20260713 09:03:36.557153 12464 catalog_manager.cc:5697] T 551b53b248834ee98a86938ef0aa94ed P f63bd199a77448dfbf7fd2d8846b24e7 reported cstate change: term changed from 3 to 4, leader changed from 5c0bcc39adb74653bc729c5a885ef02f (127.11.169.129) to f63bd199a77448dfbf7fd2d8846b24e7 (127.11.169.130). New cstate: current_term: 4 leader_uuid: "f63bd199a77448dfbf7fd2d8846b24e7" committed_config { opid_index: -1 OBSOLETE_local: false peers { permanent_uuid: "5c0bcc39adb74653bc729c5a885ef02f" member_type: VOTER last_known_addr { host: "127.11.169.129" port: 34139 } health_report { overall_health: UNKNOWN } } peers { permanent_uuid: "f63bd199a77448dfbf7fd2d8846b24e7" member_type: VOTER last_known_addr { host: "127.11.169.130" port: 38913 } health_report { overall_health: HEALTHY } } peers { permanent_uuid: "a601ed2380dd4ac0836df343fdb0a35a" member_type: VOTER last_known_addr { host: "127.11.169.131" port: 40183 } health_report { overall_health: UNKNOWN } } }
I20260713 09:03:36.667485 12837 raft_consensus.cc:993] T a8c4674078af44ceb29bf3d2a30b7f5b P 5c0bcc39adb74653bc729c5a885ef02f: : Instructing follower a601ed2380dd4ac0836df343fdb0a35a to start an election
I20260713 09:03:36.667882 12837 raft_consensus.cc:1081] T a8c4674078af44ceb29bf3d2a30b7f5b P 5c0bcc39adb74653bc729c5a885ef02f [term 4 LEADER]: Signalling peer a601ed2380dd4ac0836df343fdb0a35a to start an election
I20260713 09:03:36.669080 12715 tablet_service.cc:2044] Received Run Leader Election RPC: tablet_id: "a8c4674078af44ceb29bf3d2a30b7f5b"
dest_uuid: "a601ed2380dd4ac0836df343fdb0a35a"
 from {username='slave'} at 127.0.0.1:41228
I20260713 09:03:36.669497 12715 raft_consensus.cc:493] T a8c4674078af44ceb29bf3d2a30b7f5b P a601ed2380dd4ac0836df343fdb0a35a [term 4 FOLLOWER]: Starting forced leader election (received explicit request)
I20260713 09:03:36.669754 12715 raft_consensus.cc:3060] T a8c4674078af44ceb29bf3d2a30b7f5b P a601ed2380dd4ac0836df343fdb0a35a [term 4 FOLLOWER]: Advancing to term 5
I20260713 09:03:36.673553 12715 raft_consensus.cc:515] T a8c4674078af44ceb29bf3d2a30b7f5b P a601ed2380dd4ac0836df343fdb0a35a [term 5 FOLLOWER]: Starting forced leader election with config: opid_index: -1 OBSOLETE_local: false peers { permanent_uuid: "5c0bcc39adb74653bc729c5a885ef02f" member_type: VOTER last_known_addr { host: "127.11.169.129" port: 34139 } } peers { permanent_uuid: "f63bd199a77448dfbf7fd2d8846b24e7" member_type: VOTER last_known_addr { host: "127.11.169.130" port: 38913 } } peers { permanent_uuid: "a601ed2380dd4ac0836df343fdb0a35a" member_type: VOTER last_known_addr { host: "127.11.169.131" port: 40183 } }
I20260713 09:03:36.674799 12715 leader_election.cc:290] T a8c4674078af44ceb29bf3d2a30b7f5b P a601ed2380dd4ac0836df343fdb0a35a [CANDIDATE]: Term 5 election: Requested vote from peers 5c0bcc39adb74653bc729c5a885ef02f (127.11.169.129:34139), f63bd199a77448dfbf7fd2d8846b24e7 (127.11.169.130:38913)
I20260713 09:03:36.675709 12566 tablet_service.cc:1917] Received RequestConsensusVote() RPC: tablet_id: "a8c4674078af44ceb29bf3d2a30b7f5b" candidate_uuid: "a601ed2380dd4ac0836df343fdb0a35a" candidate_term: 5 candidate_status { last_received { term: 4 index: 4 } } ignore_live_leader: true dest_uuid: "5c0bcc39adb74653bc729c5a885ef02f"
I20260713 09:03:36.675957 12641 tablet_service.cc:1917] Received RequestConsensusVote() RPC: tablet_id: "a8c4674078af44ceb29bf3d2a30b7f5b" candidate_uuid: "a601ed2380dd4ac0836df343fdb0a35a" candidate_term: 5 candidate_status { last_received { term: 4 index: 4 } } ignore_live_leader: true dest_uuid: "f63bd199a77448dfbf7fd2d8846b24e7"
I20260713 09:03:36.676236 12566 raft_consensus.cc:3055] T a8c4674078af44ceb29bf3d2a30b7f5b P 5c0bcc39adb74653bc729c5a885ef02f [term 4 LEADER]: Stepping down as leader of term 4
I20260713 09:03:36.676402 12641 raft_consensus.cc:3060] T a8c4674078af44ceb29bf3d2a30b7f5b P f63bd199a77448dfbf7fd2d8846b24e7 [term 4 FOLLOWER]: Advancing to term 5
I20260713 09:03:36.676595 12566 raft_consensus.cc:740] T a8c4674078af44ceb29bf3d2a30b7f5b P 5c0bcc39adb74653bc729c5a885ef02f [term 4 LEADER]: Becoming Follower/Learner. State: Replica: 5c0bcc39adb74653bc729c5a885ef02f, State: Running, Role: LEADER
I20260713 09:03:36.677416 12566 consensus_queue.cc:260] T a8c4674078af44ceb29bf3d2a30b7f5b P 5c0bcc39adb74653bc729c5a885ef02f [NON_LEADER]: Queue going to NON_LEADER mode. State: All replicated index: 0, Majority replicated index: 4, Committed index: 4, Last appended: 4.4, Last appended by leader: 4, Current term: 4, Majority size: -1, State: 0, Mode: NON_LEADER, active raft config: opid_index: -1 OBSOLETE_local: false peers { permanent_uuid: "5c0bcc39adb74653bc729c5a885ef02f" member_type: VOTER last_known_addr { host: "127.11.169.129" port: 34139 } } peers { permanent_uuid: "f63bd199a77448dfbf7fd2d8846b24e7" member_type: VOTER last_known_addr { host: "127.11.169.130" port: 38913 } } peers { permanent_uuid: "a601ed2380dd4ac0836df343fdb0a35a" member_type: VOTER last_known_addr { host: "127.11.169.131" port: 40183 } }
I20260713 09:03:36.678578 12566 raft_consensus.cc:3060] T a8c4674078af44ceb29bf3d2a30b7f5b P 5c0bcc39adb74653bc729c5a885ef02f [term 4 FOLLOWER]: Advancing to term 5
I20260713 09:03:36.682408 12641 raft_consensus.cc:2468] T a8c4674078af44ceb29bf3d2a30b7f5b P f63bd199a77448dfbf7fd2d8846b24e7 [term 5 FOLLOWER]: Leader election vote request: Granting yes vote for candidate a601ed2380dd4ac0836df343fdb0a35a in term 5.
I20260713 09:03:36.683420 12678 leader_election.cc:304] T a8c4674078af44ceb29bf3d2a30b7f5b P a601ed2380dd4ac0836df343fdb0a35a [CANDIDATE]: Term 5 election: Election decided. Result: candidate won. Election summary: received 2 responses out of 3 voters: 2 yes votes; 0 no votes. yes voters: a601ed2380dd4ac0836df343fdb0a35a, f63bd199a77448dfbf7fd2d8846b24e7; no voters: 
I20260713 09:03:36.684235 12856 raft_consensus.cc:2804] T a8c4674078af44ceb29bf3d2a30b7f5b P a601ed2380dd4ac0836df343fdb0a35a [term 5 FOLLOWER]: Leader election won for term 5
I20260713 09:03:36.684705 12856 raft_consensus.cc:697] T a8c4674078af44ceb29bf3d2a30b7f5b P a601ed2380dd4ac0836df343fdb0a35a [term 5 LEADER]: Becoming Leader. State: Replica: a601ed2380dd4ac0836df343fdb0a35a, State: Running, Role: LEADER
I20260713 09:03:36.684880 12566 raft_consensus.cc:2468] T a8c4674078af44ceb29bf3d2a30b7f5b P 5c0bcc39adb74653bc729c5a885ef02f [term 5 FOLLOWER]: Leader election vote request: Granting yes vote for candidate a601ed2380dd4ac0836df343fdb0a35a in term 5.
I20260713 09:03:36.685676 12856 consensus_queue.cc:237] T a8c4674078af44ceb29bf3d2a30b7f5b P a601ed2380dd4ac0836df343fdb0a35a [LEADER]: Queue going to LEADER mode. State: All replicated index: 0, Majority replicated index: 4, Committed index: 4, Last appended: 4.4, Last appended by leader: 4, Current term: 5, Majority size: 2, State: 0, Mode: LEADER, active raft config: opid_index: -1 OBSOLETE_local: false peers { permanent_uuid: "5c0bcc39adb74653bc729c5a885ef02f" member_type: VOTER last_known_addr { host: "127.11.169.129" port: 34139 } } peers { permanent_uuid: "f63bd199a77448dfbf7fd2d8846b24e7" member_type: VOTER last_known_addr { host: "127.11.169.130" port: 38913 } } peers { permanent_uuid: "a601ed2380dd4ac0836df343fdb0a35a" member_type: VOTER last_known_addr { host: "127.11.169.131" port: 40183 } }
I20260713 09:03:36.692165 12464 catalog_manager.cc:5697] T a8c4674078af44ceb29bf3d2a30b7f5b P a601ed2380dd4ac0836df343fdb0a35a reported cstate change: term changed from 4 to 5, leader changed from 5c0bcc39adb74653bc729c5a885ef02f (127.11.169.129) to a601ed2380dd4ac0836df343fdb0a35a (127.11.169.131). New cstate: current_term: 5 leader_uuid: "a601ed2380dd4ac0836df343fdb0a35a" committed_config { opid_index: -1 OBSOLETE_local: false peers { permanent_uuid: "5c0bcc39adb74653bc729c5a885ef02f" member_type: VOTER last_known_addr { host: "127.11.169.129" port: 34139 } health_report { overall_health: UNKNOWN } } peers { permanent_uuid: "f63bd199a77448dfbf7fd2d8846b24e7" member_type: VOTER last_known_addr { host: "127.11.169.130" port: 38913 } health_report { overall_health: UNKNOWN } } peers { permanent_uuid: "a601ed2380dd4ac0836df343fdb0a35a" member_type: VOTER last_known_addr { host: "127.11.169.131" port: 40183 } health_report { overall_health: HEALTHY } } }
I20260713 09:03:36.849082 12566 raft_consensus.cc:1275] T b500d419f77c403e83e08f9c51d60106 P 5c0bcc39adb74653bc729c5a885ef02f [term 3 FOLLOWER]: Refusing update from remote peer a601ed2380dd4ac0836df343fdb0a35a: Log matching property violated. Preceding OpId in replica: term: 2 index: 2. Preceding OpId from leader: term: 3 index: 3. (index mismatch)
I20260713 09:03:36.850231 12856 consensus_queue.cc:1048] T b500d419f77c403e83e08f9c51d60106 P a601ed2380dd4ac0836df343fdb0a35a [LEADER]: Connected to new peer: Peer: permanent_uuid: "5c0bcc39adb74653bc729c5a885ef02f" member_type: VOTER last_known_addr { host: "127.11.169.129" port: 34139 }, Status: LMP_MISMATCH, Last received: 0.0, Next index: 3, Last known committed idx: 2, Time since last communication: 0.000s
I20260713 09:03:36.860064 12639 raft_consensus.cc:1275] T b500d419f77c403e83e08f9c51d60106 P f63bd199a77448dfbf7fd2d8846b24e7 [term 3 FOLLOWER]: Refusing update from remote peer a601ed2380dd4ac0836df343fdb0a35a: Log matching property violated. Preceding OpId in replica: term: 2 index: 2. Preceding OpId from leader: term: 3 index: 3. (index mismatch)
I20260713 09:03:36.861253 12856 consensus_queue.cc:1048] T b500d419f77c403e83e08f9c51d60106 P a601ed2380dd4ac0836df343fdb0a35a [LEADER]: Connected to new peer: Peer: permanent_uuid: "f63bd199a77448dfbf7fd2d8846b24e7" member_type: VOTER last_known_addr { host: "127.11.169.130" port: 38913 }, Status: LMP_MISMATCH, Last received: 0.0, Next index: 3, Last known committed idx: 2, Time since last communication: 0.000s
I20260713 09:03:36.989202 12566 raft_consensus.cc:1275] T ebe0975760ec42e4802e7394b21a08d0 P 5c0bcc39adb74653bc729c5a885ef02f [term 2 FOLLOWER]: Refusing update from remote peer f63bd199a77448dfbf7fd2d8846b24e7: Log matching property violated. Preceding OpId in replica: term: 1 index: 1. Preceding OpId from leader: term: 2 index: 2. (index mismatch)
I20260713 09:03:36.990248 12871 consensus_queue.cc:1048] T ebe0975760ec42e4802e7394b21a08d0 P f63bd199a77448dfbf7fd2d8846b24e7 [LEADER]: Connected to new peer: Peer: permanent_uuid: "5c0bcc39adb74653bc729c5a885ef02f" member_type: VOTER last_known_addr { host: "127.11.169.129" port: 34139 }, Status: LMP_MISMATCH, Last received: 0.0, Next index: 2, Last known committed idx: 1, Time since last communication: 0.000s
I20260713 09:03:36.998198 12715 raft_consensus.cc:1275] T ebe0975760ec42e4802e7394b21a08d0 P a601ed2380dd4ac0836df343fdb0a35a [term 2 FOLLOWER]: Refusing update from remote peer f63bd199a77448dfbf7fd2d8846b24e7: Log matching property violated. Preceding OpId in replica: term: 1 index: 1. Preceding OpId from leader: term: 2 index: 2. (index mismatch)
I20260713 09:03:37.000304 12898 consensus_queue.cc:1048] T ebe0975760ec42e4802e7394b21a08d0 P f63bd199a77448dfbf7fd2d8846b24e7 [LEADER]: Connected to new peer: Peer: permanent_uuid: "a601ed2380dd4ac0836df343fdb0a35a" member_type: VOTER last_known_addr { host: "127.11.169.131" port: 40183 }, Status: LMP_MISMATCH, Last received: 0.0, Next index: 2, Last known committed idx: 1, Time since last communication: 0.000s
I20260713 09:03:37.074990 12566 raft_consensus.cc:1275] T 551b53b248834ee98a86938ef0aa94ed P 5c0bcc39adb74653bc729c5a885ef02f [term 4 FOLLOWER]: Refusing update from remote peer f63bd199a77448dfbf7fd2d8846b24e7: Log matching property violated. Preceding OpId in replica: term: 3 index: 3. Preceding OpId from leader: term: 4 index: 4. (index mismatch)
I20260713 09:03:37.076139 12898 consensus_queue.cc:1048] T 551b53b248834ee98a86938ef0aa94ed P f63bd199a77448dfbf7fd2d8846b24e7 [LEADER]: Connected to new peer: Peer: permanent_uuid: "5c0bcc39adb74653bc729c5a885ef02f" member_type: VOTER last_known_addr { host: "127.11.169.129" port: 34139 }, Status: LMP_MISMATCH, Last received: 0.0, Next index: 4, Last known committed idx: 3, Time since last communication: 0.000s
I20260713 09:03:37.084331 12715 raft_consensus.cc:1275] T 551b53b248834ee98a86938ef0aa94ed P a601ed2380dd4ac0836df343fdb0a35a [term 4 FOLLOWER]: Refusing update from remote peer f63bd199a77448dfbf7fd2d8846b24e7: Log matching property violated. Preceding OpId in replica: term: 3 index: 3. Preceding OpId from leader: term: 4 index: 4. (index mismatch)
I20260713 09:03:37.085736 12898 consensus_queue.cc:1048] T 551b53b248834ee98a86938ef0aa94ed P f63bd199a77448dfbf7fd2d8846b24e7 [LEADER]: Connected to new peer: Peer: permanent_uuid: "a601ed2380dd4ac0836df343fdb0a35a" member_type: VOTER last_known_addr { host: "127.11.169.131" port: 40183 }, Status: LMP_MISMATCH, Last received: 0.0, Next index: 4, Last known committed idx: 3, Time since last communication: 0.000s
I20260713 09:03:37.150228 12639 raft_consensus.cc:1275] T a8c4674078af44ceb29bf3d2a30b7f5b P f63bd199a77448dfbf7fd2d8846b24e7 [term 5 FOLLOWER]: Refusing update from remote peer a601ed2380dd4ac0836df343fdb0a35a: Log matching property violated. Preceding OpId in replica: term: 4 index: 4. Preceding OpId from leader: term: 5 index: 5. (index mismatch)
I20260713 09:03:37.151365 12856 consensus_queue.cc:1048] T a8c4674078af44ceb29bf3d2a30b7f5b P a601ed2380dd4ac0836df343fdb0a35a [LEADER]: Connected to new peer: Peer: permanent_uuid: "f63bd199a77448dfbf7fd2d8846b24e7" member_type: VOTER last_known_addr { host: "127.11.169.130" port: 38913 }, Status: LMP_MISMATCH, Last received: 0.0, Next index: 5, Last known committed idx: 4, Time since last communication: 0.000s
I20260713 09:03:37.160422 12566 raft_consensus.cc:1275] T a8c4674078af44ceb29bf3d2a30b7f5b P 5c0bcc39adb74653bc729c5a885ef02f [term 5 FOLLOWER]: Refusing update from remote peer a601ed2380dd4ac0836df343fdb0a35a: Log matching property violated. Preceding OpId in replica: term: 4 index: 4. Preceding OpId from leader: term: 5 index: 5. (index mismatch)
I20260713 09:03:37.161861 12913 consensus_queue.cc:1048] T a8c4674078af44ceb29bf3d2a30b7f5b P a601ed2380dd4ac0836df343fdb0a35a [LEADER]: Connected to new peer: Peer: permanent_uuid: "5c0bcc39adb74653bc729c5a885ef02f" member_type: VOTER last_known_addr { host: "127.11.169.129" port: 34139 }, Status: LMP_MISMATCH, Last received: 0.0, Next index: 5, Last known committed idx: 4, Time since last communication: 0.000s
I20260713 09:03:37.383419 11942 auto_leader_rebalancer.cc:141] leader rebalance for table test-workload
I20260713 09:03:37.389473 11942 tablet_server.cc:179] TabletServer@127.11.169.129:0 shutting down...
W20260713 09:03:37.398896 12605 proxy.cc:239] Call had error, refreshing address and retrying: Remote error: Service unavailable: service kudu.consensus.ConsensusService not registered on TabletServer [suppressed 3 similar messages]
W20260713 09:03:37.407958 12605 consensus_peers.cc:597] T ebe0975760ec42e4802e7394b21a08d0 P f63bd199a77448dfbf7fd2d8846b24e7 -> Peer 5c0bcc39adb74653bc729c5a885ef02f (127.11.169.129:34139): Couldn't send request to peer 5c0bcc39adb74653bc729c5a885ef02f. Status: Remote error: Service unavailable: service kudu.consensus.ConsensusService not registered on TabletServer. This is attempt 1: this message will repeat every 5th retry.
I20260713 09:03:37.422714 11942 ts_tablet_manager.cc:1507] Shutting down tablet manager...
I20260713 09:03:37.423287 11942 tablet_replica.cc:333] T f442374cc47f44498935d1003ee6e77a P 5c0bcc39adb74653bc729c5a885ef02f: stopping tablet replica
I20260713 09:03:37.424060 11942 raft_consensus.cc:2243] T f442374cc47f44498935d1003ee6e77a P 5c0bcc39adb74653bc729c5a885ef02f [term 1 FOLLOWER]: Raft consensus shutting down.
I20260713 09:03:37.424512 11942 raft_consensus.cc:2272] T f442374cc47f44498935d1003ee6e77a P 5c0bcc39adb74653bc729c5a885ef02f [term 1 FOLLOWER]: Raft consensus is shut down!
I20260713 09:03:37.426283 11942 tablet_replica.cc:333] T fe281fb0120841d8ac632460ee1a6401 P 5c0bcc39adb74653bc729c5a885ef02f: stopping tablet replica
I20260713 09:03:37.426777 11942 raft_consensus.cc:2243] T fe281fb0120841d8ac632460ee1a6401 P 5c0bcc39adb74653bc729c5a885ef02f [term 3 LEADER]: Raft consensus shutting down.
I20260713 09:03:37.427486 11942 raft_consensus.cc:2272] T fe281fb0120841d8ac632460ee1a6401 P 5c0bcc39adb74653bc729c5a885ef02f [term 3 FOLLOWER]: Raft consensus is shut down!
I20260713 09:03:37.429057 11942 tablet_replica.cc:333] T a8c4674078af44ceb29bf3d2a30b7f5b P 5c0bcc39adb74653bc729c5a885ef02f: stopping tablet replica
I20260713 09:03:37.429543 11942 raft_consensus.cc:2243] T a8c4674078af44ceb29bf3d2a30b7f5b P 5c0bcc39adb74653bc729c5a885ef02f [term 5 FOLLOWER]: Raft consensus shutting down.
I20260713 09:03:37.429909 11942 raft_consensus.cc:2272] T a8c4674078af44ceb29bf3d2a30b7f5b P 5c0bcc39adb74653bc729c5a885ef02f [term 5 FOLLOWER]: Raft consensus is shut down!
I20260713 09:03:37.431655 11942 tablet_replica.cc:333] T b500d419f77c403e83e08f9c51d60106 P 5c0bcc39adb74653bc729c5a885ef02f: stopping tablet replica
I20260713 09:03:37.432232 11942 raft_consensus.cc:2243] T b500d419f77c403e83e08f9c51d60106 P 5c0bcc39adb74653bc729c5a885ef02f [term 3 FOLLOWER]: Raft consensus shutting down.
I20260713 09:03:37.432612 11942 raft_consensus.cc:2272] T b500d419f77c403e83e08f9c51d60106 P 5c0bcc39adb74653bc729c5a885ef02f [term 3 FOLLOWER]: Raft consensus is shut down!
I20260713 09:03:37.434424 11942 tablet_replica.cc:333] T 581afa9bab3d475bbb94e7ee6bfbaf68 P 5c0bcc39adb74653bc729c5a885ef02f: stopping tablet replica
I20260713 09:03:37.434911 11942 raft_consensus.cc:2243] T 581afa9bab3d475bbb94e7ee6bfbaf68 P 5c0bcc39adb74653bc729c5a885ef02f [term 2 LEADER]: Raft consensus shutting down.
I20260713 09:03:37.435607 11942 raft_consensus.cc:2272] T 581afa9bab3d475bbb94e7ee6bfbaf68 P 5c0bcc39adb74653bc729c5a885ef02f [term 2 FOLLOWER]: Raft consensus is shut down!
I20260713 09:03:37.437247 11942 tablet_replica.cc:333] T 3450db85141d4b3c9bfaf909469b7a0c P 5c0bcc39adb74653bc729c5a885ef02f: stopping tablet replica
I20260713 09:03:37.437702 11942 raft_consensus.cc:2243] T 3450db85141d4b3c9bfaf909469b7a0c P 5c0bcc39adb74653bc729c5a885ef02f [term 2 LEADER]: Raft consensus shutting down.
I20260713 09:03:37.438390 11942 raft_consensus.cc:2272] T 3450db85141d4b3c9bfaf909469b7a0c P 5c0bcc39adb74653bc729c5a885ef02f [term 2 FOLLOWER]: Raft consensus is shut down!
I20260713 09:03:37.439966 11942 tablet_replica.cc:333] T ebe0975760ec42e4802e7394b21a08d0 P 5c0bcc39adb74653bc729c5a885ef02f: stopping tablet replica
I20260713 09:03:37.440440 11942 raft_consensus.cc:2243] T ebe0975760ec42e4802e7394b21a08d0 P 5c0bcc39adb74653bc729c5a885ef02f [term 2 FOLLOWER]: Raft consensus shutting down.
I20260713 09:03:37.440825 11942 raft_consensus.cc:2272] T ebe0975760ec42e4802e7394b21a08d0 P 5c0bcc39adb74653bc729c5a885ef02f [term 2 FOLLOWER]: Raft consensus is shut down!
I20260713 09:03:37.442649 11942 tablet_replica.cc:333] T 8eb37bb9e6d34c9d90e2f7f60ce17272 P 5c0bcc39adb74653bc729c5a885ef02f: stopping tablet replica
I20260713 09:03:37.443112 11942 raft_consensus.cc:2243] T 8eb37bb9e6d34c9d90e2f7f60ce17272 P 5c0bcc39adb74653bc729c5a885ef02f [term 2 LEADER]: Raft consensus shutting down.
I20260713 09:03:37.443925 11942 raft_consensus.cc:2272] T 8eb37bb9e6d34c9d90e2f7f60ce17272 P 5c0bcc39adb74653bc729c5a885ef02f [term 2 FOLLOWER]: Raft consensus is shut down!
I20260713 09:03:37.445677 11942 tablet_replica.cc:333] T 551b53b248834ee98a86938ef0aa94ed P 5c0bcc39adb74653bc729c5a885ef02f: stopping tablet replica
I20260713 09:03:37.446157 11942 raft_consensus.cc:2243] T 551b53b248834ee98a86938ef0aa94ed P 5c0bcc39adb74653bc729c5a885ef02f [term 4 FOLLOWER]: Raft consensus shutting down.
I20260713 09:03:37.446530 11942 raft_consensus.cc:2272] T 551b53b248834ee98a86938ef0aa94ed P 5c0bcc39adb74653bc729c5a885ef02f [term 4 FOLLOWER]: Raft consensus is shut down!
I20260713 09:03:37.448378 11942 tablet_replica.cc:333] T 75167320d7784a0394b0c9686bed6021 P 5c0bcc39adb74653bc729c5a885ef02f: stopping tablet replica
I20260713 09:03:37.448876 11942 raft_consensus.cc:2243] T 75167320d7784a0394b0c9686bed6021 P 5c0bcc39adb74653bc729c5a885ef02f [term 2 FOLLOWER]: Raft consensus shutting down.
I20260713 09:03:37.449353 11942 raft_consensus.cc:2272] T 75167320d7784a0394b0c9686bed6021 P 5c0bcc39adb74653bc729c5a885ef02f [term 2 FOLLOWER]: Raft consensus is shut down!
W20260713 09:03:37.469622 12679 consensus_peers.cc:597] T b500d419f77c403e83e08f9c51d60106 P a601ed2380dd4ac0836df343fdb0a35a -> Peer 5c0bcc39adb74653bc729c5a885ef02f (127.11.169.129:34139): Couldn't send request to peer 5c0bcc39adb74653bc729c5a885ef02f. Status: Network error: Client connection negotiation failed: client connection to 127.11.169.129:34139: connect: Connection refused (error 111). This is attempt 1: this message will repeat every 5th retry.
I20260713 09:03:37.477021 11942 tablet_server.cc:196] TabletServer@127.11.169.129:0 shutdown complete.
I20260713 09:03:37.494964 11942 tablet_server.cc:179] TabletServer@127.11.169.130:0 shutting down...
I20260713 09:03:37.517112 11942 ts_tablet_manager.cc:1507] Shutting down tablet manager...
I20260713 09:03:37.517724 11942 tablet_replica.cc:333] T 75167320d7784a0394b0c9686bed6021 P f63bd199a77448dfbf7fd2d8846b24e7: stopping tablet replica
I20260713 09:03:37.518299 11942 raft_consensus.cc:2243] T 75167320d7784a0394b0c9686bed6021 P f63bd199a77448dfbf7fd2d8846b24e7 [term 2 FOLLOWER]: Raft consensus shutting down.
I20260713 09:03:37.518728 11942 raft_consensus.cc:2272] T 75167320d7784a0394b0c9686bed6021 P f63bd199a77448dfbf7fd2d8846b24e7 [term 2 FOLLOWER]: Raft consensus is shut down!
I20260713 09:03:37.520545 11942 tablet_replica.cc:333] T 551b53b248834ee98a86938ef0aa94ed P f63bd199a77448dfbf7fd2d8846b24e7: stopping tablet replica
I20260713 09:03:37.521073 11942 raft_consensus.cc:2243] T 551b53b248834ee98a86938ef0aa94ed P f63bd199a77448dfbf7fd2d8846b24e7 [term 4 LEADER]: Raft consensus shutting down.
I20260713 09:03:37.521754 11942 raft_consensus.cc:2272] T 551b53b248834ee98a86938ef0aa94ed P f63bd199a77448dfbf7fd2d8846b24e7 [term 4 FOLLOWER]: Raft consensus is shut down!
I20260713 09:03:37.523550 11942 tablet_replica.cc:333] T b500d419f77c403e83e08f9c51d60106 P f63bd199a77448dfbf7fd2d8846b24e7: stopping tablet replica
I20260713 09:03:37.524065 11942 raft_consensus.cc:2243] T b500d419f77c403e83e08f9c51d60106 P f63bd199a77448dfbf7fd2d8846b24e7 [term 3 FOLLOWER]: Raft consensus shutting down.
I20260713 09:03:37.524461 11942 raft_consensus.cc:2272] T b500d419f77c403e83e08f9c51d60106 P f63bd199a77448dfbf7fd2d8846b24e7 [term 3 FOLLOWER]: Raft consensus is shut down!
I20260713 09:03:37.526345 11942 tablet_replica.cc:333] T a8c4674078af44ceb29bf3d2a30b7f5b P f63bd199a77448dfbf7fd2d8846b24e7: stopping tablet replica
I20260713 09:03:37.526815 11942 raft_consensus.cc:2243] T a8c4674078af44ceb29bf3d2a30b7f5b P f63bd199a77448dfbf7fd2d8846b24e7 [term 5 FOLLOWER]: Raft consensus shutting down.
I20260713 09:03:37.527194 11942 raft_consensus.cc:2272] T a8c4674078af44ceb29bf3d2a30b7f5b P f63bd199a77448dfbf7fd2d8846b24e7 [term 5 FOLLOWER]: Raft consensus is shut down!
I20260713 09:03:37.529222 11942 tablet_replica.cc:333] T ebe0975760ec42e4802e7394b21a08d0 P f63bd199a77448dfbf7fd2d8846b24e7: stopping tablet replica
I20260713 09:03:37.529699 11942 raft_consensus.cc:2243] T ebe0975760ec42e4802e7394b21a08d0 P f63bd199a77448dfbf7fd2d8846b24e7 [term 2 LEADER]: Raft consensus shutting down.
I20260713 09:03:37.530328 11942 raft_consensus.cc:2272] T ebe0975760ec42e4802e7394b21a08d0 P f63bd199a77448dfbf7fd2d8846b24e7 [term 2 FOLLOWER]: Raft consensus is shut down!
I20260713 09:03:37.532227 11942 tablet_replica.cc:333] T 3450db85141d4b3c9bfaf909469b7a0c P f63bd199a77448dfbf7fd2d8846b24e7: stopping tablet replica
I20260713 09:03:37.532722 11942 raft_consensus.cc:2243] T 3450db85141d4b3c9bfaf909469b7a0c P f63bd199a77448dfbf7fd2d8846b24e7 [term 2 FOLLOWER]: Raft consensus shutting down.
I20260713 09:03:37.533110 11942 raft_consensus.cc:2272] T 3450db85141d4b3c9bfaf909469b7a0c P f63bd199a77448dfbf7fd2d8846b24e7 [term 2 FOLLOWER]: Raft consensus is shut down!
I20260713 09:03:37.534598 11942 tablet_replica.cc:333] T 581afa9bab3d475bbb94e7ee6bfbaf68 P f63bd199a77448dfbf7fd2d8846b24e7: stopping tablet replica
I20260713 09:03:37.535087 11942 raft_consensus.cc:2243] T 581afa9bab3d475bbb94e7ee6bfbaf68 P f63bd199a77448dfbf7fd2d8846b24e7 [term 2 FOLLOWER]: Raft consensus shutting down.
I20260713 09:03:37.535465 11942 raft_consensus.cc:2272] T 581afa9bab3d475bbb94e7ee6bfbaf68 P f63bd199a77448dfbf7fd2d8846b24e7 [term 2 FOLLOWER]: Raft consensus is shut down!
I20260713 09:03:37.537034 11942 tablet_replica.cc:333] T f442374cc47f44498935d1003ee6e77a P f63bd199a77448dfbf7fd2d8846b24e7: stopping tablet replica
I20260713 09:03:37.537477 11942 raft_consensus.cc:2243] T f442374cc47f44498935d1003ee6e77a P f63bd199a77448dfbf7fd2d8846b24e7 [term 1 LEADER]: Raft consensus shutting down.
I20260713 09:03:37.538156 11942 raft_consensus.cc:2272] T f442374cc47f44498935d1003ee6e77a P f63bd199a77448dfbf7fd2d8846b24e7 [term 1 FOLLOWER]: Raft consensus is shut down!
I20260713 09:03:37.539732 11942 tablet_replica.cc:333] T fe281fb0120841d8ac632460ee1a6401 P f63bd199a77448dfbf7fd2d8846b24e7: stopping tablet replica
I20260713 09:03:37.540158 11942 raft_consensus.cc:2243] T fe281fb0120841d8ac632460ee1a6401 P f63bd199a77448dfbf7fd2d8846b24e7 [term 3 FOLLOWER]: Raft consensus shutting down.
I20260713 09:03:37.540544 11942 raft_consensus.cc:2272] T fe281fb0120841d8ac632460ee1a6401 P f63bd199a77448dfbf7fd2d8846b24e7 [term 3 FOLLOWER]: Raft consensus is shut down!
I20260713 09:03:37.542021 11942 tablet_replica.cc:333] T 8eb37bb9e6d34c9d90e2f7f60ce17272 P f63bd199a77448dfbf7fd2d8846b24e7: stopping tablet replica
I20260713 09:03:37.542420 11942 raft_consensus.cc:2243] T 8eb37bb9e6d34c9d90e2f7f60ce17272 P f63bd199a77448dfbf7fd2d8846b24e7 [term 2 FOLLOWER]: Raft consensus shutting down.
I20260713 09:03:37.542815 11942 raft_consensus.cc:2272] T 8eb37bb9e6d34c9d90e2f7f60ce17272 P f63bd199a77448dfbf7fd2d8846b24e7 [term 2 FOLLOWER]: Raft consensus is shut down!
W20260713 09:03:37.548120 12679 consensus_peers.cc:597] T 75167320d7784a0394b0c9686bed6021 P a601ed2380dd4ac0836df343fdb0a35a -> Peer 5c0bcc39adb74653bc729c5a885ef02f (127.11.169.129:34139): Couldn't send request to peer 5c0bcc39adb74653bc729c5a885ef02f. Status: Network error: Client connection negotiation failed: client connection to 127.11.169.129:34139: connect: Connection refused (error 111). This is attempt 1: this message will repeat every 5th retry.
I20260713 09:03:37.570879 11942 tablet_server.cc:196] TabletServer@127.11.169.130:0 shutdown complete.
I20260713 09:03:37.587450 11942 tablet_server.cc:179] TabletServer@127.11.169.131:0 shutting down...
W20260713 09:03:37.604269 12678 consensus_peers.cc:597] T a8c4674078af44ceb29bf3d2a30b7f5b P a601ed2380dd4ac0836df343fdb0a35a -> Peer f63bd199a77448dfbf7fd2d8846b24e7 (127.11.169.130:38913): Couldn't send request to peer f63bd199a77448dfbf7fd2d8846b24e7. Status: Network error: Client connection negotiation failed: client connection to 127.11.169.130:38913: connect: Connection refused (error 111). This is attempt 1: this message will repeat every 5th retry.
W20260713 09:03:37.604586 12679 consensus_peers.cc:597] T a8c4674078af44ceb29bf3d2a30b7f5b P a601ed2380dd4ac0836df343fdb0a35a -> Peer 5c0bcc39adb74653bc729c5a885ef02f (127.11.169.129:34139): Couldn't send request to peer 5c0bcc39adb74653bc729c5a885ef02f. Status: Network error: Client connection negotiation failed: client connection to 127.11.169.129:34139: connect: Connection refused (error 111). This is attempt 1: this message will repeat every 5th retry.
I20260713 09:03:37.612267 11942 ts_tablet_manager.cc:1507] Shutting down tablet manager...
I20260713 09:03:37.612900 11942 tablet_replica.cc:333] T fe281fb0120841d8ac632460ee1a6401 P a601ed2380dd4ac0836df343fdb0a35a: stopping tablet replica
I20260713 09:03:37.613507 11942 raft_consensus.cc:2243] T fe281fb0120841d8ac632460ee1a6401 P a601ed2380dd4ac0836df343fdb0a35a [term 3 FOLLOWER]: Raft consensus shutting down.
I20260713 09:03:37.613997 11942 raft_consensus.cc:2272] T fe281fb0120841d8ac632460ee1a6401 P a601ed2380dd4ac0836df343fdb0a35a [term 3 FOLLOWER]: Raft consensus is shut down!
I20260713 09:03:37.615635 11942 tablet_replica.cc:333] T f442374cc47f44498935d1003ee6e77a P a601ed2380dd4ac0836df343fdb0a35a: stopping tablet replica
I20260713 09:03:37.616295 11942 raft_consensus.cc:2243] T f442374cc47f44498935d1003ee6e77a P a601ed2380dd4ac0836df343fdb0a35a [term 1 FOLLOWER]: Raft consensus shutting down.
I20260713 09:03:37.616690 11942 raft_consensus.cc:2272] T f442374cc47f44498935d1003ee6e77a P a601ed2380dd4ac0836df343fdb0a35a [term 1 FOLLOWER]: Raft consensus is shut down!
I20260713 09:03:37.618237 11942 tablet_replica.cc:333] T 75167320d7784a0394b0c9686bed6021 P a601ed2380dd4ac0836df343fdb0a35a: stopping tablet replica
I20260713 09:03:37.618691 11942 raft_consensus.cc:2243] T 75167320d7784a0394b0c9686bed6021 P a601ed2380dd4ac0836df343fdb0a35a [term 2 LEADER]: Raft consensus shutting down.
I20260713 09:03:37.619403 11942 raft_consensus.cc:2272] T 75167320d7784a0394b0c9686bed6021 P a601ed2380dd4ac0836df343fdb0a35a [term 2 FOLLOWER]: Raft consensus is shut down!
I20260713 09:03:37.620971 11942 tablet_replica.cc:333] T a8c4674078af44ceb29bf3d2a30b7f5b P a601ed2380dd4ac0836df343fdb0a35a: stopping tablet replica
