W20260713 09:03:49.947222 12357 consensus_peers.cc:597] T 643c6b94c5c44193b695702462f5c9ba P 26f2bf04bbd14a09b471fb3b6e8802a9 -> Peer 5902e3027b2249219e02d0b1248d4870 (127.10.224.68:32815): Couldn't send request to peer 5902e3027b2249219e02d0b1248d4870. Error code: TABLET_NOT_FOUND (6). Status: Not found: Tablet not found: 643c6b94c5c44193b695702462f5c9ba. This is attempt 1: this message will repeat every 5th retry.
I20260713 09:03:49.948957 12245 raft_consensus.cc:1275] T 643c6b94c5c44193b695702462f5c9ba P b1222600d2f242e9bae51e64e69c3fb9 [term 1 FOLLOWER]: Refusing update from remote peer 26f2bf04bbd14a09b471fb3b6e8802a9: Log matching property violated. Preceding OpId in replica: term: 1 index: 1. Preceding OpId from leader: term: 1 index: 2. (index mismatch)
I20260713 09:03:49.948271 12318 raft_consensus.cc:1275] T 643c6b94c5c44193b695702462f5c9ba P 9fe18d9127e34b65bf4997bdb07c05b4 [term 1 FOLLOWER]: Refusing update from remote peer 26f2bf04bbd14a09b471fb3b6e8802a9: Log matching property violated. Preceding OpId in replica: term: 1 index: 1. Preceding OpId from leader: term: 1 index: 2. (index mismatch)
I20260713 09:03:49.952709 12831 consensus_queue.cc:1048] T 643c6b94c5c44193b695702462f5c9ba P 26f2bf04bbd14a09b471fb3b6e8802a9 [LEADER]: Connected to new peer: Peer: permanent_uuid: "b1222600d2f242e9bae51e64e69c3fb9" member_type: VOTER last_known_addr { host: "127.10.224.65" port: 33257 }, Status: LMP_MISMATCH, Last received: 0.0, Next index: 2, Last known committed idx: 1, Time since last communication: 0.000s
I20260713 09:03:49.953661 12779 consensus_queue.cc:1048] T 643c6b94c5c44193b695702462f5c9ba P 26f2bf04bbd14a09b471fb3b6e8802a9 [LEADER]: Connected to new peer: Peer: permanent_uuid: "9fe18d9127e34b65bf4997bdb07c05b4" member_type: VOTER last_known_addr { host: "127.10.224.66" port: 42927 } attrs { replace: true }, Status: LMP_MISMATCH, Last received: 0.0, Next index: 2, Last known committed idx: 1, Time since last communication: 0.000s
I20260713 09:03:49.963234 12831 raft_consensus.cc:2955] T 643c6b94c5c44193b695702462f5c9ba P 26f2bf04bbd14a09b471fb3b6e8802a9 [term 1 LEADER]: Committing config change with OpId 1.2: config changed from index -1 to 2, NON_VOTER 5902e3027b2249219e02d0b1248d4870 (127.10.224.68) added. New config: { opid_index: 2 OBSOLETE_local: false peers { permanent_uuid: "b1222600d2f242e9bae51e64e69c3fb9" member_type: VOTER last_known_addr { host: "127.10.224.65" port: 33257 } } peers { permanent_uuid: "9fe18d9127e34b65bf4997bdb07c05b4" member_type: VOTER last_known_addr { host: "127.10.224.66" port: 42927 } attrs { replace: true } } peers { permanent_uuid: "26f2bf04bbd14a09b471fb3b6e8802a9" member_type: VOTER last_known_addr { host: "127.10.224.67" port: 35481 } } peers { permanent_uuid: "5902e3027b2249219e02d0b1248d4870" member_type: NON_VOTER last_known_addr { host: "127.10.224.68" port: 32815 } attrs { promote: true } } }
I20260713 09:03:49.965308 12245 raft_consensus.cc:2955] T 643c6b94c5c44193b695702462f5c9ba P b1222600d2f242e9bae51e64e69c3fb9 [term 1 FOLLOWER]: Committing config change with OpId 1.2: config changed from index -1 to 2, NON_VOTER 5902e3027b2249219e02d0b1248d4870 (127.10.224.68) added. New config: { opid_index: 2 OBSOLETE_local: false peers { permanent_uuid: "b1222600d2f242e9bae51e64e69c3fb9" member_type: VOTER last_known_addr { host: "127.10.224.65" port: 33257 } } peers { permanent_uuid: "9fe18d9127e34b65bf4997bdb07c05b4" member_type: VOTER last_known_addr { host: "127.10.224.66" port: 42927 } attrs { replace: true } } peers { permanent_uuid: "26f2bf04bbd14a09b471fb3b6e8802a9" member_type: VOTER last_known_addr { host: "127.10.224.67" port: 35481 } } peers { permanent_uuid: "5902e3027b2249219e02d0b1248d4870" member_type: NON_VOTER last_known_addr { host: "127.10.224.68" port: 32815 } attrs { promote: true } } }
I20260713 09:03:49.966181 12318 raft_consensus.cc:2955] T 643c6b94c5c44193b695702462f5c9ba P 9fe18d9127e34b65bf4997bdb07c05b4 [term 1 FOLLOWER]: Committing config change with OpId 1.2: config changed from index -1 to 2, NON_VOTER 5902e3027b2249219e02d0b1248d4870 (127.10.224.68) added. New config: { opid_index: 2 OBSOLETE_local: false peers { permanent_uuid: "b1222600d2f242e9bae51e64e69c3fb9" member_type: VOTER last_known_addr { host: "127.10.224.65" port: 33257 } } peers { permanent_uuid: "9fe18d9127e34b65bf4997bdb07c05b4" member_type: VOTER last_known_addr { host: "127.10.224.66" port: 42927 } attrs { replace: true } } peers { permanent_uuid: "26f2bf04bbd14a09b471fb3b6e8802a9" member_type: VOTER last_known_addr { host: "127.10.224.67" port: 35481 } } peers { permanent_uuid: "5902e3027b2249219e02d0b1248d4870" member_type: NON_VOTER last_known_addr { host: "127.10.224.68" port: 32815 } attrs { promote: true } } }
I20260713 09:03:49.976691 12317 consensus_queue.cc:237] T fe25e382571b4ace8a8903819f0ea891 P 9fe18d9127e34b65bf4997bdb07c05b4 [LEADER]: Queue going to LEADER mode. State: All replicated index: 0, Majority replicated index: 1, Committed index: 1, Last appended: 1.1, Last appended by leader: 0, Current term: 1, Majority size: 2, State: 0, Mode: LEADER, active raft config: opid_index: 2 OBSOLETE_local: false peers { permanent_uuid: "26f2bf04bbd14a09b471fb3b6e8802a9" member_type: VOTER last_known_addr { host: "127.10.224.67" port: 35481 } } peers { permanent_uuid: "9fe18d9127e34b65bf4997bdb07c05b4" member_type: VOTER last_known_addr { host: "127.10.224.66" port: 42927 } } peers { permanent_uuid: "b1222600d2f242e9bae51e64e69c3fb9" member_type: VOTER last_known_addr { host: "127.10.224.65" port: 33257 } attrs { replace: true } } peers { permanent_uuid: "5902e3027b2249219e02d0b1248d4870" member_type: NON_VOTER last_known_addr { host: "127.10.224.68" port: 32815 } attrs { promote: true } }
I20260713 09:03:49.978084 12140 catalog_manager.cc:5697] T 643c6b94c5c44193b695702462f5c9ba P 26f2bf04bbd14a09b471fb3b6e8802a9 reported cstate change: config changed from index -1 to 2, NON_VOTER 5902e3027b2249219e02d0b1248d4870 (127.10.224.68) added. New cstate: current_term: 1 leader_uuid: "26f2bf04bbd14a09b471fb3b6e8802a9" committed_config { opid_index: 2 OBSOLETE_local: false peers { permanent_uuid: "b1222600d2f242e9bae51e64e69c3fb9" member_type: VOTER last_known_addr { host: "127.10.224.65" port: 33257 } health_report { overall_health: HEALTHY } } peers { permanent_uuid: "9fe18d9127e34b65bf4997bdb07c05b4" member_type: VOTER last_known_addr { host: "127.10.224.66" port: 42927 } attrs { replace: true } health_report { overall_health: HEALTHY } } peers { permanent_uuid: "26f2bf04bbd14a09b471fb3b6e8802a9" member_type: VOTER last_known_addr { host: "127.10.224.67" port: 35481 } health_report { overall_health: HEALTHY } } peers { permanent_uuid: "5902e3027b2249219e02d0b1248d4870" member_type: NON_VOTER last_known_addr { host: "127.10.224.68" port: 32815 } attrs { promote: true } health_report { overall_health: UNKNOWN } } }
W20260713 09:03:49.984298 12283 consensus_peers.cc:597] T fe25e382571b4ace8a8903819f0ea891 P 9fe18d9127e34b65bf4997bdb07c05b4 -> Peer 5902e3027b2249219e02d0b1248d4870 (127.10.224.68:32815): Couldn't send request to peer 5902e3027b2249219e02d0b1248d4870. Error code: TABLET_NOT_FOUND (6). Status: Not found: Tablet not found: fe25e382571b4ace8a8903819f0ea891. This is attempt 1: this message will repeat every 5th retry.
I20260713 09:03:49.984442 12245 raft_consensus.cc:1275] T fe25e382571b4ace8a8903819f0ea891 P b1222600d2f242e9bae51e64e69c3fb9 [term 1 FOLLOWER]: Refusing update from remote peer 9fe18d9127e34b65bf4997bdb07c05b4: Log matching property violated. Preceding OpId in replica: term: 1 index: 1. Preceding OpId from leader: term: 1 index: 2. (index mismatch)
I20260713 09:03:49.985846 12798 consensus_queue.cc:1048] T fe25e382571b4ace8a8903819f0ea891 P 9fe18d9127e34b65bf4997bdb07c05b4 [LEADER]: Connected to new peer: Peer: permanent_uuid: "b1222600d2f242e9bae51e64e69c3fb9" member_type: VOTER last_known_addr { host: "127.10.224.65" port: 33257 } attrs { replace: true }, Status: LMP_MISMATCH, Last received: 0.0, Next index: 2, Last known committed idx: 1, Time since last communication: 0.000s
I20260713 09:03:49.989007 12392 raft_consensus.cc:1275] T fe25e382571b4ace8a8903819f0ea891 P 26f2bf04bbd14a09b471fb3b6e8802a9 [term 1 FOLLOWER]: Refusing update from remote peer 9fe18d9127e34b65bf4997bdb07c05b4: Log matching property violated. Preceding OpId in replica: term: 1 index: 1. Preceding OpId from leader: term: 1 index: 2. (index mismatch)
I20260713 09:03:49.991080 12848 consensus_queue.cc:1048] T fe25e382571b4ace8a8903819f0ea891 P 9fe18d9127e34b65bf4997bdb07c05b4 [LEADER]: Connected to new peer: Peer: permanent_uuid: "26f2bf04bbd14a09b471fb3b6e8802a9" member_type: VOTER last_known_addr { host: "127.10.224.67" port: 35481 }, Status: LMP_MISMATCH, Last received: 0.0, Next index: 2, Last known committed idx: 1, Time since last communication: 0.001s
I20260713 09:03:49.997009 12798 raft_consensus.cc:2955] T fe25e382571b4ace8a8903819f0ea891 P 9fe18d9127e34b65bf4997bdb07c05b4 [term 1 LEADER]: Committing config change with OpId 1.2: config changed from index -1 to 2, NON_VOTER 5902e3027b2249219e02d0b1248d4870 (127.10.224.68) added. New config: { opid_index: 2 OBSOLETE_local: false peers { permanent_uuid: "26f2bf04bbd14a09b471fb3b6e8802a9" member_type: VOTER last_known_addr { host: "127.10.224.67" port: 35481 } } peers { permanent_uuid: "9fe18d9127e34b65bf4997bdb07c05b4" member_type: VOTER last_known_addr { host: "127.10.224.66" port: 42927 } } peers { permanent_uuid: "b1222600d2f242e9bae51e64e69c3fb9" member_type: VOTER last_known_addr { host: "127.10.224.65" port: 33257 } attrs { replace: true } } peers { permanent_uuid: "5902e3027b2249219e02d0b1248d4870" member_type: NON_VOTER last_known_addr { host: "127.10.224.68" port: 32815 } attrs { promote: true } } }
I20260713 09:03:49.998528 12245 raft_consensus.cc:2955] T fe25e382571b4ace8a8903819f0ea891 P b1222600d2f242e9bae51e64e69c3fb9 [term 1 FOLLOWER]: Committing config change with OpId 1.2: config changed from index -1 to 2, NON_VOTER 5902e3027b2249219e02d0b1248d4870 (127.10.224.68) added. New config: { opid_index: 2 OBSOLETE_local: false peers { permanent_uuid: "26f2bf04bbd14a09b471fb3b6e8802a9" member_type: VOTER last_known_addr { host: "127.10.224.67" port: 35481 } } peers { permanent_uuid: "9fe18d9127e34b65bf4997bdb07c05b4" member_type: VOTER last_known_addr { host: "127.10.224.66" port: 42927 } } peers { permanent_uuid: "b1222600d2f242e9bae51e64e69c3fb9" member_type: VOTER last_known_addr { host: "127.10.224.65" port: 33257 } attrs { replace: true } } peers { permanent_uuid: "5902e3027b2249219e02d0b1248d4870" member_type: NON_VOTER last_known_addr { host: "127.10.224.68" port: 32815 } attrs { promote: true } } }
I20260713 09:03:50.002512 12392 raft_consensus.cc:2955] T fe25e382571b4ace8a8903819f0ea891 P 26f2bf04bbd14a09b471fb3b6e8802a9 [term 1 FOLLOWER]: Committing config change with OpId 1.2: config changed from index -1 to 2, NON_VOTER 5902e3027b2249219e02d0b1248d4870 (127.10.224.68) added. New config: { opid_index: 2 OBSOLETE_local: false peers { permanent_uuid: "26f2bf04bbd14a09b471fb3b6e8802a9" member_type: VOTER last_known_addr { host: "127.10.224.67" port: 35481 } } peers { permanent_uuid: "9fe18d9127e34b65bf4997bdb07c05b4" member_type: VOTER last_known_addr { host: "127.10.224.66" port: 42927 } } peers { permanent_uuid: "b1222600d2f242e9bae51e64e69c3fb9" member_type: VOTER last_known_addr { host: "127.10.224.65" port: 33257 } attrs { replace: true } } peers { permanent_uuid: "5902e3027b2249219e02d0b1248d4870" member_type: NON_VOTER last_known_addr { host: "127.10.224.68" port: 32815 } attrs { promote: true } } }
I20260713 09:03:50.012329 12142 catalog_manager.cc:5697] T fe25e382571b4ace8a8903819f0ea891 P b1222600d2f242e9bae51e64e69c3fb9 reported cstate change: config changed from index -1 to 2, NON_VOTER 5902e3027b2249219e02d0b1248d4870 (127.10.224.68) added. New cstate: current_term: 1 leader_uuid: "9fe18d9127e34b65bf4997bdb07c05b4" committed_config { opid_index: 2 OBSOLETE_local: false peers { permanent_uuid: "26f2bf04bbd14a09b471fb3b6e8802a9" member_type: VOTER last_known_addr { host: "127.10.224.67" port: 35481 } } peers { permanent_uuid: "9fe18d9127e34b65bf4997bdb07c05b4" member_type: VOTER last_known_addr { host: "127.10.224.66" port: 42927 } } peers { permanent_uuid: "b1222600d2f242e9bae51e64e69c3fb9" member_type: VOTER last_known_addr { host: "127.10.224.65" port: 33257 } attrs { replace: true } } peers { permanent_uuid: "5902e3027b2249219e02d0b1248d4870" member_type: NON_VOTER last_known_addr { host: "127.10.224.68" port: 32815 } attrs { promote: true } } }
I20260713 09:03:50.378499 12854 ts_tablet_manager.cc:933] T ca4577c85c64460ebcc6544e3c61a41e P 5902e3027b2249219e02d0b1248d4870: Initiating tablet copy from peer b1222600d2f242e9bae51e64e69c3fb9 (127.10.224.65:33257)
I20260713 09:03:50.380400 12854 tablet_copy_client.cc:323] T ca4577c85c64460ebcc6544e3c61a41e P 5902e3027b2249219e02d0b1248d4870: tablet copy: Beginning tablet copy session from remote peer at address 127.10.224.65:33257
I20260713 09:03:50.381940 12255 tablet_copy_service.cc:140] P b1222600d2f242e9bae51e64e69c3fb9: Received BeginTabletCopySession request for tablet ca4577c85c64460ebcc6544e3c61a41e from peer 5902e3027b2249219e02d0b1248d4870 ({username='slave'} at 127.0.0.1:54830)
I20260713 09:03:50.382409 12255 tablet_copy_service.cc:161] P b1222600d2f242e9bae51e64e69c3fb9: Beginning new tablet copy session on tablet ca4577c85c64460ebcc6544e3c61a41e from peer 5902e3027b2249219e02d0b1248d4870 at {username='slave'} at 127.0.0.1:54830: session id = 5902e3027b2249219e02d0b1248d4870-ca4577c85c64460ebcc6544e3c61a41e
I20260713 09:03:50.387128 12255 tablet_copy_source_session.cc:215] T ca4577c85c64460ebcc6544e3c61a41e P b1222600d2f242e9bae51e64e69c3fb9: Tablet Copy: opened 0 blocks and 1 log segments
I20260713 09:03:50.389750 12854 data_dirs.cc:400] Could only allocate 1 dirs of requested 3 for tablet ca4577c85c64460ebcc6544e3c61a41e. 1 dirs total, 0 dirs full, 0 dirs failed
I20260713 09:03:50.401297 12854 tablet_copy_client.cc:806] T ca4577c85c64460ebcc6544e3c61a41e P 5902e3027b2249219e02d0b1248d4870: tablet copy: Starting download of 0 data blocks...
I20260713 09:03:50.401895 12854 tablet_copy_client.cc:670] T ca4577c85c64460ebcc6544e3c61a41e P 5902e3027b2249219e02d0b1248d4870: tablet copy: Starting download of 1 WAL segments...
I20260713 09:03:50.405407 12854 tablet_copy_client.cc:538] T ca4577c85c64460ebcc6544e3c61a41e P 5902e3027b2249219e02d0b1248d4870: tablet copy: Tablet Copy complete. Replacing tablet superblock.
I20260713 09:03:50.413242 12854 tablet_bootstrap.cc:492] T ca4577c85c64460ebcc6544e3c61a41e P 5902e3027b2249219e02d0b1248d4870: Bootstrap starting.
I20260713 09:03:50.432122 12854 tablet_bootstrap.cc:492] T ca4577c85c64460ebcc6544e3c61a41e P 5902e3027b2249219e02d0b1248d4870: Bootstrap replayed 1/1 log segments. Stats: ops{read=2 overwritten=0 applied=2 ignored=0} inserts{seen=0 ignored=0} mutations{seen=0 ignored=0} orphaned_commits=0. Pending: 0 replicates
I20260713 09:03:50.432960 12854 tablet_bootstrap.cc:492] T ca4577c85c64460ebcc6544e3c61a41e P 5902e3027b2249219e02d0b1248d4870: Bootstrap complete.
I20260713 09:03:50.433552 12854 ts_tablet_manager.cc:1403] T ca4577c85c64460ebcc6544e3c61a41e P 5902e3027b2249219e02d0b1248d4870: Time spent bootstrapping tablet: real 0.020s	user 0.011s	sys 0.009s
I20260713 09:03:50.438196 12854 raft_consensus.cc:359] T ca4577c85c64460ebcc6544e3c61a41e P 5902e3027b2249219e02d0b1248d4870 [term 1 LEARNER]: Replica starting. Triggering 0 pending ops. Active config: opid_index: 2 OBSOLETE_local: false peers { permanent_uuid: "b1222600d2f242e9bae51e64e69c3fb9" member_type: VOTER last_known_addr { host: "127.10.224.65" port: 33257 } } peers { permanent_uuid: "9fe18d9127e34b65bf4997bdb07c05b4" member_type: VOTER last_known_addr { host: "127.10.224.66" port: 42927 } } peers { permanent_uuid: "26f2bf04bbd14a09b471fb3b6e8802a9" member_type: VOTER last_known_addr { host: "127.10.224.67" port: 35481 } attrs { replace: true } } peers { permanent_uuid: "5902e3027b2249219e02d0b1248d4870" member_type: NON_VOTER last_known_addr { host: "127.10.224.68" port: 32815 } attrs { promote: true } }
I20260713 09:03:50.441035 12854 raft_consensus.cc:740] T ca4577c85c64460ebcc6544e3c61a41e P 5902e3027b2249219e02d0b1248d4870 [term 1 LEARNER]: Becoming Follower/Learner. State: Replica: 5902e3027b2249219e02d0b1248d4870, State: Initialized, Role: LEARNER
I20260713 09:03:50.442374 12854 consensus_queue.cc:260] T ca4577c85c64460ebcc6544e3c61a41e P 5902e3027b2249219e02d0b1248d4870 [NON_LEADER]: Queue going to NON_LEADER mode. State: All replicated index: 0, Majority replicated index: 0, Committed index: 2, Last appended: 1.2, Last appended by leader: 2, Current term: 0, Majority size: -1, State: 0, Mode: NON_LEADER, active raft config: opid_index: 2 OBSOLETE_local: false peers { permanent_uuid: "b1222600d2f242e9bae51e64e69c3fb9" member_type: VOTER last_known_addr { host: "127.10.224.65" port: 33257 } } peers { permanent_uuid: "9fe18d9127e34b65bf4997bdb07c05b4" member_type: VOTER last_known_addr { host: "127.10.224.66" port: 42927 } } peers { permanent_uuid: "26f2bf04bbd14a09b471fb3b6e8802a9" member_type: VOTER last_known_addr { host: "127.10.224.67" port: 35481 } attrs { replace: true } } peers { permanent_uuid: "5902e3027b2249219e02d0b1248d4870" member_type: NON_VOTER last_known_addr { host: "127.10.224.68" port: 32815 } attrs { promote: true } }
I20260713 09:03:50.445591 12854 ts_tablet_manager.cc:1434] T ca4577c85c64460ebcc6544e3c61a41e P 5902e3027b2249219e02d0b1248d4870: Time spent starting tablet: real 0.012s	user 0.012s	sys 0.000s
I20260713 09:03:50.447667 12255 tablet_copy_service.cc:342] P b1222600d2f242e9bae51e64e69c3fb9: Request end of tablet copy session 5902e3027b2249219e02d0b1248d4870-ca4577c85c64460ebcc6544e3c61a41e received from {username='slave'} at 127.0.0.1:54830
I20260713 09:03:50.448118 12255 tablet_copy_service.cc:434] P b1222600d2f242e9bae51e64e69c3fb9: ending tablet copy session 5902e3027b2249219e02d0b1248d4870-ca4577c85c64460ebcc6544e3c61a41e on tablet ca4577c85c64460ebcc6544e3c61a41e with peer 5902e3027b2249219e02d0b1248d4870
I20260713 09:03:50.467047 12854 ts_tablet_manager.cc:933] T 643c6b94c5c44193b695702462f5c9ba P 5902e3027b2249219e02d0b1248d4870: Initiating tablet copy from peer 26f2bf04bbd14a09b471fb3b6e8802a9 (127.10.224.67:35481)
I20260713 09:03:50.477149 12854 tablet_copy_client.cc:323] T 643c6b94c5c44193b695702462f5c9ba P 5902e3027b2249219e02d0b1248d4870: tablet copy: Beginning tablet copy session from remote peer at address 127.10.224.67:35481
I20260713 09:03:50.478643 12858 ts_tablet_manager.cc:933] T fe25e382571b4ace8a8903819f0ea891 P 5902e3027b2249219e02d0b1248d4870: Initiating tablet copy from peer 9fe18d9127e34b65bf4997bdb07c05b4 (127.10.224.66:42927)
I20260713 09:03:50.480420 12403 tablet_copy_service.cc:140] P 26f2bf04bbd14a09b471fb3b6e8802a9: Received BeginTabletCopySession request for tablet 643c6b94c5c44193b695702462f5c9ba from peer 5902e3027b2249219e02d0b1248d4870 ({username='slave'} at 127.0.0.1:54118)
I20260713 09:03:50.481163 12403 tablet_copy_service.cc:161] P 26f2bf04bbd14a09b471fb3b6e8802a9: Beginning new tablet copy session on tablet 643c6b94c5c44193b695702462f5c9ba from peer 5902e3027b2249219e02d0b1248d4870 at {username='slave'} at 127.0.0.1:54118: session id = 5902e3027b2249219e02d0b1248d4870-643c6b94c5c44193b695702462f5c9ba
I20260713 09:03:50.482568 12858 tablet_copy_client.cc:323] T fe25e382571b4ace8a8903819f0ea891 P 5902e3027b2249219e02d0b1248d4870: tablet copy: Beginning tablet copy session from remote peer at address 127.10.224.66:42927
I20260713 09:03:50.484217 12330 tablet_copy_service.cc:140] P 9fe18d9127e34b65bf4997bdb07c05b4: Received BeginTabletCopySession request for tablet fe25e382571b4ace8a8903819f0ea891 from peer 5902e3027b2249219e02d0b1248d4870 ({username='slave'} at 127.0.0.1:49190)
I20260713 09:03:50.484809 12330 tablet_copy_service.cc:161] P 9fe18d9127e34b65bf4997bdb07c05b4: Beginning new tablet copy session on tablet fe25e382571b4ace8a8903819f0ea891 from peer 5902e3027b2249219e02d0b1248d4870 at {username='slave'} at 127.0.0.1:49190: session id = 5902e3027b2249219e02d0b1248d4870-fe25e382571b4ace8a8903819f0ea891
I20260713 09:03:50.489781 12403 tablet_copy_source_session.cc:215] T 643c6b94c5c44193b695702462f5c9ba P 26f2bf04bbd14a09b471fb3b6e8802a9: Tablet Copy: opened 0 blocks and 1 log segments
I20260713 09:03:50.493507 12330 tablet_copy_source_session.cc:215] T fe25e382571b4ace8a8903819f0ea891 P 9fe18d9127e34b65bf4997bdb07c05b4: Tablet Copy: opened 0 blocks and 1 log segments
I20260713 09:03:50.494614 12854 data_dirs.cc:400] Could only allocate 1 dirs of requested 3 for tablet 643c6b94c5c44193b695702462f5c9ba. 1 dirs total, 0 dirs full, 0 dirs failed
I20260713 09:03:50.511066 12854 tablet_copy_client.cc:806] T 643c6b94c5c44193b695702462f5c9ba P 5902e3027b2249219e02d0b1248d4870: tablet copy: Starting download of 0 data blocks...
I20260713 09:03:50.511703 12854 tablet_copy_client.cc:670] T 643c6b94c5c44193b695702462f5c9ba P 5902e3027b2249219e02d0b1248d4870: tablet copy: Starting download of 1 WAL segments...
I20260713 09:03:50.513152 12861 ts_tablet_manager.cc:933] T ff79f5d9fc8e44c8bede07b0b7bc5576 P 5902e3027b2249219e02d0b1248d4870: Initiating tablet copy from peer b1222600d2f242e9bae51e64e69c3fb9 (127.10.224.65:33257)
I20260713 09:03:50.516487 12854 tablet_copy_client.cc:538] T 643c6b94c5c44193b695702462f5c9ba P 5902e3027b2249219e02d0b1248d4870: tablet copy: Tablet Copy complete. Replacing tablet superblock.
I20260713 09:03:50.517692 12858 data_dirs.cc:400] Could only allocate 1 dirs of requested 3 for tablet fe25e382571b4ace8a8903819f0ea891. 1 dirs total, 0 dirs full, 0 dirs failed
I20260713 09:03:50.526243 12854 tablet_bootstrap.cc:492] T 643c6b94c5c44193b695702462f5c9ba P 5902e3027b2249219e02d0b1248d4870: Bootstrap starting.
I20260713 09:03:50.541615 12861 tablet_copy_client.cc:323] T ff79f5d9fc8e44c8bede07b0b7bc5576 P 5902e3027b2249219e02d0b1248d4870: tablet copy: Beginning tablet copy session from remote peer at address 127.10.224.65:33257
I20260713 09:03:50.543380 12255 tablet_copy_service.cc:140] P b1222600d2f242e9bae51e64e69c3fb9: Received BeginTabletCopySession request for tablet ff79f5d9fc8e44c8bede07b0b7bc5576 from peer 5902e3027b2249219e02d0b1248d4870 ({username='slave'} at 127.0.0.1:54830)
I20260713 09:03:50.543915 12255 tablet_copy_service.cc:161] P b1222600d2f242e9bae51e64e69c3fb9: Beginning new tablet copy session on tablet ff79f5d9fc8e44c8bede07b0b7bc5576 from peer 5902e3027b2249219e02d0b1248d4870 at {username='slave'} at 127.0.0.1:54830: session id = 5902e3027b2249219e02d0b1248d4870-ff79f5d9fc8e44c8bede07b0b7bc5576
I20260713 09:03:50.547822 12858 tablet_copy_client.cc:806] T fe25e382571b4ace8a8903819f0ea891 P 5902e3027b2249219e02d0b1248d4870: tablet copy: Starting download of 0 data blocks...
I20260713 09:03:50.548385 12858 tablet_copy_client.cc:670] T fe25e382571b4ace8a8903819f0ea891 P 5902e3027b2249219e02d0b1248d4870: tablet copy: Starting download of 1 WAL segments...
I20260713 09:03:50.552037 12858 tablet_copy_client.cc:538] T fe25e382571b4ace8a8903819f0ea891 P 5902e3027b2249219e02d0b1248d4870: tablet copy: Tablet Copy complete. Replacing tablet superblock.
I20260713 09:03:50.554703 12255 tablet_copy_source_session.cc:215] T ff79f5d9fc8e44c8bede07b0b7bc5576 P b1222600d2f242e9bae51e64e69c3fb9: Tablet Copy: opened 0 blocks and 1 log segments
I20260713 09:03:50.558915 12861 data_dirs.cc:400] Could only allocate 1 dirs of requested 3 for tablet ff79f5d9fc8e44c8bede07b0b7bc5576. 1 dirs total, 0 dirs full, 0 dirs failed
I20260713 09:03:50.571918 12858 tablet_bootstrap.cc:492] T fe25e382571b4ace8a8903819f0ea891 P 5902e3027b2249219e02d0b1248d4870: Bootstrap starting.
I20260713 09:03:50.580791 12861 tablet_copy_client.cc:806] T ff79f5d9fc8e44c8bede07b0b7bc5576 P 5902e3027b2249219e02d0b1248d4870: tablet copy: Starting download of 0 data blocks...
I20260713 09:03:50.581490 12861 tablet_copy_client.cc:670] T ff79f5d9fc8e44c8bede07b0b7bc5576 P 5902e3027b2249219e02d0b1248d4870: tablet copy: Starting download of 1 WAL segments...
I20260713 09:03:50.582865 12854 tablet_bootstrap.cc:492] T 643c6b94c5c44193b695702462f5c9ba P 5902e3027b2249219e02d0b1248d4870: Bootstrap replayed 1/1 log segments. Stats: ops{read=2 overwritten=0 applied=2 ignored=0} inserts{seen=0 ignored=0} mutations{seen=0 ignored=0} orphaned_commits=0. Pending: 0 replicates
I20260713 09:03:50.583819 12854 tablet_bootstrap.cc:492] T 643c6b94c5c44193b695702462f5c9ba P 5902e3027b2249219e02d0b1248d4870: Bootstrap complete.
I20260713 09:03:50.584551 12854 ts_tablet_manager.cc:1403] T 643c6b94c5c44193b695702462f5c9ba P 5902e3027b2249219e02d0b1248d4870: Time spent bootstrapping tablet: real 0.059s	user 0.021s	sys 0.006s
I20260713 09:03:50.585584 12861 tablet_copy_client.cc:538] T ff79f5d9fc8e44c8bede07b0b7bc5576 P 5902e3027b2249219e02d0b1248d4870: tablet copy: Tablet Copy complete. Replacing tablet superblock.
I20260713 09:03:50.588042 12854 raft_consensus.cc:359] T 643c6b94c5c44193b695702462f5c9ba P 5902e3027b2249219e02d0b1248d4870 [term 1 LEARNER]: Replica starting. Triggering 0 pending ops. Active config: opid_index: 2 OBSOLETE_local: false peers { permanent_uuid: "b1222600d2f242e9bae51e64e69c3fb9" member_type: VOTER last_known_addr { host: "127.10.224.65" port: 33257 } } peers { permanent_uuid: "9fe18d9127e34b65bf4997bdb07c05b4" member_type: VOTER last_known_addr { host: "127.10.224.66" port: 42927 } attrs { replace: true } } peers { permanent_uuid: "26f2bf04bbd14a09b471fb3b6e8802a9" member_type: VOTER last_known_addr { host: "127.10.224.67" port: 35481 } } peers { permanent_uuid: "5902e3027b2249219e02d0b1248d4870" member_type: NON_VOTER last_known_addr { host: "127.10.224.68" port: 32815 } attrs { promote: true } }
I20260713 09:03:50.588995 12854 raft_consensus.cc:740] T 643c6b94c5c44193b695702462f5c9ba P 5902e3027b2249219e02d0b1248d4870 [term 1 LEARNER]: Becoming Follower/Learner. State: Replica: 5902e3027b2249219e02d0b1248d4870, State: Initialized, Role: LEARNER
I20260713 09:03:50.589679 12854 consensus_queue.cc:260] T 643c6b94c5c44193b695702462f5c9ba P 5902e3027b2249219e02d0b1248d4870 [NON_LEADER]: Queue going to NON_LEADER mode. State: All replicated index: 0, Majority replicated index: 0, Committed index: 2, Last appended: 1.2, Last appended by leader: 2, Current term: 0, Majority size: -1, State: 0, Mode: NON_LEADER, active raft config: opid_index: 2 OBSOLETE_local: false peers { permanent_uuid: "b1222600d2f242e9bae51e64e69c3fb9" member_type: VOTER last_known_addr { host: "127.10.224.65" port: 33257 } } peers { permanent_uuid: "9fe18d9127e34b65bf4997bdb07c05b4" member_type: VOTER last_known_addr { host: "127.10.224.66" port: 42927 } attrs { replace: true } } peers { permanent_uuid: "26f2bf04bbd14a09b471fb3b6e8802a9" member_type: VOTER last_known_addr { host: "127.10.224.67" port: 35481 } } peers { permanent_uuid: "5902e3027b2249219e02d0b1248d4870" member_type: NON_VOTER last_known_addr { host: "127.10.224.68" port: 32815 } attrs { promote: true } }
I20260713 09:03:50.603639 12861 tablet_bootstrap.cc:492] T ff79f5d9fc8e44c8bede07b0b7bc5576 P 5902e3027b2249219e02d0b1248d4870: Bootstrap starting.
I20260713 09:03:50.605265 12854 ts_tablet_manager.cc:1434] T 643c6b94c5c44193b695702462f5c9ba P 5902e3027b2249219e02d0b1248d4870: Time spent starting tablet: real 0.020s	user 0.007s	sys 0.000s
I20260713 09:03:50.609817 12858 tablet_bootstrap.cc:492] T fe25e382571b4ace8a8903819f0ea891 P 5902e3027b2249219e02d0b1248d4870: Bootstrap replayed 1/1 log segments. Stats: ops{read=2 overwritten=0 applied=2 ignored=0} inserts{seen=0 ignored=0} mutations{seen=0 ignored=0} orphaned_commits=0. Pending: 0 replicates
I20260713 09:03:50.610773 12858 tablet_bootstrap.cc:492] T fe25e382571b4ace8a8903819f0ea891 P 5902e3027b2249219e02d0b1248d4870: Bootstrap complete.
I20260713 09:03:50.611843 12858 ts_tablet_manager.cc:1403] T fe25e382571b4ace8a8903819f0ea891 P 5902e3027b2249219e02d0b1248d4870: Time spent bootstrapping tablet: real 0.040s	user 0.015s	sys 0.021s
I20260713 09:03:50.612221 12403 tablet_copy_service.cc:342] P 26f2bf04bbd14a09b471fb3b6e8802a9: Request end of tablet copy session 5902e3027b2249219e02d0b1248d4870-643c6b94c5c44193b695702462f5c9ba received from {username='slave'} at 127.0.0.1:54118
I20260713 09:03:50.612702 12403 tablet_copy_service.cc:434] P 26f2bf04bbd14a09b471fb3b6e8802a9: ending tablet copy session 5902e3027b2249219e02d0b1248d4870-643c6b94c5c44193b695702462f5c9ba on tablet 643c6b94c5c44193b695702462f5c9ba with peer 5902e3027b2249219e02d0b1248d4870
I20260713 09:03:50.614740 12858 raft_consensus.cc:359] T fe25e382571b4ace8a8903819f0ea891 P 5902e3027b2249219e02d0b1248d4870 [term 1 LEARNER]: Replica starting. Triggering 0 pending ops. Active config: opid_index: 2 OBSOLETE_local: false peers { permanent_uuid: "26f2bf04bbd14a09b471fb3b6e8802a9" member_type: VOTER last_known_addr { host: "127.10.224.67" port: 35481 } } peers { permanent_uuid: "9fe18d9127e34b65bf4997bdb07c05b4" member_type: VOTER last_known_addr { host: "127.10.224.66" port: 42927 } } peers { permanent_uuid: "b1222600d2f242e9bae51e64e69c3fb9" member_type: VOTER last_known_addr { host: "127.10.224.65" port: 33257 } attrs { replace: true } } peers { permanent_uuid: "5902e3027b2249219e02d0b1248d4870" member_type: NON_VOTER last_known_addr { host: "127.10.224.68" port: 32815 } attrs { promote: true } }
I20260713 09:03:50.615585 12858 raft_consensus.cc:740] T fe25e382571b4ace8a8903819f0ea891 P 5902e3027b2249219e02d0b1248d4870 [term 1 LEARNER]: Becoming Follower/Learner. State: Replica: 5902e3027b2249219e02d0b1248d4870, State: Initialized, Role: LEARNER
I20260713 09:03:50.616221 12858 consensus_queue.cc:260] T fe25e382571b4ace8a8903819f0ea891 P 5902e3027b2249219e02d0b1248d4870 [NON_LEADER]: Queue going to NON_LEADER mode. State: All replicated index: 0, Majority replicated index: 0, Committed index: 2, Last appended: 1.2, Last appended by leader: 2, Current term: 0, Majority size: -1, State: 0, Mode: NON_LEADER, active raft config: opid_index: 2 OBSOLETE_local: false peers { permanent_uuid: "26f2bf04bbd14a09b471fb3b6e8802a9" member_type: VOTER last_known_addr { host: "127.10.224.67" port: 35481 } } peers { permanent_uuid: "9fe18d9127e34b65bf4997bdb07c05b4" member_type: VOTER last_known_addr { host: "127.10.224.66" port: 42927 } } peers { permanent_uuid: "b1222600d2f242e9bae51e64e69c3fb9" member_type: VOTER last_known_addr { host: "127.10.224.65" port: 33257 } attrs { replace: true } } peers { permanent_uuid: "5902e3027b2249219e02d0b1248d4870" member_type: NON_VOTER last_known_addr { host: "127.10.224.68" port: 32815 } attrs { promote: true } }
I20260713 09:03:50.618774 12858 ts_tablet_manager.cc:1434] T fe25e382571b4ace8a8903819f0ea891 P 5902e3027b2249219e02d0b1248d4870: Time spent starting tablet: real 0.007s	user 0.005s	sys 0.000s
I20260713 09:03:50.620910 12330 tablet_copy_service.cc:342] P 9fe18d9127e34b65bf4997bdb07c05b4: Request end of tablet copy session 5902e3027b2249219e02d0b1248d4870-fe25e382571b4ace8a8903819f0ea891 received from {username='slave'} at 127.0.0.1:49190
I20260713 09:03:50.621325 12330 tablet_copy_service.cc:434] P 9fe18d9127e34b65bf4997bdb07c05b4: ending tablet copy session 5902e3027b2249219e02d0b1248d4870-fe25e382571b4ace8a8903819f0ea891 on tablet fe25e382571b4ace8a8903819f0ea891 with peer 5902e3027b2249219e02d0b1248d4870
I20260713 09:03:50.627092 12861 tablet_bootstrap.cc:492] T ff79f5d9fc8e44c8bede07b0b7bc5576 P 5902e3027b2249219e02d0b1248d4870: Bootstrap replayed 1/1 log segments. Stats: ops{read=2 overwritten=0 applied=2 ignored=0} inserts{seen=0 ignored=0} mutations{seen=0 ignored=0} orphaned_commits=0. Pending: 0 replicates
I20260713 09:03:50.627992 12861 tablet_bootstrap.cc:492] T ff79f5d9fc8e44c8bede07b0b7bc5576 P 5902e3027b2249219e02d0b1248d4870: Bootstrap complete.
I20260713 09:03:50.628705 12861 ts_tablet_manager.cc:1403] T ff79f5d9fc8e44c8bede07b0b7bc5576 P 5902e3027b2249219e02d0b1248d4870: Time spent bootstrapping tablet: real 0.025s	user 0.015s	sys 0.008s
I20260713 09:03:50.631590 12861 raft_consensus.cc:359] T ff79f5d9fc8e44c8bede07b0b7bc5576 P 5902e3027b2249219e02d0b1248d4870 [term 1 LEARNER]: Replica starting. Triggering 0 pending ops. Active config: opid_index: 2 OBSOLETE_local: false peers { permanent_uuid: "b1222600d2f242e9bae51e64e69c3fb9" member_type: VOTER last_known_addr { host: "127.10.224.65" port: 33257 } } peers { permanent_uuid: "9fe18d9127e34b65bf4997bdb07c05b4" member_type: VOTER last_known_addr { host: "127.10.224.66" port: 42927 } } peers { permanent_uuid: "26f2bf04bbd14a09b471fb3b6e8802a9" member_type: VOTER last_known_addr { host: "127.10.224.67" port: 35481 } attrs { replace: true } } peers { permanent_uuid: "5902e3027b2249219e02d0b1248d4870" member_type: NON_VOTER last_known_addr { host: "127.10.224.68" port: 32815 } attrs { promote: true } }
I20260713 09:03:50.632404 12861 raft_consensus.cc:740] T ff79f5d9fc8e44c8bede07b0b7bc5576 P 5902e3027b2249219e02d0b1248d4870 [term 1 LEARNER]: Becoming Follower/Learner. State: Replica: 5902e3027b2249219e02d0b1248d4870, State: Initialized, Role: LEARNER
I20260713 09:03:50.633049 12861 consensus_queue.cc:260] T ff79f5d9fc8e44c8bede07b0b7bc5576 P 5902e3027b2249219e02d0b1248d4870 [NON_LEADER]: Queue going to NON_LEADER mode. State: All replicated index: 0, Majority replicated index: 0, Committed index: 2, Last appended: 1.2, Last appended by leader: 2, Current term: 0, Majority size: -1, State: 0, Mode: NON_LEADER, active raft config: opid_index: 2 OBSOLETE_local: false peers { permanent_uuid: "b1222600d2f242e9bae51e64e69c3fb9" member_type: VOTER last_known_addr { host: "127.10.224.65" port: 33257 } } peers { permanent_uuid: "9fe18d9127e34b65bf4997bdb07c05b4" member_type: VOTER last_known_addr { host: "127.10.224.66" port: 42927 } } peers { permanent_uuid: "26f2bf04bbd14a09b471fb3b6e8802a9" member_type: VOTER last_known_addr { host: "127.10.224.67" port: 35481 } attrs { replace: true } } peers { permanent_uuid: "5902e3027b2249219e02d0b1248d4870" member_type: NON_VOTER last_known_addr { host: "127.10.224.68" port: 32815 } attrs { promote: true } }
I20260713 09:03:50.635592 12861 ts_tablet_manager.cc:1434] T ff79f5d9fc8e44c8bede07b0b7bc5576 P 5902e3027b2249219e02d0b1248d4870: Time spent starting tablet: real 0.007s	user 0.005s	sys 0.000s
I20260713 09:03:50.637421 12255 tablet_copy_service.cc:342] P b1222600d2f242e9bae51e64e69c3fb9: Request end of tablet copy session 5902e3027b2249219e02d0b1248d4870-ff79f5d9fc8e44c8bede07b0b7bc5576 received from {username='slave'} at 127.0.0.1:54830
I20260713 09:03:50.637828 12255 tablet_copy_service.cc:434] P b1222600d2f242e9bae51e64e69c3fb9: ending tablet copy session 5902e3027b2249219e02d0b1248d4870-ff79f5d9fc8e44c8bede07b0b7bc5576 on tablet ff79f5d9fc8e44c8bede07b0b7bc5576 with peer 5902e3027b2249219e02d0b1248d4870
I20260713 09:03:50.807799 12655 raft_consensus.cc:1217] T ca4577c85c64460ebcc6544e3c61a41e P 5902e3027b2249219e02d0b1248d4870 [term 1 LEARNER]: Deduplicated request from leader. Original: 1.1->[1.2-1.2]   Dedup: 1.2->[]
I20260713 09:03:50.887075 12655 raft_consensus.cc:1217] T 643c6b94c5c44193b695702462f5c9ba P 5902e3027b2249219e02d0b1248d4870 [term 1 LEARNER]: Deduplicated request from leader. Original: 1.1->[1.2-1.2]   Dedup: 1.2->[]
I20260713 09:03:50.963538 12655 raft_consensus.cc:1217] T fe25e382571b4ace8a8903819f0ea891 P 5902e3027b2249219e02d0b1248d4870 [term 1 LEARNER]: Deduplicated request from leader. Original: 1.1->[1.2-1.2]   Dedup: 1.2->[]
I20260713 09:03:50.991158 12655 raft_consensus.cc:1217] T ff79f5d9fc8e44c8bede07b0b7bc5576 P 5902e3027b2249219e02d0b1248d4870 [term 1 LEARNER]: Deduplicated request from leader. Original: 1.1->[1.2-1.2]   Dedup: 1.2->[]
I20260713 09:03:51.231814 12869 raft_consensus.cc:1064] T ca4577c85c64460ebcc6544e3c61a41e P b1222600d2f242e9bae51e64e69c3fb9: attempting to promote NON_VOTER 5902e3027b2249219e02d0b1248d4870 to VOTER
I20260713 09:03:51.233817 12869 consensus_queue.cc:237] T ca4577c85c64460ebcc6544e3c61a41e P b1222600d2f242e9bae51e64e69c3fb9 [LEADER]: Queue going to LEADER mode. State: All replicated index: 0, Majority replicated index: 2, Committed index: 2, Last appended: 1.2, Last appended by leader: 0, Current term: 1, Majority size: 3, State: 0, Mode: LEADER, active raft config: opid_index: 3 OBSOLETE_local: false peers { permanent_uuid: "b1222600d2f242e9bae51e64e69c3fb9" member_type: VOTER last_known_addr { host: "127.10.224.65" port: 33257 } } peers { permanent_uuid: "9fe18d9127e34b65bf4997bdb07c05b4" member_type: VOTER last_known_addr { host: "127.10.224.66" port: 42927 } } peers { permanent_uuid: "26f2bf04bbd14a09b471fb3b6e8802a9" member_type: VOTER last_known_addr { host: "127.10.224.67" port: 35481 } attrs { replace: true } } peers { permanent_uuid: "5902e3027b2249219e02d0b1248d4870" member_type: VOTER last_known_addr { host: "127.10.224.68" port: 32815 } attrs { promote: false } }
I20260713 09:03:51.240192 12392 raft_consensus.cc:1275] T ca4577c85c64460ebcc6544e3c61a41e P 26f2bf04bbd14a09b471fb3b6e8802a9 [term 1 FOLLOWER]: Refusing update from remote peer b1222600d2f242e9bae51e64e69c3fb9: Log matching property violated. Preceding OpId in replica: term: 1 index: 2. Preceding OpId from leader: term: 1 index: 3. (index mismatch)
I20260713 09:03:51.240845 12655 raft_consensus.cc:1275] T ca4577c85c64460ebcc6544e3c61a41e P 5902e3027b2249219e02d0b1248d4870 [term 1 LEARNER]: Refusing update from remote peer b1222600d2f242e9bae51e64e69c3fb9: Log matching property violated. Preceding OpId in replica: term: 1 index: 2. Preceding OpId from leader: term: 1 index: 3. (index mismatch)
I20260713 09:03:51.241644 12317 raft_consensus.cc:1275] T ca4577c85c64460ebcc6544e3c61a41e P 9fe18d9127e34b65bf4997bdb07c05b4 [term 1 FOLLOWER]: Refusing update from remote peer b1222600d2f242e9bae51e64e69c3fb9: Log matching property violated. Preceding OpId in replica: term: 1 index: 2. Preceding OpId from leader: term: 1 index: 3. (index mismatch)
I20260713 09:03:51.241765 12869 consensus_queue.cc:1048] T ca4577c85c64460ebcc6544e3c61a41e P b1222600d2f242e9bae51e64e69c3fb9 [LEADER]: Connected to new peer: Peer: permanent_uuid: "26f2bf04bbd14a09b471fb3b6e8802a9" member_type: VOTER last_known_addr { host: "127.10.224.67" port: 35481 } attrs { replace: true }, Status: LMP_MISMATCH, Last received: 0.0, Next index: 3, Last known committed idx: 2, Time since last communication: 0.000s
I20260713 09:03:51.242743 12756 consensus_queue.cc:1048] T ca4577c85c64460ebcc6544e3c61a41e P b1222600d2f242e9bae51e64e69c3fb9 [LEADER]: Connected to new peer: Peer: permanent_uuid: "5902e3027b2249219e02d0b1248d4870" member_type: VOTER last_known_addr { host: "127.10.224.68" port: 32815 } attrs { promote: false }, Status: LMP_MISMATCH, Last received: 0.0, Next index: 3, Last known committed idx: 2, Time since last communication: 0.000s
I20260713 09:03:51.243582 12771 consensus_queue.cc:1048] T ca4577c85c64460ebcc6544e3c61a41e P b1222600d2f242e9bae51e64e69c3fb9 [LEADER]: Connected to new peer: Peer: permanent_uuid: "9fe18d9127e34b65bf4997bdb07c05b4" member_type: VOTER last_known_addr { host: "127.10.224.66" port: 42927 }, Status: LMP_MISMATCH, Last received: 0.0, Next index: 3, Last known committed idx: 2, Time since last communication: 0.000s
I20260713 09:03:51.260154 12756 raft_consensus.cc:2955] T ca4577c85c64460ebcc6544e3c61a41e P b1222600d2f242e9bae51e64e69c3fb9 [term 1 LEADER]: Committing config change with OpId 1.3: config changed from index 2 to 3, 5902e3027b2249219e02d0b1248d4870 (127.10.224.68) changed from NON_VOTER to VOTER. New config: { opid_index: 3 OBSOLETE_local: false peers { permanent_uuid: "b1222600d2f242e9bae51e64e69c3fb9" member_type: VOTER last_known_addr { host: "127.10.224.65" port: 33257 } } peers { permanent_uuid: "9fe18d9127e34b65bf4997bdb07c05b4" member_type: VOTER last_known_addr { host: "127.10.224.66" port: 42927 } } peers { permanent_uuid: "26f2bf04bbd14a09b471fb3b6e8802a9" member_type: VOTER last_known_addr { host: "127.10.224.67" port: 35481 } attrs { replace: true } } peers { permanent_uuid: "5902e3027b2249219e02d0b1248d4870" member_type: VOTER last_known_addr { host: "127.10.224.68" port: 32815 } attrs { promote: false } } }
I20260713 09:03:51.261850 12392 raft_consensus.cc:2955] T ca4577c85c64460ebcc6544e3c61a41e P 26f2bf04bbd14a09b471fb3b6e8802a9 [term 1 FOLLOWER]: Committing config change with OpId 1.3: config changed from index 2 to 3, 5902e3027b2249219e02d0b1248d4870 (127.10.224.68) changed from NON_VOTER to VOTER. New config: { opid_index: 3 OBSOLETE_local: false peers { permanent_uuid: "b1222600d2f242e9bae51e64e69c3fb9" member_type: VOTER last_known_addr { host: "127.10.224.65" port: 33257 } } peers { permanent_uuid: "9fe18d9127e34b65bf4997bdb07c05b4" member_type: VOTER last_known_addr { host: "127.10.224.66" port: 42927 } } peers { permanent_uuid: "26f2bf04bbd14a09b471fb3b6e8802a9" member_type: VOTER last_known_addr { host: "127.10.224.67" port: 35481 } attrs { replace: true } } peers { permanent_uuid: "5902e3027b2249219e02d0b1248d4870" member_type: VOTER last_known_addr { host: "127.10.224.68" port: 32815 } attrs { promote: false } } }
I20260713 09:03:51.269183 12655 raft_consensus.cc:2955] T ca4577c85c64460ebcc6544e3c61a41e P 5902e3027b2249219e02d0b1248d4870 [term 1 FOLLOWER]: Committing config change with OpId 1.3: config changed from index 2 to 3, 5902e3027b2249219e02d0b1248d4870 (127.10.224.68) changed from NON_VOTER to VOTER. New config: { opid_index: 3 OBSOLETE_local: false peers { permanent_uuid: "b1222600d2f242e9bae51e64e69c3fb9" member_type: VOTER last_known_addr { host: "127.10.224.65" port: 33257 } } peers { permanent_uuid: "9fe18d9127e34b65bf4997bdb07c05b4" member_type: VOTER last_known_addr { host: "127.10.224.66" port: 42927 } } peers { permanent_uuid: "26f2bf04bbd14a09b471fb3b6e8802a9" member_type: VOTER last_known_addr { host: "127.10.224.67" port: 35481 } attrs { replace: true } } peers { permanent_uuid: "5902e3027b2249219e02d0b1248d4870" member_type: VOTER last_known_addr { host: "127.10.224.68" port: 32815 } attrs { promote: false } } }
I20260713 09:03:51.273171 12141 catalog_manager.cc:5697] T ca4577c85c64460ebcc6544e3c61a41e P b1222600d2f242e9bae51e64e69c3fb9 reported cstate change: config changed from index 2 to 3, 5902e3027b2249219e02d0b1248d4870 (127.10.224.68) changed from NON_VOTER to VOTER. New cstate: current_term: 1 leader_uuid: "b1222600d2f242e9bae51e64e69c3fb9" committed_config { opid_index: 3 OBSOLETE_local: false peers { permanent_uuid: "b1222600d2f242e9bae51e64e69c3fb9" member_type: VOTER last_known_addr { host: "127.10.224.65" port: 33257 } health_report { overall_health: HEALTHY } } peers { permanent_uuid: "9fe18d9127e34b65bf4997bdb07c05b4" member_type: VOTER last_known_addr { host: "127.10.224.66" port: 42927 } health_report { overall_health: HEALTHY } } peers { permanent_uuid: "26f2bf04bbd14a09b471fb3b6e8802a9" member_type: VOTER last_known_addr { host: "127.10.224.67" port: 35481 } attrs { replace: true } health_report { overall_health: HEALTHY } } peers { permanent_uuid: "5902e3027b2249219e02d0b1248d4870" member_type: VOTER last_known_addr { host: "127.10.224.68" port: 32815 } attrs { promote: false } health_report { overall_health: HEALTHY } } }
I20260713 09:03:51.272786 12317 raft_consensus.cc:2955] T ca4577c85c64460ebcc6544e3c61a41e P 9fe18d9127e34b65bf4997bdb07c05b4 [term 1 FOLLOWER]: Committing config change with OpId 1.3: config changed from index 2 to 3, 5902e3027b2249219e02d0b1248d4870 (127.10.224.68) changed from NON_VOTER to VOTER. New config: { opid_index: 3 OBSOLETE_local: false peers { permanent_uuid: "b1222600d2f242e9bae51e64e69c3fb9" member_type: VOTER last_known_addr { host: "127.10.224.65" port: 33257 } } peers { permanent_uuid: "9fe18d9127e34b65bf4997bdb07c05b4" member_type: VOTER last_known_addr { host: "127.10.224.66" port: 42927 } } peers { permanent_uuid: "26f2bf04bbd14a09b471fb3b6e8802a9" member_type: VOTER last_known_addr { host: "127.10.224.67" port: 35481 } attrs { replace: true } } peers { permanent_uuid: "5902e3027b2249219e02d0b1248d4870" member_type: VOTER last_known_addr { host: "127.10.224.68" port: 32815 } attrs { promote: false } } }
I20260713 09:03:51.301682 12245 consensus_queue.cc:237] T ca4577c85c64460ebcc6544e3c61a41e P b1222600d2f242e9bae51e64e69c3fb9 [LEADER]: Queue going to LEADER mode. State: All replicated index: 0, Majority replicated index: 3, Committed index: 3, Last appended: 1.3, Last appended by leader: 0, Current term: 1, Majority size: 2, State: 0, Mode: LEADER, active raft config: opid_index: 4 OBSOLETE_local: false peers { permanent_uuid: "b1222600d2f242e9bae51e64e69c3fb9" member_type: VOTER last_known_addr { host: "127.10.224.65" port: 33257 } } peers { permanent_uuid: "9fe18d9127e34b65bf4997bdb07c05b4" member_type: VOTER last_known_addr { host: "127.10.224.66" port: 42927 } } peers { permanent_uuid: "5902e3027b2249219e02d0b1248d4870" member_type: VOTER last_known_addr { host: "127.10.224.68" port: 32815 } attrs { promote: false } }
I20260713 09:03:51.303658 12864 raft_consensus.cc:1064] T 643c6b94c5c44193b695702462f5c9ba P 26f2bf04bbd14a09b471fb3b6e8802a9: attempting to promote NON_VOTER 5902e3027b2249219e02d0b1248d4870 to VOTER
I20260713 09:03:51.308492 12655 raft_consensus.cc:1275] T ca4577c85c64460ebcc6544e3c61a41e P 5902e3027b2249219e02d0b1248d4870 [term 1 FOLLOWER]: Refusing update from remote peer b1222600d2f242e9bae51e64e69c3fb9: Log matching property violated. Preceding OpId in replica: term: 1 index: 3. Preceding OpId from leader: term: 1 index: 4. (index mismatch)
I20260713 09:03:51.306083 12864 consensus_queue.cc:237] T 643c6b94c5c44193b695702462f5c9ba P 26f2bf04bbd14a09b471fb3b6e8802a9 [LEADER]: Queue going to LEADER mode. State: All replicated index: 0, Majority replicated index: 2, Committed index: 2, Last appended: 1.2, Last appended by leader: 0, Current term: 1, Majority size: 3, State: 0, Mode: LEADER, active raft config: opid_index: 3 OBSOLETE_local: false peers { permanent_uuid: "b1222600d2f242e9bae51e64e69c3fb9" member_type: VOTER last_known_addr { host: "127.10.224.65" port: 33257 } } peers { permanent_uuid: "9fe18d9127e34b65bf4997bdb07c05b4" member_type: VOTER last_known_addr { host: "127.10.224.66" port: 42927 } attrs { replace: true } } peers { permanent_uuid: "26f2bf04bbd14a09b471fb3b6e8802a9" member_type: VOTER last_known_addr { host: "127.10.224.67" port: 35481 } } peers { permanent_uuid: "5902e3027b2249219e02d0b1248d4870" member_type: VOTER last_known_addr { host: "127.10.224.68" port: 32815 } attrs { promote: false } }
I20260713 09:03:51.308947 12317 raft_consensus.cc:1275] T ca4577c85c64460ebcc6544e3c61a41e P 9fe18d9127e34b65bf4997bdb07c05b4 [term 1 FOLLOWER]: Refusing update from remote peer b1222600d2f242e9bae51e64e69c3fb9: Log matching property violated. Preceding OpId in replica: term: 1 index: 3. Preceding OpId from leader: term: 1 index: 4. (index mismatch)
I20260713 09:03:51.309980 12869 consensus_queue.cc:1048] T ca4577c85c64460ebcc6544e3c61a41e P b1222600d2f242e9bae51e64e69c3fb9 [LEADER]: Connected to new peer: Peer: permanent_uuid: "5902e3027b2249219e02d0b1248d4870" member_type: VOTER last_known_addr { host: "127.10.224.68" port: 32815 } attrs { promote: false }, Status: LMP_MISMATCH, Last received: 0.0, Next index: 4, Last known committed idx: 3, Time since last communication: 0.000s
I20260713 09:03:51.310803 12756 consensus_queue.cc:1048] T ca4577c85c64460ebcc6544e3c61a41e P b1222600d2f242e9bae51e64e69c3fb9 [LEADER]: Connected to new peer: Peer: permanent_uuid: "9fe18d9127e34b65bf4997bdb07c05b4" member_type: VOTER last_known_addr { host: "127.10.224.66" port: 42927 }, Status: LMP_MISMATCH, Last received: 0.0, Next index: 4, Last known committed idx: 3, Time since last communication: 0.000s
I20260713 09:03:51.318346 12869 raft_consensus.cc:2955] T ca4577c85c64460ebcc6544e3c61a41e P b1222600d2f242e9bae51e64e69c3fb9 [term 1 LEADER]: Committing config change with OpId 1.4: config changed from index 3 to 4, VOTER 26f2bf04bbd14a09b471fb3b6e8802a9 (127.10.224.67) evicted. New config: { opid_index: 4 OBSOLETE_local: false peers { permanent_uuid: "b1222600d2f242e9bae51e64e69c3fb9" member_type: VOTER last_known_addr { host: "127.10.224.65" port: 33257 } } peers { permanent_uuid: "9fe18d9127e34b65bf4997bdb07c05b4" member_type: VOTER last_known_addr { host: "127.10.224.66" port: 42927 } } peers { permanent_uuid: "5902e3027b2249219e02d0b1248d4870" member_type: VOTER last_known_addr { host: "127.10.224.68" port: 32815 } attrs { promote: false } } }
I20260713 09:03:51.321344 12655 raft_consensus.cc:2955] T ca4577c85c64460ebcc6544e3c61a41e P 5902e3027b2249219e02d0b1248d4870 [term 1 FOLLOWER]: Committing config change with OpId 1.4: config changed from index 3 to 4, VOTER 26f2bf04bbd14a09b471fb3b6e8802a9 (127.10.224.67) evicted. New config: { opid_index: 4 OBSOLETE_local: false peers { permanent_uuid: "b1222600d2f242e9bae51e64e69c3fb9" member_type: VOTER last_known_addr { host: "127.10.224.65" port: 33257 } } peers { permanent_uuid: "9fe18d9127e34b65bf4997bdb07c05b4" member_type: VOTER last_known_addr { host: "127.10.224.66" port: 42927 } } peers { permanent_uuid: "5902e3027b2249219e02d0b1248d4870" member_type: VOTER last_known_addr { host: "127.10.224.68" port: 32815 } attrs { promote: false } } }
I20260713 09:03:51.324908 12654 raft_consensus.cc:1275] T 643c6b94c5c44193b695702462f5c9ba P 5902e3027b2249219e02d0b1248d4870 [term 1 LEARNER]: Refusing update from remote peer 26f2bf04bbd14a09b471fb3b6e8802a9: Log matching property violated. Preceding OpId in replica: term: 1 index: 2. Preceding OpId from leader: term: 1 index: 3. (index mismatch)
