I20260713 09:03:37.461177  5783 tablet_server.cc:196] TabletServer@127.5.165.194:0 shutdown complete.
I20260713 09:03:37.479410  5783 tablet_server.cc:179] TabletServer@127.5.165.195:0 shutting down...
W20260713 09:03:37.486861  6529 consensus_peers.cc:597] T 8acee58a26eb449e9a450c2db9e29274 P 4358f28513584a7797886006139dfa79 -> Peer 41fc3f1681674a91994a79a527acf55f (127.5.165.193:42559): Couldn't send request to peer 41fc3f1681674a91994a79a527acf55f. Status: Network error: Client connection negotiation failed: client connection to 127.5.165.193:42559: connect: Connection refused (error 111). This is attempt 1: this message will repeat every 5th retry.
I20260713 09:03:37.508652  5783 ts_tablet_manager.cc:1507] Shutting down tablet manager...
I20260713 09:03:37.509482  5783 tablet_replica.cc:333] T 8acee58a26eb449e9a450c2db9e29274 P 4358f28513584a7797886006139dfa79: stopping tablet replica
I20260713 09:03:37.510135  5783 raft_consensus.cc:2243] T 8acee58a26eb449e9a450c2db9e29274 P 4358f28513584a7797886006139dfa79 [term 3 LEADER]: Raft consensus shutting down.
I20260713 09:03:37.511021  5783 raft_consensus.cc:2272] T 8acee58a26eb449e9a450c2db9e29274 P 4358f28513584a7797886006139dfa79 [term 3 FOLLOWER]: Raft consensus is shut down!
I20260713 09:03:37.513156  5783 tablet_replica.cc:333] T fc5ae707532948d58302911d6d211cba P 4358f28513584a7797886006139dfa79: stopping tablet replica
I20260713 09:03:37.513689  5783 raft_consensus.cc:2243] T fc5ae707532948d58302911d6d211cba P 4358f28513584a7797886006139dfa79 [term 1 FOLLOWER]: Raft consensus shutting down.
I20260713 09:03:37.514122  5783 raft_consensus.cc:2272] T fc5ae707532948d58302911d6d211cba P 4358f28513584a7797886006139dfa79 [term 1 FOLLOWER]: Raft consensus is shut down!
I20260713 09:03:37.515792  5783 tablet_replica.cc:333] T 29a18787b354432ca606d65e138ee5d3 P 4358f28513584a7797886006139dfa79: stopping tablet replica
I20260713 09:03:37.516284  5783 raft_consensus.cc:2243] T 29a18787b354432ca606d65e138ee5d3 P 4358f28513584a7797886006139dfa79 [term 3 FOLLOWER]: Raft consensus shutting down.
I20260713 09:03:37.516702  5783 raft_consensus.cc:2272] T 29a18787b354432ca606d65e138ee5d3 P 4358f28513584a7797886006139dfa79 [term 3 FOLLOWER]: Raft consensus is shut down!
I20260713 09:03:37.518389  5783 tablet_replica.cc:333] T 0c7c4c7705aa40b691e84dd9c2416b2b P 4358f28513584a7797886006139dfa79: stopping tablet replica
I20260713 09:03:37.518913  5783 raft_consensus.cc:2243] T 0c7c4c7705aa40b691e84dd9c2416b2b P 4358f28513584a7797886006139dfa79 [term 2 LEADER]: Raft consensus shutting down.
I20260713 09:03:37.519714  5783 raft_consensus.cc:2272] T 0c7c4c7705aa40b691e84dd9c2416b2b P 4358f28513584a7797886006139dfa79 [term 2 FOLLOWER]: Raft consensus is shut down!
I20260713 09:03:37.521322  5783 tablet_replica.cc:333] T 03f4bb98575a44e2bf978010a529a0ea P 4358f28513584a7797886006139dfa79: stopping tablet replica
I20260713 09:03:37.521800  5783 raft_consensus.cc:2243] T 03f4bb98575a44e2bf978010a529a0ea P 4358f28513584a7797886006139dfa79 [term 1 FOLLOWER]: Raft consensus shutting down.
I20260713 09:03:37.522187  5783 raft_consensus.cc:2272] T 03f4bb98575a44e2bf978010a529a0ea P 4358f28513584a7797886006139dfa79 [term 1 FOLLOWER]: Raft consensus is shut down!
I20260713 09:03:37.523762  5783 tablet_replica.cc:333] T f0fd04e5280940ccb2fca8e4cecdd0c7 P 4358f28513584a7797886006139dfa79: stopping tablet replica
I20260713 09:03:37.524232  5783 raft_consensus.cc:2243] T f0fd04e5280940ccb2fca8e4cecdd0c7 P 4358f28513584a7797886006139dfa79 [term 4 LEADER]: Raft consensus shutting down.
I20260713 09:03:37.524888  5783 raft_consensus.cc:2272] T f0fd04e5280940ccb2fca8e4cecdd0c7 P 4358f28513584a7797886006139dfa79 [term 4 FOLLOWER]: Raft consensus is shut down!
I20260713 09:03:37.526782  5783 tablet_replica.cc:333] T c018a510ea084d17bb47f6df87716b1f P 4358f28513584a7797886006139dfa79: stopping tablet replica
I20260713 09:03:37.527354  5783 raft_consensus.cc:2243] T c018a510ea084d17bb47f6df87716b1f P 4358f28513584a7797886006139dfa79 [term 3 FOLLOWER]: Raft consensus shutting down.
I20260713 09:03:37.527791  5783 raft_consensus.cc:2272] T c018a510ea084d17bb47f6df87716b1f P 4358f28513584a7797886006139dfa79 [term 3 FOLLOWER]: Raft consensus is shut down!
I20260713 09:03:37.529844  5783 tablet_replica.cc:333] T f0c3d7d564684ec8a066a2965aae8b8b P 4358f28513584a7797886006139dfa79: stopping tablet replica
I20260713 09:03:37.530381  5783 raft_consensus.cc:2243] T f0c3d7d564684ec8a066a2965aae8b8b P 4358f28513584a7797886006139dfa79 [term 4 FOLLOWER]: Raft consensus shutting down.
I20260713 09:03:37.530786  5783 raft_consensus.cc:2272] T f0c3d7d564684ec8a066a2965aae8b8b P 4358f28513584a7797886006139dfa79 [term 4 FOLLOWER]: Raft consensus is shut down!
I20260713 09:03:37.532346  5783 tablet_replica.cc:333] T e3a19df97b11473ca8304dadc71691f7 P 4358f28513584a7797886006139dfa79: stopping tablet replica
I20260713 09:03:37.532799  5783 raft_consensus.cc:2243] T e3a19df97b11473ca8304dadc71691f7 P 4358f28513584a7797886006139dfa79 [term 4 FOLLOWER]: Raft consensus shutting down.
I20260713 09:03:37.533236  5783 raft_consensus.cc:2272] T e3a19df97b11473ca8304dadc71691f7 P 4358f28513584a7797886006139dfa79 [term 4 FOLLOWER]: Raft consensus is shut down!
I20260713 09:03:37.535249  5783 tablet_replica.cc:333] T 889729995bf34229be745fee3555839f P 4358f28513584a7797886006139dfa79: stopping tablet replica
I20260713 09:03:37.535692  5783 raft_consensus.cc:2243] T 889729995bf34229be745fee3555839f P 4358f28513584a7797886006139dfa79 [term 4 FOLLOWER]: Raft consensus shutting down.
I20260713 09:03:37.536110  5783 raft_consensus.cc:2272] T 889729995bf34229be745fee3555839f P 4358f28513584a7797886006139dfa79 [term 4 FOLLOWER]: Raft consensus is shut down!
I20260713 09:03:37.564402  5783 tablet_server.cc:196] TabletServer@127.5.165.195:0 shutdown complete.
I20260713 09:03:37.582525  5783 master.cc:562] Master@127.5.165.254:35687 shutting down...
I20260713 09:03:37.603308  5783 raft_consensus.cc:2243] T 00000000000000000000000000000000 P 7350bd467c8b4c1a8f9948bd57edd5cf [term 1 LEADER]: Raft consensus shutting down.
I20260713 09:03:37.603852  5783 raft_consensus.cc:2272] T 00000000000000000000000000000000 P 7350bd467c8b4c1a8f9948bd57edd5cf [term 1 FOLLOWER]: Raft consensus is shut down!
I20260713 09:03:37.604206  5783 tablet_replica.cc:333] T 00000000000000000000000000000000 P 7350bd467c8b4c1a8f9948bd57edd5cf: stopping tablet replica
I20260713 09:03:37.623871  5783 master.cc:584] Master@127.5.165.254:35687 shutdown complete.
41fc3f1681674a91994a79a527acf55f  5
4358f28513584a7797886006139dfa79  1
b6d6223552d646d1b1473cb57197e0e4  4
[       OK ] LeaderRebalancerTest.FunctionalTestForNotDivided (10490 ms)
[ RUN      ] LeaderRebalancerTest.AddTserver
I20260713 09:03:37.664279  5783 internal_mini_cluster.cc:156] Creating distributed mini masters. Addrs: 127.5.165.254:43935
I20260713 09:03:37.665508  5783 file_cache.cc:504] Constructed file cache file cache with capacity 419430
W20260713 09:03:37.671631  6772 instance_detector.cc:116] could not retrieve Azure instance metadata: Network error: curl error: HTTP response code said error: The requested URL returned error: 404
W20260713 09:03:37.671661  6771 instance_detector.cc:116] could not retrieve AWS instance metadata: Network error: curl error: HTTP response code said error: The requested URL returned error: 404
W20260713 09:03:37.671823  6774 instance_detector.cc:116] could not retrieve OpenStack instance metadata: Network error: curl error: HTTP response code said error: The requested URL returned error: 404
I20260713 09:03:37.673913  5783 server_base.cc:1061] running on GCE node
I20260713 09:03:37.674805  5783 hybrid_clock.cc:584] initializing the hybrid clock with 'system_unsync' time source
W20260713 09:03:37.674983  5783 system_unsync_time.cc:38] NTP support is disabled. Clock error bounds will not be accurate. This configuration is not suitable for distributed clusters.
I20260713 09:03:37.675171  5783 hybrid_clock.cc:648] HybridClock initialized: now 1783933417675156 us; error 0 us; skew 500 ppm
I20260713 09:03:37.675774  5783 server_base.cc:861] Flag tcmalloc_max_total_thread_cache_bytes is not working since tcmalloc is not enabled.
I20260713 09:03:37.678390  5783 webserver.cc:533] Webserver started at http://127.5.165.254:42149/ using document root <none> and password file <none>
I20260713 09:03:37.678912  5783 fs_manager.cc:362] Metadata directory not provided
I20260713 09:03:37.679101  5783 fs_manager.cc:368] Using write-ahead log directory (fs_wal_dir) as metadata directory
I20260713 09:03:37.679389  5783 server_base.cc:909] This appears to be a new deployment of Kudu; creating new FS layout
I20260713 09:03:37.680490  5783 fs_manager.cc:1068] Generated new instance metadata in path /tmp/dist-test-task1E_mNo/test-tmp/auto_leader_rebalancer-test.0.LeaderRebalancerTest.AddTserver.1783933394033058-5783-0/minicluster-data/master-0-root/instance:
uuid: "ad49773d5b654a8f9fd294ab2e43ebc1"
format_stamp: "Formatted at 2026-07-13 09:03:37 on dist-test-slave-5bz2"
I20260713 09:03:37.684886  5783 fs_manager.cc:696] Time spent creating directory manager: real 0.004s	user 0.001s	sys 0.004s
I20260713 09:03:37.688602  6779 log_block_manager.cc:4127] Time spent loading block containers with low live blocks: real 0.000s	user 0.000s	sys 0.000s
I20260713 09:03:37.689580  5783 fs_manager.cc:730] Time spent opening block manager: real 0.002s	user 0.002s	sys 0.000s
I20260713 09:03:37.689853  5783 fs_manager.cc:647] Opened local filesystem: /tmp/dist-test-task1E_mNo/test-tmp/auto_leader_rebalancer-test.0.LeaderRebalancerTest.AddTserver.1783933394033058-5783-0/minicluster-data/master-0-root
uuid: "ad49773d5b654a8f9fd294ab2e43ebc1"
format_stamp: "Formatted at 2026-07-13 09:03:37 on dist-test-slave-5bz2"
I20260713 09:03:37.690109  5783 fs_report.cc:389] FS layout report
--------------------
wal directory: /tmp/dist-test-task1E_mNo/test-tmp/auto_leader_rebalancer-test.0.LeaderRebalancerTest.AddTserver.1783933394033058-5783-0/minicluster-data/master-0-root
metadata directory: /tmp/dist-test-task1E_mNo/test-tmp/auto_leader_rebalancer-test.0.LeaderRebalancerTest.AddTserver.1783933394033058-5783-0/minicluster-data/master-0-root
1 data directories: /tmp/dist-test-task1E_mNo/test-tmp/auto_leader_rebalancer-test.0.LeaderRebalancerTest.AddTserver.1783933394033058-5783-0/minicluster-data/master-0-root/data
Total live blocks: 0
Total live bytes: 0
Total live bytes (after alignment): 0
Total number of LBM containers: 0 (0 full)
Did not check for missing blocks
Did not check for orphaned blocks
Total full LBM containers with extra space: 0 (0 repaired)
Total full LBM container extra space in bytes: 0 (0 repaired)
Total incomplete LBM containers: 0 (0 repaired)
Total LBM partial records: 0 (0 repaired)
Total corrupted LBM metadata records in RocksDB: 0 (0 repaired)
I20260713 09:03:37.709398  5783 rpc_server.cc:225] running with OpenSSL 1.1.1  11 Sep 2018
I20260713 09:03:37.710690  5783 kserver.cc:163] Server-wide thread pool size limit: 3276
I20260713 09:03:37.755324  5783 rpc_server.cc:307] RPC server started. Bound to: 127.5.165.254:43935
I20260713 09:03:37.755425  6830 acceptor_pool.cc:272] collecting diagnostics on the listening RPC socket 127.5.165.254:43935 every 8 connection(s)
I20260713 09:03:37.759207  6831 data_dirs.cc:400] Could only allocate 1 dirs of requested 3 for tablet 00000000000000000000000000000000. 1 dirs total, 0 dirs full, 0 dirs failed
I20260713 09:03:37.768893  6831 tablet_bootstrap.cc:492] T 00000000000000000000000000000000 P ad49773d5b654a8f9fd294ab2e43ebc1: Bootstrap starting.
I20260713 09:03:37.773552  6831 tablet_bootstrap.cc:654] T 00000000000000000000000000000000 P ad49773d5b654a8f9fd294ab2e43ebc1: Neither blocks nor log segments found. Creating new log.
I20260713 09:03:37.777815  6831 tablet_bootstrap.cc:492] T 00000000000000000000000000000000 P ad49773d5b654a8f9fd294ab2e43ebc1: No bootstrap required, opened a new log
I20260713 09:03:37.779975  6831 raft_consensus.cc:359] T 00000000000000000000000000000000 P ad49773d5b654a8f9fd294ab2e43ebc1 [term 0 FOLLOWER]: Replica starting. Triggering 0 pending ops. Active config: opid_index: -1 OBSOLETE_local: true peers { permanent_uuid: "ad49773d5b654a8f9fd294ab2e43ebc1" member_type: VOTER }
I20260713 09:03:37.780408  6831 raft_consensus.cc:385] T 00000000000000000000000000000000 P ad49773d5b654a8f9fd294ab2e43ebc1 [term 0 FOLLOWER]: Consensus starting up: Expiring failure detector timer to make a prompt election more likely
I20260713 09:03:37.780632  6831 raft_consensus.cc:740] T 00000000000000000000000000000000 P ad49773d5b654a8f9fd294ab2e43ebc1 [term 0 FOLLOWER]: Becoming Follower/Learner. State: Replica: ad49773d5b654a8f9fd294ab2e43ebc1, State: Initialized, Role: FOLLOWER
I20260713 09:03:37.781235  6831 consensus_queue.cc:260] T 00000000000000000000000000000000 P ad49773d5b654a8f9fd294ab2e43ebc1 [NON_LEADER]: Queue going to NON_LEADER mode. State: All replicated index: 0, Majority replicated index: 0, Committed index: 0, Last appended: 0.0, Last appended by leader: 0, Current term: 0, Majority size: -1, State: 0, Mode: NON_LEADER, active raft config: opid_index: -1 OBSOLETE_local: true peers { permanent_uuid: "ad49773d5b654a8f9fd294ab2e43ebc1" member_type: VOTER }
I20260713 09:03:37.781847  6831 raft_consensus.cc:399] T 00000000000000000000000000000000 P ad49773d5b654a8f9fd294ab2e43ebc1 [term 0 FOLLOWER]: Only one voter in the Raft config. Triggering election immediately
I20260713 09:03:37.782104  6831 raft_consensus.cc:493] T 00000000000000000000000000000000 P ad49773d5b654a8f9fd294ab2e43ebc1 [term 0 FOLLOWER]: Starting leader election (initial election of a single-replica configuration)
I20260713 09:03:37.782400  6831 raft_consensus.cc:3060] T 00000000000000000000000000000000 P ad49773d5b654a8f9fd294ab2e43ebc1 [term 0 FOLLOWER]: Advancing to term 1
I20260713 09:03:37.786513  6831 raft_consensus.cc:515] T 00000000000000000000000000000000 P ad49773d5b654a8f9fd294ab2e43ebc1 [term 1 FOLLOWER]: Starting leader election with config: opid_index: -1 OBSOLETE_local: true peers { permanent_uuid: "ad49773d5b654a8f9fd294ab2e43ebc1" member_type: VOTER }
I20260713 09:03:37.787060  6831 leader_election.cc:304] T 00000000000000000000000000000000 P ad49773d5b654a8f9fd294ab2e43ebc1 [CANDIDATE]: Term 1 election: Election decided. Result: candidate won. Election summary: received 1 responses out of 1 voters: 1 yes votes; 0 no votes. yes voters: ad49773d5b654a8f9fd294ab2e43ebc1; no voters: 
I20260713 09:03:37.788184  6831 leader_election.cc:290] T 00000000000000000000000000000000 P ad49773d5b654a8f9fd294ab2e43ebc1 [CANDIDATE]: Term 1 election: Requested vote from peers 
I20260713 09:03:37.788537  6834 raft_consensus.cc:2804] T 00000000000000000000000000000000 P ad49773d5b654a8f9fd294ab2e43ebc1 [term 1 FOLLOWER]: Leader election won for term 1
I20260713 09:03:37.789878  6834 raft_consensus.cc:697] T 00000000000000000000000000000000 P ad49773d5b654a8f9fd294ab2e43ebc1 [term 1 LEADER]: Becoming Leader. State: Replica: ad49773d5b654a8f9fd294ab2e43ebc1, State: Running, Role: LEADER
I20260713 09:03:37.790606  6834 consensus_queue.cc:237] T 00000000000000000000000000000000 P ad49773d5b654a8f9fd294ab2e43ebc1 [LEADER]: Queue going to LEADER mode. State: All replicated index: 0, Majority replicated index: 0, Committed index: 0, Last appended: 0.0, Last appended by leader: 0, Current term: 1, Majority size: 1, State: 0, Mode: LEADER, active raft config: opid_index: -1 OBSOLETE_local: true peers { permanent_uuid: "ad49773d5b654a8f9fd294ab2e43ebc1" member_type: VOTER }
I20260713 09:03:37.791278  6831 sys_catalog.cc:565] T 00000000000000000000000000000000 P ad49773d5b654a8f9fd294ab2e43ebc1 [sys.catalog]: configured and running, proceeding with master startup.
I20260713 09:03:37.795830  6836 sys_catalog.cc:455] T 00000000000000000000000000000000 P ad49773d5b654a8f9fd294ab2e43ebc1 [sys.catalog]: SysCatalogTable state changed. Reason: New leader ad49773d5b654a8f9fd294ab2e43ebc1. Latest consensus state: current_term: 1 leader_uuid: "ad49773d5b654a8f9fd294ab2e43ebc1" committed_config { opid_index: -1 OBSOLETE_local: true peers { permanent_uuid: "ad49773d5b654a8f9fd294ab2e43ebc1" member_type: VOTER } }
I20260713 09:03:37.796597  6836 sys_catalog.cc:458] T 00000000000000000000000000000000 P ad49773d5b654a8f9fd294ab2e43ebc1 [sys.catalog]: This master's current role is: LEADER
I20260713 09:03:37.796540  6835 sys_catalog.cc:455] T 00000000000000000000000000000000 P ad49773d5b654a8f9fd294ab2e43ebc1 [sys.catalog]: SysCatalogTable state changed. Reason: RaftConsensus started. Latest consensus state: current_term: 1 leader_uuid: "ad49773d5b654a8f9fd294ab2e43ebc1" committed_config { opid_index: -1 OBSOLETE_local: true peers { permanent_uuid: "ad49773d5b654a8f9fd294ab2e43ebc1" member_type: VOTER } }
I20260713 09:03:37.797232  6835 sys_catalog.cc:458] T 00000000000000000000000000000000 P ad49773d5b654a8f9fd294ab2e43ebc1 [sys.catalog]: This master's current role is: LEADER
I20260713 09:03:37.798772  6841 catalog_manager.cc:1511] Loading table and tablet metadata into memory...
I20260713 09:03:37.803599  6841 catalog_manager.cc:1520] Initializing Kudu cluster ID...
I20260713 09:03:37.813475  5783 internal_mini_cluster.cc:184] Waiting to initialize catalog manager on master 0
I20260713 09:03:37.814306  6841 catalog_manager.cc:1383] Generated new cluster ID: d66d703ec11e4712b1f65db229f06c1b
I20260713 09:03:37.814599  6841 catalog_manager.cc:1531] Initializing Kudu internal certificate authority...
I20260713 09:03:37.829510  6841 catalog_manager.cc:1406] Generated new certificate authority record
I20260713 09:03:37.830866  6841 catalog_manager.cc:1540] Loading token signing keys...
I20260713 09:03:37.852892  6841 catalog_manager.cc:6070] T 00000000000000000000000000000000 P ad49773d5b654a8f9fd294ab2e43ebc1: Generated new TSK 0
I20260713 09:03:37.853583  6841 catalog_manager.cc:1550] Initializing in-progress tserver states...
I20260713 09:03:37.879951  5783 file_cache.cc:504] Constructed file cache file cache with capacity 419430
W20260713 09:03:37.886185  6852 instance_detector.cc:116] could not retrieve AWS instance metadata: Network error: curl error: HTTP response code said error: The requested URL returned error: 404
W20260713 09:03:37.887794  6853 instance_detector.cc:116] could not retrieve Azure instance metadata: Network error: curl error: HTTP response code said error: The requested URL returned error: 404
I20260713 09:03:37.890619  5783 server_base.cc:1061] running on GCE node
W20260713 09:03:37.890558  6855 instance_detector.cc:116] could not retrieve OpenStack instance metadata: Network error: curl error: HTTP response code said error: The requested URL returned error: 404
I20260713 09:03:37.891942  5783 hybrid_clock.cc:584] initializing the hybrid clock with 'system_unsync' time source
W20260713 09:03:37.892163  5783 system_unsync_time.cc:38] NTP support is disabled. Clock error bounds will not be accurate. This configuration is not suitable for distributed clusters.
I20260713 09:03:37.892401  5783 hybrid_clock.cc:648] HybridClock initialized: now 1783933417892379 us; error 0 us; skew 500 ppm
I20260713 09:03:37.893030  5783 server_base.cc:861] Flag tcmalloc_max_total_thread_cache_bytes is not working since tcmalloc is not enabled.
I20260713 09:03:37.895814  5783 webserver.cc:533] Webserver started at http://127.5.165.193:38647/ using document root <none> and password file <none>
I20260713 09:03:37.896354  5783 fs_manager.cc:362] Metadata directory not provided
I20260713 09:03:37.896553  5783 fs_manager.cc:368] Using write-ahead log directory (fs_wal_dir) as metadata directory
I20260713 09:03:37.896869  5783 server_base.cc:909] This appears to be a new deployment of Kudu; creating new FS layout
I20260713 09:03:37.898072  5783 fs_manager.cc:1068] Generated new instance metadata in path /tmp/dist-test-task1E_mNo/test-tmp/auto_leader_rebalancer-test.0.LeaderRebalancerTest.AddTserver.1783933394033058-5783-0/minicluster-data/ts-0-root/instance:
uuid: "8727e6ab61a14d7abcd2272cc66d7347"
format_stamp: "Formatted at 2026-07-13 09:03:37 on dist-test-slave-5bz2"
I20260713 09:03:37.903270  5783 fs_manager.cc:696] Time spent creating directory manager: real 0.005s	user 0.004s	sys 0.000s
I20260713 09:03:37.906806  6860 log_block_manager.cc:4127] Time spent loading block containers with low live blocks: real 0.000s	user 0.000s	sys 0.000s
I20260713 09:03:37.907829  5783 fs_manager.cc:730] Time spent opening block manager: real 0.003s	user 0.002s	sys 0.002s
I20260713 09:03:37.908268  5783 fs_manager.cc:647] Opened local filesystem: /tmp/dist-test-task1E_mNo/test-tmp/auto_leader_rebalancer-test.0.LeaderRebalancerTest.AddTserver.1783933394033058-5783-0/minicluster-data/ts-0-root
uuid: "8727e6ab61a14d7abcd2272cc66d7347"
format_stamp: "Formatted at 2026-07-13 09:03:37 on dist-test-slave-5bz2"
I20260713 09:03:37.908589  5783 fs_report.cc:389] FS layout report
--------------------
wal directory: /tmp/dist-test-task1E_mNo/test-tmp/auto_leader_rebalancer-test.0.LeaderRebalancerTest.AddTserver.1783933394033058-5783-0/minicluster-data/ts-0-root
metadata directory: /tmp/dist-test-task1E_mNo/test-tmp/auto_leader_rebalancer-test.0.LeaderRebalancerTest.AddTserver.1783933394033058-5783-0/minicluster-data/ts-0-root
1 data directories: /tmp/dist-test-task1E_mNo/test-tmp/auto_leader_rebalancer-test.0.LeaderRebalancerTest.AddTserver.1783933394033058-5783-0/minicluster-data/ts-0-root/data
Total live blocks: 0
Total live bytes: 0
Total live bytes (after alignment): 0
Total number of LBM containers: 0 (0 full)
Did not check for missing blocks
Did not check for orphaned blocks
Total full LBM containers with extra space: 0 (0 repaired)
Total full LBM container extra space in bytes: 0 (0 repaired)
Total incomplete LBM containers: 0 (0 repaired)
Total LBM partial records: 0 (0 repaired)
Total corrupted LBM metadata records in RocksDB: 0 (0 repaired)
I20260713 09:03:37.940685  5783 rpc_server.cc:225] running with OpenSSL 1.1.1  11 Sep 2018
I20260713 09:03:37.942027  5783 kserver.cc:163] Server-wide thread pool size limit: 3276
I20260713 09:03:37.943723  5783 txn_system_client.cc:432] TxnSystemClient initialization is disabled...
I20260713 09:03:37.946247  5783 ts_tablet_manager.cc:585] Loaded tablet metadata (0 total tablets, 0 live tablets)
I20260713 09:03:37.946555  5783 ts_tablet_manager.cc:531] Time spent load tablet metadata: real 0.000s	user 0.000s	sys 0.000s
I20260713 09:03:37.946843  5783 ts_tablet_manager.cc:616] Registered 0 tablets
I20260713 09:03:37.947048  5783 ts_tablet_manager.cc:595] Time spent register tablets: real 0.000s	user 0.000s	sys 0.000s
I20260713 09:03:37.990720  5783 rpc_server.cc:307] RPC server started. Bound to: 127.5.165.193:37869
I20260713 09:03:37.990854  6922 acceptor_pool.cc:272] collecting diagnostics on the listening RPC socket 127.5.165.193:37869 every 8 connection(s)
I20260713 09:03:37.996017  5783 file_cache.cc:504] Constructed file cache file cache with capacity 419430
W20260713 09:03:38.003813  6927 instance_detector.cc:116] could not retrieve AWS instance metadata: Network error: curl error: HTTP response code said error: The requested URL returned error: 404
W20260713 09:03:38.004173  6928 instance_detector.cc:116] could not retrieve Azure instance metadata: Network error: curl error: HTTP response code said error: The requested URL returned error: 404
I20260713 09:03:38.007638  5783 server_base.cc:1061] running on GCE node
W20260713 09:03:38.008677  6930 instance_detector.cc:116] could not retrieve OpenStack instance metadata: Network error: curl error: HTTP response code said error: The requested URL returned error: 404
I20260713 09:03:38.010140  5783 hybrid_clock.cc:584] initializing the hybrid clock with 'system_unsync' time source
W20260713 09:03:38.010547  5783 system_unsync_time.cc:38] NTP support is disabled. Clock error bounds will not be accurate. This configuration is not suitable for distributed clusters.
I20260713 09:03:38.010783  5783 hybrid_clock.cc:648] HybridClock initialized: now 1783933418010763 us; error 0 us; skew 500 ppm
I20260713 09:03:38.010821  6923 heartbeater.cc:344] Connected to a master server at 127.5.165.254:43935
I20260713 09:03:38.011325  6923 heartbeater.cc:461] Registering TS with master...
I20260713 09:03:38.011574  5783 server_base.cc:861] Flag tcmalloc_max_total_thread_cache_bytes is not working since tcmalloc is not enabled.
I20260713 09:03:38.012151  6923 heartbeater.cc:507] Master 127.5.165.254:43935 requested a full tablet report, sending...
I20260713 09:03:38.014602  6796 ts_manager.cc:194] Registered new tserver with Master: 8727e6ab61a14d7abcd2272cc66d7347 (127.5.165.193:37869)
I20260713 09:03:38.016317  6796 master_service.cc:502] Signed X509 certificate for tserver {username='slave'} at 127.0.0.1:60764
I20260713 09:03:38.017238  5783 webserver.cc:533] Webserver started at http://127.5.165.194:42517/ using document root <none> and password file <none>
I20260713 09:03:38.017940  5783 fs_manager.cc:362] Metadata directory not provided
I20260713 09:03:38.018224  5783 fs_manager.cc:368] Using write-ahead log directory (fs_wal_dir) as metadata directory
I20260713 09:03:38.018678  5783 server_base.cc:909] This appears to be a new deployment of Kudu; creating new FS layout
I20260713 09:03:38.019958  5783 fs_manager.cc:1068] Generated new instance metadata in path /tmp/dist-test-task1E_mNo/test-tmp/auto_leader_rebalancer-test.0.LeaderRebalancerTest.AddTserver.1783933394033058-5783-0/minicluster-data/ts-1-root/instance:
uuid: "9fc206151fb449439bbea50c569b9ad2"
format_stamp: "Formatted at 2026-07-13 09:03:38 on dist-test-slave-5bz2"
I20260713 09:03:38.024328  5783 fs_manager.cc:696] Time spent creating directory manager: real 0.004s	user 0.005s	sys 0.000s
I20260713 09:03:38.027601  6935 log_block_manager.cc:4127] Time spent loading block containers with low live blocks: real 0.000s	user 0.000s	sys 0.000s
I20260713 09:03:38.028384  5783 fs_manager.cc:730] Time spent opening block manager: real 0.002s	user 0.002s	sys 0.001s
I20260713 09:03:38.028685  5783 fs_manager.cc:647] Opened local filesystem: /tmp/dist-test-task1E_mNo/test-tmp/auto_leader_rebalancer-test.0.LeaderRebalancerTest.AddTserver.1783933394033058-5783-0/minicluster-data/ts-1-root
uuid: "9fc206151fb449439bbea50c569b9ad2"
format_stamp: "Formatted at 2026-07-13 09:03:38 on dist-test-slave-5bz2"
I20260713 09:03:38.028939  5783 fs_report.cc:389] FS layout report
--------------------
wal directory: /tmp/dist-test-task1E_mNo/test-tmp/auto_leader_rebalancer-test.0.LeaderRebalancerTest.AddTserver.1783933394033058-5783-0/minicluster-data/ts-1-root
metadata directory: /tmp/dist-test-task1E_mNo/test-tmp/auto_leader_rebalancer-test.0.LeaderRebalancerTest.AddTserver.1783933394033058-5783-0/minicluster-data/ts-1-root
1 data directories: /tmp/dist-test-task1E_mNo/test-tmp/auto_leader_rebalancer-test.0.LeaderRebalancerTest.AddTserver.1783933394033058-5783-0/minicluster-data/ts-1-root/data
Total live blocks: 0
Total live bytes: 0
Total live bytes (after alignment): 0
Total number of LBM containers: 0 (0 full)
Did not check for missing blocks
Did not check for orphaned blocks
Total full LBM containers with extra space: 0 (0 repaired)
Total full LBM container extra space in bytes: 0 (0 repaired)
Total incomplete LBM containers: 0 (0 repaired)
Total LBM partial records: 0 (0 repaired)
Total corrupted LBM metadata records in RocksDB: 0 (0 repaired)
I20260713 09:03:38.044610  5783 rpc_server.cc:225] running with OpenSSL 1.1.1  11 Sep 2018
I20260713 09:03:38.045940  5783 kserver.cc:163] Server-wide thread pool size limit: 3276
I20260713 09:03:38.047462  5783 txn_system_client.cc:432] TxnSystemClient initialization is disabled...
I20260713 09:03:38.049639  5783 ts_tablet_manager.cc:585] Loaded tablet metadata (0 total tablets, 0 live tablets)
I20260713 09:03:38.049863  5783 ts_tablet_manager.cc:531] Time spent load tablet metadata: real 0.000s	user 0.000s	sys 0.000s
I20260713 09:03:38.050101  5783 ts_tablet_manager.cc:616] Registered 0 tablets
I20260713 09:03:38.050284  5783 ts_tablet_manager.cc:595] Time spent register tablets: real 0.000s	user 0.000s	sys 0.000s
I20260713 09:03:38.089571  5783 rpc_server.cc:307] RPC server started. Bound to: 127.5.165.194:34327
I20260713 09:03:38.089671  6997 acceptor_pool.cc:272] collecting diagnostics on the listening RPC socket 127.5.165.194:34327 every 8 connection(s)
I20260713 09:03:38.094312  5783 file_cache.cc:504] Constructed file cache file cache with capacity 419430
W20260713 09:03:38.100943  7001 instance_detector.cc:116] could not retrieve AWS instance metadata: Network error: curl error: HTTP response code said error: The requested URL returned error: 404
W20260713 09:03:38.103266  7002 instance_detector.cc:116] could not retrieve Azure instance metadata: Network error: curl error: HTTP response code said error: The requested URL returned error: 404
W20260713 09:03:38.103838  7004 instance_detector.cc:116] could not retrieve OpenStack instance metadata: Network error: curl error: HTTP response code said error: The requested URL returned error: 404
I20260713 09:03:38.104854  5783 server_base.cc:1061] running on GCE node
I20260713 09:03:38.105824  5783 hybrid_clock.cc:584] initializing the hybrid clock with 'system_unsync' time source
I20260713 09:03:38.105820  6998 heartbeater.cc:344] Connected to a master server at 127.5.165.254:43935
W20260713 09:03:38.106115  5783 system_unsync_time.cc:38] NTP support is disabled. Clock error bounds will not be accurate. This configuration is not suitable for distributed clusters.
I20260713 09:03:38.106319  6998 heartbeater.cc:461] Registering TS with master...
I20260713 09:03:38.106367  5783 hybrid_clock.cc:648] HybridClock initialized: now 1783933418106307 us; error 0 us; skew 500 ppm
I20260713 09:03:38.107131  5783 server_base.cc:861] Flag tcmalloc_max_total_thread_cache_bytes is not working since tcmalloc is not enabled.
I20260713 09:03:38.107237  6998 heartbeater.cc:507] Master 127.5.165.254:43935 requested a full tablet report, sending...
I20260713 09:03:38.109486  6796 ts_manager.cc:194] Registered new tserver with Master: 9fc206151fb449439bbea50c569b9ad2 (127.5.165.194:34327)
I20260713 09:03:38.109874  5783 webserver.cc:533] Webserver started at http://127.5.165.195:35675/ using document root <none> and password file <none>
I20260713 09:03:38.110457  5783 fs_manager.cc:362] Metadata directory not provided
I20260713 09:03:38.110672  5783 fs_manager.cc:368] Using write-ahead log directory (fs_wal_dir) as metadata directory
I20260713 09:03:38.110967  5783 server_base.cc:909] This appears to be a new deployment of Kudu; creating new FS layout
I20260713 09:03:38.111137  6796 master_service.cc:502] Signed X509 certificate for tserver {username='slave'} at 127.0.0.1:60774
I20260713 09:03:38.112313  5783 fs_manager.cc:1068] Generated new instance metadata in path /tmp/dist-test-task1E_mNo/test-tmp/auto_leader_rebalancer-test.0.LeaderRebalancerTest.AddTserver.1783933394033058-5783-0/minicluster-data/ts-2-root/instance:
uuid: "b36672ea3d694228b94ebd8436f771c8"
format_stamp: "Formatted at 2026-07-13 09:03:38 on dist-test-slave-5bz2"
I20260713 09:03:38.116662  5783 fs_manager.cc:696] Time spent creating directory manager: real 0.004s	user 0.005s	sys 0.000s
I20260713 09:03:38.119985  7009 log_block_manager.cc:4127] Time spent loading block containers with low live blocks: real 0.000s	user 0.000s	sys 0.000s
I20260713 09:03:38.120666  5783 fs_manager.cc:730] Time spent opening block manager: real 0.002s	user 0.001s	sys 0.000s
I20260713 09:03:38.120954  5783 fs_manager.cc:647] Opened local filesystem: /tmp/dist-test-task1E_mNo/test-tmp/auto_leader_rebalancer-test.0.LeaderRebalancerTest.AddTserver.1783933394033058-5783-0/minicluster-data/ts-2-root
uuid: "b36672ea3d694228b94ebd8436f771c8"
format_stamp: "Formatted at 2026-07-13 09:03:38 on dist-test-slave-5bz2"
I20260713 09:03:38.121213  5783 fs_report.cc:389] FS layout report
--------------------
wal directory: /tmp/dist-test-task1E_mNo/test-tmp/auto_leader_rebalancer-test.0.LeaderRebalancerTest.AddTserver.1783933394033058-5783-0/minicluster-data/ts-2-root
metadata directory: /tmp/dist-test-task1E_mNo/test-tmp/auto_leader_rebalancer-test.0.LeaderRebalancerTest.AddTserver.1783933394033058-5783-0/minicluster-data/ts-2-root
1 data directories: /tmp/dist-test-task1E_mNo/test-tmp/auto_leader_rebalancer-test.0.LeaderRebalancerTest.AddTserver.1783933394033058-5783-0/minicluster-data/ts-2-root/data
Total live blocks: 0
Total live bytes: 0
Total live bytes (after alignment): 0
Total number of LBM containers: 0 (0 full)
Did not check for missing blocks
Did not check for orphaned blocks
Total full LBM containers with extra space: 0 (0 repaired)
Total full LBM container extra space in bytes: 0 (0 repaired)
Total incomplete LBM containers: 0 (0 repaired)
Total LBM partial records: 0 (0 repaired)
Total corrupted LBM metadata records in RocksDB: 0 (0 repaired)
I20260713 09:03:38.144387  5783 rpc_server.cc:225] running with OpenSSL 1.1.1  11 Sep 2018
I20260713 09:03:38.145598  5783 kserver.cc:163] Server-wide thread pool size limit: 3276
I20260713 09:03:38.147059  5783 txn_system_client.cc:432] TxnSystemClient initialization is disabled...
I20260713 09:03:38.149288  5783 ts_tablet_manager.cc:585] Loaded tablet metadata (0 total tablets, 0 live tablets)
I20260713 09:03:38.149487  5783 ts_tablet_manager.cc:531] Time spent load tablet metadata: real 0.000s	user 0.000s	sys 0.000s
I20260713 09:03:38.149744  5783 ts_tablet_manager.cc:616] Registered 0 tablets
I20260713 09:03:38.149905  5783 ts_tablet_manager.cc:595] Time spent register tablets: real 0.000s	user 0.000s	sys 0.000s
I20260713 09:03:38.188247  5783 rpc_server.cc:307] RPC server started. Bound to: 127.5.165.195:42417
I20260713 09:03:38.188329  7071 acceptor_pool.cc:272] collecting diagnostics on the listening RPC socket 127.5.165.195:42417 every 8 connection(s)
I20260713 09:03:38.201201  7072 heartbeater.cc:344] Connected to a master server at 127.5.165.254:43935
I20260713 09:03:38.201562  7072 heartbeater.cc:461] Registering TS with master...
I20260713 09:03:38.202235  7072 heartbeater.cc:507] Master 127.5.165.254:43935 requested a full tablet report, sending...
I20260713 09:03:38.204109  6796 ts_manager.cc:194] Registered new tserver with Master: b36672ea3d694228b94ebd8436f771c8 (127.5.165.195:42417)
I20260713 09:03:38.204334  5783 internal_mini_cluster.cc:371] 3 TS(s) registered with all masters after 0.013170564s
I20260713 09:03:38.205856  6796 master_service.cc:502] Signed X509 certificate for tserver {username='slave'} at 127.0.0.1:60778
I20260713 09:03:38.230033  6796 catalog_manager.cc:2283] Servicing CreateTable request from {username='slave'} at 127.0.0.1:60782:
name: "test-workload"
schema {
  columns {
    name: "key"
    type: INT32
    is_key: true
    is_nullable: false
    encoding: AUTO_ENCODING
    compression: DEFAULT_COMPRESSION
    cfile_block_size: 0
    immutable: false
  }
  columns {
    name: "int_val"
    type: INT32
    is_key: false
    is_nullable: false
    encoding: AUTO_ENCODING
    compression: DEFAULT_COMPRESSION
    cfile_block_size: 0
    immutable: false
  }
  columns {
    name: "string_val"
    type: STRING
    is_key: false
    is_nullable: true
    encoding: AUTO_ENCODING
    compression: DEFAULT_COMPRESSION
    cfile_block_size: 0
    immutable: false
  }
}
num_replicas: 3
split_rows_range_bounds {
  rows: "\004\001\000UUU\005\004\001\000\252\252\252\n\004\001\000\377\377\377\017\004\001\000TUU\025\004\001\000\251\252\252\032\004\001\000\376\377\377\037\004\001\000SUU%\004\001\000\250\252\252*\004\001\000\375\377\377/\004\001\000RUU5\004\001\000\247\252\252:\004\001\000\374\377\377?\004\001\000QUUE\004\001\000\246\252\252J\004\001\000\373\377\377O\004\001\000PUUU\004\001\000\245\252\252Z\004\001\000\372\377\377_\004\001\000OUUe\004\001\000\244\252\252j\004\001\000\371\377\377o\004\001\000NUUu\004\001\000\243\252\252z""\004\001\000UUU\005\004\001\000\252\252\252\n\004\001\000\377\377\377\017\004\001\000TUU\025\004\001\000\251\252\252\032\004\001\000\376\377\377\037\004\001\000SUU%\004\001\000\250\252\252*\004\001\000\375\377\377/\004\001\000RUU5\004\001\000\247\252\252:\004\001\000\374\377\377?\004\001\000QUUE\004\001\000\246\252\252J\004\001\000\373\377\377O\004\001\000PUUU\004\001\000\245\252\252Z\004\001\000\372\377\377_\004\001\000OUUe\004\001\000\244\252\252j\004\001\000\371\377\377o\004\001\000NUUu\004\001\000\243\252\252z"
  indirect_data: """"
}
partition_schema {
  range_schema {
    columns {
      name: "key"
    }
  }
}
W20260713 09:03:38.234023  6796 catalog_manager.cc:7077] The number of live tablet servers is not enough to re-replicate a tablet replica of the newly created table test-workload in case of a server failure: 4 tablet servers would be needed, 3 are available. Consider bringing up more tablet servers.
I20260713 09:03:38.347940  6963 tablet_service.cc:1511] Processing CreateTablet for tablet c8812818f1844f4faff754b417a2f277 (DEFAULT_TABLE table=test-workload [id=781b9640a3094e67aece470899f94cb7]), partition=RANGE (key) PARTITION VALUES < 89478485
I20260713 09:03:38.348148  6962 tablet_service.cc:1511] Processing CreateTablet for tablet 9bd30fdb4e3c496594e0048020b9ac83 (DEFAULT_TABLE table=test-workload [id=781b9640a3094e67aece470899f94cb7]), partition=RANGE (key) PARTITION 89478485 <= VALUES < 178956970
I20260713 09:03:38.349704  6963 data_dirs.cc:400] Could only allocate 1 dirs of requested 3 for tablet c8812818f1844f4faff754b417a2f277. 1 dirs total, 0 dirs full, 0 dirs failed
I20260713 09:03:38.350581  6961 tablet_service.cc:1511] Processing CreateTablet for tablet 820da148c2c74eccb7bcabc1822b3d66 (DEFAULT_TABLE table=test-workload [id=781b9640a3094e67aece470899f94cb7]), partition=RANGE (key) PARTITION 178956970 <= VALUES < 268435455
I20260713 09:03:38.352105  6961 data_dirs.cc:400] Could only allocate 1 dirs of requested 3 for tablet 820da148c2c74eccb7bcabc1822b3d66. 1 dirs total, 0 dirs full, 0 dirs failed
I20260713 09:03:38.356099  6960 tablet_service.cc:1511] Processing CreateTablet for tablet b21af3a0d400422183f43e82ddb4d3cd (DEFAULT_TABLE table=test-workload [id=781b9640a3094e67aece470899f94cb7]), partition=RANGE (key) PARTITION 268435455 <= VALUES < 357913940
I20260713 09:03:38.357548  6960 data_dirs.cc:400] Could only allocate 1 dirs of requested 3 for tablet b21af3a0d400422183f43e82ddb4d3cd. 1 dirs total, 0 dirs full, 0 dirs failed
I20260713 09:03:38.359860  6959 tablet_service.cc:1511] Processing CreateTablet for tablet 18f74bb56adb40cd9480e5f65481b543 (DEFAULT_TABLE table=test-workload [id=781b9640a3094e67aece470899f94cb7]), partition=RANGE (key) PARTITION 357913940 <= VALUES < 447392425
I20260713 09:03:38.361203  6959 data_dirs.cc:400] Could only allocate 1 dirs of requested 3 for tablet 18f74bb56adb40cd9480e5f65481b543. 1 dirs total, 0 dirs full, 0 dirs failed
I20260713 09:03:38.361310  7037 tablet_service.cc:1511] Processing CreateTablet for tablet c8812818f1844f4faff754b417a2f277 (DEFAULT_TABLE table=test-workload [id=781b9640a3094e67aece470899f94cb7]), partition=RANGE (key) PARTITION VALUES < 89478485
I20260713 09:03:38.362594  6962 data_dirs.cc:400] Could only allocate 1 dirs of requested 3 for tablet 9bd30fdb4e3c496594e0048020b9ac83. 1 dirs total, 0 dirs full, 0 dirs failed
I20260713 09:03:38.363729  7036 tablet_service.cc:1511] Processing CreateTablet for tablet 9bd30fdb4e3c496594e0048020b9ac83 (DEFAULT_TABLE table=test-workload [id=781b9640a3094e67aece470899f94cb7]), partition=RANGE (key) PARTITION 89478485 <= VALUES < 178956970
I20260713 09:03:38.367497  7034 tablet_service.cc:1511] Processing CreateTablet for tablet b21af3a0d400422183f43e82ddb4d3cd (DEFAULT_TABLE table=test-workload [id=781b9640a3094e67aece470899f94cb7]), partition=RANGE (key) PARTITION 268435455 <= VALUES < 357913940
I20260713 09:03:38.366001  7035 tablet_service.cc:1511] Processing CreateTablet for tablet 820da148c2c74eccb7bcabc1822b3d66 (DEFAULT_TABLE table=test-workload [id=781b9640a3094e67aece470899f94cb7]), partition=RANGE (key) PARTITION 178956970 <= VALUES < 268435455
I20260713 09:03:38.362594  7037 data_dirs.cc:400] Could only allocate 1 dirs of requested 3 for tablet c8812818f1844f4faff754b417a2f277. 1 dirs total, 0 dirs full, 0 dirs failed
I20260713 09:03:38.374683  7034 data_dirs.cc:400] Could only allocate 1 dirs of requested 3 for tablet b21af3a0d400422183f43e82ddb4d3cd. 1 dirs total, 0 dirs full, 0 dirs failed
I20260713 09:03:38.378671  7036 data_dirs.cc:400] Could only allocate 1 dirs of requested 3 for tablet 9bd30fdb4e3c496594e0048020b9ac83. 1 dirs total, 0 dirs full, 0 dirs failed
I20260713 09:03:38.381771  7087 tablet_bootstrap.cc:492] T c8812818f1844f4faff754b417a2f277 P 9fc206151fb449439bbea50c569b9ad2: Bootstrap starting.
I20260713 09:03:38.382668  7035 data_dirs.cc:400] Could only allocate 1 dirs of requested 3 for tablet 820da148c2c74eccb7bcabc1822b3d66. 1 dirs total, 0 dirs full, 0 dirs failed
I20260713 09:03:38.389206  7087 tablet_bootstrap.cc:654] T c8812818f1844f4faff754b417a2f277 P 9fc206151fb449439bbea50c569b9ad2: Neither blocks nor log segments found. Creating new log.
I20260713 09:03:38.394357  6888 tablet_service.cc:1511] Processing CreateTablet for tablet c8812818f1844f4faff754b417a2f277 (DEFAULT_TABLE table=test-workload [id=781b9640a3094e67aece470899f94cb7]), partition=RANGE (key) PARTITION VALUES < 89478485
I20260713 09:03:38.395838  6888 data_dirs.cc:400] Could only allocate 1 dirs of requested 3 for tablet c8812818f1844f4faff754b417a2f277. 1 dirs total, 0 dirs full, 0 dirs failed
I20260713 09:03:38.399673  6887 tablet_service.cc:1511] Processing CreateTablet for tablet 9bd30fdb4e3c496594e0048020b9ac83 (DEFAULT_TABLE table=test-workload [id=781b9640a3094e67aece470899f94cb7]), partition=RANGE (key) PARTITION 89478485 <= VALUES < 178956970
I20260713 09:03:38.401124  6887 data_dirs.cc:400] Could only allocate 1 dirs of requested 3 for tablet 9bd30fdb4e3c496594e0048020b9ac83. 1 dirs total, 0 dirs full, 0 dirs failed
I20260713 09:03:38.403414  6884 tablet_service.cc:1511] Processing CreateTablet for tablet 18f74bb56adb40cd9480e5f65481b543 (DEFAULT_TABLE table=test-workload [id=781b9640a3094e67aece470899f94cb7]), partition=RANGE (key) PARTITION 357913940 <= VALUES < 447392425
I20260713 09:03:38.404829  6884 data_dirs.cc:400] Could only allocate 1 dirs of requested 3 for tablet 18f74bb56adb40cd9480e5f65481b543. 1 dirs total, 0 dirs full, 0 dirs failed
I20260713 09:03:38.407025  6885 tablet_service.cc:1511] Processing CreateTablet for tablet b21af3a0d400422183f43e82ddb4d3cd (DEFAULT_TABLE table=test-workload [id=781b9640a3094e67aece470899f94cb7]), partition=RANGE (key) PARTITION 268435455 <= VALUES < 357913940
I20260713 09:03:38.408401  6885 data_dirs.cc:400] Could only allocate 1 dirs of requested 3 for tablet b21af3a0d400422183f43e82ddb4d3cd. 1 dirs total, 0 dirs full, 0 dirs failed
I20260713 09:03:38.410168  6886 tablet_service.cc:1511] Processing CreateTablet for tablet 820da148c2c74eccb7bcabc1822b3d66 (DEFAULT_TABLE table=test-workload [id=781b9640a3094e67aece470899f94cb7]), partition=RANGE (key) PARTITION 178956970 <= VALUES < 268435455
I20260713 09:03:38.410676  7088 tablet_bootstrap.cc:492] T 9bd30fdb4e3c496594e0048020b9ac83 P b36672ea3d694228b94ebd8436f771c8: Bootstrap starting.
I20260713 09:03:38.411576  6886 data_dirs.cc:400] Could only allocate 1 dirs of requested 3 for tablet 820da148c2c74eccb7bcabc1822b3d66. 1 dirs total, 0 dirs full, 0 dirs failed
I20260713 09:03:38.416631  7033 tablet_service.cc:1511] Processing CreateTablet for tablet 18f74bb56adb40cd9480e5f65481b543 (DEFAULT_TABLE table=test-workload [id=781b9640a3094e67aece470899f94cb7]), partition=RANGE (key) PARTITION 357913940 <= VALUES < 447392425
I20260713 09:03:38.416783  6883 tablet_service.cc:1511] Processing CreateTablet for tablet 88156ae9c0a4466a8d1becc6def7f83d (DEFAULT_TABLE table=test-workload [id=781b9640a3094e67aece470899f94cb7]), partition=RANGE (key) PARTITION 447392425 <= VALUES < 536870910
I20260713 09:03:38.418125  7033 data_dirs.cc:400] Could only allocate 1 dirs of requested 3 for tablet 18f74bb56adb40cd9480e5f65481b543. 1 dirs total, 0 dirs full, 0 dirs failed
I20260713 09:03:38.418220  6883 data_dirs.cc:400] Could only allocate 1 dirs of requested 3 for tablet 88156ae9c0a4466a8d1becc6def7f83d. 1 dirs total, 0 dirs full, 0 dirs failed
I20260713 09:03:38.424060  6882 tablet_service.cc:1511] Processing CreateTablet for tablet 751bba9019584981a07a8c8307a6c3c9 (DEFAULT_TABLE table=test-workload [id=781b9640a3094e67aece470899f94cb7]), partition=RANGE (key) PARTITION 536870910 <= VALUES < 626349395
I20260713 09:03:38.425628  6882 data_dirs.cc:400] Could only allocate 1 dirs of requested 3 for tablet 751bba9019584981a07a8c8307a6c3c9. 1 dirs total, 0 dirs full, 0 dirs failed
I20260713 09:03:38.435788  6960 tablet_service.cc:1511] Processing CreateTablet for tablet 751bba9019584981a07a8c8307a6c3c9 (DEFAULT_TABLE table=test-workload [id=781b9640a3094e67aece470899f94cb7]), partition=RANGE (key) PARTITION 536870910 <= VALUES < 626349395
I20260713 09:03:38.437184  6960 data_dirs.cc:400] Could only allocate 1 dirs of requested 3 for tablet 751bba9019584981a07a8c8307a6c3c9. 1 dirs total, 0 dirs full, 0 dirs failed
I20260713 09:03:38.438397  7037 tablet_service.cc:1511] Processing CreateTablet for tablet 88156ae9c0a4466a8d1becc6def7f83d (DEFAULT_TABLE table=test-workload [id=781b9640a3094e67aece470899f94cb7]), partition=RANGE (key) PARTITION 447392425 <= VALUES < 536870910
I20260713 09:03:38.439692  7037 data_dirs.cc:400] Could only allocate 1 dirs of requested 3 for tablet 88156ae9c0a4466a8d1becc6def7f83d. 1 dirs total, 0 dirs full, 0 dirs failed
I20260713 09:03:38.453926  7033 tablet_service.cc:1511] Processing CreateTablet for tablet 751bba9019584981a07a8c8307a6c3c9 (DEFAULT_TABLE table=test-workload [id=781b9640a3094e67aece470899f94cb7]), partition=RANGE (key) PARTITION 536870910 <= VALUES < 626349395
I20260713 09:03:38.455396  7033 data_dirs.cc:400] Could only allocate 1 dirs of requested 3 for tablet 751bba9019584981a07a8c8307a6c3c9. 1 dirs total, 0 dirs full, 0 dirs failed
I20260713 09:03:38.455852  7088 tablet_bootstrap.cc:654] T 9bd30fdb4e3c496594e0048020b9ac83 P b36672ea3d694228b94ebd8436f771c8: Neither blocks nor log segments found. Creating new log.
I20260713 09:03:38.459870  6962 tablet_service.cc:1511] Processing CreateTablet for tablet 88156ae9c0a4466a8d1becc6def7f83d (DEFAULT_TABLE table=test-workload [id=781b9640a3094e67aece470899f94cb7]), partition=RANGE (key) PARTITION 447392425 <= VALUES < 536870910
I20260713 09:03:38.461194  6962 data_dirs.cc:400] Could only allocate 1 dirs of requested 3 for tablet 88156ae9c0a4466a8d1becc6def7f83d. 1 dirs total, 0 dirs full, 0 dirs failed
I20260713 09:03:38.463660  6881 tablet_service.cc:1511] Processing CreateTablet for tablet 8edb8af147b34e359467184945d53acc (DEFAULT_TABLE table=test-workload [id=781b9640a3094e67aece470899f94cb7]), partition=RANGE (key) PARTITION 626349395 <= VALUES < 715827880
I20260713 09:03:38.465023  6881 data_dirs.cc:400] Could only allocate 1 dirs of requested 3 for tablet 8edb8af147b34e359467184945d53acc. 1 dirs total, 0 dirs full, 0 dirs failed
I20260713 09:03:38.465377  6961 tablet_service.cc:1511] Processing CreateTablet for tablet 8edb8af147b34e359467184945d53acc (DEFAULT_TABLE table=test-workload [id=781b9640a3094e67aece470899f94cb7]), partition=RANGE (key) PARTITION 626349395 <= VALUES < 715827880
I20260713 09:03:38.467491  6961 data_dirs.cc:400] Could only allocate 1 dirs of requested 3 for tablet 8edb8af147b34e359467184945d53acc. 1 dirs total, 0 dirs full, 0 dirs failed
I20260713 09:03:38.468942  7034 tablet_service.cc:1511] Processing CreateTablet for tablet 8edb8af147b34e359467184945d53acc (DEFAULT_TABLE table=test-workload [id=781b9640a3094e67aece470899f94cb7]), partition=RANGE (key) PARTITION 626349395 <= VALUES < 715827880
I20260713 09:03:38.471325  6880 tablet_service.cc:1511] Processing CreateTablet for tablet 900e935d1ef144b7929c928d1182124f (DEFAULT_TABLE table=test-workload [id=781b9640a3094e67aece470899f94cb7]), partition=RANGE (key) PARTITION 715827880 <= VALUES < 805306365
I20260713 09:03:38.471885  7034 data_dirs.cc:400] Could only allocate 1 dirs of requested 3 for tablet 8edb8af147b34e359467184945d53acc. 1 dirs total, 0 dirs full, 0 dirs failed
I20260713 09:03:38.472638  6880 data_dirs.cc:400] Could only allocate 1 dirs of requested 3 for tablet 900e935d1ef144b7929c928d1182124f. 1 dirs total, 0 dirs full, 0 dirs failed
I20260713 09:03:38.472584  6959 tablet_service.cc:1511] Processing CreateTablet for tablet 900e935d1ef144b7929c928d1182124f (DEFAULT_TABLE table=test-workload [id=781b9640a3094e67aece470899f94cb7]), partition=RANGE (key) PARTITION 715827880 <= VALUES < 805306365
I20260713 09:03:38.474013  6959 data_dirs.cc:400] Could only allocate 1 dirs of requested 3 for tablet 900e935d1ef144b7929c928d1182124f. 1 dirs total, 0 dirs full, 0 dirs failed
I20260713 09:03:38.480944  7037 tablet_service.cc:1511] Processing CreateTablet for tablet 900e935d1ef144b7929c928d1182124f (DEFAULT_TABLE table=test-workload [id=781b9640a3094e67aece470899f94cb7]), partition=RANGE (key) PARTITION 715827880 <= VALUES < 805306365
I20260713 09:03:38.482378  7037 data_dirs.cc:400] Could only allocate 1 dirs of requested 3 for tablet 900e935d1ef144b7929c928d1182124f. 1 dirs total, 0 dirs full, 0 dirs failed
I20260713 09:03:38.486989  6963 tablet_service.cc:1511] Processing CreateTablet for tablet 046e3b2e7e6442738940f6067ae17330 (DEFAULT_TABLE table=test-workload [id=781b9640a3094e67aece470899f94cb7]), partition=RANGE (key) PARTITION 805306365 <= VALUES < 894784850
I20260713 09:03:38.488523  6963 data_dirs.cc:400] Could only allocate 1 dirs of requested 3 for tablet 046e3b2e7e6442738940f6067ae17330. 1 dirs total, 0 dirs full, 0 dirs failed
