I20260713 09:03:14.280767 11505 raft_consensus.cc:359] T 9537b560804445bf8b7a6b4fcd0b6eb6 P 6cf3dd360e414ba8867d8345b153f36b [term 0 FOLLOWER]: Replica starting. Triggering 0 pending ops. Active config: opid_index: -1 OBSOLETE_local: false peers { permanent_uuid: "e63188975083434d94a22f80e3b24a33" member_type: VOTER last_known_addr { host: "127.10.234.65" port: 41109 } } peers { permanent_uuid: "6cf3dd360e414ba8867d8345b153f36b" member_type: VOTER last_known_addr { host: "127.10.234.67" port: 42711 } } peers { permanent_uuid: "4637def7b4e8448e98b7c19a349f6cf0" member_type: VOTER last_known_addr { host: "127.10.234.66" port: 34913 } }
I20260713 09:03:14.282786 11505 raft_consensus.cc:385] T 9537b560804445bf8b7a6b4fcd0b6eb6 P 6cf3dd360e414ba8867d8345b153f36b [term 0 FOLLOWER]: Consensus starting up: Expiring failure detector timer to make a prompt election more likely
I20260713 09:03:14.283187 11505 raft_consensus.cc:740] T 9537b560804445bf8b7a6b4fcd0b6eb6 P 6cf3dd360e414ba8867d8345b153f36b [term 0 FOLLOWER]: Becoming Follower/Learner. State: Replica: 6cf3dd360e414ba8867d8345b153f36b, State: Initialized, Role: FOLLOWER
I20260713 09:03:14.284108 11505 consensus_queue.cc:260] T 9537b560804445bf8b7a6b4fcd0b6eb6 P 6cf3dd360e414ba8867d8345b153f36b [NON_LEADER]: Queue going to NON_LEADER mode. State: All replicated index: 0, Majority replicated index: 0, Committed index: 0, Last appended: 0.0, Last appended by leader: 0, Current term: 0, Majority size: -1, State: 0, Mode: NON_LEADER, active raft config: opid_index: -1 OBSOLETE_local: false peers { permanent_uuid: "e63188975083434d94a22f80e3b24a33" member_type: VOTER last_known_addr { host: "127.10.234.65" port: 41109 } } peers { permanent_uuid: "6cf3dd360e414ba8867d8345b153f36b" member_type: VOTER last_known_addr { host: "127.10.234.67" port: 42711 } } peers { permanent_uuid: "4637def7b4e8448e98b7c19a349f6cf0" member_type: VOTER last_known_addr { host: "127.10.234.66" port: 34913 } }
I20260713 09:03:14.289990 11506 tablet_bootstrap.cc:654] T 5af59b5e0339493bb6829828bf82a44e P 4637def7b4e8448e98b7c19a349f6cf0: Neither blocks nor log segments found. Creating new log.
I20260713 09:03:14.292579 11504 tablet_bootstrap.cc:492] T 188aa20b43e14a9488911ddc6db82f3e P e63188975083434d94a22f80e3b24a33: No bootstrap required, opened a new log
I20260713 09:03:14.293109 11504 ts_tablet_manager.cc:1403] T 188aa20b43e14a9488911ddc6db82f3e P e63188975083434d94a22f80e3b24a33: Time spent bootstrapping tablet: real 0.036s	user 0.010s	sys 0.004s
I20260713 09:03:14.295997 11504 raft_consensus.cc:359] T 188aa20b43e14a9488911ddc6db82f3e P e63188975083434d94a22f80e3b24a33 [term 0 FOLLOWER]: Replica starting. Triggering 0 pending ops. Active config: opid_index: -1 OBSOLETE_local: false peers { permanent_uuid: "e63188975083434d94a22f80e3b24a33" member_type: VOTER last_known_addr { host: "127.10.234.65" port: 41109 } } peers { permanent_uuid: "4637def7b4e8448e98b7c19a349f6cf0" member_type: VOTER last_known_addr { host: "127.10.234.66" port: 34913 } } peers { permanent_uuid: "6cf3dd360e414ba8867d8345b153f36b" member_type: VOTER last_known_addr { host: "127.10.234.67" port: 42711 } }
I20260713 09:03:14.298777 11504 raft_consensus.cc:385] T 188aa20b43e14a9488911ddc6db82f3e P e63188975083434d94a22f80e3b24a33 [term 0 FOLLOWER]: Consensus starting up: Expiring failure detector timer to make a prompt election more likely
I20260713 09:03:14.299294 11504 raft_consensus.cc:740] T 188aa20b43e14a9488911ddc6db82f3e P e63188975083434d94a22f80e3b24a33 [term 0 FOLLOWER]: Becoming Follower/Learner. State: Replica: e63188975083434d94a22f80e3b24a33, State: Initialized, Role: FOLLOWER
I20260713 09:03:14.300372 11504 consensus_queue.cc:260] T 188aa20b43e14a9488911ddc6db82f3e P e63188975083434d94a22f80e3b24a33 [NON_LEADER]: Queue going to NON_LEADER mode. State: All replicated index: 0, Majority replicated index: 0, Committed index: 0, Last appended: 0.0, Last appended by leader: 0, Current term: 0, Majority size: -1, State: 0, Mode: NON_LEADER, active raft config: opid_index: -1 OBSOLETE_local: false peers { permanent_uuid: "e63188975083434d94a22f80e3b24a33" member_type: VOTER last_known_addr { host: "127.10.234.65" port: 41109 } } peers { permanent_uuid: "4637def7b4e8448e98b7c19a349f6cf0" member_type: VOTER last_known_addr { host: "127.10.234.66" port: 34913 } } peers { permanent_uuid: "6cf3dd360e414ba8867d8345b153f36b" member_type: VOTER last_known_addr { host: "127.10.234.67" port: 42711 } }
I20260713 09:03:14.303282 11504 ts_tablet_manager.cc:1434] T 188aa20b43e14a9488911ddc6db82f3e P e63188975083434d94a22f80e3b24a33: Time spent starting tablet: real 0.010s	user 0.004s	sys 0.004s
I20260713 09:03:14.304239 11504 tablet_bootstrap.cc:492] T 57d884418ea44ca18634a480dcb40693 P e63188975083434d94a22f80e3b24a33: Bootstrap starting.
I20260713 09:03:14.308339 11486 heartbeater.cc:499] Master 127.10.234.126:40057 was elected leader, sending a full tablet report...
I20260713 09:03:14.310894 11504 tablet_bootstrap.cc:654] T 57d884418ea44ca18634a480dcb40693 P e63188975083434d94a22f80e3b24a33: Neither blocks nor log segments found. Creating new log.
I20260713 09:03:14.311713 11505 ts_tablet_manager.cc:1434] T 9537b560804445bf8b7a6b4fcd0b6eb6 P 6cf3dd360e414ba8867d8345b153f36b: Time spent starting tablet: real 0.034s	user 0.008s	sys 0.005s
I20260713 09:03:14.313201 11505 tablet_bootstrap.cc:492] T 456fa38f7d124ffea6c183338d80d7c4 P 6cf3dd360e414ba8867d8345b153f36b: Bootstrap starting.
I20260713 09:03:14.316220 11506 tablet_bootstrap.cc:492] T 5af59b5e0339493bb6829828bf82a44e P 4637def7b4e8448e98b7c19a349f6cf0: No bootstrap required, opened a new log
I20260713 09:03:14.316679 11506 ts_tablet_manager.cc:1403] T 5af59b5e0339493bb6829828bf82a44e P 4637def7b4e8448e98b7c19a349f6cf0: Time spent bootstrapping tablet: real 0.036s	user 0.007s	sys 0.006s
I20260713 09:03:14.319531 11506 raft_consensus.cc:359] T 5af59b5e0339493bb6829828bf82a44e P 4637def7b4e8448e98b7c19a349f6cf0 [term 0 FOLLOWER]: Replica starting. Triggering 0 pending ops. Active config: opid_index: -1 OBSOLETE_local: false peers { permanent_uuid: "e63188975083434d94a22f80e3b24a33" member_type: VOTER last_known_addr { host: "127.10.234.65" port: 41109 } } peers { permanent_uuid: "4637def7b4e8448e98b7c19a349f6cf0" member_type: VOTER last_known_addr { host: "127.10.234.66" port: 34913 } } peers { permanent_uuid: "6cf3dd360e414ba8867d8345b153f36b" member_type: VOTER last_known_addr { host: "127.10.234.67" port: 42711 } }
I20260713 09:03:14.320088 11505 tablet_bootstrap.cc:654] T 456fa38f7d124ffea6c183338d80d7c4 P 6cf3dd360e414ba8867d8345b153f36b: Neither blocks nor log segments found. Creating new log.
I20260713 09:03:14.320225 11506 raft_consensus.cc:385] T 5af59b5e0339493bb6829828bf82a44e P 4637def7b4e8448e98b7c19a349f6cf0 [term 0 FOLLOWER]: Consensus starting up: Expiring failure detector timer to make a prompt election more likely
I20260713 09:03:14.320864 11506 raft_consensus.cc:740] T 5af59b5e0339493bb6829828bf82a44e P 4637def7b4e8448e98b7c19a349f6cf0 [term 0 FOLLOWER]: Becoming Follower/Learner. State: Replica: 4637def7b4e8448e98b7c19a349f6cf0, State: Initialized, Role: FOLLOWER
I20260713 09:03:14.321650 11506 consensus_queue.cc:260] T 5af59b5e0339493bb6829828bf82a44e P 4637def7b4e8448e98b7c19a349f6cf0 [NON_LEADER]: Queue going to NON_LEADER mode. State: All replicated index: 0, Majority replicated index: 0, Committed index: 0, Last appended: 0.0, Last appended by leader: 0, Current term: 0, Majority size: -1, State: 0, Mode: NON_LEADER, active raft config: opid_index: -1 OBSOLETE_local: false peers { permanent_uuid: "e63188975083434d94a22f80e3b24a33" member_type: VOTER last_known_addr { host: "127.10.234.65" port: 41109 } } peers { permanent_uuid: "4637def7b4e8448e98b7c19a349f6cf0" member_type: VOTER last_known_addr { host: "127.10.234.66" port: 34913 } } peers { permanent_uuid: "6cf3dd360e414ba8867d8345b153f36b" member_type: VOTER last_known_addr { host: "127.10.234.67" port: 42711 } }
I20260713 09:03:14.327924 11506 ts_tablet_manager.cc:1434] T 5af59b5e0339493bb6829828bf82a44e P 4637def7b4e8448e98b7c19a349f6cf0: Time spent starting tablet: real 0.011s	user 0.006s	sys 0.000s
I20260713 09:03:14.328949 11506 tablet_bootstrap.cc:492] T 188aa20b43e14a9488911ddc6db82f3e P 4637def7b4e8448e98b7c19a349f6cf0: Bootstrap starting.
I20260713 09:03:14.337455 11504 tablet_bootstrap.cc:492] T 57d884418ea44ca18634a480dcb40693 P e63188975083434d94a22f80e3b24a33: No bootstrap required, opened a new log
I20260713 09:03:14.338097 11504 ts_tablet_manager.cc:1403] T 57d884418ea44ca18634a480dcb40693 P e63188975083434d94a22f80e3b24a33: Time spent bootstrapping tablet: real 0.034s	user 0.010s	sys 0.003s
I20260713 09:03:14.341058 11511 raft_consensus.cc:493] T 5af59b5e0339493bb6829828bf82a44e P 4637def7b4e8448e98b7c19a349f6cf0 [term 0 FOLLOWER]: Starting pre-election (no leader contacted us within the election timeout)
I20260713 09:03:14.341601 11511 raft_consensus.cc:515] T 5af59b5e0339493bb6829828bf82a44e P 4637def7b4e8448e98b7c19a349f6cf0 [term 0 FOLLOWER]: Starting pre-election with config: opid_index: -1 OBSOLETE_local: false peers { permanent_uuid: "e63188975083434d94a22f80e3b24a33" member_type: VOTER last_known_addr { host: "127.10.234.65" port: 41109 } } peers { permanent_uuid: "4637def7b4e8448e98b7c19a349f6cf0" member_type: VOTER last_known_addr { host: "127.10.234.66" port: 34913 } } peers { permanent_uuid: "6cf3dd360e414ba8867d8345b153f36b" member_type: VOTER last_known_addr { host: "127.10.234.67" port: 42711 } }
I20260713 09:03:14.344795 11511 leader_election.cc:290] T 5af59b5e0339493bb6829828bf82a44e P 4637def7b4e8448e98b7c19a349f6cf0 [CANDIDATE]: Term 1 pre-election: Requested pre-vote from peers e63188975083434d94a22f80e3b24a33 (127.10.234.65:41109), 6cf3dd360e414ba8867d8345b153f36b (127.10.234.67:42711)
I20260713 09:03:14.345732 11504 raft_consensus.cc:359] T 57d884418ea44ca18634a480dcb40693 P e63188975083434d94a22f80e3b24a33 [term 0 FOLLOWER]: Replica starting. Triggering 0 pending ops. Active config: opid_index: -1 OBSOLETE_local: false peers { permanent_uuid: "e63188975083434d94a22f80e3b24a33" member_type: VOTER last_known_addr { host: "127.10.234.65" port: 41109 } } peers { permanent_uuid: "4637def7b4e8448e98b7c19a349f6cf0" member_type: VOTER last_known_addr { host: "127.10.234.66" port: 34913 } } peers { permanent_uuid: "6cf3dd360e414ba8867d8345b153f36b" member_type: VOTER last_known_addr { host: "127.10.234.67" port: 42711 } }
I20260713 09:03:14.346534 11504 raft_consensus.cc:385] T 57d884418ea44ca18634a480dcb40693 P e63188975083434d94a22f80e3b24a33 [term 0 FOLLOWER]: Consensus starting up: Expiring failure detector timer to make a prompt election more likely
I20260713 09:03:14.346932 11504 raft_consensus.cc:740] T 57d884418ea44ca18634a480dcb40693 P e63188975083434d94a22f80e3b24a33 [term 0 FOLLOWER]: Becoming Follower/Learner. State: Replica: e63188975083434d94a22f80e3b24a33, State: Initialized, Role: FOLLOWER
I20260713 09:03:14.350286 11506 tablet_bootstrap.cc:654] T 188aa20b43e14a9488911ddc6db82f3e P 4637def7b4e8448e98b7c19a349f6cf0: Neither blocks nor log segments found. Creating new log.
I20260713 09:03:14.347644 11504 consensus_queue.cc:260] T 57d884418ea44ca18634a480dcb40693 P e63188975083434d94a22f80e3b24a33 [NON_LEADER]: Queue going to NON_LEADER mode. State: All replicated index: 0, Majority replicated index: 0, Committed index: 0, Last appended: 0.0, Last appended by leader: 0, Current term: 0, Majority size: -1, State: 0, Mode: NON_LEADER, active raft config: opid_index: -1 OBSOLETE_local: false peers { permanent_uuid: "e63188975083434d94a22f80e3b24a33" member_type: VOTER last_known_addr { host: "127.10.234.65" port: 41109 } } peers { permanent_uuid: "4637def7b4e8448e98b7c19a349f6cf0" member_type: VOTER last_known_addr { host: "127.10.234.66" port: 34913 } } peers { permanent_uuid: "6cf3dd360e414ba8867d8345b153f36b" member_type: VOTER last_known_addr { host: "127.10.234.67" port: 42711 } }
I20260713 09:03:14.365015 11504 ts_tablet_manager.cc:1434] T 57d884418ea44ca18634a480dcb40693 P e63188975083434d94a22f80e3b24a33: Time spent starting tablet: real 0.027s	user 0.010s	sys 0.000s
I20260713 09:03:14.365936 11505 tablet_bootstrap.cc:492] T 456fa38f7d124ffea6c183338d80d7c4 P 6cf3dd360e414ba8867d8345b153f36b: No bootstrap required, opened a new log
I20260713 09:03:14.366039 11504 tablet_bootstrap.cc:492] T 9537b560804445bf8b7a6b4fcd0b6eb6 P e63188975083434d94a22f80e3b24a33: Bootstrap starting.
I20260713 09:03:14.366513 11505 ts_tablet_manager.cc:1403] T 456fa38f7d124ffea6c183338d80d7c4 P 6cf3dd360e414ba8867d8345b153f36b: Time spent bootstrapping tablet: real 0.053s	user 0.011s	sys 0.019s
I20260713 09:03:14.380985 11505 raft_consensus.cc:359] T 456fa38f7d124ffea6c183338d80d7c4 P 6cf3dd360e414ba8867d8345b153f36b [term 0 FOLLOWER]: Replica starting. Triggering 0 pending ops. Active config: opid_index: -1 OBSOLETE_local: false peers { permanent_uuid: "e63188975083434d94a22f80e3b24a33" member_type: VOTER last_known_addr { host: "127.10.234.65" port: 41109 } } peers { permanent_uuid: "4637def7b4e8448e98b7c19a349f6cf0" member_type: VOTER last_known_addr { host: "127.10.234.66" port: 34913 } } peers { permanent_uuid: "6cf3dd360e414ba8867d8345b153f36b" member_type: VOTER last_known_addr { host: "127.10.234.67" port: 42711 } }
I20260713 09:03:14.379396 11506 tablet_bootstrap.cc:492] T 188aa20b43e14a9488911ddc6db82f3e P 4637def7b4e8448e98b7c19a349f6cf0: No bootstrap required, opened a new log
I20260713 09:03:14.381713 11505 raft_consensus.cc:385] T 456fa38f7d124ffea6c183338d80d7c4 P 6cf3dd360e414ba8867d8345b153f36b [term 0 FOLLOWER]: Consensus starting up: Expiring failure detector timer to make a prompt election more likely
I20260713 09:03:14.383163 11506 ts_tablet_manager.cc:1403] T 188aa20b43e14a9488911ddc6db82f3e P 4637def7b4e8448e98b7c19a349f6cf0: Time spent bootstrapping tablet: real 0.054s	user 0.011s	sys 0.003s
I20260713 09:03:14.383677 11505 raft_consensus.cc:740] T 456fa38f7d124ffea6c183338d80d7c4 P 6cf3dd360e414ba8867d8345b153f36b [term 0 FOLLOWER]: Becoming Follower/Learner. State: Replica: 6cf3dd360e414ba8867d8345b153f36b, State: Initialized, Role: FOLLOWER
I20260713 09:03:14.387437 11505 consensus_queue.cc:260] T 456fa38f7d124ffea6c183338d80d7c4 P 6cf3dd360e414ba8867d8345b153f36b [NON_LEADER]: Queue going to NON_LEADER mode. State: All replicated index: 0, Majority replicated index: 0, Committed index: 0, Last appended: 0.0, Last appended by leader: 0, Current term: 0, Majority size: -1, State: 0, Mode: NON_LEADER, active raft config: opid_index: -1 OBSOLETE_local: false peers { permanent_uuid: "e63188975083434d94a22f80e3b24a33" member_type: VOTER last_known_addr { host: "127.10.234.65" port: 41109 } } peers { permanent_uuid: "4637def7b4e8448e98b7c19a349f6cf0" member_type: VOTER last_known_addr { host: "127.10.234.66" port: 34913 } } peers { permanent_uuid: "6cf3dd360e414ba8867d8345b153f36b" member_type: VOTER last_known_addr { host: "127.10.234.67" port: 42711 } }
W20260713 09:03:14.397063 11487 tablet.cc:2406] T 9537b560804445bf8b7a6b4fcd0b6eb6 P 6cf3dd360e414ba8867d8345b153f36b: Can't schedule compaction. Clean time has not been advanced past its initial value.
I20260713 09:03:14.393270 11506 raft_consensus.cc:359] T 188aa20b43e14a9488911ddc6db82f3e P 4637def7b4e8448e98b7c19a349f6cf0 [term 0 FOLLOWER]: Replica starting. Triggering 0 pending ops. Active config: opid_index: -1 OBSOLETE_local: false peers { permanent_uuid: "e63188975083434d94a22f80e3b24a33" member_type: VOTER last_known_addr { host: "127.10.234.65" port: 41109 } } peers { permanent_uuid: "4637def7b4e8448e98b7c19a349f6cf0" member_type: VOTER last_known_addr { host: "127.10.234.66" port: 34913 } } peers { permanent_uuid: "6cf3dd360e414ba8867d8345b153f36b" member_type: VOTER last_known_addr { host: "127.10.234.67" port: 42711 } }
I20260713 09:03:14.398341 11506 raft_consensus.cc:385] T 188aa20b43e14a9488911ddc6db82f3e P 4637def7b4e8448e98b7c19a349f6cf0 [term 0 FOLLOWER]: Consensus starting up: Expiring failure detector timer to make a prompt election more likely
I20260713 09:03:14.398612 11504 tablet_bootstrap.cc:654] T 9537b560804445bf8b7a6b4fcd0b6eb6 P e63188975083434d94a22f80e3b24a33: Neither blocks nor log segments found. Creating new log.
I20260713 09:03:14.398859 11506 raft_consensus.cc:740] T 188aa20b43e14a9488911ddc6db82f3e P 4637def7b4e8448e98b7c19a349f6cf0 [term 0 FOLLOWER]: Becoming Follower/Learner. State: Replica: 4637def7b4e8448e98b7c19a349f6cf0, State: Initialized, Role: FOLLOWER
I20260713 09:03:14.402575 11461 tablet_service.cc:1917] Received RequestConsensusVote() RPC: tablet_id: "5af59b5e0339493bb6829828bf82a44e" candidate_uuid: "4637def7b4e8448e98b7c19a349f6cf0" candidate_term: 1 candidate_status { last_received { term: 0 index: 0 } } ignore_live_leader: false dest_uuid: "6cf3dd360e414ba8867d8345b153f36b" is_pre_election: true
I20260713 09:03:14.403652 11505 ts_tablet_manager.cc:1434] T 456fa38f7d124ffea6c183338d80d7c4 P 6cf3dd360e414ba8867d8345b153f36b: Time spent starting tablet: real 0.037s	user 0.011s	sys 0.001s
I20260713 09:03:14.404623 11505 tablet_bootstrap.cc:492] T bb574a80beb44265900ad58c457626c7 P 6cf3dd360e414ba8867d8345b153f36b: Bootstrap starting.
I20260713 09:03:14.404618 11312 tablet_service.cc:1917] Received RequestConsensusVote() RPC: tablet_id: "5af59b5e0339493bb6829828bf82a44e" candidate_uuid: "4637def7b4e8448e98b7c19a349f6cf0" candidate_term: 1 candidate_status { last_received { term: 0 index: 0 } } ignore_live_leader: false dest_uuid: "e63188975083434d94a22f80e3b24a33" is_pre_election: true
W20260713 09:03:14.405869 11350 leader_election.cc:343] T 5af59b5e0339493bb6829828bf82a44e P 4637def7b4e8448e98b7c19a349f6cf0 [CANDIDATE]: Term 1 pre-election: Tablet error from VoteRequest() call to peer 6cf3dd360e414ba8867d8345b153f36b (127.10.234.67:42711): Illegal state: must be running to vote when last-logged opid is not known
I20260713 09:03:14.406030 11312 raft_consensus.cc:2468] T 5af59b5e0339493bb6829828bf82a44e P e63188975083434d94a22f80e3b24a33 [term 0 FOLLOWER]: Leader pre-election vote request: Granting yes vote for candidate 4637def7b4e8448e98b7c19a349f6cf0 in term 0.
I20260713 09:03:14.402640 11506 consensus_queue.cc:260] T 188aa20b43e14a9488911ddc6db82f3e P 4637def7b4e8448e98b7c19a349f6cf0 [NON_LEADER]: Queue going to NON_LEADER mode. State: All replicated index: 0, Majority replicated index: 0, Committed index: 0, Last appended: 0.0, Last appended by leader: 0, Current term: 0, Majority size: -1, State: 0, Mode: NON_LEADER, active raft config: opid_index: -1 OBSOLETE_local: false peers { permanent_uuid: "e63188975083434d94a22f80e3b24a33" member_type: VOTER last_known_addr { host: "127.10.234.65" port: 41109 } } peers { permanent_uuid: "4637def7b4e8448e98b7c19a349f6cf0" member_type: VOTER last_known_addr { host: "127.10.234.66" port: 34913 } } peers { permanent_uuid: "6cf3dd360e414ba8867d8345b153f36b" member_type: VOTER last_known_addr { host: "127.10.234.67" port: 42711 } }
I20260713 09:03:14.410230 11352 leader_election.cc:304] T 5af59b5e0339493bb6829828bf82a44e P 4637def7b4e8448e98b7c19a349f6cf0 [CANDIDATE]: Term 1 pre-election: Election decided. Result: candidate won. Election summary: received 3 responses out of 3 voters: 2 yes votes; 1 no votes. yes voters: 4637def7b4e8448e98b7c19a349f6cf0, e63188975083434d94a22f80e3b24a33; no voters: 6cf3dd360e414ba8867d8345b153f36b
I20260713 09:03:14.411520 11511 raft_consensus.cc:2804] T 5af59b5e0339493bb6829828bf82a44e P 4637def7b4e8448e98b7c19a349f6cf0 [term 0 FOLLOWER]: Leader pre-election won for term 1
I20260713 09:03:14.411931 11511 raft_consensus.cc:493] T 5af59b5e0339493bb6829828bf82a44e P 4637def7b4e8448e98b7c19a349f6cf0 [term 0 FOLLOWER]: Starting leader election (no leader contacted us within the election timeout)
I20260713 09:03:14.412066 11506 ts_tablet_manager.cc:1434] T 188aa20b43e14a9488911ddc6db82f3e P 4637def7b4e8448e98b7c19a349f6cf0: Time spent starting tablet: real 0.027s	user 0.007s	sys 0.001s
I20260713 09:03:14.412355 11511 raft_consensus.cc:3060] T 5af59b5e0339493bb6829828bf82a44e P 4637def7b4e8448e98b7c19a349f6cf0 [term 0 FOLLOWER]: Advancing to term 1
I20260713 09:03:14.414604 11506 tablet_bootstrap.cc:492] T 9537b560804445bf8b7a6b4fcd0b6eb6 P 4637def7b4e8448e98b7c19a349f6cf0: Bootstrap starting.
I20260713 09:03:14.423178 11505 tablet_bootstrap.cc:654] T bb574a80beb44265900ad58c457626c7 P 6cf3dd360e414ba8867d8345b153f36b: Neither blocks nor log segments found. Creating new log.
I20260713 09:03:14.425613 11511 raft_consensus.cc:515] T 5af59b5e0339493bb6829828bf82a44e P 4637def7b4e8448e98b7c19a349f6cf0 [term 1 FOLLOWER]: Starting leader election with config: opid_index: -1 OBSOLETE_local: false peers { permanent_uuid: "e63188975083434d94a22f80e3b24a33" member_type: VOTER last_known_addr { host: "127.10.234.65" port: 41109 } } peers { permanent_uuid: "4637def7b4e8448e98b7c19a349f6cf0" member_type: VOTER last_known_addr { host: "127.10.234.66" port: 34913 } } peers { permanent_uuid: "6cf3dd360e414ba8867d8345b153f36b" member_type: VOTER last_known_addr { host: "127.10.234.67" port: 42711 } }
I20260713 09:03:14.432439 11506 tablet_bootstrap.cc:654] T 9537b560804445bf8b7a6b4fcd0b6eb6 P 4637def7b4e8448e98b7c19a349f6cf0: Neither blocks nor log segments found. Creating new log.
I20260713 09:03:14.433166 11504 tablet_bootstrap.cc:492] T 9537b560804445bf8b7a6b4fcd0b6eb6 P e63188975083434d94a22f80e3b24a33: No bootstrap required, opened a new log
I20260713 09:03:14.433782 11504 ts_tablet_manager.cc:1403] T 9537b560804445bf8b7a6b4fcd0b6eb6 P e63188975083434d94a22f80e3b24a33: Time spent bootstrapping tablet: real 0.068s	user 0.009s	sys 0.011s
I20260713 09:03:14.437815 11504 raft_consensus.cc:359] T 9537b560804445bf8b7a6b4fcd0b6eb6 P e63188975083434d94a22f80e3b24a33 [term 0 FOLLOWER]: Replica starting. Triggering 0 pending ops. Active config: opid_index: -1 OBSOLETE_local: false peers { permanent_uuid: "e63188975083434d94a22f80e3b24a33" member_type: VOTER last_known_addr { host: "127.10.234.65" port: 41109 } } peers { permanent_uuid: "6cf3dd360e414ba8867d8345b153f36b" member_type: VOTER last_known_addr { host: "127.10.234.67" port: 42711 } } peers { permanent_uuid: "4637def7b4e8448e98b7c19a349f6cf0" member_type: VOTER last_known_addr { host: "127.10.234.66" port: 34913 } }
I20260713 09:03:14.438853 11504 raft_consensus.cc:385] T 9537b560804445bf8b7a6b4fcd0b6eb6 P e63188975083434d94a22f80e3b24a33 [term 0 FOLLOWER]: Consensus starting up: Expiring failure detector timer to make a prompt election more likely
I20260713 09:03:14.439260 11504 raft_consensus.cc:740] T 9537b560804445bf8b7a6b4fcd0b6eb6 P e63188975083434d94a22f80e3b24a33 [term 0 FOLLOWER]: Becoming Follower/Learner. State: Replica: e63188975083434d94a22f80e3b24a33, State: Initialized, Role: FOLLOWER
I20260713 09:03:14.442101 11511 leader_election.cc:290] T 5af59b5e0339493bb6829828bf82a44e P 4637def7b4e8448e98b7c19a349f6cf0 [CANDIDATE]: Term 1 election: Requested vote from peers e63188975083434d94a22f80e3b24a33 (127.10.234.65:41109), 6cf3dd360e414ba8867d8345b153f36b (127.10.234.67:42711)
I20260713 09:03:14.442963 11504 consensus_queue.cc:260] T 9537b560804445bf8b7a6b4fcd0b6eb6 P e63188975083434d94a22f80e3b24a33 [NON_LEADER]: Queue going to NON_LEADER mode. State: All replicated index: 0, Majority replicated index: 0, Committed index: 0, Last appended: 0.0, Last appended by leader: 0, Current term: 0, Majority size: -1, State: 0, Mode: NON_LEADER, active raft config: opid_index: -1 OBSOLETE_local: false peers { permanent_uuid: "e63188975083434d94a22f80e3b24a33" member_type: VOTER last_known_addr { host: "127.10.234.65" port: 41109 } } peers { permanent_uuid: "6cf3dd360e414ba8867d8345b153f36b" member_type: VOTER last_known_addr { host: "127.10.234.67" port: 42711 } } peers { permanent_uuid: "4637def7b4e8448e98b7c19a349f6cf0" member_type: VOTER last_known_addr { host: "127.10.234.66" port: 34913 } }
I20260713 09:03:14.443701 11312 tablet_service.cc:1917] Received RequestConsensusVote() RPC: tablet_id: "5af59b5e0339493bb6829828bf82a44e" candidate_uuid: "4637def7b4e8448e98b7c19a349f6cf0" candidate_term: 1 candidate_status { last_received { term: 0 index: 0 } } ignore_live_leader: false dest_uuid: "e63188975083434d94a22f80e3b24a33"
I20260713 09:03:14.444371 11312 raft_consensus.cc:3060] T 5af59b5e0339493bb6829828bf82a44e P e63188975083434d94a22f80e3b24a33 [term 0 FOLLOWER]: Advancing to term 1
I20260713 09:03:14.445765 11506 tablet_bootstrap.cc:492] T 9537b560804445bf8b7a6b4fcd0b6eb6 P 4637def7b4e8448e98b7c19a349f6cf0: No bootstrap required, opened a new log
I20260713 09:03:14.445972 11504 ts_tablet_manager.cc:1434] T 9537b560804445bf8b7a6b4fcd0b6eb6 P e63188975083434d94a22f80e3b24a33: Time spent starting tablet: real 0.012s	user 0.009s	sys 0.000s
I20260713 09:03:14.446255 11506 ts_tablet_manager.cc:1403] T 9537b560804445bf8b7a6b4fcd0b6eb6 P 4637def7b4e8448e98b7c19a349f6cf0: Time spent bootstrapping tablet: real 0.032s	user 0.018s	sys 0.002s
I20260713 09:03:14.447386 11461 tablet_service.cc:1917] Received RequestConsensusVote() RPC: tablet_id: "5af59b5e0339493bb6829828bf82a44e" candidate_uuid: "4637def7b4e8448e98b7c19a349f6cf0" candidate_term: 1 candidate_status { last_received { term: 0 index: 0 } } ignore_live_leader: false dest_uuid: "6cf3dd360e414ba8867d8345b153f36b"
W20260713 09:03:14.450448 11350 leader_election.cc:343] T 5af59b5e0339493bb6829828bf82a44e P 4637def7b4e8448e98b7c19a349f6cf0 [CANDIDATE]: Term 1 election: Tablet error from VoteRequest() call to peer 6cf3dd360e414ba8867d8345b153f36b (127.10.234.67:42711): Illegal state: must be running to vote when last-logged opid is not known
I20260713 09:03:14.453262 11504 tablet_bootstrap.cc:492] T 456fa38f7d124ffea6c183338d80d7c4 P e63188975083434d94a22f80e3b24a33: Bootstrap starting.
I20260713 09:03:14.451699 11506 raft_consensus.cc:359] T 9537b560804445bf8b7a6b4fcd0b6eb6 P 4637def7b4e8448e98b7c19a349f6cf0 [term 0 FOLLOWER]: Replica starting. Triggering 0 pending ops. Active config: opid_index: -1 OBSOLETE_local: false peers { permanent_uuid: "e63188975083434d94a22f80e3b24a33" member_type: VOTER last_known_addr { host: "127.10.234.65" port: 41109 } } peers { permanent_uuid: "6cf3dd360e414ba8867d8345b153f36b" member_type: VOTER last_known_addr { host: "127.10.234.67" port: 42711 } } peers { permanent_uuid: "4637def7b4e8448e98b7c19a349f6cf0" member_type: VOTER last_known_addr { host: "127.10.234.66" port: 34913 } }
I20260713 09:03:14.453624 11506 raft_consensus.cc:385] T 9537b560804445bf8b7a6b4fcd0b6eb6 P 4637def7b4e8448e98b7c19a349f6cf0 [term 0 FOLLOWER]: Consensus starting up: Expiring failure detector timer to make a prompt election more likely
I20260713 09:03:14.453938 11506 raft_consensus.cc:740] T 9537b560804445bf8b7a6b4fcd0b6eb6 P 4637def7b4e8448e98b7c19a349f6cf0 [term 0 FOLLOWER]: Becoming Follower/Learner. State: Replica: 4637def7b4e8448e98b7c19a349f6cf0, State: Initialized, Role: FOLLOWER
I20260713 09:03:14.457599 11505 tablet_bootstrap.cc:492] T bb574a80beb44265900ad58c457626c7 P 6cf3dd360e414ba8867d8345b153f36b: No bootstrap required, opened a new log
I20260713 09:03:14.458123 11505 ts_tablet_manager.cc:1403] T bb574a80beb44265900ad58c457626c7 P 6cf3dd360e414ba8867d8345b153f36b: Time spent bootstrapping tablet: real 0.054s	user 0.011s	sys 0.028s
I20260713 09:03:14.458493 11312 raft_consensus.cc:2468] T 5af59b5e0339493bb6829828bf82a44e P e63188975083434d94a22f80e3b24a33 [term 1 FOLLOWER]: Leader election vote request: Granting yes vote for candidate 4637def7b4e8448e98b7c19a349f6cf0 in term 1.
I20260713 09:03:14.454629 11506 consensus_queue.cc:260] T 9537b560804445bf8b7a6b4fcd0b6eb6 P 4637def7b4e8448e98b7c19a349f6cf0 [NON_LEADER]: Queue going to NON_LEADER mode. State: All replicated index: 0, Majority replicated index: 0, Committed index: 0, Last appended: 0.0, Last appended by leader: 0, Current term: 0, Majority size: -1, State: 0, Mode: NON_LEADER, active raft config: opid_index: -1 OBSOLETE_local: false peers { permanent_uuid: "e63188975083434d94a22f80e3b24a33" member_type: VOTER last_known_addr { host: "127.10.234.65" port: 41109 } } peers { permanent_uuid: "6cf3dd360e414ba8867d8345b153f36b" member_type: VOTER last_known_addr { host: "127.10.234.67" port: 42711 } } peers { permanent_uuid: "4637def7b4e8448e98b7c19a349f6cf0" member_type: VOTER last_known_addr { host: "127.10.234.66" port: 34913 } }
I20260713 09:03:14.461268 11352 leader_election.cc:304] T 5af59b5e0339493bb6829828bf82a44e P 4637def7b4e8448e98b7c19a349f6cf0 [CANDIDATE]: Term 1 election: Election decided. Result: candidate won. Election summary: received 3 responses out of 3 voters: 2 yes votes; 1 no votes. yes voters: 4637def7b4e8448e98b7c19a349f6cf0, e63188975083434d94a22f80e3b24a33; no voters: 6cf3dd360e414ba8867d8345b153f36b
I20260713 09:03:14.462096 11511 raft_consensus.cc:2804] T 5af59b5e0339493bb6829828bf82a44e P 4637def7b4e8448e98b7c19a349f6cf0 [term 1 FOLLOWER]: Leader election won for term 1
I20260713 09:03:14.463361 11505 raft_consensus.cc:359] T bb574a80beb44265900ad58c457626c7 P 6cf3dd360e414ba8867d8345b153f36b [term 0 FOLLOWER]: Replica starting. Triggering 0 pending ops. Active config: opid_index: -1 OBSOLETE_local: false peers { permanent_uuid: "e63188975083434d94a22f80e3b24a33" member_type: VOTER last_known_addr { host: "127.10.234.65" port: 41109 } } peers { permanent_uuid: "4637def7b4e8448e98b7c19a349f6cf0" member_type: VOTER last_known_addr { host: "127.10.234.66" port: 34913 } } peers { permanent_uuid: "6cf3dd360e414ba8867d8345b153f36b" member_type: VOTER last_known_addr { host: "127.10.234.67" port: 42711 } }
I20260713 09:03:14.464191 11505 raft_consensus.cc:385] T bb574a80beb44265900ad58c457626c7 P 6cf3dd360e414ba8867d8345b153f36b [term 0 FOLLOWER]: Consensus starting up: Expiring failure detector timer to make a prompt election more likely
I20260713 09:03:14.464571 11505 raft_consensus.cc:740] T bb574a80beb44265900ad58c457626c7 P 6cf3dd360e414ba8867d8345b153f36b [term 0 FOLLOWER]: Becoming Follower/Learner. State: Replica: 6cf3dd360e414ba8867d8345b153f36b, State: Initialized, Role: FOLLOWER
I20260713 09:03:14.465348 11511 raft_consensus.cc:697] T 5af59b5e0339493bb6829828bf82a44e P 4637def7b4e8448e98b7c19a349f6cf0 [term 1 LEADER]: Becoming Leader. State: Replica: 4637def7b4e8448e98b7c19a349f6cf0, State: Running, Role: LEADER
I20260713 09:03:14.465494 11505 consensus_queue.cc:260] T bb574a80beb44265900ad58c457626c7 P 6cf3dd360e414ba8867d8345b153f36b [NON_LEADER]: Queue going to NON_LEADER mode. State: All replicated index: 0, Majority replicated index: 0, Committed index: 0, Last appended: 0.0, Last appended by leader: 0, Current term: 0, Majority size: -1, State: 0, Mode: NON_LEADER, active raft config: opid_index: -1 OBSOLETE_local: false peers { permanent_uuid: "e63188975083434d94a22f80e3b24a33" member_type: VOTER last_known_addr { host: "127.10.234.65" port: 41109 } } peers { permanent_uuid: "4637def7b4e8448e98b7c19a349f6cf0" member_type: VOTER last_known_addr { host: "127.10.234.66" port: 34913 } } peers { permanent_uuid: "6cf3dd360e414ba8867d8345b153f36b" member_type: VOTER last_known_addr { host: "127.10.234.67" port: 42711 } }
I20260713 09:03:14.466969 11504 tablet_bootstrap.cc:654] T 456fa38f7d124ffea6c183338d80d7c4 P e63188975083434d94a22f80e3b24a33: Neither blocks nor log segments found. Creating new log.
I20260713 09:03:14.466596 11511 consensus_queue.cc:237] T 5af59b5e0339493bb6829828bf82a44e P 4637def7b4e8448e98b7c19a349f6cf0 [LEADER]: Queue going to LEADER mode. State: All replicated index: 0, Majority replicated index: 0, Committed index: 0, Last appended: 0.0, Last appended by leader: 0, Current term: 1, Majority size: 2, State: 0, Mode: LEADER, active raft config: opid_index: -1 OBSOLETE_local: false peers { permanent_uuid: "e63188975083434d94a22f80e3b24a33" member_type: VOTER last_known_addr { host: "127.10.234.65" port: 41109 } } peers { permanent_uuid: "4637def7b4e8448e98b7c19a349f6cf0" member_type: VOTER last_known_addr { host: "127.10.234.66" port: 34913 } } peers { permanent_uuid: "6cf3dd360e414ba8867d8345b153f36b" member_type: VOTER last_known_addr { host: "127.10.234.67" port: 42711 } }
I20260713 09:03:14.468570 11505 ts_tablet_manager.cc:1434] T bb574a80beb44265900ad58c457626c7 P 6cf3dd360e414ba8867d8345b153f36b: Time spent starting tablet: real 0.010s	user 0.003s	sys 0.004s
I20260713 09:03:14.469179 11524 raft_consensus.cc:493] T 188aa20b43e14a9488911ddc6db82f3e P 4637def7b4e8448e98b7c19a349f6cf0 [term 0 FOLLOWER]: Starting pre-election (no leader contacted us within the election timeout)
I20260713 09:03:14.469812 11505 tablet_bootstrap.cc:492] T dc5ad9444ff04d46afc9eff9115e7e85 P 6cf3dd360e414ba8867d8345b153f36b: Bootstrap starting.
I20260713 09:03:14.469615 11524 raft_consensus.cc:515] T 188aa20b43e14a9488911ddc6db82f3e P 4637def7b4e8448e98b7c19a349f6cf0 [term 0 FOLLOWER]: Starting pre-election with config: opid_index: -1 OBSOLETE_local: false peers { permanent_uuid: "e63188975083434d94a22f80e3b24a33" member_type: VOTER last_known_addr { host: "127.10.234.65" port: 41109 } } peers { permanent_uuid: "4637def7b4e8448e98b7c19a349f6cf0" member_type: VOTER last_known_addr { host: "127.10.234.66" port: 34913 } } peers { permanent_uuid: "6cf3dd360e414ba8867d8345b153f36b" member_type: VOTER last_known_addr { host: "127.10.234.67" port: 42711 } }
I20260713 09:03:14.471668 11524 leader_election.cc:290] T 188aa20b43e14a9488911ddc6db82f3e P 4637def7b4e8448e98b7c19a349f6cf0 [CANDIDATE]: Term 1 pre-election: Requested pre-vote from peers e63188975083434d94a22f80e3b24a33 (127.10.234.65:41109), 6cf3dd360e414ba8867d8345b153f36b (127.10.234.67:42711)
I20260713 09:03:14.473289 11461 tablet_service.cc:1917] Received RequestConsensusVote() RPC: tablet_id: "188aa20b43e14a9488911ddc6db82f3e" candidate_uuid: "4637def7b4e8448e98b7c19a349f6cf0" candidate_term: 1 candidate_status { last_received { term: 0 index: 0 } } ignore_live_leader: false dest_uuid: "6cf3dd360e414ba8867d8345b153f36b" is_pre_election: true
W20260713 09:03:14.474784 11350 leader_election.cc:343] T 188aa20b43e14a9488911ddc6db82f3e P 4637def7b4e8448e98b7c19a349f6cf0 [CANDIDATE]: Term 1 pre-election: Tablet error from VoteRequest() call to peer 6cf3dd360e414ba8867d8345b153f36b (127.10.234.67:42711): Illegal state: must be running to vote when last-logged opid is not known
I20260713 09:03:14.473289 11312 tablet_service.cc:1917] Received RequestConsensusVote() RPC: tablet_id: "188aa20b43e14a9488911ddc6db82f3e" candidate_uuid: "4637def7b4e8448e98b7c19a349f6cf0" candidate_term: 1 candidate_status { last_received { term: 0 index: 0 } } ignore_live_leader: false dest_uuid: "e63188975083434d94a22f80e3b24a33" is_pre_election: true
I20260713 09:03:14.475965 11312 raft_consensus.cc:2468] T 188aa20b43e14a9488911ddc6db82f3e P e63188975083434d94a22f80e3b24a33 [term 0 FOLLOWER]: Leader pre-election vote request: Granting yes vote for candidate 4637def7b4e8448e98b7c19a349f6cf0 in term 0.
I20260713 09:03:14.476979 11506 ts_tablet_manager.cc:1434] T 9537b560804445bf8b7a6b4fcd0b6eb6 P 4637def7b4e8448e98b7c19a349f6cf0: Time spent starting tablet: real 0.030s	user 0.008s	sys 0.004s
I20260713 09:03:14.477265 11352 leader_election.cc:304] T 188aa20b43e14a9488911ddc6db82f3e P 4637def7b4e8448e98b7c19a349f6cf0 [CANDIDATE]: Term 1 pre-election: Election decided. Result: candidate won. Election summary: received 3 responses out of 3 voters: 2 yes votes; 1 no votes. yes voters: 4637def7b4e8448e98b7c19a349f6cf0, e63188975083434d94a22f80e3b24a33; no voters: 6cf3dd360e414ba8867d8345b153f36b
I20260713 09:03:14.478111 11506 tablet_bootstrap.cc:492] T dc5ad9444ff04d46afc9eff9115e7e85 P 4637def7b4e8448e98b7c19a349f6cf0: Bootstrap starting.
I20260713 09:03:14.485721 11524 raft_consensus.cc:2804] T 188aa20b43e14a9488911ddc6db82f3e P 4637def7b4e8448e98b7c19a349f6cf0 [term 0 FOLLOWER]: Leader pre-election won for term 1
I20260713 09:03:14.486296 11524 raft_consensus.cc:493] T 188aa20b43e14a9488911ddc6db82f3e P 4637def7b4e8448e98b7c19a349f6cf0 [term 0 FOLLOWER]: Starting leader election (no leader contacted us within the election timeout)
I20260713 09:03:14.486717 11524 raft_consensus.cc:3060] T 188aa20b43e14a9488911ddc6db82f3e P 4637def7b4e8448e98b7c19a349f6cf0 [term 0 FOLLOWER]: Advancing to term 1
I20260713 09:03:14.491017 11505 tablet_bootstrap.cc:654] T dc5ad9444ff04d46afc9eff9115e7e85 P 6cf3dd360e414ba8867d8345b153f36b: Neither blocks nor log segments found. Creating new log.
I20260713 09:03:14.495262 11524 raft_consensus.cc:515] T 188aa20b43e14a9488911ddc6db82f3e P 4637def7b4e8448e98b7c19a349f6cf0 [term 1 FOLLOWER]: Starting leader election with config: opid_index: -1 OBSOLETE_local: false peers { permanent_uuid: "e63188975083434d94a22f80e3b24a33" member_type: VOTER last_known_addr { host: "127.10.234.65" port: 41109 } } peers { permanent_uuid: "4637def7b4e8448e98b7c19a349f6cf0" member_type: VOTER last_known_addr { host: "127.10.234.66" port: 34913 } } peers { permanent_uuid: "6cf3dd360e414ba8867d8345b153f36b" member_type: VOTER last_known_addr { host: "127.10.234.67" port: 42711 } }
I20260713 09:03:14.500545 11506 tablet_bootstrap.cc:654] T dc5ad9444ff04d46afc9eff9115e7e85 P 4637def7b4e8448e98b7c19a349f6cf0: Neither blocks nor log segments found. Creating new log.
I20260713 09:03:14.500651 11524 leader_election.cc:290] T 188aa20b43e14a9488911ddc6db82f3e P 4637def7b4e8448e98b7c19a349f6cf0 [CANDIDATE]: Term 1 election: Requested vote from peers e63188975083434d94a22f80e3b24a33 (127.10.234.65:41109), 6cf3dd360e414ba8867d8345b153f36b (127.10.234.67:42711)
I20260713 09:03:14.501528 11312 tablet_service.cc:1917] Received RequestConsensusVote() RPC: tablet_id: "188aa20b43e14a9488911ddc6db82f3e" candidate_uuid: "4637def7b4e8448e98b7c19a349f6cf0" candidate_term: 1 candidate_status { last_received { term: 0 index: 0 } } ignore_live_leader: false dest_uuid: "e63188975083434d94a22f80e3b24a33"
I20260713 09:03:14.501787 11461 tablet_service.cc:1917] Received RequestConsensusVote() RPC: tablet_id: "188aa20b43e14a9488911ddc6db82f3e" candidate_uuid: "4637def7b4e8448e98b7c19a349f6cf0" candidate_term: 1 candidate_status { last_received { term: 0 index: 0 } } ignore_live_leader: false dest_uuid: "6cf3dd360e414ba8867d8345b153f36b"
I20260713 09:03:14.502889 11504 tablet_bootstrap.cc:492] T 456fa38f7d124ffea6c183338d80d7c4 P e63188975083434d94a22f80e3b24a33: No bootstrap required, opened a new log
I20260713 09:03:14.507400 11209 catalog_manager.cc:5697] T 5af59b5e0339493bb6829828bf82a44e P 4637def7b4e8448e98b7c19a349f6cf0 reported cstate change: term changed from 0 to 1, leader changed from <none> to 4637def7b4e8448e98b7c19a349f6cf0 (127.10.234.66). New cstate: current_term: 1 leader_uuid: "4637def7b4e8448e98b7c19a349f6cf0" committed_config { opid_index: -1 OBSOLETE_local: false peers { permanent_uuid: "e63188975083434d94a22f80e3b24a33" member_type: VOTER last_known_addr { host: "127.10.234.65" port: 41109 } health_report { overall_health: UNKNOWN } } peers { permanent_uuid: "4637def7b4e8448e98b7c19a349f6cf0" member_type: VOTER last_known_addr { host: "127.10.234.66" port: 34913 } health_report { overall_health: HEALTHY } } peers { permanent_uuid: "6cf3dd360e414ba8867d8345b153f36b" member_type: VOTER last_known_addr { host: "127.10.234.67" port: 42711 } health_report { overall_health: UNKNOWN } } }
I20260713 09:03:14.509461 11312 raft_consensus.cc:3060] T 188aa20b43e14a9488911ddc6db82f3e P e63188975083434d94a22f80e3b24a33 [term 0 FOLLOWER]: Advancing to term 1
W20260713 09:03:14.510701 11350 leader_election.cc:343] T 188aa20b43e14a9488911ddc6db82f3e P 4637def7b4e8448e98b7c19a349f6cf0 [CANDIDATE]: Term 1 election: Tablet error from VoteRequest() call to peer 6cf3dd360e414ba8867d8345b153f36b (127.10.234.67:42711): Illegal state: must be running to vote when last-logged opid is not known
I20260713 09:03:14.520356 11524 raft_consensus.cc:493] T 61d7d1b4483d4470878f501cbc71f5dd P 4637def7b4e8448e98b7c19a349f6cf0 [term 0 FOLLOWER]: Starting pre-election (no leader contacted us within the election timeout)
I20260713 09:03:14.509580 11504 ts_tablet_manager.cc:1403] T 456fa38f7d124ffea6c183338d80d7c4 P e63188975083434d94a22f80e3b24a33: Time spent bootstrapping tablet: real 0.057s	user 0.021s	sys 0.000s
I20260713 09:03:14.521358 11524 raft_consensus.cc:515] T 61d7d1b4483d4470878f501cbc71f5dd P 4637def7b4e8448e98b7c19a349f6cf0 [term 0 FOLLOWER]: Starting pre-election with config: opid_index: -1 OBSOLETE_local: false peers { permanent_uuid: "e63188975083434d94a22f80e3b24a33" member_type: VOTER last_known_addr { host: "127.10.234.65" port: 41109 } } peers { permanent_uuid: "4637def7b4e8448e98b7c19a349f6cf0" member_type: VOTER last_known_addr { host: "127.10.234.66" port: 34913 } } peers { permanent_uuid: "6cf3dd360e414ba8867d8345b153f36b" member_type: VOTER last_known_addr { host: "127.10.234.67" port: 42711 } }
I20260713 09:03:14.525624 11524 leader_election.cc:290] T 61d7d1b4483d4470878f501cbc71f5dd P 4637def7b4e8448e98b7c19a349f6cf0 [CANDIDATE]: Term 1 pre-election: Requested pre-vote from peers e63188975083434d94a22f80e3b24a33 (127.10.234.65:41109), 6cf3dd360e414ba8867d8345b153f36b (127.10.234.67:42711)
I20260713 09:03:14.525799 11311 tablet_service.cc:1917] Received RequestConsensusVote() RPC: tablet_id: "61d7d1b4483d4470878f501cbc71f5dd" candidate_uuid: "4637def7b4e8448e98b7c19a349f6cf0" candidate_term: 1 candidate_status { last_received { term: 0 index: 0 } } ignore_live_leader: false dest_uuid: "e63188975083434d94a22f80e3b24a33" is_pre_election: true
I20260713 09:03:14.526659 11461 tablet_service.cc:1917] Received RequestConsensusVote() RPC: tablet_id: "61d7d1b4483d4470878f501cbc71f5dd" candidate_uuid: "4637def7b4e8448e98b7c19a349f6cf0" candidate_term: 1 candidate_status { last_received { term: 0 index: 0 } } ignore_live_leader: false dest_uuid: "6cf3dd360e414ba8867d8345b153f36b" is_pre_election: true
W20260713 09:03:14.527967 11350 leader_election.cc:343] T 61d7d1b4483d4470878f501cbc71f5dd P 4637def7b4e8448e98b7c19a349f6cf0 [CANDIDATE]: Term 1 pre-election: Tablet error from VoteRequest() call to peer 6cf3dd360e414ba8867d8345b153f36b (127.10.234.67:42711): Illegal state: must be running to vote when last-logged opid is not known
W20260713 09:03:14.528497 11352 leader_election.cc:343] T 61d7d1b4483d4470878f501cbc71f5dd P 4637def7b4e8448e98b7c19a349f6cf0 [CANDIDATE]: Term 1 pre-election: Tablet error from VoteRequest() call to peer e63188975083434d94a22f80e3b24a33 (127.10.234.65:41109): Illegal state: must be running to vote when last-logged opid is not known
I20260713 09:03:14.530318 11352 leader_election.cc:304] T 61d7d1b4483d4470878f501cbc71f5dd P 4637def7b4e8448e98b7c19a349f6cf0 [CANDIDATE]: Term 1 pre-election: Election decided. Result: candidate lost. Election summary: received 3 responses out of 3 voters: 1 yes votes; 2 no votes. yes voters: 4637def7b4e8448e98b7c19a349f6cf0; no voters: 6cf3dd360e414ba8867d8345b153f36b, e63188975083434d94a22f80e3b24a33
I20260713 09:03:14.531337 11524 raft_consensus.cc:2749] T 61d7d1b4483d4470878f501cbc71f5dd P 4637def7b4e8448e98b7c19a349f6cf0 [term 0 FOLLOWER]: Leader pre-election lost for term 1. Reason: could not achieve majority
I20260713 09:03:14.528405 11504 raft_consensus.cc:359] T 456fa38f7d124ffea6c183338d80d7c4 P e63188975083434d94a22f80e3b24a33 [term 0 FOLLOWER]: Replica starting. Triggering 0 pending ops. Active config: opid_index: -1 OBSOLETE_local: false peers { permanent_uuid: "e63188975083434d94a22f80e3b24a33" member_type: VOTER last_known_addr { host: "127.10.234.65" port: 41109 } } peers { permanent_uuid: "4637def7b4e8448e98b7c19a349f6cf0" member_type: VOTER last_known_addr { host: "127.10.234.66" port: 34913 } } peers { permanent_uuid: "6cf3dd360e414ba8867d8345b153f36b" member_type: VOTER last_known_addr { host: "127.10.234.67" port: 42711 } }
I20260713 09:03:14.537410 11505 tablet_bootstrap.cc:492] T dc5ad9444ff04d46afc9eff9115e7e85 P 6cf3dd360e414ba8867d8345b153f36b: No bootstrap required, opened a new log
I20260713 09:03:14.535501 11504 raft_consensus.cc:385] T 456fa38f7d124ffea6c183338d80d7c4 P e63188975083434d94a22f80e3b24a33 [term 0 FOLLOWER]: Consensus starting up: Expiring failure detector timer to make a prompt election more likely
I20260713 09:03:14.537911 11509 raft_consensus.cc:493] T 9537b560804445bf8b7a6b4fcd0b6eb6 P e63188975083434d94a22f80e3b24a33 [term 0 FOLLOWER]: Starting pre-election (no leader contacted us within the election timeout)
I20260713 09:03:14.538093 11504 raft_consensus.cc:740] T 456fa38f7d124ffea6c183338d80d7c4 P e63188975083434d94a22f80e3b24a33 [term 0 FOLLOWER]: Becoming Follower/Learner. State: Replica: e63188975083434d94a22f80e3b24a33, State: Initialized, Role: FOLLOWER
I20260713 09:03:14.538513 11509 raft_consensus.cc:515] T 9537b560804445bf8b7a6b4fcd0b6eb6 P e63188975083434d94a22f80e3b24a33 [term 0 FOLLOWER]: Starting pre-election with config: opid_index: -1 OBSOLETE_local: false peers { permanent_uuid: "e63188975083434d94a22f80e3b24a33" member_type: VOTER last_known_addr { host: "127.10.234.65" port: 41109 } } peers { permanent_uuid: "6cf3dd360e414ba8867d8345b153f36b" member_type: VOTER last_known_addr { host: "127.10.234.67" port: 42711 } } peers { permanent_uuid: "4637def7b4e8448e98b7c19a349f6cf0" member_type: VOTER last_known_addr { host: "127.10.234.66" port: 34913 } }
I20260713 09:03:14.538964 11504 consensus_queue.cc:260] T 456fa38f7d124ffea6c183338d80d7c4 P e63188975083434d94a22f80e3b24a33 [NON_LEADER]: Queue going to NON_LEADER mode. State: All replicated index: 0, Majority replicated index: 0, Committed index: 0, Last appended: 0.0, Last appended by leader: 0, Current term: 0, Majority size: -1, State: 0, Mode: NON_LEADER, active raft config: opid_index: -1 OBSOLETE_local: false peers { permanent_uuid: "e63188975083434d94a22f80e3b24a33" member_type: VOTER last_known_addr { host: "127.10.234.65" port: 41109 } } peers { permanent_uuid: "4637def7b4e8448e98b7c19a349f6cf0" member_type: VOTER last_known_addr { host: "127.10.234.66" port: 34913 } } peers { permanent_uuid: "6cf3dd360e414ba8867d8345b153f36b" member_type: VOTER last_known_addr { host: "127.10.234.67" port: 42711 } }
I20260713 09:03:14.544322 11509 leader_election.cc:290] T 9537b560804445bf8b7a6b4fcd0b6eb6 P e63188975083434d94a22f80e3b24a33 [CANDIDATE]: Term 1 pre-election: Requested pre-vote from peers 6cf3dd360e414ba8867d8345b153f36b (127.10.234.67:42711), 4637def7b4e8448e98b7c19a349f6cf0 (127.10.234.66:34913)
I20260713 09:03:14.544674 11505 ts_tablet_manager.cc:1403] T dc5ad9444ff04d46afc9eff9115e7e85 P 6cf3dd360e414ba8867d8345b153f36b: Time spent bootstrapping tablet: real 0.075s	user 0.013s	sys 0.015s
I20260713 09:03:14.544504 11506 tablet_bootstrap.cc:492] T dc5ad9444ff04d46afc9eff9115e7e85 P 4637def7b4e8448e98b7c19a349f6cf0: No bootstrap required, opened a new log
I20260713 09:03:14.545733 11506 ts_tablet_manager.cc:1403] T dc5ad9444ff04d46afc9eff9115e7e85 P 4637def7b4e8448e98b7c19a349f6cf0: Time spent bootstrapping tablet: real 0.068s	user 0.005s	sys 0.013s
I20260713 09:03:14.548590 11505 raft_consensus.cc:359] T dc5ad9444ff04d46afc9eff9115e7e85 P 6cf3dd360e414ba8867d8345b153f36b [term 0 FOLLOWER]: Replica starting. Triggering 0 pending ops. Active config: opid_index: -1 OBSOLETE_local: false peers { permanent_uuid: "e63188975083434d94a22f80e3b24a33" member_type: VOTER last_known_addr { host: "127.10.234.65" port: 41109 } } peers { permanent_uuid: "4637def7b4e8448e98b7c19a349f6cf0" member_type: VOTER last_known_addr { host: "127.10.234.66" port: 34913 } } peers { permanent_uuid: "6cf3dd360e414ba8867d8345b153f36b" member_type: VOTER last_known_addr { host: "127.10.234.67" port: 42711 } }
I20260713 09:03:14.549397 11505 raft_consensus.cc:385] T dc5ad9444ff04d46afc9eff9115e7e85 P 6cf3dd360e414ba8867d8345b153f36b [term 0 FOLLOWER]: Consensus starting up: Expiring failure detector timer to make a prompt election more likely
I20260713 09:03:14.549715 11505 raft_consensus.cc:740] T dc5ad9444ff04d46afc9eff9115e7e85 P 6cf3dd360e414ba8867d8345b153f36b [term 0 FOLLOWER]: Becoming Follower/Learner. State: Replica: 6cf3dd360e414ba8867d8345b153f36b, State: Initialized, Role: FOLLOWER
I20260713 09:03:14.550136 11506 raft_consensus.cc:359] T dc5ad9444ff04d46afc9eff9115e7e85 P 4637def7b4e8448e98b7c19a349f6cf0 [term 0 FOLLOWER]: Replica starting. Triggering 0 pending ops. Active config: opid_index: -1 OBSOLETE_local: false peers { permanent_uuid: "e63188975083434d94a22f80e3b24a33" member_type: VOTER last_known_addr { host: "127.10.234.65" port: 41109 } } peers { permanent_uuid: "4637def7b4e8448e98b7c19a349f6cf0" member_type: VOTER last_known_addr { host: "127.10.234.66" port: 34913 } } peers { permanent_uuid: "6cf3dd360e414ba8867d8345b153f36b" member_type: VOTER last_known_addr { host: "127.10.234.67" port: 42711 } }
I20260713 09:03:14.550451 11505 consensus_queue.cc:260] T dc5ad9444ff04d46afc9eff9115e7e85 P 6cf3dd360e414ba8867d8345b153f36b [NON_LEADER]: Queue going to NON_LEADER mode. State: All replicated index: 0, Majority replicated index: 0, Committed index: 0, Last appended: 0.0, Last appended by leader: 0, Current term: 0, Majority size: -1, State: 0, Mode: NON_LEADER, active raft config: opid_index: -1 OBSOLETE_local: false peers { permanent_uuid: "e63188975083434d94a22f80e3b24a33" member_type: VOTER last_known_addr { host: "127.10.234.65" port: 41109 } } peers { permanent_uuid: "4637def7b4e8448e98b7c19a349f6cf0" member_type: VOTER last_known_addr { host: "127.10.234.66" port: 34913 } } peers { permanent_uuid: "6cf3dd360e414ba8867d8345b153f36b" member_type: VOTER last_known_addr { host: "127.10.234.67" port: 42711 } }
I20260713 09:03:14.552965 11524 raft_consensus.cc:493] T 9537b560804445bf8b7a6b4fcd0b6eb6 P 4637def7b4e8448e98b7c19a349f6cf0 [term 0 FOLLOWER]: Starting pre-election (no leader contacted us within the election timeout)
