I20260713 09:03:19.196584  6220 consensus_queue.cc:1048] T c780316cd7074f7f888261372c70cf20 P b45313f3417f493a9d9efefe73d00e28 [LEADER]: Connected to new peer: Peer: permanent_uuid: "c77c7ba558544781841be421dc24b361" member_type: VOTER last_known_addr { host: "127.5.160.131" port: 40977 }, Status: LMP_MISMATCH, Last received: 0.0, Next index: 3, Last known committed idx: 2, Time since last communication: 0.000s
I20260713 09:03:19.233639  5971 raft_consensus.cc:1275] T 832f4f5001444546886ffe889ffc2405 P 73e1bb32fac84301b6965b412fce7a51 [term 5 FOLLOWER]: Refusing update from remote peer c77c7ba558544781841be421dc24b361: Log matching property violated. Preceding OpId in replica: term: 4 index: 4. Preceding OpId from leader: term: 5 index: 5. (index mismatch)
I20260713 09:03:19.234802  6218 consensus_queue.cc:1048] T 832f4f5001444546886ffe889ffc2405 P c77c7ba558544781841be421dc24b361 [LEADER]: Connected to new peer: Peer: permanent_uuid: "73e1bb32fac84301b6965b412fce7a51" member_type: VOTER last_known_addr { host: "127.5.160.130" port: 35033 }, Status: LMP_MISMATCH, Last received: 0.0, Next index: 5, Last known committed idx: 4, Time since last communication: 0.000s
I20260713 09:03:19.244365  5897 raft_consensus.cc:1275] T 832f4f5001444546886ffe889ffc2405 P b45313f3417f493a9d9efefe73d00e28 [term 5 FOLLOWER]: Refusing update from remote peer c77c7ba558544781841be421dc24b361: Log matching property violated. Preceding OpId in replica: term: 4 index: 4. Preceding OpId from leader: term: 5 index: 5. (index mismatch)
I20260713 09:03:19.246146  6244 consensus_queue.cc:1048] T 832f4f5001444546886ffe889ffc2405 P c77c7ba558544781841be421dc24b361 [LEADER]: Connected to new peer: Peer: permanent_uuid: "b45313f3417f493a9d9efefe73d00e28" member_type: VOTER last_known_addr { host: "127.5.160.129" port: 37453 }, Status: LMP_MISMATCH, Last received: 0.0, Next index: 5, Last known committed idx: 4, Time since last communication: 0.000s
I20260713 09:03:19.362007  5971 raft_consensus.cc:1275] T 15ea22d1658a47adadda1ff66e4cd167 P 73e1bb32fac84301b6965b412fce7a51 [term 4 FOLLOWER]: Refusing update from remote peer c77c7ba558544781841be421dc24b361: Log matching property violated. Preceding OpId in replica: term: 3 index: 3. Preceding OpId from leader: term: 4 index: 4. (index mismatch)
I20260713 09:03:19.363395  6244 consensus_queue.cc:1048] T 15ea22d1658a47adadda1ff66e4cd167 P c77c7ba558544781841be421dc24b361 [LEADER]: Connected to new peer: Peer: permanent_uuid: "73e1bb32fac84301b6965b412fce7a51" member_type: VOTER last_known_addr { host: "127.5.160.130" port: 35033 }, Status: LMP_MISMATCH, Last received: 0.0, Next index: 4, Last known committed idx: 3, Time since last communication: 0.001s
I20260713 09:03:19.373031  5897 raft_consensus.cc:1275] T 15ea22d1658a47adadda1ff66e4cd167 P b45313f3417f493a9d9efefe73d00e28 [term 4 FOLLOWER]: Refusing update from remote peer c77c7ba558544781841be421dc24b361: Log matching property violated. Preceding OpId in replica: term: 3 index: 3. Preceding OpId from leader: term: 4 index: 4. (index mismatch)
I20260713 09:03:19.374651  6231 consensus_queue.cc:1048] T 15ea22d1658a47adadda1ff66e4cd167 P c77c7ba558544781841be421dc24b361 [LEADER]: Connected to new peer: Peer: permanent_uuid: "b45313f3417f493a9d9efefe73d00e28" member_type: VOTER last_known_addr { host: "127.5.160.129" port: 37453 }, Status: LMP_MISMATCH, Last received: 0.0, Next index: 4, Last known committed idx: 3, Time since last communication: 0.001s
I20260713 09:03:19.494666  5762 auto_leader_rebalancer.cc:141] leader rebalance for table test-workload
I20260713 09:03:19.500805  5762 tablet_server.cc:179] TabletServer@127.5.160.129:0 shutting down...
I20260713 09:03:19.532399  5762 ts_tablet_manager.cc:1507] Shutting down tablet manager...
I20260713 09:03:19.533201  5762 tablet_replica.cc:333] T 35d1aad44ff948a690f4c06f5df67f6e P b45313f3417f493a9d9efefe73d00e28: stopping tablet replica
I20260713 09:03:19.534185  5762 raft_consensus.cc:2243] T 35d1aad44ff948a690f4c06f5df67f6e P b45313f3417f493a9d9efefe73d00e28 [term 2 FOLLOWER]: Raft consensus shutting down.
I20260713 09:03:19.534785  5762 raft_consensus.cc:2272] T 35d1aad44ff948a690f4c06f5df67f6e P b45313f3417f493a9d9efefe73d00e28 [term 2 FOLLOWER]: Raft consensus is shut down!
I20260713 09:03:19.536949  5762 tablet_replica.cc:333] T 15ea22d1658a47adadda1ff66e4cd167 P b45313f3417f493a9d9efefe73d00e28: stopping tablet replica
I20260713 09:03:19.537509  5762 raft_consensus.cc:2243] T 15ea22d1658a47adadda1ff66e4cd167 P b45313f3417f493a9d9efefe73d00e28 [term 4 FOLLOWER]: Raft consensus shutting down.
I20260713 09:03:19.537851  5762 raft_consensus.cc:2272] T 15ea22d1658a47adadda1ff66e4cd167 P b45313f3417f493a9d9efefe73d00e28 [term 4 FOLLOWER]: Raft consensus is shut down!
I20260713 09:03:19.539942  5762 tablet_replica.cc:333] T 29aa12bd4d0945c7b551f28581ed3a0a P b45313f3417f493a9d9efefe73d00e28: stopping tablet replica
I20260713 09:03:19.540413  5762 raft_consensus.cc:2243] T 29aa12bd4d0945c7b551f28581ed3a0a P b45313f3417f493a9d9efefe73d00e28 [term 2 FOLLOWER]: Raft consensus shutting down.
I20260713 09:03:19.540800  5762 raft_consensus.cc:2272] T 29aa12bd4d0945c7b551f28581ed3a0a P b45313f3417f493a9d9efefe73d00e28 [term 2 FOLLOWER]: Raft consensus is shut down!
I20260713 09:03:19.542582  5762 tablet_replica.cc:333] T dc6da65530b5449da7442dba895b21ed P b45313f3417f493a9d9efefe73d00e28: stopping tablet replica
I20260713 09:03:19.543125  5762 raft_consensus.cc:2243] T dc6da65530b5449da7442dba895b21ed P b45313f3417f493a9d9efefe73d00e28 [term 3 FOLLOWER]: Raft consensus shutting down.
I20260713 09:03:19.543553  5762 raft_consensus.cc:2272] T dc6da65530b5449da7442dba895b21ed P b45313f3417f493a9d9efefe73d00e28 [term 3 FOLLOWER]: Raft consensus is shut down!
I20260713 09:03:19.545229  5762 tablet_replica.cc:333] T 832f4f5001444546886ffe889ffc2405 P b45313f3417f493a9d9efefe73d00e28: stopping tablet replica
I20260713 09:03:19.545730  5762 raft_consensus.cc:2243] T 832f4f5001444546886ffe889ffc2405 P b45313f3417f493a9d9efefe73d00e28 [term 5 FOLLOWER]: Raft consensus shutting down.
I20260713 09:03:19.546164  5762 raft_consensus.cc:2272] T 832f4f5001444546886ffe889ffc2405 P b45313f3417f493a9d9efefe73d00e28 [term 5 FOLLOWER]: Raft consensus is shut down!
I20260713 09:03:19.549036  5762 tablet_replica.cc:333] T 1bba217e200f448ca9bec5217a2ad8b1 P b45313f3417f493a9d9efefe73d00e28: stopping tablet replica
I20260713 09:03:19.549782  5762 raft_consensus.cc:2243] T 1bba217e200f448ca9bec5217a2ad8b1 P b45313f3417f493a9d9efefe73d00e28 [term 3 FOLLOWER]: Raft consensus shutting down.
I20260713 09:03:19.550310  5762 raft_consensus.cc:2272] T 1bba217e200f448ca9bec5217a2ad8b1 P b45313f3417f493a9d9efefe73d00e28 [term 3 FOLLOWER]: Raft consensus is shut down!
I20260713 09:03:19.552325  5762 tablet_replica.cc:333] T 85f1142c92674db7a7be44387b6256a2 P b45313f3417f493a9d9efefe73d00e28: stopping tablet replica
I20260713 09:03:19.553022  5762 raft_consensus.cc:2243] T 85f1142c92674db7a7be44387b6256a2 P b45313f3417f493a9d9efefe73d00e28 [term 3 LEADER]: Raft consensus shutting down.
I20260713 09:03:19.553885  5762 raft_consensus.cc:2272] T 85f1142c92674db7a7be44387b6256a2 P b45313f3417f493a9d9efefe73d00e28 [term 3 FOLLOWER]: Raft consensus is shut down!
W20260713 09:03:19.554036  6010 proxy.cc:239] Call had error, refreshing address and retrying: Remote error: Service unavailable: service kudu.consensus.ConsensusService not registered on TabletServer
I20260713 09:03:19.556421  5762 tablet_replica.cc:333] T 243c19e8d39947e59fde012598acef25 P b45313f3417f493a9d9efefe73d00e28: stopping tablet replica
I20260713 09:03:19.557107  5762 raft_consensus.cc:2243] T 243c19e8d39947e59fde012598acef25 P b45313f3417f493a9d9efefe73d00e28 [term 3 LEADER]: Raft consensus shutting down.
W20260713 09:03:19.557128  6010 consensus_peers.cc:597] T 35d1aad44ff948a690f4c06f5df67f6e P c77c7ba558544781841be421dc24b361 -> Peer b45313f3417f493a9d9efefe73d00e28 (127.5.160.129:37453): Couldn't send request to peer b45313f3417f493a9d9efefe73d00e28. Status: Remote error: Service unavailable: service kudu.consensus.ConsensusService not registered on TabletServer. This is attempt 1: this message will repeat every 5th retry.
I20260713 09:03:19.558123  5762 raft_consensus.cc:2272] T 243c19e8d39947e59fde012598acef25 P b45313f3417f493a9d9efefe73d00e28 [term 3 FOLLOWER]: Raft consensus is shut down!
I20260713 09:03:19.559921  5762 tablet_replica.cc:333] T c780316cd7074f7f888261372c70cf20 P b45313f3417f493a9d9efefe73d00e28: stopping tablet replica
I20260713 09:03:19.560331  5762 raft_consensus.cc:2243] T c780316cd7074f7f888261372c70cf20 P b45313f3417f493a9d9efefe73d00e28 [term 3 LEADER]: Raft consensus shutting down.
I20260713 09:03:19.561117  5762 raft_consensus.cc:2272] T c780316cd7074f7f888261372c70cf20 P b45313f3417f493a9d9efefe73d00e28 [term 3 FOLLOWER]: Raft consensus is shut down!
I20260713 09:03:19.664678  5762 tablet_server.cc:196] TabletServer@127.5.160.129:0 shutdown complete.
I20260713 09:03:19.682389  5762 tablet_server.cc:179] TabletServer@127.5.160.130:0 shutting down...
W20260713 09:03:19.704319  6011 consensus_peers.cc:597] T 35d1aad44ff948a690f4c06f5df67f6e P c77c7ba558544781841be421dc24b361 -> Peer 73e1bb32fac84301b6965b412fce7a51 (127.5.160.130:35033): Couldn't send request to peer 73e1bb32fac84301b6965b412fce7a51. Status: Remote error: Service unavailable: service kudu.consensus.ConsensusService not registered on TabletServer. This is attempt 1: this message will repeat every 5th retry.
W20260713 09:03:19.714241  5936 consensus_peers.cc:597] T 29aa12bd4d0945c7b551f28581ed3a0a P 73e1bb32fac84301b6965b412fce7a51 -> Peer b45313f3417f493a9d9efefe73d00e28 (127.5.160.129:37453): Couldn't send request to peer b45313f3417f493a9d9efefe73d00e28. Status: Network error: Client connection negotiation failed: client connection to 127.5.160.129:37453: connect: Connection refused (error 111). This is attempt 1: this message will repeat every 5th retry.
I20260713 09:03:19.717914  5762 ts_tablet_manager.cc:1507] Shutting down tablet manager...
I20260713 09:03:19.718477  5762 tablet_replica.cc:333] T 35d1aad44ff948a690f4c06f5df67f6e P 73e1bb32fac84301b6965b412fce7a51: stopping tablet replica
I20260713 09:03:19.719063  5762 raft_consensus.cc:2243] T 35d1aad44ff948a690f4c06f5df67f6e P 73e1bb32fac84301b6965b412fce7a51 [term 2 FOLLOWER]: Raft consensus shutting down.
I20260713 09:03:19.719520  5762 raft_consensus.cc:2272] T 35d1aad44ff948a690f4c06f5df67f6e P 73e1bb32fac84301b6965b412fce7a51 [term 2 FOLLOWER]: Raft consensus is shut down!
I20260713 09:03:19.721305  5762 tablet_replica.cc:333] T 15ea22d1658a47adadda1ff66e4cd167 P 73e1bb32fac84301b6965b412fce7a51: stopping tablet replica
I20260713 09:03:19.721820  5762 raft_consensus.cc:2243] T 15ea22d1658a47adadda1ff66e4cd167 P 73e1bb32fac84301b6965b412fce7a51 [term 4 FOLLOWER]: Raft consensus shutting down.
I20260713 09:03:19.722160  5762 raft_consensus.cc:2272] T 15ea22d1658a47adadda1ff66e4cd167 P 73e1bb32fac84301b6965b412fce7a51 [term 4 FOLLOWER]: Raft consensus is shut down!
I20260713 09:03:19.724085  5762 tablet_replica.cc:333] T 29aa12bd4d0945c7b551f28581ed3a0a P 73e1bb32fac84301b6965b412fce7a51: stopping tablet replica
I20260713 09:03:19.724575  5762 raft_consensus.cc:2243] T 29aa12bd4d0945c7b551f28581ed3a0a P 73e1bb32fac84301b6965b412fce7a51 [term 2 LEADER]: Raft consensus shutting down.
I20260713 09:03:19.725270  5762 raft_consensus.cc:2272] T 29aa12bd4d0945c7b551f28581ed3a0a P 73e1bb32fac84301b6965b412fce7a51 [term 2 FOLLOWER]: Raft consensus is shut down!
I20260713 09:03:19.726783  5762 tablet_replica.cc:333] T 85f1142c92674db7a7be44387b6256a2 P 73e1bb32fac84301b6965b412fce7a51: stopping tablet replica
I20260713 09:03:19.727212  5762 raft_consensus.cc:2243] T 85f1142c92674db7a7be44387b6256a2 P 73e1bb32fac84301b6965b412fce7a51 [term 3 FOLLOWER]: Raft consensus shutting down.
I20260713 09:03:19.727520  5762 raft_consensus.cc:2272] T 85f1142c92674db7a7be44387b6256a2 P 73e1bb32fac84301b6965b412fce7a51 [term 3 FOLLOWER]: Raft consensus is shut down!
I20260713 09:03:19.729364  5762 tablet_replica.cc:333] T 243c19e8d39947e59fde012598acef25 P 73e1bb32fac84301b6965b412fce7a51: stopping tablet replica
I20260713 09:03:19.729787  5762 raft_consensus.cc:2243] T 243c19e8d39947e59fde012598acef25 P 73e1bb32fac84301b6965b412fce7a51 [term 3 FOLLOWER]: Raft consensus shutting down.
I20260713 09:03:19.730100  5762 raft_consensus.cc:2272] T 243c19e8d39947e59fde012598acef25 P 73e1bb32fac84301b6965b412fce7a51 [term 3 FOLLOWER]: Raft consensus is shut down!
I20260713 09:03:19.732189  5762 tablet_replica.cc:333] T c780316cd7074f7f888261372c70cf20 P 73e1bb32fac84301b6965b412fce7a51: stopping tablet replica
I20260713 09:03:19.732602  5762 raft_consensus.cc:2243] T c780316cd7074f7f888261372c70cf20 P 73e1bb32fac84301b6965b412fce7a51 [term 3 FOLLOWER]: Raft consensus shutting down.
I20260713 09:03:19.732916  5762 raft_consensus.cc:2272] T c780316cd7074f7f888261372c70cf20 P 73e1bb32fac84301b6965b412fce7a51 [term 3 FOLLOWER]: Raft consensus is shut down!
I20260713 09:03:19.734774  5762 tablet_replica.cc:333] T dc6da65530b5449da7442dba895b21ed P 73e1bb32fac84301b6965b412fce7a51: stopping tablet replica
I20260713 09:03:19.735179  5762 raft_consensus.cc:2243] T dc6da65530b5449da7442dba895b21ed P 73e1bb32fac84301b6965b412fce7a51 [term 3 LEADER]: Raft consensus shutting down.
I20260713 09:03:19.735760  5762 raft_consensus.cc:2272] T dc6da65530b5449da7442dba895b21ed P 73e1bb32fac84301b6965b412fce7a51 [term 3 FOLLOWER]: Raft consensus is shut down!
I20260713 09:03:19.737136  5762 tablet_replica.cc:333] T 832f4f5001444546886ffe889ffc2405 P 73e1bb32fac84301b6965b412fce7a51: stopping tablet replica
I20260713 09:03:19.737525  5762 raft_consensus.cc:2243] T 832f4f5001444546886ffe889ffc2405 P 73e1bb32fac84301b6965b412fce7a51 [term 5 FOLLOWER]: Raft consensus shutting down.
I20260713 09:03:19.737839  5762 raft_consensus.cc:2272] T 832f4f5001444546886ffe889ffc2405 P 73e1bb32fac84301b6965b412fce7a51 [term 5 FOLLOWER]: Raft consensus is shut down!
I20260713 09:03:19.739514  5762 tablet_replica.cc:333] T 1bba217e200f448ca9bec5217a2ad8b1 P 73e1bb32fac84301b6965b412fce7a51: stopping tablet replica
I20260713 09:03:19.739874  5762 raft_consensus.cc:2243] T 1bba217e200f448ca9bec5217a2ad8b1 P 73e1bb32fac84301b6965b412fce7a51 [term 3 LEADER]: Raft consensus shutting down.
I20260713 09:03:19.740566  5762 raft_consensus.cc:2272] T 1bba217e200f448ca9bec5217a2ad8b1 P 73e1bb32fac84301b6965b412fce7a51 [term 3 FOLLOWER]: Raft consensus is shut down!
I20260713 09:03:19.767091  5762 tablet_server.cc:196] TabletServer@127.5.160.130:0 shutdown complete.
I20260713 09:03:19.783260  5762 tablet_server.cc:179] TabletServer@127.5.160.131:0 shutting down...
I20260713 09:03:19.808537  5762 ts_tablet_manager.cc:1507] Shutting down tablet manager...
I20260713 09:03:19.809258  5762 tablet_replica.cc:333] T 15ea22d1658a47adadda1ff66e4cd167 P c77c7ba558544781841be421dc24b361: stopping tablet replica
I20260713 09:03:19.809857  5762 raft_consensus.cc:2243] T 15ea22d1658a47adadda1ff66e4cd167 P c77c7ba558544781841be421dc24b361 [term 4 LEADER]: Raft consensus shutting down.
I20260713 09:03:19.810611  5762 raft_consensus.cc:2272] T 15ea22d1658a47adadda1ff66e4cd167 P c77c7ba558544781841be421dc24b361 [term 4 FOLLOWER]: Raft consensus is shut down!
I20260713 09:03:19.813043  5762 tablet_replica.cc:333] T 35d1aad44ff948a690f4c06f5df67f6e P c77c7ba558544781841be421dc24b361: stopping tablet replica
I20260713 09:03:19.813616  5762 raft_consensus.cc:2243] T 35d1aad44ff948a690f4c06f5df67f6e P c77c7ba558544781841be421dc24b361 [term 2 LEADER]: Raft consensus shutting down.
I20260713 09:03:19.814342  5762 raft_consensus.cc:2272] T 35d1aad44ff948a690f4c06f5df67f6e P c77c7ba558544781841be421dc24b361 [term 2 FOLLOWER]: Raft consensus is shut down!
I20260713 09:03:19.815891  5762 tablet_replica.cc:333] T 29aa12bd4d0945c7b551f28581ed3a0a P c77c7ba558544781841be421dc24b361: stopping tablet replica
I20260713 09:03:19.816361  5762 raft_consensus.cc:2243] T 29aa12bd4d0945c7b551f28581ed3a0a P c77c7ba558544781841be421dc24b361 [term 2 FOLLOWER]: Raft consensus shutting down.
I20260713 09:03:19.816766  5762 raft_consensus.cc:2272] T 29aa12bd4d0945c7b551f28581ed3a0a P c77c7ba558544781841be421dc24b361 [term 2 FOLLOWER]: Raft consensus is shut down!
I20260713 09:03:19.818302  5762 tablet_replica.cc:333] T 85f1142c92674db7a7be44387b6256a2 P c77c7ba558544781841be421dc24b361: stopping tablet replica
I20260713 09:03:19.818778  5762 raft_consensus.cc:2243] T 85f1142c92674db7a7be44387b6256a2 P c77c7ba558544781841be421dc24b361 [term 3 FOLLOWER]: Raft consensus shutting down.
I20260713 09:03:19.819159  5762 raft_consensus.cc:2272] T 85f1142c92674db7a7be44387b6256a2 P c77c7ba558544781841be421dc24b361 [term 3 FOLLOWER]: Raft consensus is shut down!
I20260713 09:03:19.820972  5762 tablet_replica.cc:333] T 243c19e8d39947e59fde012598acef25 P c77c7ba558544781841be421dc24b361: stopping tablet replica
I20260713 09:03:19.821501  5762 raft_consensus.cc:2243] T 243c19e8d39947e59fde012598acef25 P c77c7ba558544781841be421dc24b361 [term 3 FOLLOWER]: Raft consensus shutting down.
I20260713 09:03:19.821946  5762 raft_consensus.cc:2272] T 243c19e8d39947e59fde012598acef25 P c77c7ba558544781841be421dc24b361 [term 3 FOLLOWER]: Raft consensus is shut down!
I20260713 09:03:19.823643  5762 tablet_replica.cc:333] T c780316cd7074f7f888261372c70cf20 P c77c7ba558544781841be421dc24b361: stopping tablet replica
I20260713 09:03:19.824280  5762 raft_consensus.cc:2243] T c780316cd7074f7f888261372c70cf20 P c77c7ba558544781841be421dc24b361 [term 3 FOLLOWER]: Raft consensus shutting down.
I20260713 09:03:19.824677  5762 raft_consensus.cc:2272] T c780316cd7074f7f888261372c70cf20 P c77c7ba558544781841be421dc24b361 [term 3 FOLLOWER]: Raft consensus is shut down!
I20260713 09:03:19.826632  5762 tablet_replica.cc:333] T 1bba217e200f448ca9bec5217a2ad8b1 P c77c7ba558544781841be421dc24b361: stopping tablet replica
I20260713 09:03:19.827121  5762 raft_consensus.cc:2243] T 1bba217e200f448ca9bec5217a2ad8b1 P c77c7ba558544781841be421dc24b361 [term 3 FOLLOWER]: Raft consensus shutting down.
I20260713 09:03:19.827494  5762 raft_consensus.cc:2272] T 1bba217e200f448ca9bec5217a2ad8b1 P c77c7ba558544781841be421dc24b361 [term 3 FOLLOWER]: Raft consensus is shut down!
I20260713 09:03:19.829392  5762 tablet_replica.cc:333] T dc6da65530b5449da7442dba895b21ed P c77c7ba558544781841be421dc24b361: stopping tablet replica
I20260713 09:03:19.829809  5762 raft_consensus.cc:2243] T dc6da65530b5449da7442dba895b21ed P c77c7ba558544781841be421dc24b361 [term 3 FOLLOWER]: Raft consensus shutting down.
I20260713 09:03:19.830199  5762 raft_consensus.cc:2272] T dc6da65530b5449da7442dba895b21ed P c77c7ba558544781841be421dc24b361 [term 3 FOLLOWER]: Raft consensus is shut down!
I20260713 09:03:19.831837  5762 tablet_replica.cc:333] T 832f4f5001444546886ffe889ffc2405 P c77c7ba558544781841be421dc24b361: stopping tablet replica
I20260713 09:03:19.832248  5762 raft_consensus.cc:2243] T 832f4f5001444546886ffe889ffc2405 P c77c7ba558544781841be421dc24b361 [term 5 LEADER]: Raft consensus shutting down.
I20260713 09:03:19.832906  5762 raft_consensus.cc:2272] T 832f4f5001444546886ffe889ffc2405 P c77c7ba558544781841be421dc24b361 [term 5 FOLLOWER]: Raft consensus is shut down!
I20260713 09:03:19.858765  5762 tablet_server.cc:196] TabletServer@127.5.160.131:0 shutdown complete.
I20260713 09:03:19.875490  5762 master.cc:562] Master@127.5.160.190:37015 shutting down...
I20260713 09:03:19.993175  5762 raft_consensus.cc:2243] T 00000000000000000000000000000000 P ee7c8bb63ace4ad88c91a222e4c94f51 [term 1 LEADER]: Raft consensus shutting down.
I20260713 09:03:19.993768  5762 raft_consensus.cc:2272] T 00000000000000000000000000000000 P ee7c8bb63ace4ad88c91a222e4c94f51 [term 1 FOLLOWER]: Raft consensus is shut down!
I20260713 09:03:19.994151  5762 tablet_replica.cc:333] T 00000000000000000000000000000000 P ee7c8bb63ace4ad88c91a222e4c94f51: stopping tablet replica
I20260713 09:03:20.014637  5762 master.cc:584] Master@127.5.160.190:37015 shutdown complete.
73e1bb32fac84301b6965b412fce7a51  4
b45313f3417f493a9d9efefe73d00e28  4
c77c7ba558544781841be421dc24b361  1
[       OK ] LeaderRebalancerTest.FunctionalTestForDivided (12318 ms)
[ RUN      ] LeaderRebalancerTest.FunctionalTestForNotDivided
I20260713 09:03:20.053117  5762 internal_mini_cluster.cc:156] Creating distributed mini masters. Addrs: 127.5.160.190:38057
I20260713 09:03:20.054219  5762 file_cache.cc:504] Constructed file cache file cache with capacity 419430
W20260713 09:03:20.059921  6251 instance_detector.cc:116] could not retrieve AWS instance metadata: Network error: curl error: HTTP response code said error: The requested URL returned error: 404
W20260713 09:03:20.060635  6252 instance_detector.cc:116] could not retrieve Azure instance metadata: Network error: curl error: HTTP response code said error: The requested URL returned error: 404
I20260713 09:03:20.061025  5762 server_base.cc:1061] running on GCE node
W20260713 09:03:20.060989  6254 instance_detector.cc:116] could not retrieve OpenStack instance metadata: Network error: curl error: HTTP response code said error: The requested URL returned error: 404
I20260713 09:03:20.062148  5762 hybrid_clock.cc:584] initializing the hybrid clock with 'system_unsync' time source
W20260713 09:03:20.062323  5762 system_unsync_time.cc:38] NTP support is disabled. Clock error bounds will not be accurate. This configuration is not suitable for distributed clusters.
I20260713 09:03:20.062436  5762 hybrid_clock.cc:648] HybridClock initialized: now 1783933400062426 us; error 0 us; skew 500 ppm
I20260713 09:03:20.062870  5762 server_base.cc:861] Flag tcmalloc_max_total_thread_cache_bytes is not working since tcmalloc is not enabled.
I20260713 09:03:20.065268  5762 webserver.cc:533] Webserver started at http://127.5.160.190:36771/ using document root <none> and password file <none>
I20260713 09:03:20.065781  5762 fs_manager.cc:362] Metadata directory not provided
I20260713 09:03:20.065929  5762 fs_manager.cc:368] Using write-ahead log directory (fs_wal_dir) as metadata directory
I20260713 09:03:20.066135  5762 server_base.cc:909] This appears to be a new deployment of Kudu; creating new FS layout
I20260713 09:03:20.067131  5762 fs_manager.cc:1068] Generated new instance metadata in path /tmp/dist-test-taskS8ctUk/test-tmp/auto_leader_rebalancer-test.0.LeaderRebalancerTest.FunctionalTestForNotDivided.1783933387563348-5762-0/minicluster-data/master-0-root/instance:
uuid: "30a83303c06e4fc5a9d5867207edb47c"
format_stamp: "Formatted at 2026-07-13 09:03:20 on dist-test-slave-0vb5"
I20260713 09:03:20.071393  5762 fs_manager.cc:696] Time spent creating directory manager: real 0.004s	user 0.001s	sys 0.005s
I20260713 09:03:20.074688  6259 log_block_manager.cc:4127] Time spent loading block containers with low live blocks: real 0.000s	user 0.000s	sys 0.000s
I20260713 09:03:20.075500  5762 fs_manager.cc:730] Time spent opening block manager: real 0.002s	user 0.000s	sys 0.001s
I20260713 09:03:20.075835  5762 fs_manager.cc:647] Opened local filesystem: /tmp/dist-test-taskS8ctUk/test-tmp/auto_leader_rebalancer-test.0.LeaderRebalancerTest.FunctionalTestForNotDivided.1783933387563348-5762-0/minicluster-data/master-0-root
uuid: "30a83303c06e4fc5a9d5867207edb47c"
format_stamp: "Formatted at 2026-07-13 09:03:20 on dist-test-slave-0vb5"
I20260713 09:03:20.076200  5762 fs_report.cc:389] FS layout report
--------------------
wal directory: /tmp/dist-test-taskS8ctUk/test-tmp/auto_leader_rebalancer-test.0.LeaderRebalancerTest.FunctionalTestForNotDivided.1783933387563348-5762-0/minicluster-data/master-0-root
metadata directory: /tmp/dist-test-taskS8ctUk/test-tmp/auto_leader_rebalancer-test.0.LeaderRebalancerTest.FunctionalTestForNotDivided.1783933387563348-5762-0/minicluster-data/master-0-root
1 data directories: /tmp/dist-test-taskS8ctUk/test-tmp/auto_leader_rebalancer-test.0.LeaderRebalancerTest.FunctionalTestForNotDivided.1783933387563348-5762-0/minicluster-data/master-0-root/data
Total live blocks: 0
Total live bytes: 0
Total live bytes (after alignment): 0
Total number of LBM containers: 0 (0 full)
Did not check for missing blocks
Did not check for orphaned blocks
Total full LBM containers with extra space: 0 (0 repaired)
Total full LBM container extra space in bytes: 0 (0 repaired)
Total incomplete LBM containers: 0 (0 repaired)
Total LBM partial records: 0 (0 repaired)
Total corrupted LBM metadata records in RocksDB: 0 (0 repaired)
I20260713 09:03:20.093240  5762 rpc_server.cc:225] running with OpenSSL 1.1.1  11 Sep 2018
I20260713 09:03:20.094525  5762 kserver.cc:163] Server-wide thread pool size limit: 3276
I20260713 09:03:20.135576  5762 rpc_server.cc:307] RPC server started. Bound to: 127.5.160.190:38057
I20260713 09:03:20.135663  6310 acceptor_pool.cc:272] collecting diagnostics on the listening RPC socket 127.5.160.190:38057 every 8 connection(s)
I20260713 09:03:20.139454  6311 data_dirs.cc:400] Could only allocate 1 dirs of requested 3 for tablet 00000000000000000000000000000000. 1 dirs total, 0 dirs full, 0 dirs failed
I20260713 09:03:20.148449  6311 tablet_bootstrap.cc:492] T 00000000000000000000000000000000 P 30a83303c06e4fc5a9d5867207edb47c: Bootstrap starting.
I20260713 09:03:20.153003  6311 tablet_bootstrap.cc:654] T 00000000000000000000000000000000 P 30a83303c06e4fc5a9d5867207edb47c: Neither blocks nor log segments found. Creating new log.
I20260713 09:03:20.157217  6311 tablet_bootstrap.cc:492] T 00000000000000000000000000000000 P 30a83303c06e4fc5a9d5867207edb47c: No bootstrap required, opened a new log
I20260713 09:03:20.159483  6311 raft_consensus.cc:359] T 00000000000000000000000000000000 P 30a83303c06e4fc5a9d5867207edb47c [term 0 FOLLOWER]: Replica starting. Triggering 0 pending ops. Active config: opid_index: -1 OBSOLETE_local: true peers { permanent_uuid: "30a83303c06e4fc5a9d5867207edb47c" member_type: VOTER }
I20260713 09:03:20.159860  6311 raft_consensus.cc:385] T 00000000000000000000000000000000 P 30a83303c06e4fc5a9d5867207edb47c [term 0 FOLLOWER]: Consensus starting up: Expiring failure detector timer to make a prompt election more likely
I20260713 09:03:20.160162  6311 raft_consensus.cc:740] T 00000000000000000000000000000000 P 30a83303c06e4fc5a9d5867207edb47c [term 0 FOLLOWER]: Becoming Follower/Learner. State: Replica: 30a83303c06e4fc5a9d5867207edb47c, State: Initialized, Role: FOLLOWER
I20260713 09:03:20.160775  6311 consensus_queue.cc:260] T 00000000000000000000000000000000 P 30a83303c06e4fc5a9d5867207edb47c [NON_LEADER]: Queue going to NON_LEADER mode. State: All replicated index: 0, Majority replicated index: 0, Committed index: 0, Last appended: 0.0, Last appended by leader: 0, Current term: 0, Majority size: -1, State: 0, Mode: NON_LEADER, active raft config: opid_index: -1 OBSOLETE_local: true peers { permanent_uuid: "30a83303c06e4fc5a9d5867207edb47c" member_type: VOTER }
I20260713 09:03:20.161279  6311 raft_consensus.cc:399] T 00000000000000000000000000000000 P 30a83303c06e4fc5a9d5867207edb47c [term 0 FOLLOWER]: Only one voter in the Raft config. Triggering election immediately
I20260713 09:03:20.161535  6311 raft_consensus.cc:493] T 00000000000000000000000000000000 P 30a83303c06e4fc5a9d5867207edb47c [term 0 FOLLOWER]: Starting leader election (initial election of a single-replica configuration)
I20260713 09:03:20.161818  6311 raft_consensus.cc:3060] T 00000000000000000000000000000000 P 30a83303c06e4fc5a9d5867207edb47c [term 0 FOLLOWER]: Advancing to term 1
I20260713 09:03:20.166071  6311 raft_consensus.cc:515] T 00000000000000000000000000000000 P 30a83303c06e4fc5a9d5867207edb47c [term 1 FOLLOWER]: Starting leader election with config: opid_index: -1 OBSOLETE_local: true peers { permanent_uuid: "30a83303c06e4fc5a9d5867207edb47c" member_type: VOTER }
I20260713 09:03:20.166627  6311 leader_election.cc:304] T 00000000000000000000000000000000 P 30a83303c06e4fc5a9d5867207edb47c [CANDIDATE]: Term 1 election: Election decided. Result: candidate won. Election summary: received 1 responses out of 1 voters: 1 yes votes; 0 no votes. yes voters: 30a83303c06e4fc5a9d5867207edb47c; no voters: 
I20260713 09:03:20.167804  6311 leader_election.cc:290] T 00000000000000000000000000000000 P 30a83303c06e4fc5a9d5867207edb47c [CANDIDATE]: Term 1 election: Requested vote from peers 
I20260713 09:03:20.168103  6314 raft_consensus.cc:2804] T 00000000000000000000000000000000 P 30a83303c06e4fc5a9d5867207edb47c [term 1 FOLLOWER]: Leader election won for term 1
I20260713 09:03:20.169623  6314 raft_consensus.cc:697] T 00000000000000000000000000000000 P 30a83303c06e4fc5a9d5867207edb47c [term 1 LEADER]: Becoming Leader. State: Replica: 30a83303c06e4fc5a9d5867207edb47c, State: Running, Role: LEADER
I20260713 09:03:20.170329  6314 consensus_queue.cc:237] T 00000000000000000000000000000000 P 30a83303c06e4fc5a9d5867207edb47c [LEADER]: Queue going to LEADER mode. State: All replicated index: 0, Majority replicated index: 0, Committed index: 0, Last appended: 0.0, Last appended by leader: 0, Current term: 1, Majority size: 1, State: 0, Mode: LEADER, active raft config: opid_index: -1 OBSOLETE_local: true peers { permanent_uuid: "30a83303c06e4fc5a9d5867207edb47c" member_type: VOTER }
I20260713 09:03:20.171017  6311 sys_catalog.cc:565] T 00000000000000000000000000000000 P 30a83303c06e4fc5a9d5867207edb47c [sys.catalog]: configured and running, proceeding with master startup.
I20260713 09:03:20.175290  6315 sys_catalog.cc:455] T 00000000000000000000000000000000 P 30a83303c06e4fc5a9d5867207edb47c [sys.catalog]: SysCatalogTable state changed. Reason: RaftConsensus started. Latest consensus state: current_term: 1 leader_uuid: "30a83303c06e4fc5a9d5867207edb47c" committed_config { opid_index: -1 OBSOLETE_local: true peers { permanent_uuid: "30a83303c06e4fc5a9d5867207edb47c" member_type: VOTER } }
I20260713 09:03:20.175607  6316 sys_catalog.cc:455] T 00000000000000000000000000000000 P 30a83303c06e4fc5a9d5867207edb47c [sys.catalog]: SysCatalogTable state changed. Reason: New leader 30a83303c06e4fc5a9d5867207edb47c. Latest consensus state: current_term: 1 leader_uuid: "30a83303c06e4fc5a9d5867207edb47c" committed_config { opid_index: -1 OBSOLETE_local: true peers { permanent_uuid: "30a83303c06e4fc5a9d5867207edb47c" member_type: VOTER } }
I20260713 09:03:20.176139  6315 sys_catalog.cc:458] T 00000000000000000000000000000000 P 30a83303c06e4fc5a9d5867207edb47c [sys.catalog]: This master's current role is: LEADER
I20260713 09:03:20.176330  6316 sys_catalog.cc:458] T 00000000000000000000000000000000 P 30a83303c06e4fc5a9d5867207edb47c [sys.catalog]: This master's current role is: LEADER
I20260713 09:03:20.178987  6321 catalog_manager.cc:1511] Loading table and tablet metadata into memory...
I20260713 09:03:20.188328  6321 catalog_manager.cc:1520] Initializing Kudu cluster ID...
I20260713 09:03:20.189275  5762 internal_mini_cluster.cc:184] Waiting to initialize catalog manager on master 0
I20260713 09:03:20.197433  6321 catalog_manager.cc:1383] Generated new cluster ID: 3338986dab984133a8e28b593b68d4e1
I20260713 09:03:20.197737  6321 catalog_manager.cc:1531] Initializing Kudu internal certificate authority...
I20260713 09:03:20.223250  6321 catalog_manager.cc:1406] Generated new certificate authority record
I20260713 09:03:20.224531  6321 catalog_manager.cc:1540] Loading token signing keys...
I20260713 09:03:20.243920  6321 catalog_manager.cc:6070] T 00000000000000000000000000000000 P 30a83303c06e4fc5a9d5867207edb47c: Generated new TSK 0
I20260713 09:03:20.244550  6321 catalog_manager.cc:1550] Initializing in-progress tserver states...
I20260713 09:03:20.255762  5762 file_cache.cc:504] Constructed file cache file cache with capacity 419430
W20260713 09:03:20.261457  6332 instance_detector.cc:116] could not retrieve AWS instance metadata: Network error: curl error: HTTP response code said error: The requested URL returned error: 404
W20260713 09:03:20.262465  6333 instance_detector.cc:116] could not retrieve Azure instance metadata: Network error: curl error: HTTP response code said error: The requested URL returned error: 404
I20260713 09:03:20.264779  5762 server_base.cc:1061] running on GCE node
W20260713 09:03:20.265175  6335 instance_detector.cc:116] could not retrieve OpenStack instance metadata: Network error: curl error: HTTP response code said error: The requested URL returned error: 404
I20260713 09:03:20.266100  5762 hybrid_clock.cc:584] initializing the hybrid clock with 'system_unsync' time source
W20260713 09:03:20.266317  5762 system_unsync_time.cc:38] NTP support is disabled. Clock error bounds will not be accurate. This configuration is not suitable for distributed clusters.
I20260713 09:03:20.266494  5762 hybrid_clock.cc:648] HybridClock initialized: now 1783933400266477 us; error 0 us; skew 500 ppm
I20260713 09:03:20.267025  5762 server_base.cc:861] Flag tcmalloc_max_total_thread_cache_bytes is not working since tcmalloc is not enabled.
I20260713 09:03:20.269392  5762 webserver.cc:533] Webserver started at http://127.5.160.129:43581/ using document root <none> and password file <none>
I20260713 09:03:20.269850  5762 fs_manager.cc:362] Metadata directory not provided
I20260713 09:03:20.270054  5762 fs_manager.cc:368] Using write-ahead log directory (fs_wal_dir) as metadata directory
I20260713 09:03:20.270321  5762 server_base.cc:909] This appears to be a new deployment of Kudu; creating new FS layout
I20260713 09:03:20.271307  5762 fs_manager.cc:1068] Generated new instance metadata in path /tmp/dist-test-taskS8ctUk/test-tmp/auto_leader_rebalancer-test.0.LeaderRebalancerTest.FunctionalTestForNotDivided.1783933387563348-5762-0/minicluster-data/ts-0-root/instance:
uuid: "767f0a6fecb14e3487ac79b444a14d7c"
format_stamp: "Formatted at 2026-07-13 09:03:20 on dist-test-slave-0vb5"
I20260713 09:03:20.275664  5762 fs_manager.cc:696] Time spent creating directory manager: real 0.004s	user 0.002s	sys 0.004s
I20260713 09:03:20.278887  6340 log_block_manager.cc:4127] Time spent loading block containers with low live blocks: real 0.000s	user 0.000s	sys 0.000s
I20260713 09:03:20.279898  5762 fs_manager.cc:730] Time spent opening block manager: real 0.002s	user 0.001s	sys 0.000s
I20260713 09:03:20.280324  5762 fs_manager.cc:647] Opened local filesystem: /tmp/dist-test-taskS8ctUk/test-tmp/auto_leader_rebalancer-test.0.LeaderRebalancerTest.FunctionalTestForNotDivided.1783933387563348-5762-0/minicluster-data/ts-0-root
uuid: "767f0a6fecb14e3487ac79b444a14d7c"
format_stamp: "Formatted at 2026-07-13 09:03:20 on dist-test-slave-0vb5"
I20260713 09:03:20.280673  5762 fs_report.cc:389] FS layout report
--------------------
wal directory: /tmp/dist-test-taskS8ctUk/test-tmp/auto_leader_rebalancer-test.0.LeaderRebalancerTest.FunctionalTestForNotDivided.1783933387563348-5762-0/minicluster-data/ts-0-root
metadata directory: /tmp/dist-test-taskS8ctUk/test-tmp/auto_leader_rebalancer-test.0.LeaderRebalancerTest.FunctionalTestForNotDivided.1783933387563348-5762-0/minicluster-data/ts-0-root
1 data directories: /tmp/dist-test-taskS8ctUk/test-tmp/auto_leader_rebalancer-test.0.LeaderRebalancerTest.FunctionalTestForNotDivided.1783933387563348-5762-0/minicluster-data/ts-0-root/data
Total live blocks: 0
Total live bytes: 0
Total live bytes (after alignment): 0
Total number of LBM containers: 0 (0 full)
Did not check for missing blocks
Did not check for orphaned blocks
Total full LBM containers with extra space: 0 (0 repaired)
Total full LBM container extra space in bytes: 0 (0 repaired)
Total incomplete LBM containers: 0 (0 repaired)
Total LBM partial records: 0 (0 repaired)
Total corrupted LBM metadata records in RocksDB: 0 (0 repaired)
I20260713 09:03:20.301035  5762 rpc_server.cc:225] running with OpenSSL 1.1.1  11 Sep 2018
I20260713 09:03:20.302366  5762 kserver.cc:163] Server-wide thread pool size limit: 3276
I20260713 09:03:20.303857  5762 txn_system_client.cc:432] TxnSystemClient initialization is disabled...
I20260713 09:03:20.306058  5762 ts_tablet_manager.cc:585] Loaded tablet metadata (0 total tablets, 0 live tablets)
I20260713 09:03:20.306268  5762 ts_tablet_manager.cc:531] Time spent load tablet metadata: real 0.000s	user 0.000s	sys 0.000s
I20260713 09:03:20.306509  5762 ts_tablet_manager.cc:616] Registered 0 tablets
I20260713 09:03:20.306703  5762 ts_tablet_manager.cc:595] Time spent register tablets: real 0.000s	user 0.000s	sys 0.000s
I20260713 09:03:20.346366  5762 rpc_server.cc:307] RPC server started. Bound to: 127.5.160.129:36383
I20260713 09:03:20.346500  6402 acceptor_pool.cc:272] collecting diagnostics on the listening RPC socket 127.5.160.129:36383 every 8 connection(s)
I20260713 09:03:20.350754  5762 file_cache.cc:504] Constructed file cache file cache with capacity 419430
W20260713 09:03:20.357577  6407 instance_detector.cc:116] could not retrieve AWS instance metadata: Network error: curl error: HTTP response code said error: The requested URL returned error: 404
W20260713 09:03:20.360838  6408 instance_detector.cc:116] could not retrieve Azure instance metadata: Network error: curl error: HTTP response code said error: The requested URL returned error: 404
I20260713 09:03:20.361613  5762 server_base.cc:1061] running on GCE node
W20260713 09:03:20.365326  6411 instance_detector.cc:116] could not retrieve OpenStack instance metadata: Network error: curl error: HTTP response code said error: The requested URL returned error: 404
I20260713 09:03:20.366233  5762 hybrid_clock.cc:584] initializing the hybrid clock with 'system_unsync' time source
W20260713 09:03:20.366420  5762 system_unsync_time.cc:38] NTP support is disabled. Clock error bounds will not be accurate. This configuration is not suitable for distributed clusters.
I20260713 09:03:20.366554  5762 hybrid_clock.cc:648] HybridClock initialized: now 1783933400366542 us; error 0 us; skew 500 ppm
I20260713 09:03:20.367033  5762 server_base.cc:861] Flag tcmalloc_max_total_thread_cache_bytes is not working since tcmalloc is not enabled.
I20260713 09:03:20.369227  5762 webserver.cc:533] Webserver started at http://127.5.160.130:36481/ using document root <none> and password file <none>
I20260713 09:03:20.369648  5762 fs_manager.cc:362] Metadata directory not provided
I20260713 09:03:20.369798  5762 fs_manager.cc:368] Using write-ahead log directory (fs_wal_dir) as metadata directory
I20260713 09:03:20.370007  5762 server_base.cc:909] This appears to be a new deployment of Kudu; creating new FS layout
I20260713 09:03:20.371032  5762 fs_manager.cc:1068] Generated new instance metadata in path /tmp/dist-test-taskS8ctUk/test-tmp/auto_leader_rebalancer-test.0.LeaderRebalancerTest.FunctionalTestForNotDivided.1783933387563348-5762-0/minicluster-data/ts-1-root/instance:
uuid: "7ab8bb16bc624d3193c038b68183ea4b"
format_stamp: "Formatted at 2026-07-13 09:03:20 on dist-test-slave-0vb5"
I20260713 09:03:20.375574  6403 heartbeater.cc:344] Connected to a master server at 127.5.160.190:38057
I20260713 09:03:20.375988  6403 heartbeater.cc:461] Registering TS with master...
I20260713 09:03:20.376508  5762 fs_manager.cc:696] Time spent creating directory manager: real 0.005s	user 0.007s	sys 0.000s
I20260713 09:03:20.376839  6403 heartbeater.cc:507] Master 127.5.160.190:38057 requested a full tablet report, sending...
I20260713 09:03:20.379233  6276 ts_manager.cc:194] Registered new tserver with Master: 767f0a6fecb14e3487ac79b444a14d7c (127.5.160.129:36383)
I20260713 09:03:20.380654  6415 log_block_manager.cc:4127] Time spent loading block containers with low live blocks: real 0.000s	user 0.000s	sys 0.000s
I20260713 09:03:20.381603  5762 fs_manager.cc:730] Time spent opening block manager: real 0.003s	user 0.003s	sys 0.000s
I20260713 09:03:20.381862  6276 master_service.cc:502] Signed X509 certificate for tserver {username='slave'} at 127.0.0.1:46794
I20260713 09:03:20.381951  5762 fs_manager.cc:647] Opened local filesystem: /tmp/dist-test-taskS8ctUk/test-tmp/auto_leader_rebalancer-test.0.LeaderRebalancerTest.FunctionalTestForNotDivided.1783933387563348-5762-0/minicluster-data/ts-1-root
uuid: "7ab8bb16bc624d3193c038b68183ea4b"
format_stamp: "Formatted at 2026-07-13 09:03:20 on dist-test-slave-0vb5"
I20260713 09:03:20.382405  5762 fs_report.cc:389] FS layout report
--------------------
wal directory: /tmp/dist-test-taskS8ctUk/test-tmp/auto_leader_rebalancer-test.0.LeaderRebalancerTest.FunctionalTestForNotDivided.1783933387563348-5762-0/minicluster-data/ts-1-root
metadata directory: /tmp/dist-test-taskS8ctUk/test-tmp/auto_leader_rebalancer-test.0.LeaderRebalancerTest.FunctionalTestForNotDivided.1783933387563348-5762-0/minicluster-data/ts-1-root
1 data directories: /tmp/dist-test-taskS8ctUk/test-tmp/auto_leader_rebalancer-test.0.LeaderRebalancerTest.FunctionalTestForNotDivided.1783933387563348-5762-0/minicluster-data/ts-1-root/data
Total live blocks: 0
Total live bytes: 0
Total live bytes (after alignment): 0
Total number of LBM containers: 0 (0 full)
Did not check for missing blocks
Did not check for orphaned blocks
Total full LBM containers with extra space: 0 (0 repaired)
Total full LBM container extra space in bytes: 0 (0 repaired)
Total incomplete LBM containers: 0 (0 repaired)
Total LBM partial records: 0 (0 repaired)
Total corrupted LBM metadata records in RocksDB: 0 (0 repaired)
I20260713 09:03:20.416991  5762 rpc_server.cc:225] running with OpenSSL 1.1.1  11 Sep 2018
I20260713 09:03:20.418395  5762 kserver.cc:163] Server-wide thread pool size limit: 3276
I20260713 09:03:20.419955  5762 txn_system_client.cc:432] TxnSystemClient initialization is disabled...
I20260713 09:03:20.422258  5762 ts_tablet_manager.cc:585] Loaded tablet metadata (0 total tablets, 0 live tablets)
I20260713 09:03:20.422499  5762 ts_tablet_manager.cc:531] Time spent load tablet metadata: real 0.000s	user 0.000s	sys 0.000s
I20260713 09:03:20.422782  5762 ts_tablet_manager.cc:616] Registered 0 tablets
I20260713 09:03:20.422979  5762 ts_tablet_manager.cc:595] Time spent register tablets: real 0.000s	user 0.000s	sys 0.000s
I20260713 09:03:20.465891  5762 rpc_server.cc:307] RPC server started. Bound to: 127.5.160.130:36827
I20260713 09:03:20.466008  6477 acceptor_pool.cc:272] collecting diagnostics on the listening RPC socket 127.5.160.130:36827 every 8 connection(s)
I20260713 09:03:20.470912  5762 file_cache.cc:504] Constructed file cache file cache with capacity 419430
W20260713 09:03:20.477826  6481 instance_detector.cc:116] could not retrieve AWS instance metadata: Network error: curl error: HTTP response code said error: The requested URL returned error: 404
W20260713 09:03:20.478758  6482 instance_detector.cc:116] could not retrieve Azure instance metadata: Network error: curl error: HTTP response code said error: The requested URL returned error: 404
I20260713 09:03:20.481688  5762 server_base.cc:1061] running on GCE node
W20260713 09:03:20.482015  6485 instance_detector.cc:116] could not retrieve OpenStack instance metadata: Network error: curl error: HTTP response code said error: The requested URL returned error: 404
I20260713 09:03:20.483297  5762 hybrid_clock.cc:584] initializing the hybrid clock with 'system_unsync' time source
W20260713 09:03:20.483567  5762 system_unsync_time.cc:38] NTP support is disabled. Clock error bounds will not be accurate. This configuration is not suitable for distributed clusters.
I20260713 09:03:20.483836  5762 hybrid_clock.cc:648] HybridClock initialized: now 1783933400483817 us; error 0 us; skew 500 ppm
I20260713 09:03:20.484529  6478 heartbeater.cc:344] Connected to a master server at 127.5.160.190:38057
I20260713 09:03:20.484580  5762 server_base.cc:861] Flag tcmalloc_max_total_thread_cache_bytes is not working since tcmalloc is not enabled.
I20260713 09:03:20.484948  6478 heartbeater.cc:461] Registering TS with master...
I20260713 09:03:20.485944  6478 heartbeater.cc:507] Master 127.5.160.190:38057 requested a full tablet report, sending...
I20260713 09:03:20.487550  5762 webserver.cc:533] Webserver started at http://127.5.160.131:44785/ using document root <none> and password file <none>
I20260713 09:03:20.488108  5762 fs_manager.cc:362] Metadata directory not provided
I20260713 09:03:20.488297  5762 fs_manager.cc:368] Using write-ahead log directory (fs_wal_dir) as metadata directory
I20260713 09:03:20.488339  6276 ts_manager.cc:194] Registered new tserver with Master: 7ab8bb16bc624d3193c038b68183ea4b (127.5.160.130:36827)
I20260713 09:03:20.488643  5762 server_base.cc:909] This appears to be a new deployment of Kudu; creating new FS layout
I20260713 09:03:20.489887  5762 fs_manager.cc:1068] Generated new instance metadata in path /tmp/dist-test-taskS8ctUk/test-tmp/auto_leader_rebalancer-test.0.LeaderRebalancerTest.FunctionalTestForNotDivided.1783933387563348-5762-0/minicluster-data/ts-2-root/instance:
uuid: "9d738463be7c41188daae2bff250cf75"
format_stamp: "Formatted at 2026-07-13 09:03:20 on dist-test-slave-0vb5"
I20260713 09:03:20.489930  6276 master_service.cc:502] Signed X509 certificate for tserver {username='slave'} at 127.0.0.1:46802
I20260713 09:03:20.494693  5762 fs_manager.cc:696] Time spent creating directory manager: real 0.004s	user 0.000s	sys 0.005s
I20260713 09:03:20.497900  6489 log_block_manager.cc:4127] Time spent loading block containers with low live blocks: real 0.000s	user 0.000s	sys 0.000s
I20260713 09:03:20.498629  5762 fs_manager.cc:730] Time spent opening block manager: real 0.002s	user 0.001s	sys 0.002s
I20260713 09:03:20.498917  5762 fs_manager.cc:647] Opened local filesystem: /tmp/dist-test-taskS8ctUk/test-tmp/auto_leader_rebalancer-test.0.LeaderRebalancerTest.FunctionalTestForNotDivided.1783933387563348-5762-0/minicluster-data/ts-2-root
uuid: "9d738463be7c41188daae2bff250cf75"
format_stamp: "Formatted at 2026-07-13 09:03:20 on dist-test-slave-0vb5"
I20260713 09:03:20.499193  5762 fs_report.cc:389] FS layout report
--------------------
wal directory: /tmp/dist-test-taskS8ctUk/test-tmp/auto_leader_rebalancer-test.0.LeaderRebalancerTest.FunctionalTestForNotDivided.1783933387563348-5762-0/minicluster-data/ts-2-root
metadata directory: /tmp/dist-test-taskS8ctUk/test-tmp/auto_leader_rebalancer-test.0.LeaderRebalancerTest.FunctionalTestForNotDivided.1783933387563348-5762-0/minicluster-data/ts-2-root
1 data directories: /tmp/dist-test-taskS8ctUk/test-tmp/auto_leader_rebalancer-test.0.LeaderRebalancerTest.FunctionalTestForNotDivided.1783933387563348-5762-0/minicluster-data/ts-2-root/data
Total live blocks: 0
Total live bytes: 0
Total live bytes (after alignment): 0
Total number of LBM containers: 0 (0 full)
Did not check for missing blocks
Did not check for orphaned blocks
Total full LBM containers with extra space: 0 (0 repaired)
Total full LBM container extra space in bytes: 0 (0 repaired)
Total incomplete LBM containers: 0 (0 repaired)
Total LBM partial records: 0 (0 repaired)
Total corrupted LBM metadata records in RocksDB: 0 (0 repaired)
I20260713 09:03:20.523777  5762 rpc_server.cc:225] running with OpenSSL 1.1.1  11 Sep 2018
I20260713 09:03:20.524957  5762 kserver.cc:163] Server-wide thread pool size limit: 3276
I20260713 09:03:20.526438  5762 txn_system_client.cc:432] TxnSystemClient initialization is disabled...
I20260713 09:03:20.528548  5762 ts_tablet_manager.cc:585] Loaded tablet metadata (0 total tablets, 0 live tablets)
I20260713 09:03:20.528786  5762 ts_tablet_manager.cc:531] Time spent load tablet metadata: real 0.000s	user 0.000s	sys 0.000s
I20260713 09:03:20.529026  5762 ts_tablet_manager.cc:616] Registered 0 tablets
I20260713 09:03:20.529220  5762 ts_tablet_manager.cc:595] Time spent register tablets: real 0.000s	user 0.001s	sys 0.000s
I20260713 09:03:20.568070  5762 rpc_server.cc:307] RPC server started. Bound to: 127.5.160.131:43833
I20260713 09:03:20.568228  6551 acceptor_pool.cc:272] collecting diagnostics on the listening RPC socket 127.5.160.131:43833 every 8 connection(s)
I20260713 09:03:20.582765  6552 heartbeater.cc:344] Connected to a master server at 127.5.160.190:38057
I20260713 09:03:20.583123  6552 heartbeater.cc:461] Registering TS with master...
I20260713 09:03:20.583954  6552 heartbeater.cc:507] Master 127.5.160.190:38057 requested a full tablet report, sending...
I20260713 09:03:20.586035  6276 ts_manager.cc:194] Registered new tserver with Master: 9d738463be7c41188daae2bff250cf75 (127.5.160.131:43833)
I20260713 09:03:20.586128  5762 internal_mini_cluster.cc:371] 3 TS(s) registered with all masters after 0.014904677s
I20260713 09:03:20.587376  6276 master_service.cc:502] Signed X509 certificate for tserver {username='slave'} at 127.0.0.1:46806
I20260713 09:03:20.611379  6276 catalog_manager.cc:2283] Servicing CreateTable request from {username='slave'} at 127.0.0.1:46822:
name: "test-workload"
schema {
  columns {
    name: "key"
    type: INT32
    is_key: true
    is_nullable: false
    encoding: AUTO_ENCODING
    compression: DEFAULT_COMPRESSION
    cfile_block_size: 0
    immutable: false
  }
  columns {
    name: "int_val"
    type: INT32
    is_key: false
    is_nullable: false
    encoding: AUTO_ENCODING
    compression: DEFAULT_COMPRESSION
    cfile_block_size: 0
    immutable: false
  }
  columns {
    name: "string_val"
    type: STRING
    is_key: false
    is_nullable: true
    encoding: AUTO_ENCODING
    compression: DEFAULT_COMPRESSION
    cfile_block_size: 0
    immutable: false
  }
}
num_replicas: 3
split_rows_range_bounds {
  rows: "\004\001\000\314\314\314\014\004\001\000\230\231\231\031\004\001\000dff&\004\001\0000333\004\001\000\374\377\377?\004\001\000\310\314\314L\004\001\000\224\231\231Y\004\001\000`fff\004\001\000,33s""\004\001\000\314\314\314\014\004\001\000\230\231\231\031\004\001\000dff&\004\001\0000333\004\001\000\374\377\377?\004\001\000\310\314\314L\004\001\000\224\231\231Y\004\001\000`fff\004\001\000,33s"
  indirect_data: """"
}
partition_schema {
  range_schema {
    columns {
      name: "key"
    }
  }
}
