I20260713 09:03:20.268579  6424 leader_election.cc:304] T 8a1ce5a02ad345f9826badcb05021ae1 P 63eb12652086424595bc384952ec4fbc [CANDIDATE]: Term 2 election: Election decided. Result: candidate won. Election summary: received 2 responses out of 3 voters: 2 yes votes; 0 no votes. yes voters: 0e5bc9a5dda34c11901bda7ede5a1e39, 63eb12652086424595bc384952ec4fbc; no voters: 
I20260713 09:03:20.270612  6615 raft_consensus.cc:2804] T 8a1ce5a02ad345f9826badcb05021ae1 P 63eb12652086424595bc384952ec4fbc [term 2 FOLLOWER]: Leader election won for term 2
I20260713 09:03:20.271077  6615 raft_consensus.cc:697] T 8a1ce5a02ad345f9826badcb05021ae1 P 63eb12652086424595bc384952ec4fbc [term 2 LEADER]: Becoming Leader. State: Replica: 63eb12652086424595bc384952ec4fbc, State: Running, Role: LEADER
I20260713 09:03:20.271823  6615 consensus_queue.cc:237] T 8a1ce5a02ad345f9826badcb05021ae1 P 63eb12652086424595bc384952ec4fbc [LEADER]: Queue going to LEADER mode. State: All replicated index: 0, Majority replicated index: 1, Committed index: 1, Last appended: 1.1, Last appended by leader: 1, Current term: 2, Majority size: 2, State: 0, Mode: LEADER, active raft config: opid_index: -1 OBSOLETE_local: false peers { permanent_uuid: "0e5bc9a5dda34c11901bda7ede5a1e39" member_type: VOTER last_known_addr { host: "127.5.154.129" port: 33569 } } peers { permanent_uuid: "63eb12652086424595bc384952ec4fbc" member_type: VOTER last_known_addr { host: "127.5.154.130" port: 43611 } } peers { permanent_uuid: "eeab50a0af1843c9af573fa7e0b8f180" member_type: VOTER last_known_addr { host: "127.5.154.131" port: 37869 } }
I20260713 09:03:20.277707  6534 raft_consensus.cc:2468] T 8a1ce5a02ad345f9826badcb05021ae1 P eeab50a0af1843c9af573fa7e0b8f180 [term 2 FOLLOWER]: Leader election vote request: Granting yes vote for candidate 63eb12652086424595bc384952ec4fbc in term 2.
I20260713 09:03:20.277920  6280 catalog_manager.cc:5697] T c74214cd186a486f93ea34f315e6eaed P 0e5bc9a5dda34c11901bda7ede5a1e39 reported cstate change: term changed from 1 to 2, leader changed from 63eb12652086424595bc384952ec4fbc (127.5.154.130) to 0e5bc9a5dda34c11901bda7ede5a1e39 (127.5.154.129). New cstate: current_term: 2 leader_uuid: "0e5bc9a5dda34c11901bda7ede5a1e39" committed_config { opid_index: -1 OBSOLETE_local: false peers { permanent_uuid: "0e5bc9a5dda34c11901bda7ede5a1e39" member_type: VOTER last_known_addr { host: "127.5.154.129" port: 33569 } health_report { overall_health: HEALTHY } } peers { permanent_uuid: "63eb12652086424595bc384952ec4fbc" member_type: VOTER last_known_addr { host: "127.5.154.130" port: 43611 } health_report { overall_health: UNKNOWN } } peers { permanent_uuid: "eeab50a0af1843c9af573fa7e0b8f180" member_type: VOTER last_known_addr { host: "127.5.154.131" port: 37869 } health_report { overall_health: UNKNOWN } } }
I20260713 09:03:20.279121  6281 catalog_manager.cc:5697] T 8a1ce5a02ad345f9826badcb05021ae1 P 63eb12652086424595bc384952ec4fbc reported cstate change: term changed from 1 to 2, leader changed from eeab50a0af1843c9af573fa7e0b8f180 (127.5.154.131) to 63eb12652086424595bc384952ec4fbc (127.5.154.130). New cstate: current_term: 2 leader_uuid: "63eb12652086424595bc384952ec4fbc" committed_config { opid_index: -1 OBSOLETE_local: false peers { permanent_uuid: "0e5bc9a5dda34c11901bda7ede5a1e39" member_type: VOTER last_known_addr { host: "127.5.154.129" port: 33569 } health_report { overall_health: UNKNOWN } } peers { permanent_uuid: "63eb12652086424595bc384952ec4fbc" member_type: VOTER last_known_addr { host: "127.5.154.130" port: 43611 } health_report { overall_health: HEALTHY } } peers { permanent_uuid: "eeab50a0af1843c9af573fa7e0b8f180" member_type: VOTER last_known_addr { host: "127.5.154.131" port: 37869 } health_report { overall_health: UNKNOWN } } }
I20260713 09:03:20.304889  6583 raft_consensus.cc:993] T 27ed19a330ea40d2b50a0f0c92421af4 P 63eb12652086424595bc384952ec4fbc: : Instructing follower 0e5bc9a5dda34c11901bda7ede5a1e39 to start an election
I20260713 09:03:20.305258  6615 raft_consensus.cc:1081] T 27ed19a330ea40d2b50a0f0c92421af4 P 63eb12652086424595bc384952ec4fbc [term 1 LEADER]: Signalling peer 0e5bc9a5dda34c11901bda7ede5a1e39 to start an election
I20260713 09:03:20.306615  6385 tablet_service.cc:2044] Received Run Leader Election RPC: tablet_id: "27ed19a330ea40d2b50a0f0c92421af4"
dest_uuid: "0e5bc9a5dda34c11901bda7ede5a1e39"
 from {username='slave'} at 127.0.0.1:48276
I20260713 09:03:20.307106  6385 raft_consensus.cc:493] T 27ed19a330ea40d2b50a0f0c92421af4 P 0e5bc9a5dda34c11901bda7ede5a1e39 [term 1 FOLLOWER]: Starting forced leader election (received explicit request)
I20260713 09:03:20.307406  6385 raft_consensus.cc:3060] T 27ed19a330ea40d2b50a0f0c92421af4 P 0e5bc9a5dda34c11901bda7ede5a1e39 [term 1 FOLLOWER]: Advancing to term 2
I20260713 09:03:20.311746  6385 raft_consensus.cc:515] T 27ed19a330ea40d2b50a0f0c92421af4 P 0e5bc9a5dda34c11901bda7ede5a1e39 [term 2 FOLLOWER]: Starting forced leader election with config: opid_index: -1 OBSOLETE_local: false peers { permanent_uuid: "0e5bc9a5dda34c11901bda7ede5a1e39" member_type: VOTER last_known_addr { host: "127.5.154.129" port: 33569 } } peers { permanent_uuid: "63eb12652086424595bc384952ec4fbc" member_type: VOTER last_known_addr { host: "127.5.154.130" port: 43611 } } peers { permanent_uuid: "eeab50a0af1843c9af573fa7e0b8f180" member_type: VOTER last_known_addr { host: "127.5.154.131" port: 37869 } }
I20260713 09:03:20.313306  6385 leader_election.cc:290] T 27ed19a330ea40d2b50a0f0c92421af4 P 0e5bc9a5dda34c11901bda7ede5a1e39 [CANDIDATE]: Term 2 election: Requested vote from peers 63eb12652086424595bc384952ec4fbc (127.5.154.130:43611), eeab50a0af1843c9af573fa7e0b8f180 (127.5.154.131:37869)
I20260713 09:03:20.314119  6460 tablet_service.cc:1917] Received RequestConsensusVote() RPC: tablet_id: "27ed19a330ea40d2b50a0f0c92421af4" candidate_uuid: "0e5bc9a5dda34c11901bda7ede5a1e39" candidate_term: 2 candidate_status { last_received { term: 1 index: 1 } } ignore_live_leader: true dest_uuid: "63eb12652086424595bc384952ec4fbc"
I20260713 09:03:20.314260  6534 tablet_service.cc:1917] Received RequestConsensusVote() RPC: tablet_id: "27ed19a330ea40d2b50a0f0c92421af4" candidate_uuid: "0e5bc9a5dda34c11901bda7ede5a1e39" candidate_term: 2 candidate_status { last_received { term: 1 index: 1 } } ignore_live_leader: true dest_uuid: "eeab50a0af1843c9af573fa7e0b8f180"
I20260713 09:03:20.314692  6460 raft_consensus.cc:3055] T 27ed19a330ea40d2b50a0f0c92421af4 P 63eb12652086424595bc384952ec4fbc [term 1 LEADER]: Stepping down as leader of term 1
I20260713 09:03:20.314747  6534 raft_consensus.cc:3060] T 27ed19a330ea40d2b50a0f0c92421af4 P eeab50a0af1843c9af573fa7e0b8f180 [term 1 FOLLOWER]: Advancing to term 2
I20260713 09:03:20.315124  6460 raft_consensus.cc:740] T 27ed19a330ea40d2b50a0f0c92421af4 P 63eb12652086424595bc384952ec4fbc [term 1 LEADER]: Becoming Follower/Learner. State: Replica: 63eb12652086424595bc384952ec4fbc, State: Running, Role: LEADER
I20260713 09:03:20.315927  6460 consensus_queue.cc:260] T 27ed19a330ea40d2b50a0f0c92421af4 P 63eb12652086424595bc384952ec4fbc [NON_LEADER]: Queue going to NON_LEADER mode. State: All replicated index: 0, Majority replicated index: 1, Committed index: 1, Last appended: 1.1, Last appended by leader: 1, Current term: 1, Majority size: -1, State: 0, Mode: NON_LEADER, active raft config: opid_index: -1 OBSOLETE_local: false peers { permanent_uuid: "0e5bc9a5dda34c11901bda7ede5a1e39" member_type: VOTER last_known_addr { host: "127.5.154.129" port: 33569 } } peers { permanent_uuid: "63eb12652086424595bc384952ec4fbc" member_type: VOTER last_known_addr { host: "127.5.154.130" port: 43611 } } peers { permanent_uuid: "eeab50a0af1843c9af573fa7e0b8f180" member_type: VOTER last_known_addr { host: "127.5.154.131" port: 37869 } }
I20260713 09:03:20.317185  6460 raft_consensus.cc:3060] T 27ed19a330ea40d2b50a0f0c92421af4 P 63eb12652086424595bc384952ec4fbc [term 1 FOLLOWER]: Advancing to term 2
I20260713 09:03:20.321465  6534 raft_consensus.cc:2468] T 27ed19a330ea40d2b50a0f0c92421af4 P eeab50a0af1843c9af573fa7e0b8f180 [term 2 FOLLOWER]: Leader election vote request: Granting yes vote for candidate 0e5bc9a5dda34c11901bda7ede5a1e39 in term 2.
I20260713 09:03:20.322606  6351 leader_election.cc:304] T 27ed19a330ea40d2b50a0f0c92421af4 P 0e5bc9a5dda34c11901bda7ede5a1e39 [CANDIDATE]: Term 2 election: Election decided. Result: candidate won. Election summary: received 2 responses out of 3 voters: 2 yes votes; 0 no votes. yes voters: 0e5bc9a5dda34c11901bda7ede5a1e39, eeab50a0af1843c9af573fa7e0b8f180; no voters: 
I20260713 09:03:20.323359  6628 raft_consensus.cc:2804] T 27ed19a330ea40d2b50a0f0c92421af4 P 0e5bc9a5dda34c11901bda7ede5a1e39 [term 2 FOLLOWER]: Leader election won for term 2
I20260713 09:03:20.323752  6628 raft_consensus.cc:697] T 27ed19a330ea40d2b50a0f0c92421af4 P 0e5bc9a5dda34c11901bda7ede5a1e39 [term 2 LEADER]: Becoming Leader. State: Replica: 0e5bc9a5dda34c11901bda7ede5a1e39, State: Running, Role: LEADER
I20260713 09:03:20.323820  6460 raft_consensus.cc:2468] T 27ed19a330ea40d2b50a0f0c92421af4 P 63eb12652086424595bc384952ec4fbc [term 2 FOLLOWER]: Leader election vote request: Granting yes vote for candidate 0e5bc9a5dda34c11901bda7ede5a1e39 in term 2.
I20260713 09:03:20.324544  6628 consensus_queue.cc:237] T 27ed19a330ea40d2b50a0f0c92421af4 P 0e5bc9a5dda34c11901bda7ede5a1e39 [LEADER]: Queue going to LEADER mode. State: All replicated index: 0, Majority replicated index: 1, Committed index: 1, Last appended: 1.1, Last appended by leader: 1, Current term: 2, Majority size: 2, State: 0, Mode: LEADER, active raft config: opid_index: -1 OBSOLETE_local: false peers { permanent_uuid: "0e5bc9a5dda34c11901bda7ede5a1e39" member_type: VOTER last_known_addr { host: "127.5.154.129" port: 33569 } } peers { permanent_uuid: "63eb12652086424595bc384952ec4fbc" member_type: VOTER last_known_addr { host: "127.5.154.130" port: 43611 } } peers { permanent_uuid: "eeab50a0af1843c9af573fa7e0b8f180" member_type: VOTER last_known_addr { host: "127.5.154.131" port: 37869 } }
I20260713 09:03:20.328752  6597 raft_consensus.cc:993] T 1fc6b9a84ac64751a041df337a654de4 P eeab50a0af1843c9af573fa7e0b8f180: : Instructing follower 0e5bc9a5dda34c11901bda7ede5a1e39 to start an election
I20260713 09:03:20.329187  6631 raft_consensus.cc:1081] T 1fc6b9a84ac64751a041df337a654de4 P eeab50a0af1843c9af573fa7e0b8f180 [term 1 LEADER]: Signalling peer 0e5bc9a5dda34c11901bda7ede5a1e39 to start an election
I20260713 09:03:20.330760  6385 tablet_service.cc:2044] Received Run Leader Election RPC: tablet_id: "1fc6b9a84ac64751a041df337a654de4"
dest_uuid: "0e5bc9a5dda34c11901bda7ede5a1e39"
 from {username='slave'} at 127.0.0.1:48280
I20260713 09:03:20.331338  6385 raft_consensus.cc:493] T 1fc6b9a84ac64751a041df337a654de4 P 0e5bc9a5dda34c11901bda7ede5a1e39 [term 1 FOLLOWER]: Starting forced leader election (received explicit request)
I20260713 09:03:20.331702  6385 raft_consensus.cc:3060] T 1fc6b9a84ac64751a041df337a654de4 P 0e5bc9a5dda34c11901bda7ede5a1e39 [term 1 FOLLOWER]: Advancing to term 2
I20260713 09:03:20.331871  6280 catalog_manager.cc:5697] T 27ed19a330ea40d2b50a0f0c92421af4 P 0e5bc9a5dda34c11901bda7ede5a1e39 reported cstate change: term changed from 1 to 2, leader changed from 63eb12652086424595bc384952ec4fbc (127.5.154.130) to 0e5bc9a5dda34c11901bda7ede5a1e39 (127.5.154.129). New cstate: current_term: 2 leader_uuid: "0e5bc9a5dda34c11901bda7ede5a1e39" committed_config { opid_index: -1 OBSOLETE_local: false peers { permanent_uuid: "0e5bc9a5dda34c11901bda7ede5a1e39" member_type: VOTER last_known_addr { host: "127.5.154.129" port: 33569 } health_report { overall_health: HEALTHY } } peers { permanent_uuid: "63eb12652086424595bc384952ec4fbc" member_type: VOTER last_known_addr { host: "127.5.154.130" port: 43611 } health_report { overall_health: UNKNOWN } } peers { permanent_uuid: "eeab50a0af1843c9af573fa7e0b8f180" member_type: VOTER last_known_addr { host: "127.5.154.131" port: 37869 } health_report { overall_health: UNKNOWN } } }
I20260713 09:03:20.335610  6631 consensus_queue.cc:1048] T d302bf7830ca434b9903db5eb023a2a8 P eeab50a0af1843c9af573fa7e0b8f180 [LEADER]: Connected to new peer: Peer: permanent_uuid: "63eb12652086424595bc384952ec4fbc" member_type: VOTER last_known_addr { host: "127.5.154.130" port: 43611 }, Status: LMP_MISMATCH, Last received: 0.0, Next index: 1, Last known committed idx: 0, Time since last communication: 0.000s
I20260713 09:03:20.338236  6385 raft_consensus.cc:515] T 1fc6b9a84ac64751a041df337a654de4 P 0e5bc9a5dda34c11901bda7ede5a1e39 [term 2 FOLLOWER]: Starting forced leader election with config: opid_index: -1 OBSOLETE_local: false peers { permanent_uuid: "0e5bc9a5dda34c11901bda7ede5a1e39" member_type: VOTER last_known_addr { host: "127.5.154.129" port: 33569 } } peers { permanent_uuid: "eeab50a0af1843c9af573fa7e0b8f180" member_type: VOTER last_known_addr { host: "127.5.154.131" port: 37869 } } peers { permanent_uuid: "63eb12652086424595bc384952ec4fbc" member_type: VOTER last_known_addr { host: "127.5.154.130" port: 43611 } }
I20260713 09:03:20.341648  6385 leader_election.cc:290] T 1fc6b9a84ac64751a041df337a654de4 P 0e5bc9a5dda34c11901bda7ede5a1e39 [CANDIDATE]: Term 2 election: Requested vote from peers eeab50a0af1843c9af573fa7e0b8f180 (127.5.154.131:37869), 63eb12652086424595bc384952ec4fbc (127.5.154.130:43611)
I20260713 09:03:20.341845  6459 tablet_service.cc:1917] Received RequestConsensusVote() RPC: tablet_id: "1fc6b9a84ac64751a041df337a654de4" candidate_uuid: "0e5bc9a5dda34c11901bda7ede5a1e39" candidate_term: 2 candidate_status { last_received { term: 1 index: 1 } } ignore_live_leader: true dest_uuid: "63eb12652086424595bc384952ec4fbc"
I20260713 09:03:20.342412  6459 raft_consensus.cc:3060] T 1fc6b9a84ac64751a041df337a654de4 P 63eb12652086424595bc384952ec4fbc [term 1 FOLLOWER]: Advancing to term 2
I20260713 09:03:20.342489  6534 tablet_service.cc:1917] Received RequestConsensusVote() RPC: tablet_id: "1fc6b9a84ac64751a041df337a654de4" candidate_uuid: "0e5bc9a5dda34c11901bda7ede5a1e39" candidate_term: 2 candidate_status { last_received { term: 1 index: 1 } } ignore_live_leader: true dest_uuid: "eeab50a0af1843c9af573fa7e0b8f180"
I20260713 09:03:20.343042  6534 raft_consensus.cc:3055] T 1fc6b9a84ac64751a041df337a654de4 P eeab50a0af1843c9af573fa7e0b8f180 [term 1 LEADER]: Stepping down as leader of term 1
I20260713 09:03:20.343369  6534 raft_consensus.cc:740] T 1fc6b9a84ac64751a041df337a654de4 P eeab50a0af1843c9af573fa7e0b8f180 [term 1 LEADER]: Becoming Follower/Learner. State: Replica: eeab50a0af1843c9af573fa7e0b8f180, State: Running, Role: LEADER
I20260713 09:03:20.344117  6534 consensus_queue.cc:260] T 1fc6b9a84ac64751a041df337a654de4 P eeab50a0af1843c9af573fa7e0b8f180 [NON_LEADER]: Queue going to NON_LEADER mode. State: All replicated index: 0, Majority replicated index: 1, Committed index: 1, Last appended: 1.1, Last appended by leader: 1, Current term: 1, Majority size: -1, State: 0, Mode: NON_LEADER, active raft config: opid_index: -1 OBSOLETE_local: false peers { permanent_uuid: "0e5bc9a5dda34c11901bda7ede5a1e39" member_type: VOTER last_known_addr { host: "127.5.154.129" port: 33569 } } peers { permanent_uuid: "eeab50a0af1843c9af573fa7e0b8f180" member_type: VOTER last_known_addr { host: "127.5.154.131" port: 37869 } } peers { permanent_uuid: "63eb12652086424595bc384952ec4fbc" member_type: VOTER last_known_addr { host: "127.5.154.130" port: 43611 } }
I20260713 09:03:20.345320  6534 raft_consensus.cc:3060] T 1fc6b9a84ac64751a041df337a654de4 P eeab50a0af1843c9af573fa7e0b8f180 [term 1 FOLLOWER]: Advancing to term 2
I20260713 09:03:20.345506  6631 raft_consensus.cc:993] T d302bf7830ca434b9903db5eb023a2a8 P eeab50a0af1843c9af573fa7e0b8f180: : Instructing follower 63eb12652086424595bc384952ec4fbc to start an election
I20260713 09:03:20.345930  6631 raft_consensus.cc:1081] T d302bf7830ca434b9903db5eb023a2a8 P eeab50a0af1843c9af573fa7e0b8f180 [term 1 LEADER]: Signalling peer 63eb12652086424595bc384952ec4fbc to start an election
I20260713 09:03:20.349148  6459 raft_consensus.cc:2468] T 1fc6b9a84ac64751a041df337a654de4 P 63eb12652086424595bc384952ec4fbc [term 2 FOLLOWER]: Leader election vote request: Granting yes vote for candidate 0e5bc9a5dda34c11901bda7ede5a1e39 in term 2.
I20260713 09:03:20.350670  6349 leader_election.cc:304] T 1fc6b9a84ac64751a041df337a654de4 P 0e5bc9a5dda34c11901bda7ede5a1e39 [CANDIDATE]: Term 2 election: Election decided. Result: candidate won. Election summary: received 2 responses out of 3 voters: 2 yes votes; 0 no votes. yes voters: 0e5bc9a5dda34c11901bda7ede5a1e39, 63eb12652086424595bc384952ec4fbc; no voters: 
I20260713 09:03:20.351233  6457 tablet_service.cc:2044] Received Run Leader Election RPC: tablet_id: "d302bf7830ca434b9903db5eb023a2a8"
dest_uuid: "63eb12652086424595bc384952ec4fbc"
 from {username='slave'} at 127.0.0.1:46696
I20260713 09:03:20.351436  6628 raft_consensus.cc:2804] T 1fc6b9a84ac64751a041df337a654de4 P 0e5bc9a5dda34c11901bda7ede5a1e39 [term 2 FOLLOWER]: Leader election won for term 2
I20260713 09:03:20.351822  6457 raft_consensus.cc:493] T d302bf7830ca434b9903db5eb023a2a8 P 63eb12652086424595bc384952ec4fbc [term 1 FOLLOWER]: Starting forced leader election (received explicit request)
I20260713 09:03:20.351897  6628 raft_consensus.cc:697] T 1fc6b9a84ac64751a041df337a654de4 P 0e5bc9a5dda34c11901bda7ede5a1e39 [term 2 LEADER]: Becoming Leader. State: Replica: 0e5bc9a5dda34c11901bda7ede5a1e39, State: Running, Role: LEADER
I20260713 09:03:20.352231  6457 raft_consensus.cc:3060] T d302bf7830ca434b9903db5eb023a2a8 P 63eb12652086424595bc384952ec4fbc [term 1 FOLLOWER]: Advancing to term 2
I20260713 09:03:20.352810  6628 consensus_queue.cc:237] T 1fc6b9a84ac64751a041df337a654de4 P 0e5bc9a5dda34c11901bda7ede5a1e39 [LEADER]: Queue going to LEADER mode. State: All replicated index: 0, Majority replicated index: 1, Committed index: 1, Last appended: 1.1, Last appended by leader: 1, Current term: 2, Majority size: 2, State: 0, Mode: LEADER, active raft config: opid_index: -1 OBSOLETE_local: false peers { permanent_uuid: "0e5bc9a5dda34c11901bda7ede5a1e39" member_type: VOTER last_known_addr { host: "127.5.154.129" port: 33569 } } peers { permanent_uuid: "eeab50a0af1843c9af573fa7e0b8f180" member_type: VOTER last_known_addr { host: "127.5.154.131" port: 37869 } } peers { permanent_uuid: "63eb12652086424595bc384952ec4fbc" member_type: VOTER last_known_addr { host: "127.5.154.130" port: 43611 } }
I20260713 09:03:20.352813  6534 raft_consensus.cc:2468] T 1fc6b9a84ac64751a041df337a654de4 P eeab50a0af1843c9af573fa7e0b8f180 [term 2 FOLLOWER]: Leader election vote request: Granting yes vote for candidate 0e5bc9a5dda34c11901bda7ede5a1e39 in term 2.
I20260713 09:03:20.358270  6597 consensus_queue.cc:1048] T d302bf7830ca434b9903db5eb023a2a8 P eeab50a0af1843c9af573fa7e0b8f180 [LEADER]: Connected to new peer: Peer: permanent_uuid: "0e5bc9a5dda34c11901bda7ede5a1e39" member_type: VOTER last_known_addr { host: "127.5.154.129" port: 33569 }, Status: LMP_MISMATCH, Last received: 0.0, Next index: 1, Last known committed idx: 0, Time since last communication: 0.000s
I20260713 09:03:20.359874  6280 catalog_manager.cc:5697] T 1fc6b9a84ac64751a041df337a654de4 P 0e5bc9a5dda34c11901bda7ede5a1e39 reported cstate change: term changed from 1 to 2, leader changed from eeab50a0af1843c9af573fa7e0b8f180 (127.5.154.131) to 0e5bc9a5dda34c11901bda7ede5a1e39 (127.5.154.129). New cstate: current_term: 2 leader_uuid: "0e5bc9a5dda34c11901bda7ede5a1e39" committed_config { opid_index: -1 OBSOLETE_local: false peers { permanent_uuid: "0e5bc9a5dda34c11901bda7ede5a1e39" member_type: VOTER last_known_addr { host: "127.5.154.129" port: 33569 } health_report { overall_health: HEALTHY } } peers { permanent_uuid: "eeab50a0af1843c9af573fa7e0b8f180" member_type: VOTER last_known_addr { host: "127.5.154.131" port: 37869 } health_report { overall_health: UNKNOWN } } peers { permanent_uuid: "63eb12652086424595bc384952ec4fbc" member_type: VOTER last_known_addr { host: "127.5.154.130" port: 43611 } health_report { overall_health: UNKNOWN } } }
I20260713 09:03:20.362187  6457 raft_consensus.cc:515] T d302bf7830ca434b9903db5eb023a2a8 P 63eb12652086424595bc384952ec4fbc [term 2 FOLLOWER]: Starting forced leader election with config: opid_index: -1 OBSOLETE_local: false peers { permanent_uuid: "0e5bc9a5dda34c11901bda7ede5a1e39" member_type: VOTER last_known_addr { host: "127.5.154.129" port: 33569 } } peers { permanent_uuid: "63eb12652086424595bc384952ec4fbc" member_type: VOTER last_known_addr { host: "127.5.154.130" port: 43611 } } peers { permanent_uuid: "eeab50a0af1843c9af573fa7e0b8f180" member_type: VOTER last_known_addr { host: "127.5.154.131" port: 37869 } }
I20260713 09:03:20.367869  6457 leader_election.cc:290] T d302bf7830ca434b9903db5eb023a2a8 P 63eb12652086424595bc384952ec4fbc [CANDIDATE]: Term 2 election: Requested vote from peers 0e5bc9a5dda34c11901bda7ede5a1e39 (127.5.154.129:33569), eeab50a0af1843c9af573fa7e0b8f180 (127.5.154.131:37869)
I20260713 09:03:20.367794  6385 tablet_service.cc:1917] Received RequestConsensusVote() RPC: tablet_id: "d302bf7830ca434b9903db5eb023a2a8" candidate_uuid: "63eb12652086424595bc384952ec4fbc" candidate_term: 2 candidate_status { last_received { term: 1 index: 1 } } ignore_live_leader: true dest_uuid: "0e5bc9a5dda34c11901bda7ede5a1e39"
I20260713 09:03:20.368568  6385 raft_consensus.cc:3060] T d302bf7830ca434b9903db5eb023a2a8 P 0e5bc9a5dda34c11901bda7ede5a1e39 [term 1 FOLLOWER]: Advancing to term 2
I20260713 09:03:20.369908  6534 tablet_service.cc:1917] Received RequestConsensusVote() RPC: tablet_id: "d302bf7830ca434b9903db5eb023a2a8" candidate_uuid: "63eb12652086424595bc384952ec4fbc" candidate_term: 2 candidate_status { last_received { term: 1 index: 1 } } ignore_live_leader: true dest_uuid: "eeab50a0af1843c9af573fa7e0b8f180"
I20260713 09:03:20.370481  6534 raft_consensus.cc:3055] T d302bf7830ca434b9903db5eb023a2a8 P eeab50a0af1843c9af573fa7e0b8f180 [term 1 LEADER]: Stepping down as leader of term 1
I20260713 09:03:20.370814  6534 raft_consensus.cc:740] T d302bf7830ca434b9903db5eb023a2a8 P eeab50a0af1843c9af573fa7e0b8f180 [term 1 LEADER]: Becoming Follower/Learner. State: Replica: eeab50a0af1843c9af573fa7e0b8f180, State: Running, Role: LEADER
I20260713 09:03:20.371608  6534 consensus_queue.cc:260] T d302bf7830ca434b9903db5eb023a2a8 P eeab50a0af1843c9af573fa7e0b8f180 [NON_LEADER]: Queue going to NON_LEADER mode. State: All replicated index: 0, Majority replicated index: 1, Committed index: 1, Last appended: 1.1, Last appended by leader: 1, Current term: 1, Majority size: -1, State: 0, Mode: NON_LEADER, active raft config: opid_index: -1 OBSOLETE_local: false peers { permanent_uuid: "0e5bc9a5dda34c11901bda7ede5a1e39" member_type: VOTER last_known_addr { host: "127.5.154.129" port: 33569 } } peers { permanent_uuid: "63eb12652086424595bc384952ec4fbc" member_type: VOTER last_known_addr { host: "127.5.154.130" port: 43611 } } peers { permanent_uuid: "eeab50a0af1843c9af573fa7e0b8f180" member_type: VOTER last_known_addr { host: "127.5.154.131" port: 37869 } }
I20260713 09:03:20.372834  6534 raft_consensus.cc:3060] T d302bf7830ca434b9903db5eb023a2a8 P eeab50a0af1843c9af573fa7e0b8f180 [term 1 FOLLOWER]: Advancing to term 2
I20260713 09:03:20.375649  6385 raft_consensus.cc:2468] T d302bf7830ca434b9903db5eb023a2a8 P 0e5bc9a5dda34c11901bda7ede5a1e39 [term 2 FOLLOWER]: Leader election vote request: Granting yes vote for candidate 63eb12652086424595bc384952ec4fbc in term 2.
I20260713 09:03:20.376827  6424 leader_election.cc:304] T d302bf7830ca434b9903db5eb023a2a8 P 63eb12652086424595bc384952ec4fbc [CANDIDATE]: Term 2 election: Election decided. Result: candidate won. Election summary: received 2 responses out of 3 voters: 2 yes votes; 0 no votes. yes voters: 0e5bc9a5dda34c11901bda7ede5a1e39, 63eb12652086424595bc384952ec4fbc; no voters: 
I20260713 09:03:20.378341  6615 raft_consensus.cc:2804] T d302bf7830ca434b9903db5eb023a2a8 P 63eb12652086424595bc384952ec4fbc [term 2 FOLLOWER]: Leader election won for term 2
I20260713 09:03:20.378804  6615 raft_consensus.cc:697] T d302bf7830ca434b9903db5eb023a2a8 P 63eb12652086424595bc384952ec4fbc [term 2 LEADER]: Becoming Leader. State: Replica: 63eb12652086424595bc384952ec4fbc, State: Running, Role: LEADER
I20260713 09:03:20.379151  6534 raft_consensus.cc:2468] T d302bf7830ca434b9903db5eb023a2a8 P eeab50a0af1843c9af573fa7e0b8f180 [term 2 FOLLOWER]: Leader election vote request: Granting yes vote for candidate 63eb12652086424595bc384952ec4fbc in term 2.
I20260713 09:03:20.379601  6615 consensus_queue.cc:237] T d302bf7830ca434b9903db5eb023a2a8 P 63eb12652086424595bc384952ec4fbc [LEADER]: Queue going to LEADER mode. State: All replicated index: 0, Majority replicated index: 1, Committed index: 1, Last appended: 1.1, Last appended by leader: 1, Current term: 2, Majority size: 2, State: 0, Mode: LEADER, active raft config: opid_index: -1 OBSOLETE_local: false peers { permanent_uuid: "0e5bc9a5dda34c11901bda7ede5a1e39" member_type: VOTER last_known_addr { host: "127.5.154.129" port: 33569 } } peers { permanent_uuid: "63eb12652086424595bc384952ec4fbc" member_type: VOTER last_known_addr { host: "127.5.154.130" port: 43611 } } peers { permanent_uuid: "eeab50a0af1843c9af573fa7e0b8f180" member_type: VOTER last_known_addr { host: "127.5.154.131" port: 37869 } }
I20260713 09:03:20.386114  6281 catalog_manager.cc:5697] T d302bf7830ca434b9903db5eb023a2a8 P 63eb12652086424595bc384952ec4fbc reported cstate change: term changed from 1 to 2, leader changed from eeab50a0af1843c9af573fa7e0b8f180 (127.5.154.131) to 63eb12652086424595bc384952ec4fbc (127.5.154.130). New cstate: current_term: 2 leader_uuid: "63eb12652086424595bc384952ec4fbc" committed_config { opid_index: -1 OBSOLETE_local: false peers { permanent_uuid: "0e5bc9a5dda34c11901bda7ede5a1e39" member_type: VOTER last_known_addr { host: "127.5.154.129" port: 33569 } health_report { overall_health: UNKNOWN } } peers { permanent_uuid: "63eb12652086424595bc384952ec4fbc" member_type: VOTER last_known_addr { host: "127.5.154.130" port: 43611 } health_report { overall_health: HEALTHY } } peers { permanent_uuid: "eeab50a0af1843c9af573fa7e0b8f180" member_type: VOTER last_known_addr { host: "127.5.154.131" port: 37869 } health_report { overall_health: UNKNOWN } } }
I20260713 09:03:20.391840  6583 raft_consensus.cc:993] T d89e499ee5b248f08f47d95d2ca16466 P 63eb12652086424595bc384952ec4fbc: : Instructing follower 0e5bc9a5dda34c11901bda7ede5a1e39 to start an election
I20260713 09:03:20.392354  6615 raft_consensus.cc:1081] T d89e499ee5b248f08f47d95d2ca16466 P 63eb12652086424595bc384952ec4fbc [term 1 LEADER]: Signalling peer 0e5bc9a5dda34c11901bda7ede5a1e39 to start an election
I20260713 09:03:20.393834  6385 tablet_service.cc:2044] Received Run Leader Election RPC: tablet_id: "d89e499ee5b248f08f47d95d2ca16466"
dest_uuid: "0e5bc9a5dda34c11901bda7ede5a1e39"
 from {username='slave'} at 127.0.0.1:48276
I20260713 09:03:20.394368  6385 raft_consensus.cc:493] T d89e499ee5b248f08f47d95d2ca16466 P 0e5bc9a5dda34c11901bda7ede5a1e39 [term 1 FOLLOWER]: Starting forced leader election (received explicit request)
I20260713 09:03:20.394726  6385 raft_consensus.cc:3060] T d89e499ee5b248f08f47d95d2ca16466 P 0e5bc9a5dda34c11901bda7ede5a1e39 [term 1 FOLLOWER]: Advancing to term 2
I20260713 09:03:20.399822  6385 raft_consensus.cc:515] T d89e499ee5b248f08f47d95d2ca16466 P 0e5bc9a5dda34c11901bda7ede5a1e39 [term 2 FOLLOWER]: Starting forced leader election with config: opid_index: -1 OBSOLETE_local: false peers { permanent_uuid: "0e5bc9a5dda34c11901bda7ede5a1e39" member_type: VOTER last_known_addr { host: "127.5.154.129" port: 33569 } } peers { permanent_uuid: "63eb12652086424595bc384952ec4fbc" member_type: VOTER last_known_addr { host: "127.5.154.130" port: 43611 } } peers { permanent_uuid: "eeab50a0af1843c9af573fa7e0b8f180" member_type: VOTER last_known_addr { host: "127.5.154.131" port: 37869 } }
I20260713 09:03:20.401793  6385 leader_election.cc:290] T d89e499ee5b248f08f47d95d2ca16466 P 0e5bc9a5dda34c11901bda7ede5a1e39 [CANDIDATE]: Term 2 election: Requested vote from peers 63eb12652086424595bc384952ec4fbc (127.5.154.130:43611), eeab50a0af1843c9af573fa7e0b8f180 (127.5.154.131:37869)
I20260713 09:03:20.402110  6457 tablet_service.cc:1917] Received RequestConsensusVote() RPC: tablet_id: "d89e499ee5b248f08f47d95d2ca16466" candidate_uuid: "0e5bc9a5dda34c11901bda7ede5a1e39" candidate_term: 2 candidate_status { last_received { term: 1 index: 1 } } ignore_live_leader: true dest_uuid: "63eb12652086424595bc384952ec4fbc"
I20260713 09:03:20.402372  6534 tablet_service.cc:1917] Received RequestConsensusVote() RPC: tablet_id: "d89e499ee5b248f08f47d95d2ca16466" candidate_uuid: "0e5bc9a5dda34c11901bda7ede5a1e39" candidate_term: 2 candidate_status { last_received { term: 1 index: 1 } } ignore_live_leader: true dest_uuid: "eeab50a0af1843c9af573fa7e0b8f180"
I20260713 09:03:20.402705  6457 raft_consensus.cc:3055] T d89e499ee5b248f08f47d95d2ca16466 P 63eb12652086424595bc384952ec4fbc [term 1 LEADER]: Stepping down as leader of term 1
I20260713 09:03:20.402936  6534 raft_consensus.cc:3060] T d89e499ee5b248f08f47d95d2ca16466 P eeab50a0af1843c9af573fa7e0b8f180 [term 1 FOLLOWER]: Advancing to term 2
I20260713 09:03:20.403062  6457 raft_consensus.cc:740] T d89e499ee5b248f08f47d95d2ca16466 P 63eb12652086424595bc384952ec4fbc [term 1 LEADER]: Becoming Follower/Learner. State: Replica: 63eb12652086424595bc384952ec4fbc, State: Running, Role: LEADER
I20260713 09:03:20.403779  6457 consensus_queue.cc:260] T d89e499ee5b248f08f47d95d2ca16466 P 63eb12652086424595bc384952ec4fbc [NON_LEADER]: Queue going to NON_LEADER mode. State: All replicated index: 0, Majority replicated index: 1, Committed index: 1, Last appended: 1.1, Last appended by leader: 1, Current term: 1, Majority size: -1, State: 0, Mode: NON_LEADER, active raft config: opid_index: -1 OBSOLETE_local: false peers { permanent_uuid: "0e5bc9a5dda34c11901bda7ede5a1e39" member_type: VOTER last_known_addr { host: "127.5.154.129" port: 33569 } } peers { permanent_uuid: "63eb12652086424595bc384952ec4fbc" member_type: VOTER last_known_addr { host: "127.5.154.130" port: 43611 } } peers { permanent_uuid: "eeab50a0af1843c9af573fa7e0b8f180" member_type: VOTER last_known_addr { host: "127.5.154.131" port: 37869 } }
I20260713 09:03:20.404670  6457 raft_consensus.cc:3060] T d89e499ee5b248f08f47d95d2ca16466 P 63eb12652086424595bc384952ec4fbc [term 1 FOLLOWER]: Advancing to term 2
I20260713 09:03:20.407526  6534 raft_consensus.cc:2468] T d89e499ee5b248f08f47d95d2ca16466 P eeab50a0af1843c9af573fa7e0b8f180 [term 2 FOLLOWER]: Leader election vote request: Granting yes vote for candidate 0e5bc9a5dda34c11901bda7ede5a1e39 in term 2.
I20260713 09:03:20.408499  6351 leader_election.cc:304] T d89e499ee5b248f08f47d95d2ca16466 P 0e5bc9a5dda34c11901bda7ede5a1e39 [CANDIDATE]: Term 2 election: Election decided. Result: candidate won. Election summary: received 2 responses out of 3 voters: 2 yes votes; 0 no votes. yes voters: 0e5bc9a5dda34c11901bda7ede5a1e39, eeab50a0af1843c9af573fa7e0b8f180; no voters: 
I20260713 09:03:20.409139  6628 raft_consensus.cc:2804] T d89e499ee5b248f08f47d95d2ca16466 P 0e5bc9a5dda34c11901bda7ede5a1e39 [term 2 FOLLOWER]: Leader election won for term 2
I20260713 09:03:20.409184  6457 raft_consensus.cc:2468] T d89e499ee5b248f08f47d95d2ca16466 P 63eb12652086424595bc384952ec4fbc [term 2 FOLLOWER]: Leader election vote request: Granting yes vote for candidate 0e5bc9a5dda34c11901bda7ede5a1e39 in term 2.
I20260713 09:03:20.409682  6628 raft_consensus.cc:697] T d89e499ee5b248f08f47d95d2ca16466 P 0e5bc9a5dda34c11901bda7ede5a1e39 [term 2 LEADER]: Becoming Leader. State: Replica: 0e5bc9a5dda34c11901bda7ede5a1e39, State: Running, Role: LEADER
I20260713 09:03:20.410459  6628 consensus_queue.cc:237] T d89e499ee5b248f08f47d95d2ca16466 P 0e5bc9a5dda34c11901bda7ede5a1e39 [LEADER]: Queue going to LEADER mode. State: All replicated index: 0, Majority replicated index: 1, Committed index: 1, Last appended: 1.1, Last appended by leader: 1, Current term: 2, Majority size: 2, State: 0, Mode: LEADER, active raft config: opid_index: -1 OBSOLETE_local: false peers { permanent_uuid: "0e5bc9a5dda34c11901bda7ede5a1e39" member_type: VOTER last_known_addr { host: "127.5.154.129" port: 33569 } } peers { permanent_uuid: "63eb12652086424595bc384952ec4fbc" member_type: VOTER last_known_addr { host: "127.5.154.130" port: 43611 } } peers { permanent_uuid: "eeab50a0af1843c9af573fa7e0b8f180" member_type: VOTER last_known_addr { host: "127.5.154.131" port: 37869 } }
I20260713 09:03:20.416249  6281 catalog_manager.cc:5697] T d89e499ee5b248f08f47d95d2ca16466 P 0e5bc9a5dda34c11901bda7ede5a1e39 reported cstate change: term changed from 1 to 2, leader changed from 63eb12652086424595bc384952ec4fbc (127.5.154.130) to 0e5bc9a5dda34c11901bda7ede5a1e39 (127.5.154.129). New cstate: current_term: 2 leader_uuid: "0e5bc9a5dda34c11901bda7ede5a1e39" committed_config { opid_index: -1 OBSOLETE_local: false peers { permanent_uuid: "0e5bc9a5dda34c11901bda7ede5a1e39" member_type: VOTER last_known_addr { host: "127.5.154.129" port: 33569 } health_report { overall_health: HEALTHY } } peers { permanent_uuid: "63eb12652086424595bc384952ec4fbc" member_type: VOTER last_known_addr { host: "127.5.154.130" port: 43611 } health_report { overall_health: UNKNOWN } } peers { permanent_uuid: "eeab50a0af1843c9af573fa7e0b8f180" member_type: VOTER last_known_addr { host: "127.5.154.131" port: 37869 } health_report { overall_health: UNKNOWN } } }
I20260713 09:03:20.499208  6457 raft_consensus.cc:1275] T 90fed0a62adc4e27817c8e243f5104d7 P 63eb12652086424595bc384952ec4fbc [term 2 FOLLOWER]: Refusing update from remote peer 0e5bc9a5dda34c11901bda7ede5a1e39: Log matching property violated. Preceding OpId in replica: term: 1 index: 1. Preceding OpId from leader: term: 2 index: 2. (index mismatch)
I20260713 09:03:20.500524  6628 consensus_queue.cc:1048] T 90fed0a62adc4e27817c8e243f5104d7 P 0e5bc9a5dda34c11901bda7ede5a1e39 [LEADER]: Connected to new peer: Peer: permanent_uuid: "63eb12652086424595bc384952ec4fbc" member_type: VOTER last_known_addr { host: "127.5.154.130" port: 43611 }, Status: LMP_MISMATCH, Last received: 0.0, Next index: 2, Last known committed idx: 1, Time since last communication: 0.000s
I20260713 09:03:20.501199  6583 raft_consensus.cc:993] T ccdaf4eed94f491895b5fbd03d24242c P 63eb12652086424595bc384952ec4fbc: : Instructing follower eeab50a0af1843c9af573fa7e0b8f180 to start an election
I20260713 09:03:20.501598  6615 raft_consensus.cc:1081] T ccdaf4eed94f491895b5fbd03d24242c P 63eb12652086424595bc384952ec4fbc [term 1 LEADER]: Signalling peer eeab50a0af1843c9af573fa7e0b8f180 to start an election
I20260713 09:03:20.503042  6534 tablet_service.cc:2044] Received Run Leader Election RPC: tablet_id: "ccdaf4eed94f491895b5fbd03d24242c"
dest_uuid: "eeab50a0af1843c9af573fa7e0b8f180"
 from {username='slave'} at 127.0.0.1:58446
I20260713 09:03:20.504174  6534 raft_consensus.cc:493] T ccdaf4eed94f491895b5fbd03d24242c P eeab50a0af1843c9af573fa7e0b8f180 [term 1 FOLLOWER]: Starting forced leader election (received explicit request)
I20260713 09:03:20.504622  6534 raft_consensus.cc:3060] T ccdaf4eed94f491895b5fbd03d24242c P eeab50a0af1843c9af573fa7e0b8f180 [term 1 FOLLOWER]: Advancing to term 2
I20260713 09:03:20.507756  6533 raft_consensus.cc:1275] T 90fed0a62adc4e27817c8e243f5104d7 P eeab50a0af1843c9af573fa7e0b8f180 [term 2 FOLLOWER]: Refusing update from remote peer 0e5bc9a5dda34c11901bda7ede5a1e39: Log matching property violated. Preceding OpId in replica: term: 1 index: 1. Preceding OpId from leader: term: 2 index: 2. (index mismatch)
I20260713 09:03:20.510262  6628 consensus_queue.cc:1048] T 90fed0a62adc4e27817c8e243f5104d7 P 0e5bc9a5dda34c11901bda7ede5a1e39 [LEADER]: Connected to new peer: Peer: permanent_uuid: "eeab50a0af1843c9af573fa7e0b8f180" member_type: VOTER last_known_addr { host: "127.5.154.131" port: 37869 }, Status: LMP_MISMATCH, Last received: 0.0, Next index: 2, Last known committed idx: 1, Time since last communication: 0.001s
I20260713 09:03:20.523458  6534 raft_consensus.cc:515] T ccdaf4eed94f491895b5fbd03d24242c P eeab50a0af1843c9af573fa7e0b8f180 [term 2 FOLLOWER]: Starting forced leader election with config: opid_index: -1 OBSOLETE_local: false peers { permanent_uuid: "0e5bc9a5dda34c11901bda7ede5a1e39" member_type: VOTER last_known_addr { host: "127.5.154.129" port: 33569 } } peers { permanent_uuid: "63eb12652086424595bc384952ec4fbc" member_type: VOTER last_known_addr { host: "127.5.154.130" port: 43611 } } peers { permanent_uuid: "eeab50a0af1843c9af573fa7e0b8f180" member_type: VOTER last_known_addr { host: "127.5.154.131" port: 37869 } }
I20260713 09:03:20.525501  6534 leader_election.cc:290] T ccdaf4eed94f491895b5fbd03d24242c P eeab50a0af1843c9af573fa7e0b8f180 [CANDIDATE]: Term 2 election: Requested vote from peers 0e5bc9a5dda34c11901bda7ede5a1e39 (127.5.154.129:33569), 63eb12652086424595bc384952ec4fbc (127.5.154.130:43611)
I20260713 09:03:20.526487  6457 tablet_service.cc:1917] Received RequestConsensusVote() RPC: tablet_id: "ccdaf4eed94f491895b5fbd03d24242c" candidate_uuid: "eeab50a0af1843c9af573fa7e0b8f180" candidate_term: 2 candidate_status { last_received { term: 1 index: 1 } } ignore_live_leader: true dest_uuid: "63eb12652086424595bc384952ec4fbc"
I20260713 09:03:20.526928  6385 tablet_service.cc:1917] Received RequestConsensusVote() RPC: tablet_id: "ccdaf4eed94f491895b5fbd03d24242c" candidate_uuid: "eeab50a0af1843c9af573fa7e0b8f180" candidate_term: 2 candidate_status { last_received { term: 1 index: 1 } } ignore_live_leader: true dest_uuid: "0e5bc9a5dda34c11901bda7ede5a1e39"
I20260713 09:03:20.527083  6457 raft_consensus.cc:3055] T ccdaf4eed94f491895b5fbd03d24242c P 63eb12652086424595bc384952ec4fbc [term 1 LEADER]: Stepping down as leader of term 1
I20260713 09:03:20.527343  6385 raft_consensus.cc:3060] T ccdaf4eed94f491895b5fbd03d24242c P 0e5bc9a5dda34c11901bda7ede5a1e39 [term 1 FOLLOWER]: Advancing to term 2
I20260713 09:03:20.527467  6457 raft_consensus.cc:740] T ccdaf4eed94f491895b5fbd03d24242c P 63eb12652086424595bc384952ec4fbc [term 1 LEADER]: Becoming Follower/Learner. State: Replica: 63eb12652086424595bc384952ec4fbc, State: Running, Role: LEADER
I20260713 09:03:20.528406  6457 consensus_queue.cc:260] T ccdaf4eed94f491895b5fbd03d24242c P 63eb12652086424595bc384952ec4fbc [NON_LEADER]: Queue going to NON_LEADER mode. State: All replicated index: 0, Majority replicated index: 1, Committed index: 1, Last appended: 1.1, Last appended by leader: 1, Current term: 1, Majority size: -1, State: 0, Mode: NON_LEADER, active raft config: opid_index: -1 OBSOLETE_local: false peers { permanent_uuid: "0e5bc9a5dda34c11901bda7ede5a1e39" member_type: VOTER last_known_addr { host: "127.5.154.129" port: 33569 } } peers { permanent_uuid: "63eb12652086424595bc384952ec4fbc" member_type: VOTER last_known_addr { host: "127.5.154.130" port: 43611 } } peers { permanent_uuid: "eeab50a0af1843c9af573fa7e0b8f180" member_type: VOTER last_known_addr { host: "127.5.154.131" port: 37869 } }
I20260713 09:03:20.529608  6457 raft_consensus.cc:3060] T ccdaf4eed94f491895b5fbd03d24242c P 63eb12652086424595bc384952ec4fbc [term 1 FOLLOWER]: Advancing to term 2
I20260713 09:03:20.530182  6534 raft_consensus.cc:1275] T da99e50db8ca4224893706c95ab60ec6 P eeab50a0af1843c9af573fa7e0b8f180 [term 2 FOLLOWER]: Refusing update from remote peer 63eb12652086424595bc384952ec4fbc: Log matching property violated. Preceding OpId in replica: term: 1 index: 1. Preceding OpId from leader: term: 2 index: 2. (index mismatch)
I20260713 09:03:20.531399  6615 consensus_queue.cc:1048] T da99e50db8ca4224893706c95ab60ec6 P 63eb12652086424595bc384952ec4fbc [LEADER]: Connected to new peer: Peer: permanent_uuid: "eeab50a0af1843c9af573fa7e0b8f180" member_type: VOTER last_known_addr { host: "127.5.154.131" port: 37869 }, Status: LMP_MISMATCH, Last received: 0.0, Next index: 2, Last known committed idx: 1, Time since last communication: 0.000s
I20260713 09:03:20.533142  6385 raft_consensus.cc:2468] T ccdaf4eed94f491895b5fbd03d24242c P 0e5bc9a5dda34c11901bda7ede5a1e39 [term 2 FOLLOWER]: Leader election vote request: Granting yes vote for candidate eeab50a0af1843c9af573fa7e0b8f180 in term 2.
I20260713 09:03:20.534317  6498 leader_election.cc:304] T ccdaf4eed94f491895b5fbd03d24242c P eeab50a0af1843c9af573fa7e0b8f180 [CANDIDATE]: Term 2 election: Election decided. Result: candidate won. Election summary: received 2 responses out of 3 voters: 2 yes votes; 0 no votes. yes voters: 0e5bc9a5dda34c11901bda7ede5a1e39, eeab50a0af1843c9af573fa7e0b8f180; no voters: 
I20260713 09:03:20.535101  6597 raft_consensus.cc:2804] T ccdaf4eed94f491895b5fbd03d24242c P eeab50a0af1843c9af573fa7e0b8f180 [term 2 FOLLOWER]: Leader election won for term 2
I20260713 09:03:20.535552  6597 raft_consensus.cc:697] T ccdaf4eed94f491895b5fbd03d24242c P eeab50a0af1843c9af573fa7e0b8f180 [term 2 LEADER]: Becoming Leader. State: Replica: eeab50a0af1843c9af573fa7e0b8f180, State: Running, Role: LEADER
I20260713 09:03:20.536326  6597 consensus_queue.cc:237] T ccdaf4eed94f491895b5fbd03d24242c P eeab50a0af1843c9af573fa7e0b8f180 [LEADER]: Queue going to LEADER mode. State: All replicated index: 0, Majority replicated index: 1, Committed index: 1, Last appended: 1.1, Last appended by leader: 1, Current term: 2, Majority size: 2, State: 0, Mode: LEADER, active raft config: opid_index: -1 OBSOLETE_local: false peers { permanent_uuid: "0e5bc9a5dda34c11901bda7ede5a1e39" member_type: VOTER last_known_addr { host: "127.5.154.129" port: 33569 } } peers { permanent_uuid: "63eb12652086424595bc384952ec4fbc" member_type: VOTER last_known_addr { host: "127.5.154.130" port: 43611 } } peers { permanent_uuid: "eeab50a0af1843c9af573fa7e0b8f180" member_type: VOTER last_known_addr { host: "127.5.154.131" port: 37869 } }
I20260713 09:03:20.537144  6457 raft_consensus.cc:2468] T ccdaf4eed94f491895b5fbd03d24242c P 63eb12652086424595bc384952ec4fbc [term 2 FOLLOWER]: Leader election vote request: Granting yes vote for candidate eeab50a0af1843c9af573fa7e0b8f180 in term 2.
I20260713 09:03:20.542758  6385 raft_consensus.cc:1275] T da99e50db8ca4224893706c95ab60ec6 P 0e5bc9a5dda34c11901bda7ede5a1e39 [term 2 FOLLOWER]: Refusing update from remote peer 63eb12652086424595bc384952ec4fbc: Log matching property violated. Preceding OpId in replica: term: 1 index: 1. Preceding OpId from leader: term: 2 index: 2. (index mismatch)
I20260713 09:03:20.544114  6583 consensus_queue.cc:1048] T da99e50db8ca4224893706c95ab60ec6 P 63eb12652086424595bc384952ec4fbc [LEADER]: Connected to new peer: Peer: permanent_uuid: "0e5bc9a5dda34c11901bda7ede5a1e39" member_type: VOTER last_known_addr { host: "127.5.154.129" port: 33569 }, Status: LMP_MISMATCH, Last received: 0.0, Next index: 2, Last known committed idx: 1, Time since last communication: 0.000s
I20260713 09:03:20.544516  6280 catalog_manager.cc:5697] T ccdaf4eed94f491895b5fbd03d24242c P eeab50a0af1843c9af573fa7e0b8f180 reported cstate change: term changed from 1 to 2, leader changed from 63eb12652086424595bc384952ec4fbc (127.5.154.130) to eeab50a0af1843c9af573fa7e0b8f180 (127.5.154.131). New cstate: current_term: 2 leader_uuid: "eeab50a0af1843c9af573fa7e0b8f180" committed_config { opid_index: -1 OBSOLETE_local: false peers { permanent_uuid: "0e5bc9a5dda34c11901bda7ede5a1e39" member_type: VOTER last_known_addr { host: "127.5.154.129" port: 33569 } health_report { overall_health: UNKNOWN } } peers { permanent_uuid: "63eb12652086424595bc384952ec4fbc" member_type: VOTER last_known_addr { host: "127.5.154.130" port: 43611 } health_report { overall_health: UNKNOWN } } peers { permanent_uuid: "eeab50a0af1843c9af573fa7e0b8f180" member_type: VOTER last_known_addr { host: "127.5.154.131" port: 37869 } health_report { overall_health: HEALTHY } } }
I20260713 09:03:20.786765  6534 raft_consensus.cc:1275] T 27ed19a330ea40d2b50a0f0c92421af4 P eeab50a0af1843c9af573fa7e0b8f180 [term 2 FOLLOWER]: Refusing update from remote peer 0e5bc9a5dda34c11901bda7ede5a1e39: Log matching property violated. Preceding OpId in replica: term: 1 index: 1. Preceding OpId from leader: term: 2 index: 2. (index mismatch)
I20260713 09:03:20.787881  6582 consensus_queue.cc:1048] T 27ed19a330ea40d2b50a0f0c92421af4 P 0e5bc9a5dda34c11901bda7ede5a1e39 [LEADER]: Connected to new peer: Peer: permanent_uuid: "eeab50a0af1843c9af573fa7e0b8f180" member_type: VOTER last_known_addr { host: "127.5.154.131" port: 37869 }, Status: LMP_MISMATCH, Last received: 0.0, Next index: 2, Last known committed idx: 1, Time since last communication: 0.000s
I20260713 09:03:20.794737  6457 raft_consensus.cc:1275] T 27ed19a330ea40d2b50a0f0c92421af4 P 63eb12652086424595bc384952ec4fbc [term 2 FOLLOWER]: Refusing update from remote peer 0e5bc9a5dda34c11901bda7ede5a1e39: Log matching property violated. Preceding OpId in replica: term: 1 index: 1. Preceding OpId from leader: term: 2 index: 2. (index mismatch)
I20260713 09:03:20.796790  6627 consensus_queue.cc:1048] T 27ed19a330ea40d2b50a0f0c92421af4 P 0e5bc9a5dda34c11901bda7ede5a1e39 [LEADER]: Connected to new peer: Peer: permanent_uuid: "63eb12652086424595bc384952ec4fbc" member_type: VOTER last_known_addr { host: "127.5.154.130" port: 43611 }, Status: LMP_MISMATCH, Last received: 0.0, Next index: 2, Last known committed idx: 1, Time since last communication: 0.000s
I20260713 09:03:20.798048  6457 raft_consensus.cc:1275] T c74214cd186a486f93ea34f315e6eaed P 63eb12652086424595bc384952ec4fbc [term 2 FOLLOWER]: Refusing update from remote peer 0e5bc9a5dda34c11901bda7ede5a1e39: Log matching property violated. Preceding OpId in replica: term: 1 index: 1. Preceding OpId from leader: term: 2 index: 2. (index mismatch)
I20260713 09:03:20.802115  6627 consensus_queue.cc:1048] T c74214cd186a486f93ea34f315e6eaed P 0e5bc9a5dda34c11901bda7ede5a1e39 [LEADER]: Connected to new peer: Peer: permanent_uuid: "63eb12652086424595bc384952ec4fbc" member_type: VOTER last_known_addr { host: "127.5.154.130" port: 43611 }, Status: LMP_MISMATCH, Last received: 0.0, Next index: 2, Last known committed idx: 1, Time since last communication: 0.000s
I20260713 09:03:20.805595  6385 raft_consensus.cc:1275] T 8a1ce5a02ad345f9826badcb05021ae1 P 0e5bc9a5dda34c11901bda7ede5a1e39 [term 2 FOLLOWER]: Refusing update from remote peer 63eb12652086424595bc384952ec4fbc: Log matching property violated. Preceding OpId in replica: term: 1 index: 1. Preceding OpId from leader: term: 2 index: 2. (index mismatch)
I20260713 09:03:20.806756  6583 consensus_queue.cc:1048] T 8a1ce5a02ad345f9826badcb05021ae1 P 63eb12652086424595bc384952ec4fbc [LEADER]: Connected to new peer: Peer: permanent_uuid: "0e5bc9a5dda34c11901bda7ede5a1e39" member_type: VOTER last_known_addr { host: "127.5.154.129" port: 33569 }, Status: LMP_MISMATCH, Last received: 0.0, Next index: 2, Last known committed idx: 1, Time since last communication: 0.000s
I20260713 09:03:20.810238  6534 raft_consensus.cc:1275] T c74214cd186a486f93ea34f315e6eaed P eeab50a0af1843c9af573fa7e0b8f180 [term 2 FOLLOWER]: Refusing update from remote peer 0e5bc9a5dda34c11901bda7ede5a1e39: Log matching property violated. Preceding OpId in replica: term: 1 index: 1. Preceding OpId from leader: term: 2 index: 2. (index mismatch)
I20260713 09:03:20.811820  6582 consensus_queue.cc:1048] T c74214cd186a486f93ea34f315e6eaed P 0e5bc9a5dda34c11901bda7ede5a1e39 [LEADER]: Connected to new peer: Peer: permanent_uuid: "eeab50a0af1843c9af573fa7e0b8f180" member_type: VOTER last_known_addr { host: "127.5.154.131" port: 37869 }, Status: LMP_MISMATCH, Last received: 0.0, Next index: 2, Last known committed idx: 1, Time since last communication: 0.000s
I20260713 09:03:20.814719  6457 raft_consensus.cc:1275] T d89e499ee5b248f08f47d95d2ca16466 P 63eb12652086424595bc384952ec4fbc [term 2 FOLLOWER]: Refusing update from remote peer 0e5bc9a5dda34c11901bda7ede5a1e39: Log matching property violated. Preceding OpId in replica: term: 1 index: 1. Preceding OpId from leader: term: 2 index: 2. (index mismatch)
I20260713 09:03:20.816027  6628 consensus_queue.cc:1048] T d89e499ee5b248f08f47d95d2ca16466 P 0e5bc9a5dda34c11901bda7ede5a1e39 [LEADER]: Connected to new peer: Peer: permanent_uuid: "63eb12652086424595bc384952ec4fbc" member_type: VOTER last_known_addr { host: "127.5.154.130" port: 43611 }, Status: LMP_MISMATCH, Last received: 0.0, Next index: 2, Last known committed idx: 1, Time since last communication: 0.000s
I20260713 09:03:20.817991  6533 raft_consensus.cc:1275] T 8a1ce5a02ad345f9826badcb05021ae1 P eeab50a0af1843c9af573fa7e0b8f180 [term 2 FOLLOWER]: Refusing update from remote peer 63eb12652086424595bc384952ec4fbc: Log matching property violated. Preceding OpId in replica: term: 1 index: 1. Preceding OpId from leader: term: 2 index: 2. (index mismatch)
I20260713 09:03:20.819505  6615 consensus_queue.cc:1048] T 8a1ce5a02ad345f9826badcb05021ae1 P 63eb12652086424595bc384952ec4fbc [LEADER]: Connected to new peer: Peer: permanent_uuid: "eeab50a0af1843c9af573fa7e0b8f180" member_type: VOTER last_known_addr { host: "127.5.154.131" port: 37869 }, Status: LMP_MISMATCH, Last received: 0.0, Next index: 2, Last known committed idx: 1, Time since last communication: 0.000s
I20260713 09:03:20.827813  6533 raft_consensus.cc:1275] T d89e499ee5b248f08f47d95d2ca16466 P eeab50a0af1843c9af573fa7e0b8f180 [term 2 FOLLOWER]: Refusing update from remote peer 0e5bc9a5dda34c11901bda7ede5a1e39: Log matching property violated. Preceding OpId in replica: term: 1 index: 1. Preceding OpId from leader: term: 2 index: 2. (index mismatch)
