I20260713 09:03:40.786202  7477 consensus_queue.cc:1048] T 6f67db2fe2414621ad761548c67ab4ee P 918496fd18c5408c9ad59b2a71c2b9c9 [LEADER]: Connected to new peer: Peer: permanent_uuid: "eae444154b8c414587be0f26a1a4680e" member_type: VOTER last_known_addr { host: "127.5.154.130" port: 38903 }, Status: LMP_MISMATCH, Last received: 0.0, Next index: 2, Last known committed idx: 1, Time since last communication: 0.000s
I20260713 09:03:40.786942  7335 consensus_queue.cc:1048] T 6f67db2fe2414621ad761548c67ab4ee P 918496fd18c5408c9ad59b2a71c2b9c9 [LEADER]: Connected to new peer: Peer: permanent_uuid: "6587d761649b43ff90884071de984782" member_type: VOTER last_known_addr { host: "127.5.154.131" port: 32895 } attrs { replace: true }, Status: LMP_MISMATCH, Last received: 0.0, Next index: 2, Last known committed idx: 1, Time since last communication: 0.000s
I20260713 09:03:40.794701  7335 raft_consensus.cc:2955] T 6f67db2fe2414621ad761548c67ab4ee P 918496fd18c5408c9ad59b2a71c2b9c9 [term 1 LEADER]: Committing config change with OpId 1.2: config changed from index -1 to 2, NON_VOTER f022a15e53024262a0dbe05ddf6875d5 (127.5.154.132) added. New config: { opid_index: 2 OBSOLETE_local: false peers { permanent_uuid: "918496fd18c5408c9ad59b2a71c2b9c9" member_type: VOTER last_known_addr { host: "127.5.154.129" port: 35209 } } peers { permanent_uuid: "eae444154b8c414587be0f26a1a4680e" member_type: VOTER last_known_addr { host: "127.5.154.130" port: 38903 } } peers { permanent_uuid: "6587d761649b43ff90884071de984782" member_type: VOTER last_known_addr { host: "127.5.154.131" port: 32895 } attrs { replace: true } } peers { permanent_uuid: "f022a15e53024262a0dbe05ddf6875d5" member_type: NON_VOTER last_known_addr { host: "127.5.154.132" port: 36333 } attrs { promote: true } } }
I20260713 09:03:40.796528  6939 raft_consensus.cc:2955] T 6f67db2fe2414621ad761548c67ab4ee P eae444154b8c414587be0f26a1a4680e [term 1 FOLLOWER]: Committing config change with OpId 1.2: config changed from index -1 to 2, NON_VOTER f022a15e53024262a0dbe05ddf6875d5 (127.5.154.132) added. New config: { opid_index: 2 OBSOLETE_local: false peers { permanent_uuid: "918496fd18c5408c9ad59b2a71c2b9c9" member_type: VOTER last_known_addr { host: "127.5.154.129" port: 35209 } } peers { permanent_uuid: "eae444154b8c414587be0f26a1a4680e" member_type: VOTER last_known_addr { host: "127.5.154.130" port: 38903 } } peers { permanent_uuid: "6587d761649b43ff90884071de984782" member_type: VOTER last_known_addr { host: "127.5.154.131" port: 32895 } attrs { replace: true } } peers { permanent_uuid: "f022a15e53024262a0dbe05ddf6875d5" member_type: NON_VOTER last_known_addr { host: "127.5.154.132" port: 36333 } attrs { promote: true } } }
I20260713 09:03:40.805025  7018 raft_consensus.cc:2955] T 6f67db2fe2414621ad761548c67ab4ee P 6587d761649b43ff90884071de984782 [term 1 FOLLOWER]: Committing config change with OpId 1.2: config changed from index -1 to 2, NON_VOTER f022a15e53024262a0dbe05ddf6875d5 (127.5.154.132) added. New config: { opid_index: 2 OBSOLETE_local: false peers { permanent_uuid: "918496fd18c5408c9ad59b2a71c2b9c9" member_type: VOTER last_known_addr { host: "127.5.154.129" port: 35209 } } peers { permanent_uuid: "eae444154b8c414587be0f26a1a4680e" member_type: VOTER last_known_addr { host: "127.5.154.130" port: 38903 } } peers { permanent_uuid: "6587d761649b43ff90884071de984782" member_type: VOTER last_known_addr { host: "127.5.154.131" port: 32895 } attrs { replace: true } } peers { permanent_uuid: "f022a15e53024262a0dbe05ddf6875d5" member_type: NON_VOTER last_known_addr { host: "127.5.154.132" port: 36333 } attrs { promote: true } } }
I20260713 09:03:40.810411  6768 catalog_manager.cc:5697] T 6f67db2fe2414621ad761548c67ab4ee P 918496fd18c5408c9ad59b2a71c2b9c9 reported cstate change: config changed from index -1 to 2, NON_VOTER f022a15e53024262a0dbe05ddf6875d5 (127.5.154.132) added. New cstate: current_term: 1 leader_uuid: "918496fd18c5408c9ad59b2a71c2b9c9" committed_config { opid_index: 2 OBSOLETE_local: false peers { permanent_uuid: "918496fd18c5408c9ad59b2a71c2b9c9" member_type: VOTER last_known_addr { host: "127.5.154.129" port: 35209 } health_report { overall_health: HEALTHY } } peers { permanent_uuid: "eae444154b8c414587be0f26a1a4680e" member_type: VOTER last_known_addr { host: "127.5.154.130" port: 38903 } health_report { overall_health: HEALTHY } } peers { permanent_uuid: "6587d761649b43ff90884071de984782" member_type: VOTER last_known_addr { host: "127.5.154.131" port: 32895 } attrs { replace: true } health_report { overall_health: HEALTHY } } peers { permanent_uuid: "f022a15e53024262a0dbe05ddf6875d5" member_type: NON_VOTER last_known_addr { host: "127.5.154.132" port: 36333 } attrs { promote: true } health_report { overall_health: UNKNOWN } } }
I20260713 09:03:40.816602  6869 consensus_queue.cc:237] T 17e1e3cd323c44e3ab87858a34aac542 P 918496fd18c5408c9ad59b2a71c2b9c9 [LEADER]: Queue going to LEADER mode. State: All replicated index: 0, Majority replicated index: 1, Committed index: 1, Last appended: 1.1, Last appended by leader: 0, Current term: 1, Majority size: 2, State: 0, Mode: LEADER, active raft config: opid_index: 2 OBSOLETE_local: false peers { permanent_uuid: "918496fd18c5408c9ad59b2a71c2b9c9" member_type: VOTER last_known_addr { host: "127.5.154.129" port: 35209 } } peers { permanent_uuid: "eae444154b8c414587be0f26a1a4680e" member_type: VOTER last_known_addr { host: "127.5.154.130" port: 38903 } } peers { permanent_uuid: "6587d761649b43ff90884071de984782" member_type: VOTER last_known_addr { host: "127.5.154.131" port: 32895 } attrs { replace: true } } peers { permanent_uuid: "f022a15e53024262a0dbe05ddf6875d5" member_type: NON_VOTER last_known_addr { host: "127.5.154.132" port: 36333 } attrs { promote: true } }
W20260713 09:03:40.832623  6837 consensus_peers.cc:597] T 17e1e3cd323c44e3ab87858a34aac542 P 918496fd18c5408c9ad59b2a71c2b9c9 -> Peer f022a15e53024262a0dbe05ddf6875d5 (127.5.154.132:36333): Couldn't send request to peer f022a15e53024262a0dbe05ddf6875d5. Error code: TABLET_NOT_FOUND (6). Status: Not found: Tablet not found: 17e1e3cd323c44e3ab87858a34aac542. This is attempt 1: this message will repeat every 5th retry.
I20260713 09:03:40.833047  7018 raft_consensus.cc:1275] T 17e1e3cd323c44e3ab87858a34aac542 P 6587d761649b43ff90884071de984782 [term 1 FOLLOWER]: Refusing update from remote peer 918496fd18c5408c9ad59b2a71c2b9c9: Log matching property violated. Preceding OpId in replica: term: 1 index: 1. Preceding OpId from leader: term: 1 index: 2. (index mismatch)
I20260713 09:03:40.834008  6939 raft_consensus.cc:1275] T 17e1e3cd323c44e3ab87858a34aac542 P eae444154b8c414587be0f26a1a4680e [term 1 FOLLOWER]: Refusing update from remote peer 918496fd18c5408c9ad59b2a71c2b9c9: Log matching property violated. Preceding OpId in replica: term: 1 index: 1. Preceding OpId from leader: term: 1 index: 2. (index mismatch)
I20260713 09:03:40.834605  7477 consensus_queue.cc:1048] T 17e1e3cd323c44e3ab87858a34aac542 P 918496fd18c5408c9ad59b2a71c2b9c9 [LEADER]: Connected to new peer: Peer: permanent_uuid: "6587d761649b43ff90884071de984782" member_type: VOTER last_known_addr { host: "127.5.154.131" port: 32895 } attrs { replace: true }, Status: LMP_MISMATCH, Last received: 0.0, Next index: 2, Last known committed idx: 1, Time since last communication: 0.000s
I20260713 09:03:40.835510  7335 consensus_queue.cc:1048] T 17e1e3cd323c44e3ab87858a34aac542 P 918496fd18c5408c9ad59b2a71c2b9c9 [LEADER]: Connected to new peer: Peer: permanent_uuid: "eae444154b8c414587be0f26a1a4680e" member_type: VOTER last_known_addr { host: "127.5.154.130" port: 38903 }, Status: LMP_MISMATCH, Last received: 0.0, Next index: 2, Last known committed idx: 1, Time since last communication: 0.000s
I20260713 09:03:40.844650  7335 raft_consensus.cc:2955] T 17e1e3cd323c44e3ab87858a34aac542 P 918496fd18c5408c9ad59b2a71c2b9c9 [term 1 LEADER]: Committing config change with OpId 1.2: config changed from index -1 to 2, NON_VOTER f022a15e53024262a0dbe05ddf6875d5 (127.5.154.132) added. New config: { opid_index: 2 OBSOLETE_local: false peers { permanent_uuid: "918496fd18c5408c9ad59b2a71c2b9c9" member_type: VOTER last_known_addr { host: "127.5.154.129" port: 35209 } } peers { permanent_uuid: "eae444154b8c414587be0f26a1a4680e" member_type: VOTER last_known_addr { host: "127.5.154.130" port: 38903 } } peers { permanent_uuid: "6587d761649b43ff90884071de984782" member_type: VOTER last_known_addr { host: "127.5.154.131" port: 32895 } attrs { replace: true } } peers { permanent_uuid: "f022a15e53024262a0dbe05ddf6875d5" member_type: NON_VOTER last_known_addr { host: "127.5.154.132" port: 36333 } attrs { promote: true } } }
I20260713 09:03:40.846419  7018 raft_consensus.cc:2955] T 17e1e3cd323c44e3ab87858a34aac542 P 6587d761649b43ff90884071de984782 [term 1 FOLLOWER]: Committing config change with OpId 1.2: config changed from index -1 to 2, NON_VOTER f022a15e53024262a0dbe05ddf6875d5 (127.5.154.132) added. New config: { opid_index: 2 OBSOLETE_local: false peers { permanent_uuid: "918496fd18c5408c9ad59b2a71c2b9c9" member_type: VOTER last_known_addr { host: "127.5.154.129" port: 35209 } } peers { permanent_uuid: "eae444154b8c414587be0f26a1a4680e" member_type: VOTER last_known_addr { host: "127.5.154.130" port: 38903 } } peers { permanent_uuid: "6587d761649b43ff90884071de984782" member_type: VOTER last_known_addr { host: "127.5.154.131" port: 32895 } attrs { replace: true } } peers { permanent_uuid: "f022a15e53024262a0dbe05ddf6875d5" member_type: NON_VOTER last_known_addr { host: "127.5.154.132" port: 36333 } attrs { promote: true } } }
I20260713 09:03:40.850751  6939 raft_consensus.cc:2955] T 17e1e3cd323c44e3ab87858a34aac542 P eae444154b8c414587be0f26a1a4680e [term 1 FOLLOWER]: Committing config change with OpId 1.2: config changed from index -1 to 2, NON_VOTER f022a15e53024262a0dbe05ddf6875d5 (127.5.154.132) added. New config: { opid_index: 2 OBSOLETE_local: false peers { permanent_uuid: "918496fd18c5408c9ad59b2a71c2b9c9" member_type: VOTER last_known_addr { host: "127.5.154.129" port: 35209 } } peers { permanent_uuid: "eae444154b8c414587be0f26a1a4680e" member_type: VOTER last_known_addr { host: "127.5.154.130" port: 38903 } } peers { permanent_uuid: "6587d761649b43ff90884071de984782" member_type: VOTER last_known_addr { host: "127.5.154.131" port: 32895 } attrs { replace: true } } peers { permanent_uuid: "f022a15e53024262a0dbe05ddf6875d5" member_type: NON_VOTER last_known_addr { host: "127.5.154.132" port: 36333 } attrs { promote: true } } }
I20260713 09:03:40.857643  6766 catalog_manager.cc:5697] T 17e1e3cd323c44e3ab87858a34aac542 P 918496fd18c5408c9ad59b2a71c2b9c9 reported cstate change: config changed from index -1 to 2, NON_VOTER f022a15e53024262a0dbe05ddf6875d5 (127.5.154.132) added. New cstate: current_term: 1 leader_uuid: "918496fd18c5408c9ad59b2a71c2b9c9" committed_config { opid_index: 2 OBSOLETE_local: false peers { permanent_uuid: "918496fd18c5408c9ad59b2a71c2b9c9" member_type: VOTER last_known_addr { host: "127.5.154.129" port: 35209 } health_report { overall_health: HEALTHY } } peers { permanent_uuid: "eae444154b8c414587be0f26a1a4680e" member_type: VOTER last_known_addr { host: "127.5.154.130" port: 38903 } health_report { overall_health: HEALTHY } } peers { permanent_uuid: "6587d761649b43ff90884071de984782" member_type: VOTER last_known_addr { host: "127.5.154.131" port: 32895 } attrs { replace: true } health_report { overall_health: HEALTHY } } peers { permanent_uuid: "f022a15e53024262a0dbe05ddf6875d5" member_type: NON_VOTER last_known_addr { host: "127.5.154.132" port: 36333 } attrs { promote: true } health_report { overall_health: UNKNOWN } } }
I20260713 09:03:40.859694  7016 consensus_queue.cc:237] T 4e35f72bc03946c4995806780262d358 P 6587d761649b43ff90884071de984782 [LEADER]: Queue going to LEADER mode. State: All replicated index: 0, Majority replicated index: 1, Committed index: 1, Last appended: 1.1, Last appended by leader: 0, Current term: 1, Majority size: 2, State: 0, Mode: LEADER, active raft config: opid_index: 2 OBSOLETE_local: false peers { permanent_uuid: "918496fd18c5408c9ad59b2a71c2b9c9" member_type: VOTER last_known_addr { host: "127.5.154.129" port: 35209 } attrs { replace: true } } peers { permanent_uuid: "eae444154b8c414587be0f26a1a4680e" member_type: VOTER last_known_addr { host: "127.5.154.130" port: 38903 } } peers { permanent_uuid: "6587d761649b43ff90884071de984782" member_type: VOTER last_known_addr { host: "127.5.154.131" port: 32895 } } peers { permanent_uuid: "f022a15e53024262a0dbe05ddf6875d5" member_type: NON_VOTER last_known_addr { host: "127.5.154.132" port: 36333 } attrs { promote: true } }
W20260713 09:03:40.868203  6986 consensus_peers.cc:597] T 4e35f72bc03946c4995806780262d358 P 6587d761649b43ff90884071de984782 -> Peer f022a15e53024262a0dbe05ddf6875d5 (127.5.154.132:36333): Couldn't send request to peer f022a15e53024262a0dbe05ddf6875d5. Error code: TABLET_NOT_FOUND (6). Status: Not found: Tablet not found: 4e35f72bc03946c4995806780262d358. This is attempt 1: this message will repeat every 5th retry.
I20260713 09:03:40.869760  6939 raft_consensus.cc:1275] T 4e35f72bc03946c4995806780262d358 P eae444154b8c414587be0f26a1a4680e [term 1 FOLLOWER]: Refusing update from remote peer 6587d761649b43ff90884071de984782: Log matching property violated. Preceding OpId in replica: term: 1 index: 1. Preceding OpId from leader: term: 1 index: 2. (index mismatch)
I20260713 09:03:40.869833  6869 raft_consensus.cc:1275] T 4e35f72bc03946c4995806780262d358 P 918496fd18c5408c9ad59b2a71c2b9c9 [term 1 FOLLOWER]: Refusing update from remote peer 6587d761649b43ff90884071de984782: Log matching property violated. Preceding OpId in replica: term: 1 index: 1. Preceding OpId from leader: term: 1 index: 2. (index mismatch)
I20260713 09:03:40.871632  7430 consensus_queue.cc:1048] T 4e35f72bc03946c4995806780262d358 P 6587d761649b43ff90884071de984782 [LEADER]: Connected to new peer: Peer: permanent_uuid: "918496fd18c5408c9ad59b2a71c2b9c9" member_type: VOTER last_known_addr { host: "127.5.154.129" port: 35209 } attrs { replace: true }, Status: LMP_MISMATCH, Last received: 0.0, Next index: 2, Last known committed idx: 1, Time since last communication: 0.000s
I20260713 09:03:40.872519  7479 consensus_queue.cc:1048] T 4e35f72bc03946c4995806780262d358 P 6587d761649b43ff90884071de984782 [LEADER]: Connected to new peer: Peer: permanent_uuid: "eae444154b8c414587be0f26a1a4680e" member_type: VOTER last_known_addr { host: "127.5.154.130" port: 38903 }, Status: LMP_MISMATCH, Last received: 0.0, Next index: 2, Last known committed idx: 1, Time since last communication: 0.000s
I20260713 09:03:40.891619  7430 raft_consensus.cc:2955] T 4e35f72bc03946c4995806780262d358 P 6587d761649b43ff90884071de984782 [term 1 LEADER]: Committing config change with OpId 1.2: config changed from index -1 to 2, NON_VOTER f022a15e53024262a0dbe05ddf6875d5 (127.5.154.132) added. New config: { opid_index: 2 OBSOLETE_local: false peers { permanent_uuid: "918496fd18c5408c9ad59b2a71c2b9c9" member_type: VOTER last_known_addr { host: "127.5.154.129" port: 35209 } attrs { replace: true } } peers { permanent_uuid: "eae444154b8c414587be0f26a1a4680e" member_type: VOTER last_known_addr { host: "127.5.154.130" port: 38903 } } peers { permanent_uuid: "6587d761649b43ff90884071de984782" member_type: VOTER last_known_addr { host: "127.5.154.131" port: 32895 } } peers { permanent_uuid: "f022a15e53024262a0dbe05ddf6875d5" member_type: NON_VOTER last_known_addr { host: "127.5.154.132" port: 36333 } attrs { promote: true } } }
I20260713 09:03:40.893800  6939 raft_consensus.cc:2955] T 4e35f72bc03946c4995806780262d358 P eae444154b8c414587be0f26a1a4680e [term 1 FOLLOWER]: Committing config change with OpId 1.2: config changed from index -1 to 2, NON_VOTER f022a15e53024262a0dbe05ddf6875d5 (127.5.154.132) added. New config: { opid_index: 2 OBSOLETE_local: false peers { permanent_uuid: "918496fd18c5408c9ad59b2a71c2b9c9" member_type: VOTER last_known_addr { host: "127.5.154.129" port: 35209 } attrs { replace: true } } peers { permanent_uuid: "eae444154b8c414587be0f26a1a4680e" member_type: VOTER last_known_addr { host: "127.5.154.130" port: 38903 } } peers { permanent_uuid: "6587d761649b43ff90884071de984782" member_type: VOTER last_known_addr { host: "127.5.154.131" port: 32895 } } peers { permanent_uuid: "f022a15e53024262a0dbe05ddf6875d5" member_type: NON_VOTER last_known_addr { host: "127.5.154.132" port: 36333 } attrs { promote: true } } }
I20260713 09:03:40.895203  6869 raft_consensus.cc:2955] T 4e35f72bc03946c4995806780262d358 P 918496fd18c5408c9ad59b2a71c2b9c9 [term 1 FOLLOWER]: Committing config change with OpId 1.2: config changed from index -1 to 2, NON_VOTER f022a15e53024262a0dbe05ddf6875d5 (127.5.154.132) added. New config: { opid_index: 2 OBSOLETE_local: false peers { permanent_uuid: "918496fd18c5408c9ad59b2a71c2b9c9" member_type: VOTER last_known_addr { host: "127.5.154.129" port: 35209 } attrs { replace: true } } peers { permanent_uuid: "eae444154b8c414587be0f26a1a4680e" member_type: VOTER last_known_addr { host: "127.5.154.130" port: 38903 } } peers { permanent_uuid: "6587d761649b43ff90884071de984782" member_type: VOTER last_known_addr { host: "127.5.154.131" port: 32895 } } peers { permanent_uuid: "f022a15e53024262a0dbe05ddf6875d5" member_type: NON_VOTER last_known_addr { host: "127.5.154.132" port: 36333 } attrs { promote: true } } }
I20260713 09:03:40.906286  6870 consensus_queue.cc:237] T 0dd722239c204836ab22fd5b9f9dd536 P 918496fd18c5408c9ad59b2a71c2b9c9 [LEADER]: Queue going to LEADER mode. State: All replicated index: 0, Majority replicated index: 1, Committed index: 1, Last appended: 1.1, Last appended by leader: 0, Current term: 1, Majority size: 2, State: 0, Mode: LEADER, active raft config: opid_index: 2 OBSOLETE_local: false peers { permanent_uuid: "918496fd18c5408c9ad59b2a71c2b9c9" member_type: VOTER last_known_addr { host: "127.5.154.129" port: 35209 } } peers { permanent_uuid: "eae444154b8c414587be0f26a1a4680e" member_type: VOTER last_known_addr { host: "127.5.154.130" port: 38903 } attrs { replace: true } } peers { permanent_uuid: "6587d761649b43ff90884071de984782" member_type: VOTER last_known_addr { host: "127.5.154.131" port: 32895 } } peers { permanent_uuid: "f022a15e53024262a0dbe05ddf6875d5" member_type: NON_VOTER last_known_addr { host: "127.5.154.132" port: 36333 } attrs { promote: true } }
I20260713 09:03:40.909543  6769 catalog_manager.cc:5697] T 4e35f72bc03946c4995806780262d358 P eae444154b8c414587be0f26a1a4680e reported cstate change: config changed from index -1 to 2, NON_VOTER f022a15e53024262a0dbe05ddf6875d5 (127.5.154.132) added. New cstate: current_term: 1 leader_uuid: "6587d761649b43ff90884071de984782" committed_config { opid_index: 2 OBSOLETE_local: false peers { permanent_uuid: "918496fd18c5408c9ad59b2a71c2b9c9" member_type: VOTER last_known_addr { host: "127.5.154.129" port: 35209 } attrs { replace: true } } peers { permanent_uuid: "eae444154b8c414587be0f26a1a4680e" member_type: VOTER last_known_addr { host: "127.5.154.130" port: 38903 } } peers { permanent_uuid: "6587d761649b43ff90884071de984782" member_type: VOTER last_known_addr { host: "127.5.154.131" port: 32895 } } peers { permanent_uuid: "f022a15e53024262a0dbe05ddf6875d5" member_type: NON_VOTER last_known_addr { host: "127.5.154.132" port: 36333 } attrs { promote: true } } }
W20260713 09:03:40.927532  6837 consensus_peers.cc:597] T 0dd722239c204836ab22fd5b9f9dd536 P 918496fd18c5408c9ad59b2a71c2b9c9 -> Peer f022a15e53024262a0dbe05ddf6875d5 (127.5.154.132:36333): Couldn't send request to peer f022a15e53024262a0dbe05ddf6875d5. Error code: TABLET_NOT_FOUND (6). Status: Not found: Tablet not found: 0dd722239c204836ab22fd5b9f9dd536. This is attempt 1: this message will repeat every 5th retry.
I20260713 09:03:40.927667  7016 raft_consensus.cc:1275] T 0dd722239c204836ab22fd5b9f9dd536 P 6587d761649b43ff90884071de984782 [term 1 FOLLOWER]: Refusing update from remote peer 918496fd18c5408c9ad59b2a71c2b9c9: Log matching property violated. Preceding OpId in replica: term: 1 index: 1. Preceding OpId from leader: term: 1 index: 2. (index mismatch)
I20260713 09:03:40.928135  6939 raft_consensus.cc:1275] T 0dd722239c204836ab22fd5b9f9dd536 P eae444154b8c414587be0f26a1a4680e [term 1 FOLLOWER]: Refusing update from remote peer 918496fd18c5408c9ad59b2a71c2b9c9: Log matching property violated. Preceding OpId in replica: term: 1 index: 1. Preceding OpId from leader: term: 1 index: 2. (index mismatch)
I20260713 09:03:40.929342  7488 consensus_queue.cc:1048] T 0dd722239c204836ab22fd5b9f9dd536 P 918496fd18c5408c9ad59b2a71c2b9c9 [LEADER]: Connected to new peer: Peer: permanent_uuid: "6587d761649b43ff90884071de984782" member_type: VOTER last_known_addr { host: "127.5.154.131" port: 32895 }, Status: LMP_MISMATCH, Last received: 0.0, Next index: 2, Last known committed idx: 1, Time since last communication: 0.001s
I20260713 09:03:40.931442  7488 consensus_queue.cc:1048] T 0dd722239c204836ab22fd5b9f9dd536 P 918496fd18c5408c9ad59b2a71c2b9c9 [LEADER]: Connected to new peer: Peer: permanent_uuid: "eae444154b8c414587be0f26a1a4680e" member_type: VOTER last_known_addr { host: "127.5.154.130" port: 38903 } attrs { replace: true }, Status: LMP_MISMATCH, Last received: 0.0, Next index: 2, Last known committed idx: 1, Time since last communication: 0.000s
I20260713 09:03:40.940884  7335 raft_consensus.cc:2955] T 0dd722239c204836ab22fd5b9f9dd536 P 918496fd18c5408c9ad59b2a71c2b9c9 [term 1 LEADER]: Committing config change with OpId 1.2: config changed from index -1 to 2, NON_VOTER f022a15e53024262a0dbe05ddf6875d5 (127.5.154.132) added. New config: { opid_index: 2 OBSOLETE_local: false peers { permanent_uuid: "918496fd18c5408c9ad59b2a71c2b9c9" member_type: VOTER last_known_addr { host: "127.5.154.129" port: 35209 } } peers { permanent_uuid: "eae444154b8c414587be0f26a1a4680e" member_type: VOTER last_known_addr { host: "127.5.154.130" port: 38903 } attrs { replace: true } } peers { permanent_uuid: "6587d761649b43ff90884071de984782" member_type: VOTER last_known_addr { host: "127.5.154.131" port: 32895 } } peers { permanent_uuid: "f022a15e53024262a0dbe05ddf6875d5" member_type: NON_VOTER last_known_addr { host: "127.5.154.132" port: 36333 } attrs { promote: true } } }
I20260713 09:03:40.942869  7016 raft_consensus.cc:2955] T 0dd722239c204836ab22fd5b9f9dd536 P 6587d761649b43ff90884071de984782 [term 1 FOLLOWER]: Committing config change with OpId 1.2: config changed from index -1 to 2, NON_VOTER f022a15e53024262a0dbe05ddf6875d5 (127.5.154.132) added. New config: { opid_index: 2 OBSOLETE_local: false peers { permanent_uuid: "918496fd18c5408c9ad59b2a71c2b9c9" member_type: VOTER last_known_addr { host: "127.5.154.129" port: 35209 } } peers { permanent_uuid: "eae444154b8c414587be0f26a1a4680e" member_type: VOTER last_known_addr { host: "127.5.154.130" port: 38903 } attrs { replace: true } } peers { permanent_uuid: "6587d761649b43ff90884071de984782" member_type: VOTER last_known_addr { host: "127.5.154.131" port: 32895 } } peers { permanent_uuid: "f022a15e53024262a0dbe05ddf6875d5" member_type: NON_VOTER last_known_addr { host: "127.5.154.132" port: 36333 } attrs { promote: true } } }
I20260713 09:03:40.947365  6939 raft_consensus.cc:2955] T 0dd722239c204836ab22fd5b9f9dd536 P eae444154b8c414587be0f26a1a4680e [term 1 FOLLOWER]: Committing config change with OpId 1.2: config changed from index -1 to 2, NON_VOTER f022a15e53024262a0dbe05ddf6875d5 (127.5.154.132) added. New config: { opid_index: 2 OBSOLETE_local: false peers { permanent_uuid: "918496fd18c5408c9ad59b2a71c2b9c9" member_type: VOTER last_known_addr { host: "127.5.154.129" port: 35209 } } peers { permanent_uuid: "eae444154b8c414587be0f26a1a4680e" member_type: VOTER last_known_addr { host: "127.5.154.130" port: 38903 } attrs { replace: true } } peers { permanent_uuid: "6587d761649b43ff90884071de984782" member_type: VOTER last_known_addr { host: "127.5.154.131" port: 32895 } } peers { permanent_uuid: "f022a15e53024262a0dbe05ddf6875d5" member_type: NON_VOTER last_known_addr { host: "127.5.154.132" port: 36333 } attrs { promote: true } } }
I20260713 09:03:40.956468  6766 catalog_manager.cc:5697] T 0dd722239c204836ab22fd5b9f9dd536 P 918496fd18c5408c9ad59b2a71c2b9c9 reported cstate change: config changed from index -1 to 2, NON_VOTER f022a15e53024262a0dbe05ddf6875d5 (127.5.154.132) added. New cstate: current_term: 1 leader_uuid: "918496fd18c5408c9ad59b2a71c2b9c9" committed_config { opid_index: 2 OBSOLETE_local: false peers { permanent_uuid: "918496fd18c5408c9ad59b2a71c2b9c9" member_type: VOTER last_known_addr { host: "127.5.154.129" port: 35209 } health_report { overall_health: HEALTHY } } peers { permanent_uuid: "eae444154b8c414587be0f26a1a4680e" member_type: VOTER last_known_addr { host: "127.5.154.130" port: 38903 } attrs { replace: true } health_report { overall_health: HEALTHY } } peers { permanent_uuid: "6587d761649b43ff90884071de984782" member_type: VOTER last_known_addr { host: "127.5.154.131" port: 32895 } health_report { overall_health: HEALTHY } } peers { permanent_uuid: "f022a15e53024262a0dbe05ddf6875d5" member_type: NON_VOTER last_known_addr { host: "127.5.154.132" port: 36333 } attrs { promote: true } health_report { overall_health: UNKNOWN } } }
W20260713 09:03:41.178529  6800 debug-util.cc:398] Leaking SignalData structure 0x7b0800172640 after lost signal to thread 5741
W20260713 09:03:41.179482  6800 debug-util.cc:398] Leaking SignalData structure 0x7b08001ebda0 after lost signal to thread 6803
W20260713 09:03:41.180583  6800 debug-util.cc:398] Leaking SignalData structure 0x7b08001fc320 after lost signal to thread 6895
W20260713 09:03:41.181304  6800 debug-util.cc:398] Leaking SignalData structure 0x7b08000a2940 after lost signal to thread 6970
W20260713 09:03:41.182272  6800 debug-util.cc:398] Leaking SignalData structure 0x7b0800192f80 after lost signal to thread 7044
W20260713 09:03:41.183223  6800 debug-util.cc:398] Leaking SignalData structure 0x7b08002055a0 after lost signal to thread 7324
I20260713 09:03:41.239946  7505 ts_tablet_manager.cc:933] T 6f67db2fe2414621ad761548c67ab4ee P f022a15e53024262a0dbe05ddf6875d5: Initiating tablet copy from peer 918496fd18c5408c9ad59b2a71c2b9c9 (127.5.154.129:35209)
I20260713 09:03:41.241725  7505 tablet_copy_client.cc:323] T 6f67db2fe2414621ad761548c67ab4ee P f022a15e53024262a0dbe05ddf6875d5: tablet copy: Beginning tablet copy session from remote peer at address 127.5.154.129:35209
I20260713 09:03:41.243497  6881 tablet_copy_service.cc:140] P 918496fd18c5408c9ad59b2a71c2b9c9: Received BeginTabletCopySession request for tablet 6f67db2fe2414621ad761548c67ab4ee from peer f022a15e53024262a0dbe05ddf6875d5 ({username='slave'} at 127.0.0.1:40724)
I20260713 09:03:41.244087  6881 tablet_copy_service.cc:161] P 918496fd18c5408c9ad59b2a71c2b9c9: Beginning new tablet copy session on tablet 6f67db2fe2414621ad761548c67ab4ee from peer f022a15e53024262a0dbe05ddf6875d5 at {username='slave'} at 127.0.0.1:40724: session id = f022a15e53024262a0dbe05ddf6875d5-6f67db2fe2414621ad761548c67ab4ee
I20260713 09:03:41.252605  6881 tablet_copy_source_session.cc:215] T 6f67db2fe2414621ad761548c67ab4ee P 918496fd18c5408c9ad59b2a71c2b9c9: Tablet Copy: opened 0 blocks and 1 log segments
I20260713 09:03:41.259395  7505 data_dirs.cc:400] Could only allocate 1 dirs of requested 3 for tablet 6f67db2fe2414621ad761548c67ab4ee. 1 dirs total, 0 dirs full, 0 dirs failed
I20260713 09:03:41.281733  7507 ts_tablet_manager.cc:933] T 17e1e3cd323c44e3ab87858a34aac542 P f022a15e53024262a0dbe05ddf6875d5: Initiating tablet copy from peer 918496fd18c5408c9ad59b2a71c2b9c9 (127.5.154.129:35209)
I20260713 09:03:41.295219  7505 tablet_copy_client.cc:806] T 6f67db2fe2414621ad761548c67ab4ee P f022a15e53024262a0dbe05ddf6875d5: tablet copy: Starting download of 0 data blocks...
I20260713 09:03:41.296191  7505 tablet_copy_client.cc:670] T 6f67db2fe2414621ad761548c67ab4ee P f022a15e53024262a0dbe05ddf6875d5: tablet copy: Starting download of 1 WAL segments...
I20260713 09:03:41.297072  7507 tablet_copy_client.cc:323] T 17e1e3cd323c44e3ab87858a34aac542 P f022a15e53024262a0dbe05ddf6875d5: tablet copy: Beginning tablet copy session from remote peer at address 127.5.154.129:35209
I20260713 09:03:41.299829  6880 tablet_copy_service.cc:140] P 918496fd18c5408c9ad59b2a71c2b9c9: Received BeginTabletCopySession request for tablet 17e1e3cd323c44e3ab87858a34aac542 from peer f022a15e53024262a0dbe05ddf6875d5 ({username='slave'} at 127.0.0.1:40724)
I20260713 09:03:41.300407  6880 tablet_copy_service.cc:161] P 918496fd18c5408c9ad59b2a71c2b9c9: Beginning new tablet copy session on tablet 17e1e3cd323c44e3ab87858a34aac542 from peer f022a15e53024262a0dbe05ddf6875d5 at {username='slave'} at 127.0.0.1:40724: session id = f022a15e53024262a0dbe05ddf6875d5-17e1e3cd323c44e3ab87858a34aac542
I20260713 09:03:41.301357  7505 tablet_copy_client.cc:538] T 6f67db2fe2414621ad761548c67ab4ee P f022a15e53024262a0dbe05ddf6875d5: tablet copy: Tablet Copy complete. Replacing tablet superblock.
I20260713 09:03:41.308161  6880 tablet_copy_source_session.cc:215] T 17e1e3cd323c44e3ab87858a34aac542 P 918496fd18c5408c9ad59b2a71c2b9c9: Tablet Copy: opened 0 blocks and 1 log segments
I20260713 09:03:41.310809  7505 tablet_bootstrap.cc:492] T 6f67db2fe2414621ad761548c67ab4ee P f022a15e53024262a0dbe05ddf6875d5: Bootstrap starting.
I20260713 09:03:41.314512  7507 data_dirs.cc:400] Could only allocate 1 dirs of requested 3 for tablet 17e1e3cd323c44e3ab87858a34aac542. 1 dirs total, 0 dirs full, 0 dirs failed
I20260713 09:03:41.325034  7507 tablet_copy_client.cc:806] T 17e1e3cd323c44e3ab87858a34aac542 P f022a15e53024262a0dbe05ddf6875d5: tablet copy: Starting download of 0 data blocks...
I20260713 09:03:41.326002  7507 tablet_copy_client.cc:670] T 17e1e3cd323c44e3ab87858a34aac542 P f022a15e53024262a0dbe05ddf6875d5: tablet copy: Starting download of 1 WAL segments...
I20260713 09:03:41.330737  7507 tablet_copy_client.cc:538] T 17e1e3cd323c44e3ab87858a34aac542 P f022a15e53024262a0dbe05ddf6875d5: tablet copy: Tablet Copy complete. Replacing tablet superblock.
I20260713 09:03:41.331761  7505 tablet_bootstrap.cc:492] T 6f67db2fe2414621ad761548c67ab4ee P f022a15e53024262a0dbe05ddf6875d5: Bootstrap replayed 1/1 log segments. Stats: ops{read=2 overwritten=0 applied=2 ignored=0} inserts{seen=0 ignored=0} mutations{seen=0 ignored=0} orphaned_commits=0. Pending: 0 replicates
I20260713 09:03:41.332901  7505 tablet_bootstrap.cc:492] T 6f67db2fe2414621ad761548c67ab4ee P f022a15e53024262a0dbe05ddf6875d5: Bootstrap complete.
I20260713 09:03:41.333570  7505 ts_tablet_manager.cc:1403] T 6f67db2fe2414621ad761548c67ab4ee P f022a15e53024262a0dbe05ddf6875d5: Time spent bootstrapping tablet: real 0.023s	user 0.017s	sys 0.004s
I20260713 09:03:41.336481  7505 raft_consensus.cc:359] T 6f67db2fe2414621ad761548c67ab4ee P f022a15e53024262a0dbe05ddf6875d5 [term 1 LEARNER]: Replica starting. Triggering 0 pending ops. Active config: opid_index: 2 OBSOLETE_local: false peers { permanent_uuid: "918496fd18c5408c9ad59b2a71c2b9c9" member_type: VOTER last_known_addr { host: "127.5.154.129" port: 35209 } } peers { permanent_uuid: "eae444154b8c414587be0f26a1a4680e" member_type: VOTER last_known_addr { host: "127.5.154.130" port: 38903 } } peers { permanent_uuid: "6587d761649b43ff90884071de984782" member_type: VOTER last_known_addr { host: "127.5.154.131" port: 32895 } attrs { replace: true } } peers { permanent_uuid: "f022a15e53024262a0dbe05ddf6875d5" member_type: NON_VOTER last_known_addr { host: "127.5.154.132" port: 36333 } attrs { promote: true } }
I20260713 09:03:41.337368  7507 tablet_bootstrap.cc:492] T 17e1e3cd323c44e3ab87858a34aac542 P f022a15e53024262a0dbe05ddf6875d5: Bootstrap starting.
I20260713 09:03:41.337280  7505 raft_consensus.cc:740] T 6f67db2fe2414621ad761548c67ab4ee P f022a15e53024262a0dbe05ddf6875d5 [term 1 LEARNER]: Becoming Follower/Learner. State: Replica: f022a15e53024262a0dbe05ddf6875d5, State: Initialized, Role: LEARNER
I20260713 09:03:41.338116  7505 consensus_queue.cc:260] T 6f67db2fe2414621ad761548c67ab4ee P f022a15e53024262a0dbe05ddf6875d5 [NON_LEADER]: Queue going to NON_LEADER mode. State: All replicated index: 0, Majority replicated index: 0, Committed index: 2, Last appended: 1.2, Last appended by leader: 2, Current term: 0, Majority size: -1, State: 0, Mode: NON_LEADER, active raft config: opid_index: 2 OBSOLETE_local: false peers { permanent_uuid: "918496fd18c5408c9ad59b2a71c2b9c9" member_type: VOTER last_known_addr { host: "127.5.154.129" port: 35209 } } peers { permanent_uuid: "eae444154b8c414587be0f26a1a4680e" member_type: VOTER last_known_addr { host: "127.5.154.130" port: 38903 } } peers { permanent_uuid: "6587d761649b43ff90884071de984782" member_type: VOTER last_known_addr { host: "127.5.154.131" port: 32895 } attrs { replace: true } } peers { permanent_uuid: "f022a15e53024262a0dbe05ddf6875d5" member_type: NON_VOTER last_known_addr { host: "127.5.154.132" port: 36333 } attrs { promote: true } }
I20260713 09:03:41.341419  7505 ts_tablet_manager.cc:1434] T 6f67db2fe2414621ad761548c67ab4ee P f022a15e53024262a0dbe05ddf6875d5: Time spent starting tablet: real 0.008s	user 0.007s	sys 0.001s
I20260713 09:03:41.345674  6880 tablet_copy_service.cc:342] P 918496fd18c5408c9ad59b2a71c2b9c9: Request end of tablet copy session f022a15e53024262a0dbe05ddf6875d5-6f67db2fe2414621ad761548c67ab4ee received from {username='slave'} at 127.0.0.1:40724
I20260713 09:03:41.346086  6880 tablet_copy_service.cc:434] P 918496fd18c5408c9ad59b2a71c2b9c9: ending tablet copy session f022a15e53024262a0dbe05ddf6875d5-6f67db2fe2414621ad761548c67ab4ee on tablet 6f67db2fe2414621ad761548c67ab4ee with peer f022a15e53024262a0dbe05ddf6875d5
I20260713 09:03:41.359165  7507 tablet_bootstrap.cc:492] T 17e1e3cd323c44e3ab87858a34aac542 P f022a15e53024262a0dbe05ddf6875d5: Bootstrap replayed 1/1 log segments. Stats: ops{read=2 overwritten=0 applied=2 ignored=0} inserts{seen=0 ignored=0} mutations{seen=0 ignored=0} orphaned_commits=0. Pending: 0 replicates
I20260713 09:03:41.360077  7507 tablet_bootstrap.cc:492] T 17e1e3cd323c44e3ab87858a34aac542 P f022a15e53024262a0dbe05ddf6875d5: Bootstrap complete.
I20260713 09:03:41.360834  7507 ts_tablet_manager.cc:1403] T 17e1e3cd323c44e3ab87858a34aac542 P f022a15e53024262a0dbe05ddf6875d5: Time spent bootstrapping tablet: real 0.024s	user 0.017s	sys 0.004s
I20260713 09:03:41.363519  7507 raft_consensus.cc:359] T 17e1e3cd323c44e3ab87858a34aac542 P f022a15e53024262a0dbe05ddf6875d5 [term 1 LEARNER]: Replica starting. Triggering 0 pending ops. Active config: opid_index: 2 OBSOLETE_local: false peers { permanent_uuid: "918496fd18c5408c9ad59b2a71c2b9c9" member_type: VOTER last_known_addr { host: "127.5.154.129" port: 35209 } } peers { permanent_uuid: "eae444154b8c414587be0f26a1a4680e" member_type: VOTER last_known_addr { host: "127.5.154.130" port: 38903 } } peers { permanent_uuid: "6587d761649b43ff90884071de984782" member_type: VOTER last_known_addr { host: "127.5.154.131" port: 32895 } attrs { replace: true } } peers { permanent_uuid: "f022a15e53024262a0dbe05ddf6875d5" member_type: NON_VOTER last_known_addr { host: "127.5.154.132" port: 36333 } attrs { promote: true } }
I20260713 09:03:41.364157  7507 raft_consensus.cc:740] T 17e1e3cd323c44e3ab87858a34aac542 P f022a15e53024262a0dbe05ddf6875d5 [term 1 LEARNER]: Becoming Follower/Learner. State: Replica: f022a15e53024262a0dbe05ddf6875d5, State: Initialized, Role: LEARNER
I20260713 09:03:41.364751  7507 consensus_queue.cc:260] T 17e1e3cd323c44e3ab87858a34aac542 P f022a15e53024262a0dbe05ddf6875d5 [NON_LEADER]: Queue going to NON_LEADER mode. State: All replicated index: 0, Majority replicated index: 0, Committed index: 2, Last appended: 1.2, Last appended by leader: 2, Current term: 0, Majority size: -1, State: 0, Mode: NON_LEADER, active raft config: opid_index: 2 OBSOLETE_local: false peers { permanent_uuid: "918496fd18c5408c9ad59b2a71c2b9c9" member_type: VOTER last_known_addr { host: "127.5.154.129" port: 35209 } } peers { permanent_uuid: "eae444154b8c414587be0f26a1a4680e" member_type: VOTER last_known_addr { host: "127.5.154.130" port: 38903 } } peers { permanent_uuid: "6587d761649b43ff90884071de984782" member_type: VOTER last_known_addr { host: "127.5.154.131" port: 32895 } attrs { replace: true } } peers { permanent_uuid: "f022a15e53024262a0dbe05ddf6875d5" member_type: NON_VOTER last_known_addr { host: "127.5.154.132" port: 36333 } attrs { promote: true } }
I20260713 09:03:41.366691  7507 ts_tablet_manager.cc:1434] T 17e1e3cd323c44e3ab87858a34aac542 P f022a15e53024262a0dbe05ddf6875d5: Time spent starting tablet: real 0.006s	user 0.004s	sys 0.000s
I20260713 09:03:41.368363  6880 tablet_copy_service.cc:342] P 918496fd18c5408c9ad59b2a71c2b9c9: Request end of tablet copy session f022a15e53024262a0dbe05ddf6875d5-17e1e3cd323c44e3ab87858a34aac542 received from {username='slave'} at 127.0.0.1:40724
I20260713 09:03:41.368782  6880 tablet_copy_service.cc:434] P 918496fd18c5408c9ad59b2a71c2b9c9: ending tablet copy session f022a15e53024262a0dbe05ddf6875d5-17e1e3cd323c44e3ab87858a34aac542 on tablet 17e1e3cd323c44e3ab87858a34aac542 with peer f022a15e53024262a0dbe05ddf6875d5
I20260713 09:03:41.484922  7507 ts_tablet_manager.cc:933] T 4e35f72bc03946c4995806780262d358 P f022a15e53024262a0dbe05ddf6875d5: Initiating tablet copy from peer 6587d761649b43ff90884071de984782 (127.5.154.131:32895)
I20260713 09:03:41.486474  7507 tablet_copy_client.cc:323] T 4e35f72bc03946c4995806780262d358 P f022a15e53024262a0dbe05ddf6875d5: tablet copy: Beginning tablet copy session from remote peer at address 127.5.154.131:32895
I20260713 09:03:41.487906  7030 tablet_copy_service.cc:140] P 6587d761649b43ff90884071de984782: Received BeginTabletCopySession request for tablet 4e35f72bc03946c4995806780262d358 from peer f022a15e53024262a0dbe05ddf6875d5 ({username='slave'} at 127.0.0.1:54532)
I20260713 09:03:41.488459  7030 tablet_copy_service.cc:161] P 6587d761649b43ff90884071de984782: Beginning new tablet copy session on tablet 4e35f72bc03946c4995806780262d358 from peer f022a15e53024262a0dbe05ddf6875d5 at {username='slave'} at 127.0.0.1:54532: session id = f022a15e53024262a0dbe05ddf6875d5-4e35f72bc03946c4995806780262d358
I20260713 09:03:41.493759  7030 tablet_copy_source_session.cc:215] T 4e35f72bc03946c4995806780262d358 P 6587d761649b43ff90884071de984782: Tablet Copy: opened 0 blocks and 1 log segments
I20260713 09:03:41.496338  7507 data_dirs.cc:400] Could only allocate 1 dirs of requested 3 for tablet 4e35f72bc03946c4995806780262d358. 1 dirs total, 0 dirs full, 0 dirs failed
I20260713 09:03:41.508514  7507 tablet_copy_client.cc:806] T 4e35f72bc03946c4995806780262d358 P f022a15e53024262a0dbe05ddf6875d5: tablet copy: Starting download of 0 data blocks...
I20260713 09:03:41.509112  7507 tablet_copy_client.cc:670] T 4e35f72bc03946c4995806780262d358 P f022a15e53024262a0dbe05ddf6875d5: tablet copy: Starting download of 1 WAL segments...
I20260713 09:03:41.514380  7507 tablet_copy_client.cc:538] T 4e35f72bc03946c4995806780262d358 P f022a15e53024262a0dbe05ddf6875d5: tablet copy: Tablet Copy complete. Replacing tablet superblock.
I20260713 09:03:41.521656  7507 tablet_bootstrap.cc:492] T 4e35f72bc03946c4995806780262d358 P f022a15e53024262a0dbe05ddf6875d5: Bootstrap starting.
I20260713 09:03:41.537216  7505 ts_tablet_manager.cc:933] T 0dd722239c204836ab22fd5b9f9dd536 P f022a15e53024262a0dbe05ddf6875d5: Initiating tablet copy from peer 918496fd18c5408c9ad59b2a71c2b9c9 (127.5.154.129:35209)
I20260713 09:03:41.537253  7507 tablet_bootstrap.cc:492] T 4e35f72bc03946c4995806780262d358 P f022a15e53024262a0dbe05ddf6875d5: Bootstrap replayed 1/1 log segments. Stats: ops{read=2 overwritten=0 applied=2 ignored=0} inserts{seen=0 ignored=0} mutations{seen=0 ignored=0} orphaned_commits=0. Pending: 0 replicates
I20260713 09:03:41.538234  7507 tablet_bootstrap.cc:492] T 4e35f72bc03946c4995806780262d358 P f022a15e53024262a0dbe05ddf6875d5: Bootstrap complete.
I20260713 09:03:41.538863  7505 tablet_copy_client.cc:323] T 0dd722239c204836ab22fd5b9f9dd536 P f022a15e53024262a0dbe05ddf6875d5: tablet copy: Beginning tablet copy session from remote peer at address 127.5.154.129:35209
I20260713 09:03:41.538915  7507 ts_tablet_manager.cc:1403] T 4e35f72bc03946c4995806780262d358 P f022a15e53024262a0dbe05ddf6875d5: Time spent bootstrapping tablet: real 0.017s	user 0.013s	sys 0.005s
I20260713 09:03:41.540414  6880 tablet_copy_service.cc:140] P 918496fd18c5408c9ad59b2a71c2b9c9: Received BeginTabletCopySession request for tablet 0dd722239c204836ab22fd5b9f9dd536 from peer f022a15e53024262a0dbe05ddf6875d5 ({username='slave'} at 127.0.0.1:40724)
I20260713 09:03:41.540832  6880 tablet_copy_service.cc:161] P 918496fd18c5408c9ad59b2a71c2b9c9: Beginning new tablet copy session on tablet 0dd722239c204836ab22fd5b9f9dd536 from peer f022a15e53024262a0dbe05ddf6875d5 at {username='slave'} at 127.0.0.1:40724: session id = f022a15e53024262a0dbe05ddf6875d5-0dd722239c204836ab22fd5b9f9dd536
I20260713 09:03:41.541898  7507 raft_consensus.cc:359] T 4e35f72bc03946c4995806780262d358 P f022a15e53024262a0dbe05ddf6875d5 [term 1 LEARNER]: Replica starting. Triggering 0 pending ops. Active config: opid_index: 2 OBSOLETE_local: false peers { permanent_uuid: "918496fd18c5408c9ad59b2a71c2b9c9" member_type: VOTER last_known_addr { host: "127.5.154.129" port: 35209 } attrs { replace: true } } peers { permanent_uuid: "eae444154b8c414587be0f26a1a4680e" member_type: VOTER last_known_addr { host: "127.5.154.130" port: 38903 } } peers { permanent_uuid: "6587d761649b43ff90884071de984782" member_type: VOTER last_known_addr { host: "127.5.154.131" port: 32895 } } peers { permanent_uuid: "f022a15e53024262a0dbe05ddf6875d5" member_type: NON_VOTER last_known_addr { host: "127.5.154.132" port: 36333 } attrs { promote: true } }
I20260713 09:03:41.542776  7507 raft_consensus.cc:740] T 4e35f72bc03946c4995806780262d358 P f022a15e53024262a0dbe05ddf6875d5 [term 1 LEARNER]: Becoming Follower/Learner. State: Replica: f022a15e53024262a0dbe05ddf6875d5, State: Initialized, Role: LEARNER
I20260713 09:03:41.543463  7507 consensus_queue.cc:260] T 4e35f72bc03946c4995806780262d358 P f022a15e53024262a0dbe05ddf6875d5 [NON_LEADER]: Queue going to NON_LEADER mode. State: All replicated index: 0, Majority replicated index: 0, Committed index: 2, Last appended: 1.2, Last appended by leader: 2, Current term: 0, Majority size: -1, State: 0, Mode: NON_LEADER, active raft config: opid_index: 2 OBSOLETE_local: false peers { permanent_uuid: "918496fd18c5408c9ad59b2a71c2b9c9" member_type: VOTER last_known_addr { host: "127.5.154.129" port: 35209 } attrs { replace: true } } peers { permanent_uuid: "eae444154b8c414587be0f26a1a4680e" member_type: VOTER last_known_addr { host: "127.5.154.130" port: 38903 } } peers { permanent_uuid: "6587d761649b43ff90884071de984782" member_type: VOTER last_known_addr { host: "127.5.154.131" port: 32895 } } peers { permanent_uuid: "f022a15e53024262a0dbe05ddf6875d5" member_type: NON_VOTER last_known_addr { host: "127.5.154.132" port: 36333 } attrs { promote: true } }
I20260713 09:03:41.547413  6880 tablet_copy_source_session.cc:215] T 0dd722239c204836ab22fd5b9f9dd536 P 918496fd18c5408c9ad59b2a71c2b9c9: Tablet Copy: opened 0 blocks and 1 log segments
I20260713 09:03:41.548139  7507 ts_tablet_manager.cc:1434] T 4e35f72bc03946c4995806780262d358 P f022a15e53024262a0dbe05ddf6875d5: Time spent starting tablet: real 0.009s	user 0.005s	sys 0.000s
I20260713 09:03:41.549808  7030 tablet_copy_service.cc:342] P 6587d761649b43ff90884071de984782: Request end of tablet copy session f022a15e53024262a0dbe05ddf6875d5-4e35f72bc03946c4995806780262d358 received from {username='slave'} at 127.0.0.1:54532
I20260713 09:03:41.550192  7030 tablet_copy_service.cc:434] P 6587d761649b43ff90884071de984782: ending tablet copy session f022a15e53024262a0dbe05ddf6875d5-4e35f72bc03946c4995806780262d358 on tablet 4e35f72bc03946c4995806780262d358 with peer f022a15e53024262a0dbe05ddf6875d5
I20260713 09:03:41.552538  7505 data_dirs.cc:400] Could only allocate 1 dirs of requested 3 for tablet 0dd722239c204836ab22fd5b9f9dd536. 1 dirs total, 0 dirs full, 0 dirs failed
I20260713 09:03:41.567783  7505 tablet_copy_client.cc:806] T 0dd722239c204836ab22fd5b9f9dd536 P f022a15e53024262a0dbe05ddf6875d5: tablet copy: Starting download of 0 data blocks...
I20260713 09:03:41.568408  7505 tablet_copy_client.cc:670] T 0dd722239c204836ab22fd5b9f9dd536 P f022a15e53024262a0dbe05ddf6875d5: tablet copy: Starting download of 1 WAL segments...
I20260713 09:03:41.571667  7505 tablet_copy_client.cc:538] T 0dd722239c204836ab22fd5b9f9dd536 P f022a15e53024262a0dbe05ddf6875d5: tablet copy: Tablet Copy complete. Replacing tablet superblock.
I20260713 09:03:41.580822  7505 tablet_bootstrap.cc:492] T 0dd722239c204836ab22fd5b9f9dd536 P f022a15e53024262a0dbe05ddf6875d5: Bootstrap starting.
I20260713 09:03:41.600258  7505 tablet_bootstrap.cc:492] T 0dd722239c204836ab22fd5b9f9dd536 P f022a15e53024262a0dbe05ddf6875d5: Bootstrap replayed 1/1 log segments. Stats: ops{read=2 overwritten=0 applied=2 ignored=0} inserts{seen=0 ignored=0} mutations{seen=0 ignored=0} orphaned_commits=0. Pending: 0 replicates
I20260713 09:03:41.601157  7505 tablet_bootstrap.cc:492] T 0dd722239c204836ab22fd5b9f9dd536 P f022a15e53024262a0dbe05ddf6875d5: Bootstrap complete.
I20260713 09:03:41.601792  7505 ts_tablet_manager.cc:1403] T 0dd722239c204836ab22fd5b9f9dd536 P f022a15e53024262a0dbe05ddf6875d5: Time spent bootstrapping tablet: real 0.021s	user 0.005s	sys 0.015s
I20260713 09:03:41.604635  7505 raft_consensus.cc:359] T 0dd722239c204836ab22fd5b9f9dd536 P f022a15e53024262a0dbe05ddf6875d5 [term 1 LEARNER]: Replica starting. Triggering 0 pending ops. Active config: opid_index: 2 OBSOLETE_local: false peers { permanent_uuid: "918496fd18c5408c9ad59b2a71c2b9c9" member_type: VOTER last_known_addr { host: "127.5.154.129" port: 35209 } } peers { permanent_uuid: "eae444154b8c414587be0f26a1a4680e" member_type: VOTER last_known_addr { host: "127.5.154.130" port: 38903 } attrs { replace: true } } peers { permanent_uuid: "6587d761649b43ff90884071de984782" member_type: VOTER last_known_addr { host: "127.5.154.131" port: 32895 } } peers { permanent_uuid: "f022a15e53024262a0dbe05ddf6875d5" member_type: NON_VOTER last_known_addr { host: "127.5.154.132" port: 36333 } attrs { promote: true } }
I20260713 09:03:41.605446  7505 raft_consensus.cc:740] T 0dd722239c204836ab22fd5b9f9dd536 P f022a15e53024262a0dbe05ddf6875d5 [term 1 LEARNER]: Becoming Follower/Learner. State: Replica: f022a15e53024262a0dbe05ddf6875d5, State: Initialized, Role: LEARNER
I20260713 09:03:41.606043  7505 consensus_queue.cc:260] T 0dd722239c204836ab22fd5b9f9dd536 P f022a15e53024262a0dbe05ddf6875d5 [NON_LEADER]: Queue going to NON_LEADER mode. State: All replicated index: 0, Majority replicated index: 0, Committed index: 2, Last appended: 1.2, Last appended by leader: 2, Current term: 0, Majority size: -1, State: 0, Mode: NON_LEADER, active raft config: opid_index: 2 OBSOLETE_local: false peers { permanent_uuid: "918496fd18c5408c9ad59b2a71c2b9c9" member_type: VOTER last_known_addr { host: "127.5.154.129" port: 35209 } } peers { permanent_uuid: "eae444154b8c414587be0f26a1a4680e" member_type: VOTER last_known_addr { host: "127.5.154.130" port: 38903 } attrs { replace: true } } peers { permanent_uuid: "6587d761649b43ff90884071de984782" member_type: VOTER last_known_addr { host: "127.5.154.131" port: 32895 } } peers { permanent_uuid: "f022a15e53024262a0dbe05ddf6875d5" member_type: NON_VOTER last_known_addr { host: "127.5.154.132" port: 36333 } attrs { promote: true } }
I20260713 09:03:41.608405  7505 ts_tablet_manager.cc:1434] T 0dd722239c204836ab22fd5b9f9dd536 P f022a15e53024262a0dbe05ddf6875d5: Time spent starting tablet: real 0.006s	user 0.004s	sys 0.004s
I20260713 09:03:41.610159  6880 tablet_copy_service.cc:342] P 918496fd18c5408c9ad59b2a71c2b9c9: Request end of tablet copy session f022a15e53024262a0dbe05ddf6875d5-0dd722239c204836ab22fd5b9f9dd536 received from {username='slave'} at 127.0.0.1:40724
I20260713 09:03:41.610582  6880 tablet_copy_service.cc:434] P 918496fd18c5408c9ad59b2a71c2b9c9: ending tablet copy session f022a15e53024262a0dbe05ddf6875d5-0dd722239c204836ab22fd5b9f9dd536 on tablet 0dd722239c204836ab22fd5b9f9dd536 with peer f022a15e53024262a0dbe05ddf6875d5
I20260713 09:03:41.764670  7300 raft_consensus.cc:1217] T 17e1e3cd323c44e3ab87858a34aac542 P f022a15e53024262a0dbe05ddf6875d5 [term 1 LEARNER]: Deduplicated request from leader. Original: 1.1->[1.2-1.2]   Dedup: 1.2->[]
I20260713 09:03:41.809083  7300 raft_consensus.cc:1217] T 6f67db2fe2414621ad761548c67ab4ee P f022a15e53024262a0dbe05ddf6875d5 [term 1 LEARNER]: Deduplicated request from leader. Original: 1.1->[1.2-1.2]   Dedup: 1.2->[]
I20260713 09:03:41.947029  7300 raft_consensus.cc:1217] T 0dd722239c204836ab22fd5b9f9dd536 P f022a15e53024262a0dbe05ddf6875d5 [term 1 LEARNER]: Deduplicated request from leader. Original: 1.1->[1.2-1.2]   Dedup: 1.2->[]
I20260713 09:03:41.998349  7300 raft_consensus.cc:1217] T 4e35f72bc03946c4995806780262d358 P f022a15e53024262a0dbe05ddf6875d5 [term 1 LEARNER]: Deduplicated request from leader. Original: 1.1->[1.2-1.2]   Dedup: 1.2->[]
I20260713 09:03:42.383639  7516 raft_consensus.cc:1064] T 17e1e3cd323c44e3ab87858a34aac542 P 918496fd18c5408c9ad59b2a71c2b9c9: attempting to promote NON_VOTER f022a15e53024262a0dbe05ddf6875d5 to VOTER
