I20260713 09:03:12.509989 11725 raft_consensus.cc:1081] T 901a05ee863441ee9c6e9204ef52a148 P 9a1a2770af9740e889eb741f8feea2ea [term 3 LEADER]: Signalling peer c301b4ca2986402f850d226d1cce95b7 to start an election
I20260713 09:03:12.511826 11395 tablet_service.cc:2044] Received Run Leader Election RPC: tablet_id: "901a05ee863441ee9c6e9204ef52a148"
dest_uuid: "c301b4ca2986402f850d226d1cce95b7"
 from {username='slave'} at 127.0.0.1:46186
I20260713 09:03:12.512459 11395 raft_consensus.cc:493] T 901a05ee863441ee9c6e9204ef52a148 P c301b4ca2986402f850d226d1cce95b7 [term 3 FOLLOWER]: Starting forced leader election (received explicit request)
I20260713 09:03:12.512842 11395 raft_consensus.cc:3060] T 901a05ee863441ee9c6e9204ef52a148 P c301b4ca2986402f850d226d1cce95b7 [term 3 FOLLOWER]: Advancing to term 4
I20260713 09:03:12.513950 11396 raft_consensus.cc:515] T e6ee6f72490e42fa80e818f8108d8227 P c301b4ca2986402f850d226d1cce95b7 [term 3 FOLLOWER]: Starting forced leader election with config: opid_index: -1 OBSOLETE_local: false peers { permanent_uuid: "c301b4ca2986402f850d226d1cce95b7" member_type: VOTER last_known_addr { host: "127.10.255.65" port: 34217 } } peers { permanent_uuid: "9a1a2770af9740e889eb741f8feea2ea" member_type: VOTER last_known_addr { host: "127.10.255.66" port: 39505 } } peers { permanent_uuid: "080fed9fba9b485da0f6fe92f6355522" member_type: VOTER last_known_addr { host: "127.10.255.67" port: 35285 } }
I20260713 09:03:12.517298 11396 leader_election.cc:290] T e6ee6f72490e42fa80e818f8108d8227 P c301b4ca2986402f850d226d1cce95b7 [CANDIDATE]: Term 3 election: Requested vote from peers 9a1a2770af9740e889eb741f8feea2ea (127.10.255.66:39505), 080fed9fba9b485da0f6fe92f6355522 (127.10.255.67:35285)
I20260713 09:03:12.518307 11545 tablet_service.cc:1917] Received RequestConsensusVote() RPC: tablet_id: "e6ee6f72490e42fa80e818f8108d8227" candidate_uuid: "c301b4ca2986402f850d226d1cce95b7" candidate_term: 3 candidate_status { last_received { term: 2 index: 2 } } ignore_live_leader: true dest_uuid: "080fed9fba9b485da0f6fe92f6355522"
I20260713 09:03:12.518996 11545 raft_consensus.cc:3060] T e6ee6f72490e42fa80e818f8108d8227 P 080fed9fba9b485da0f6fe92f6355522 [term 2 FOLLOWER]: Advancing to term 3
I20260713 09:03:12.525665 11469 tablet_service.cc:1917] Received RequestConsensusVote() RPC: tablet_id: "e6ee6f72490e42fa80e818f8108d8227" candidate_uuid: "c301b4ca2986402f850d226d1cce95b7" candidate_term: 3 candidate_status { last_received { term: 2 index: 2 } } ignore_live_leader: true dest_uuid: "9a1a2770af9740e889eb741f8feea2ea"
I20260713 09:03:12.526221 11469 raft_consensus.cc:3055] T e6ee6f72490e42fa80e818f8108d8227 P 9a1a2770af9740e889eb741f8feea2ea [term 2 LEADER]: Stepping down as leader of term 2
I20260713 09:03:12.526494 11469 raft_consensus.cc:740] T e6ee6f72490e42fa80e818f8108d8227 P 9a1a2770af9740e889eb741f8feea2ea [term 2 LEADER]: Becoming Follower/Learner. State: Replica: 9a1a2770af9740e889eb741f8feea2ea, State: Running, Role: LEADER
I20260713 09:03:12.527230 11469 consensus_queue.cc:260] T e6ee6f72490e42fa80e818f8108d8227 P 9a1a2770af9740e889eb741f8feea2ea [NON_LEADER]: Queue going to NON_LEADER mode. State: All replicated index: 0, Majority replicated index: 2, Committed index: 2, Last appended: 2.2, Last appended by leader: 2, Current term: 2, Majority size: -1, State: 0, Mode: NON_LEADER, active raft config: opid_index: -1 OBSOLETE_local: false peers { permanent_uuid: "c301b4ca2986402f850d226d1cce95b7" member_type: VOTER last_known_addr { host: "127.10.255.65" port: 34217 } } peers { permanent_uuid: "9a1a2770af9740e889eb741f8feea2ea" member_type: VOTER last_known_addr { host: "127.10.255.66" port: 39505 } } peers { permanent_uuid: "080fed9fba9b485da0f6fe92f6355522" member_type: VOTER last_known_addr { host: "127.10.255.67" port: 35285 } }
I20260713 09:03:12.528400 11469 raft_consensus.cc:3060] T e6ee6f72490e42fa80e818f8108d8227 P 9a1a2770af9740e889eb741f8feea2ea [term 2 FOLLOWER]: Advancing to term 3
I20260713 09:03:12.523861 11545 raft_consensus.cc:2468] T e6ee6f72490e42fa80e818f8108d8227 P 080fed9fba9b485da0f6fe92f6355522 [term 3 FOLLOWER]: Leader election vote request: Granting yes vote for candidate c301b4ca2986402f850d226d1cce95b7 in term 3.
I20260713 09:03:12.531872 11359 leader_election.cc:304] T e6ee6f72490e42fa80e818f8108d8227 P c301b4ca2986402f850d226d1cce95b7 [CANDIDATE]: Term 3 election: Election decided. Result: candidate won. Election summary: received 2 responses out of 3 voters: 2 yes votes; 0 no votes. yes voters: 080fed9fba9b485da0f6fe92f6355522, c301b4ca2986402f850d226d1cce95b7; no voters: 
I20260713 09:03:12.535626 11469 raft_consensus.cc:2468] T e6ee6f72490e42fa80e818f8108d8227 P 9a1a2770af9740e889eb741f8feea2ea [term 3 FOLLOWER]: Leader election vote request: Granting yes vote for candidate c301b4ca2986402f850d226d1cce95b7 in term 3.
I20260713 09:03:12.539680 11395 raft_consensus.cc:515] T 901a05ee863441ee9c6e9204ef52a148 P c301b4ca2986402f850d226d1cce95b7 [term 4 FOLLOWER]: Starting forced leader election with config: opid_index: -1 OBSOLETE_local: false peers { permanent_uuid: "c301b4ca2986402f850d226d1cce95b7" member_type: VOTER last_known_addr { host: "127.10.255.65" port: 34217 } } peers { permanent_uuid: "9a1a2770af9740e889eb741f8feea2ea" member_type: VOTER last_known_addr { host: "127.10.255.66" port: 39505 } } peers { permanent_uuid: "080fed9fba9b485da0f6fe92f6355522" member_type: VOTER last_known_addr { host: "127.10.255.67" port: 35285 } }
I20260713 09:03:12.541144 11731 raft_consensus.cc:2804] T e6ee6f72490e42fa80e818f8108d8227 P c301b4ca2986402f850d226d1cce95b7 [term 3 FOLLOWER]: Leader election won for term 3
I20260713 09:03:12.544034 11469 tablet_service.cc:1917] Received RequestConsensusVote() RPC: tablet_id: "901a05ee863441ee9c6e9204ef52a148" candidate_uuid: "c301b4ca2986402f850d226d1cce95b7" candidate_term: 4 candidate_status { last_received { term: 3 index: 3 } } ignore_live_leader: true dest_uuid: "9a1a2770af9740e889eb741f8feea2ea"
I20260713 09:03:12.544752 11469 raft_consensus.cc:3055] T 901a05ee863441ee9c6e9204ef52a148 P 9a1a2770af9740e889eb741f8feea2ea [term 3 LEADER]: Stepping down as leader of term 3
I20260713 09:03:12.545104 11469 raft_consensus.cc:740] T 901a05ee863441ee9c6e9204ef52a148 P 9a1a2770af9740e889eb741f8feea2ea [term 3 LEADER]: Becoming Follower/Learner. State: Replica: 9a1a2770af9740e889eb741f8feea2ea, State: Running, Role: LEADER
I20260713 09:03:12.546061 11469 consensus_queue.cc:260] T 901a05ee863441ee9c6e9204ef52a148 P 9a1a2770af9740e889eb741f8feea2ea [NON_LEADER]: Queue going to NON_LEADER mode. State: All replicated index: 0, Majority replicated index: 3, Committed index: 3, Last appended: 3.3, Last appended by leader: 3, Current term: 3, Majority size: -1, State: 0, Mode: NON_LEADER, active raft config: opid_index: -1 OBSOLETE_local: false peers { permanent_uuid: "c301b4ca2986402f850d226d1cce95b7" member_type: VOTER last_known_addr { host: "127.10.255.65" port: 34217 } } peers { permanent_uuid: "9a1a2770af9740e889eb741f8feea2ea" member_type: VOTER last_known_addr { host: "127.10.255.66" port: 39505 } } peers { permanent_uuid: "080fed9fba9b485da0f6fe92f6355522" member_type: VOTER last_known_addr { host: "127.10.255.67" port: 35285 } }
I20260713 09:03:12.547369 11469 raft_consensus.cc:3060] T 901a05ee863441ee9c6e9204ef52a148 P 9a1a2770af9740e889eb741f8feea2ea [term 3 FOLLOWER]: Advancing to term 4
I20260713 09:03:12.551649 11545 tablet_service.cc:1917] Received RequestConsensusVote() RPC: tablet_id: "901a05ee863441ee9c6e9204ef52a148" candidate_uuid: "c301b4ca2986402f850d226d1cce95b7" candidate_term: 4 candidate_status { last_received { term: 3 index: 3 } } ignore_live_leader: true dest_uuid: "080fed9fba9b485da0f6fe92f6355522"
I20260713 09:03:12.552317 11545 raft_consensus.cc:3060] T 901a05ee863441ee9c6e9204ef52a148 P 080fed9fba9b485da0f6fe92f6355522 [term 3 FOLLOWER]: Advancing to term 4
I20260713 09:03:12.560065 11469 raft_consensus.cc:2468] T 901a05ee863441ee9c6e9204ef52a148 P 9a1a2770af9740e889eb741f8feea2ea [term 4 FOLLOWER]: Leader election vote request: Granting yes vote for candidate c301b4ca2986402f850d226d1cce95b7 in term 4.
I20260713 09:03:12.561256 11395 leader_election.cc:290] T 901a05ee863441ee9c6e9204ef52a148 P c301b4ca2986402f850d226d1cce95b7 [CANDIDATE]: Term 4 election: Requested vote from peers 9a1a2770af9740e889eb741f8feea2ea (127.10.255.66:39505), 080fed9fba9b485da0f6fe92f6355522 (127.10.255.67:35285)
I20260713 09:03:12.561751 11361 leader_election.cc:304] T 901a05ee863441ee9c6e9204ef52a148 P c301b4ca2986402f850d226d1cce95b7 [CANDIDATE]: Term 4 election: Election decided. Result: candidate won. Election summary: received 2 responses out of 3 voters: 2 yes votes; 0 no votes. yes voters: 9a1a2770af9740e889eb741f8feea2ea, c301b4ca2986402f850d226d1cce95b7; no voters: 
I20260713 09:03:12.563022 11545 raft_consensus.cc:2468] T 901a05ee863441ee9c6e9204ef52a148 P 080fed9fba9b485da0f6fe92f6355522 [term 4 FOLLOWER]: Leader election vote request: Granting yes vote for candidate c301b4ca2986402f850d226d1cce95b7 in term 4.
I20260713 09:03:12.564764 11731 raft_consensus.cc:697] T e6ee6f72490e42fa80e818f8108d8227 P c301b4ca2986402f850d226d1cce95b7 [term 3 LEADER]: Becoming Leader. State: Replica: c301b4ca2986402f850d226d1cce95b7, State: Running, Role: LEADER
I20260713 09:03:12.565408 11733 raft_consensus.cc:2804] T 901a05ee863441ee9c6e9204ef52a148 P c301b4ca2986402f850d226d1cce95b7 [term 4 FOLLOWER]: Leader election won for term 4
I20260713 09:03:12.565923 11733 raft_consensus.cc:697] T 901a05ee863441ee9c6e9204ef52a148 P c301b4ca2986402f850d226d1cce95b7 [term 4 LEADER]: Becoming Leader. State: Replica: c301b4ca2986402f850d226d1cce95b7, State: Running, Role: LEADER
I20260713 09:03:12.565785 11731 consensus_queue.cc:237] T e6ee6f72490e42fa80e818f8108d8227 P c301b4ca2986402f850d226d1cce95b7 [LEADER]: Queue going to LEADER mode. State: All replicated index: 0, Majority replicated index: 2, Committed index: 2, Last appended: 2.2, Last appended by leader: 2, Current term: 3, Majority size: 2, State: 0, Mode: LEADER, active raft config: opid_index: -1 OBSOLETE_local: false peers { permanent_uuid: "c301b4ca2986402f850d226d1cce95b7" member_type: VOTER last_known_addr { host: "127.10.255.65" port: 34217 } } peers { permanent_uuid: "9a1a2770af9740e889eb741f8feea2ea" member_type: VOTER last_known_addr { host: "127.10.255.66" port: 39505 } } peers { permanent_uuid: "080fed9fba9b485da0f6fe92f6355522" member_type: VOTER last_known_addr { host: "127.10.255.67" port: 35285 } }
I20260713 09:03:12.566912 11733 consensus_queue.cc:237] T 901a05ee863441ee9c6e9204ef52a148 P c301b4ca2986402f850d226d1cce95b7 [LEADER]: Queue going to LEADER mode. State: All replicated index: 0, Majority replicated index: 3, Committed index: 3, Last appended: 3.3, Last appended by leader: 3, Current term: 4, Majority size: 2, State: 0, Mode: LEADER, active raft config: opid_index: -1 OBSOLETE_local: false peers { permanent_uuid: "c301b4ca2986402f850d226d1cce95b7" member_type: VOTER last_known_addr { host: "127.10.255.65" port: 34217 } } peers { permanent_uuid: "9a1a2770af9740e889eb741f8feea2ea" member_type: VOTER last_known_addr { host: "127.10.255.66" port: 39505 } } peers { permanent_uuid: "080fed9fba9b485da0f6fe92f6355522" member_type: VOTER last_known_addr { host: "127.10.255.67" port: 35285 } }
I20260713 09:03:12.576850 11290 catalog_manager.cc:5697] T e6ee6f72490e42fa80e818f8108d8227 P c301b4ca2986402f850d226d1cce95b7 reported cstate change: term changed from 2 to 3, leader changed from 9a1a2770af9740e889eb741f8feea2ea (127.10.255.66) to c301b4ca2986402f850d226d1cce95b7 (127.10.255.65). New cstate: current_term: 3 leader_uuid: "c301b4ca2986402f850d226d1cce95b7" committed_config { opid_index: -1 OBSOLETE_local: false peers { permanent_uuid: "c301b4ca2986402f850d226d1cce95b7" member_type: VOTER last_known_addr { host: "127.10.255.65" port: 34217 } health_report { overall_health: HEALTHY } } peers { permanent_uuid: "9a1a2770af9740e889eb741f8feea2ea" member_type: VOTER last_known_addr { host: "127.10.255.66" port: 39505 } health_report { overall_health: UNKNOWN } } peers { permanent_uuid: "080fed9fba9b485da0f6fe92f6355522" member_type: VOTER last_known_addr { host: "127.10.255.67" port: 35285 } health_report { overall_health: UNKNOWN } } }
I20260713 09:03:12.588981 11290 catalog_manager.cc:5697] T 901a05ee863441ee9c6e9204ef52a148 P c301b4ca2986402f850d226d1cce95b7 reported cstate change: term changed from 3 to 4, leader changed from 9a1a2770af9740e889eb741f8feea2ea (127.10.255.66) to c301b4ca2986402f850d226d1cce95b7 (127.10.255.65). New cstate: current_term: 4 leader_uuid: "c301b4ca2986402f850d226d1cce95b7" committed_config { opid_index: -1 OBSOLETE_local: false peers { permanent_uuid: "c301b4ca2986402f850d226d1cce95b7" member_type: VOTER last_known_addr { host: "127.10.255.65" port: 34217 } health_report { overall_health: HEALTHY } } peers { permanent_uuid: "9a1a2770af9740e889eb741f8feea2ea" member_type: VOTER last_known_addr { host: "127.10.255.66" port: 39505 } health_report { overall_health: UNKNOWN } } peers { permanent_uuid: "080fed9fba9b485da0f6fe92f6355522" member_type: VOTER last_known_addr { host: "127.10.255.67" port: 35285 } health_report { overall_health: UNKNOWN } } }
I20260713 09:03:12.640314 11725 raft_consensus.cc:993] T db280a09cf3c4794af027959fb7c72ff P 9a1a2770af9740e889eb741f8feea2ea: : Instructing follower c301b4ca2986402f850d226d1cce95b7 to start an election
I20260713 09:03:12.640827 11690 raft_consensus.cc:1081] T db280a09cf3c4794af027959fb7c72ff P 9a1a2770af9740e889eb741f8feea2ea [term 1 LEADER]: Signalling peer c301b4ca2986402f850d226d1cce95b7 to start an election
I20260713 09:03:12.642184 11395 tablet_service.cc:2044] Received Run Leader Election RPC: tablet_id: "db280a09cf3c4794af027959fb7c72ff"
dest_uuid: "c301b4ca2986402f850d226d1cce95b7"
 from {username='slave'} at 127.0.0.1:46186
I20260713 09:03:12.642652 11395 raft_consensus.cc:493] T db280a09cf3c4794af027959fb7c72ff P c301b4ca2986402f850d226d1cce95b7 [term 1 FOLLOWER]: Starting forced leader election (received explicit request)
I20260713 09:03:12.642946 11395 raft_consensus.cc:3060] T db280a09cf3c4794af027959fb7c72ff P c301b4ca2986402f850d226d1cce95b7 [term 1 FOLLOWER]: Advancing to term 2
I20260713 09:03:12.647378 11395 raft_consensus.cc:515] T db280a09cf3c4794af027959fb7c72ff P c301b4ca2986402f850d226d1cce95b7 [term 2 FOLLOWER]: Starting forced leader election with config: opid_index: -1 OBSOLETE_local: false peers { permanent_uuid: "c301b4ca2986402f850d226d1cce95b7" member_type: VOTER last_known_addr { host: "127.10.255.65" port: 34217 } } peers { permanent_uuid: "9a1a2770af9740e889eb741f8feea2ea" member_type: VOTER last_known_addr { host: "127.10.255.66" port: 39505 } } peers { permanent_uuid: "080fed9fba9b485da0f6fe92f6355522" member_type: VOTER last_known_addr { host: "127.10.255.67" port: 35285 } }
I20260713 09:03:12.648984 11395 leader_election.cc:290] T db280a09cf3c4794af027959fb7c72ff P c301b4ca2986402f850d226d1cce95b7 [CANDIDATE]: Term 2 election: Requested vote from peers 9a1a2770af9740e889eb741f8feea2ea (127.10.255.66:39505), 080fed9fba9b485da0f6fe92f6355522 (127.10.255.67:35285)
I20260713 09:03:12.649811 11469 tablet_service.cc:1917] Received RequestConsensusVote() RPC: tablet_id: "db280a09cf3c4794af027959fb7c72ff" candidate_uuid: "c301b4ca2986402f850d226d1cce95b7" candidate_term: 2 candidate_status { last_received { term: 1 index: 1 } } ignore_live_leader: true dest_uuid: "9a1a2770af9740e889eb741f8feea2ea"
I20260713 09:03:12.650077 11544 tablet_service.cc:1917] Received RequestConsensusVote() RPC: tablet_id: "db280a09cf3c4794af027959fb7c72ff" candidate_uuid: "c301b4ca2986402f850d226d1cce95b7" candidate_term: 2 candidate_status { last_received { term: 1 index: 1 } } ignore_live_leader: true dest_uuid: "080fed9fba9b485da0f6fe92f6355522"
I20260713 09:03:12.650400 11469 raft_consensus.cc:3055] T db280a09cf3c4794af027959fb7c72ff P 9a1a2770af9740e889eb741f8feea2ea [term 1 LEADER]: Stepping down as leader of term 1
I20260713 09:03:12.650638 11544 raft_consensus.cc:3060] T db280a09cf3c4794af027959fb7c72ff P 080fed9fba9b485da0f6fe92f6355522 [term 1 FOLLOWER]: Advancing to term 2
I20260713 09:03:12.650733 11469 raft_consensus.cc:740] T db280a09cf3c4794af027959fb7c72ff P 9a1a2770af9740e889eb741f8feea2ea [term 1 LEADER]: Becoming Follower/Learner. State: Replica: 9a1a2770af9740e889eb741f8feea2ea, State: Running, Role: LEADER
I20260713 09:03:12.651614 11469 consensus_queue.cc:260] T db280a09cf3c4794af027959fb7c72ff P 9a1a2770af9740e889eb741f8feea2ea [NON_LEADER]: Queue going to NON_LEADER mode. State: All replicated index: 0, Majority replicated index: 1, Committed index: 1, Last appended: 1.1, Last appended by leader: 1, Current term: 1, Majority size: -1, State: 0, Mode: NON_LEADER, active raft config: opid_index: -1 OBSOLETE_local: false peers { permanent_uuid: "c301b4ca2986402f850d226d1cce95b7" member_type: VOTER last_known_addr { host: "127.10.255.65" port: 34217 } } peers { permanent_uuid: "9a1a2770af9740e889eb741f8feea2ea" member_type: VOTER last_known_addr { host: "127.10.255.66" port: 39505 } } peers { permanent_uuid: "080fed9fba9b485da0f6fe92f6355522" member_type: VOTER last_known_addr { host: "127.10.255.67" port: 35285 } }
I20260713 09:03:12.652688 11469 raft_consensus.cc:3060] T db280a09cf3c4794af027959fb7c72ff P 9a1a2770af9740e889eb741f8feea2ea [term 1 FOLLOWER]: Advancing to term 2
I20260713 09:03:12.655570 11544 raft_consensus.cc:2468] T db280a09cf3c4794af027959fb7c72ff P 080fed9fba9b485da0f6fe92f6355522 [term 2 FOLLOWER]: Leader election vote request: Granting yes vote for candidate c301b4ca2986402f850d226d1cce95b7 in term 2.
I20260713 09:03:12.657137 11359 leader_election.cc:304] T db280a09cf3c4794af027959fb7c72ff P c301b4ca2986402f850d226d1cce95b7 [CANDIDATE]: Term 2 election: Election decided. Result: candidate won. Election summary: received 2 responses out of 3 voters: 2 yes votes; 0 no votes. yes voters: 080fed9fba9b485da0f6fe92f6355522, c301b4ca2986402f850d226d1cce95b7; no voters: 
I20260713 09:03:12.657822 11733 raft_consensus.cc:2804] T db280a09cf3c4794af027959fb7c72ff P c301b4ca2986402f850d226d1cce95b7 [term 2 FOLLOWER]: Leader election won for term 2
I20260713 09:03:12.658231 11733 raft_consensus.cc:697] T db280a09cf3c4794af027959fb7c72ff P c301b4ca2986402f850d226d1cce95b7 [term 2 LEADER]: Becoming Leader. State: Replica: c301b4ca2986402f850d226d1cce95b7, State: Running, Role: LEADER
I20260713 09:03:12.658968 11733 consensus_queue.cc:237] T db280a09cf3c4794af027959fb7c72ff P c301b4ca2986402f850d226d1cce95b7 [LEADER]: Queue going to LEADER mode. State: All replicated index: 0, Majority replicated index: 1, Committed index: 1, Last appended: 1.1, Last appended by leader: 1, Current term: 2, Majority size: 2, State: 0, Mode: LEADER, active raft config: opid_index: -1 OBSOLETE_local: false peers { permanent_uuid: "c301b4ca2986402f850d226d1cce95b7" member_type: VOTER last_known_addr { host: "127.10.255.65" port: 34217 } } peers { permanent_uuid: "9a1a2770af9740e889eb741f8feea2ea" member_type: VOTER last_known_addr { host: "127.10.255.66" port: 39505 } } peers { permanent_uuid: "080fed9fba9b485da0f6fe92f6355522" member_type: VOTER last_known_addr { host: "127.10.255.67" port: 35285 } }
I20260713 09:03:12.659404 11469 raft_consensus.cc:2468] T db280a09cf3c4794af027959fb7c72ff P 9a1a2770af9740e889eb741f8feea2ea [term 2 FOLLOWER]: Leader election vote request: Granting yes vote for candidate c301b4ca2986402f850d226d1cce95b7 in term 2.
I20260713 09:03:12.666540 11290 catalog_manager.cc:5697] T db280a09cf3c4794af027959fb7c72ff P c301b4ca2986402f850d226d1cce95b7 reported cstate change: term changed from 1 to 2, leader changed from 9a1a2770af9740e889eb741f8feea2ea (127.10.255.66) to c301b4ca2986402f850d226d1cce95b7 (127.10.255.65). New cstate: current_term: 2 leader_uuid: "c301b4ca2986402f850d226d1cce95b7" committed_config { opid_index: -1 OBSOLETE_local: false peers { permanent_uuid: "c301b4ca2986402f850d226d1cce95b7" member_type: VOTER last_known_addr { host: "127.10.255.65" port: 34217 } health_report { overall_health: HEALTHY } } peers { permanent_uuid: "9a1a2770af9740e889eb741f8feea2ea" member_type: VOTER last_known_addr { host: "127.10.255.66" port: 39505 } health_report { overall_health: UNKNOWN } } peers { permanent_uuid: "080fed9fba9b485da0f6fe92f6355522" member_type: VOTER last_known_addr { host: "127.10.255.67" port: 35285 } health_report { overall_health: UNKNOWN } } }
I20260713 09:03:12.771589 11725 raft_consensus.cc:993] T 9fe4a30d488b4a9eaf5c311e984b13d5 P 9a1a2770af9740e889eb741f8feea2ea: : Instructing follower 080fed9fba9b485da0f6fe92f6355522 to start an election
I20260713 09:03:12.772053 11690 raft_consensus.cc:1081] T 9fe4a30d488b4a9eaf5c311e984b13d5 P 9a1a2770af9740e889eb741f8feea2ea [term 3 LEADER]: Signalling peer 080fed9fba9b485da0f6fe92f6355522 to start an election
I20260713 09:03:12.773593 11544 tablet_service.cc:2044] Received Run Leader Election RPC: tablet_id: "9fe4a30d488b4a9eaf5c311e984b13d5"
dest_uuid: "080fed9fba9b485da0f6fe92f6355522"
 from {username='slave'} at 127.0.0.1:48264
I20260713 09:03:12.774065 11544 raft_consensus.cc:493] T 9fe4a30d488b4a9eaf5c311e984b13d5 P 080fed9fba9b485da0f6fe92f6355522 [term 3 FOLLOWER]: Starting forced leader election (received explicit request)
I20260713 09:03:12.774372 11544 raft_consensus.cc:3060] T 9fe4a30d488b4a9eaf5c311e984b13d5 P 080fed9fba9b485da0f6fe92f6355522 [term 3 FOLLOWER]: Advancing to term 4
I20260713 09:03:12.778650 11544 raft_consensus.cc:515] T 9fe4a30d488b4a9eaf5c311e984b13d5 P 080fed9fba9b485da0f6fe92f6355522 [term 4 FOLLOWER]: Starting forced leader election with config: opid_index: -1 OBSOLETE_local: false peers { permanent_uuid: "c301b4ca2986402f850d226d1cce95b7" member_type: VOTER last_known_addr { host: "127.10.255.65" port: 34217 } } peers { permanent_uuid: "9a1a2770af9740e889eb741f8feea2ea" member_type: VOTER last_known_addr { host: "127.10.255.66" port: 39505 } } peers { permanent_uuid: "080fed9fba9b485da0f6fe92f6355522" member_type: VOTER last_known_addr { host: "127.10.255.67" port: 35285 } }
I20260713 09:03:12.780300 11544 leader_election.cc:290] T 9fe4a30d488b4a9eaf5c311e984b13d5 P 080fed9fba9b485da0f6fe92f6355522 [CANDIDATE]: Term 4 election: Requested vote from peers c301b4ca2986402f850d226d1cce95b7 (127.10.255.65:34217), 9a1a2770af9740e889eb741f8feea2ea (127.10.255.66:39505)
I20260713 09:03:12.781088 11395 tablet_service.cc:1917] Received RequestConsensusVote() RPC: tablet_id: "9fe4a30d488b4a9eaf5c311e984b13d5" candidate_uuid: "080fed9fba9b485da0f6fe92f6355522" candidate_term: 4 candidate_status { last_received { term: 3 index: 3 } } ignore_live_leader: true dest_uuid: "c301b4ca2986402f850d226d1cce95b7"
I20260713 09:03:12.781486 11469 tablet_service.cc:1917] Received RequestConsensusVote() RPC: tablet_id: "9fe4a30d488b4a9eaf5c311e984b13d5" candidate_uuid: "080fed9fba9b485da0f6fe92f6355522" candidate_term: 4 candidate_status { last_received { term: 3 index: 3 } } ignore_live_leader: true dest_uuid: "9a1a2770af9740e889eb741f8feea2ea"
I20260713 09:03:12.781683 11395 raft_consensus.cc:3060] T 9fe4a30d488b4a9eaf5c311e984b13d5 P c301b4ca2986402f850d226d1cce95b7 [term 3 FOLLOWER]: Advancing to term 4
I20260713 09:03:12.781992 11469 raft_consensus.cc:3055] T 9fe4a30d488b4a9eaf5c311e984b13d5 P 9a1a2770af9740e889eb741f8feea2ea [term 3 LEADER]: Stepping down as leader of term 3
I20260713 09:03:12.782299 11469 raft_consensus.cc:740] T 9fe4a30d488b4a9eaf5c311e984b13d5 P 9a1a2770af9740e889eb741f8feea2ea [term 3 LEADER]: Becoming Follower/Learner. State: Replica: 9a1a2770af9740e889eb741f8feea2ea, State: Running, Role: LEADER
I20260713 09:03:12.783010 11469 consensus_queue.cc:260] T 9fe4a30d488b4a9eaf5c311e984b13d5 P 9a1a2770af9740e889eb741f8feea2ea [NON_LEADER]: Queue going to NON_LEADER mode. State: All replicated index: 0, Majority replicated index: 3, Committed index: 3, Last appended: 3.3, Last appended by leader: 3, Current term: 3, Majority size: -1, State: 0, Mode: NON_LEADER, active raft config: opid_index: -1 OBSOLETE_local: false peers { permanent_uuid: "c301b4ca2986402f850d226d1cce95b7" member_type: VOTER last_known_addr { host: "127.10.255.65" port: 34217 } } peers { permanent_uuid: "9a1a2770af9740e889eb741f8feea2ea" member_type: VOTER last_known_addr { host: "127.10.255.66" port: 39505 } } peers { permanent_uuid: "080fed9fba9b485da0f6fe92f6355522" member_type: VOTER last_known_addr { host: "127.10.255.67" port: 35285 } }
I20260713 09:03:12.784083 11469 raft_consensus.cc:3060] T 9fe4a30d488b4a9eaf5c311e984b13d5 P 9a1a2770af9740e889eb741f8feea2ea [term 3 FOLLOWER]: Advancing to term 4
I20260713 09:03:12.788041 11395 raft_consensus.cc:2468] T 9fe4a30d488b4a9eaf5c311e984b13d5 P c301b4ca2986402f850d226d1cce95b7 [term 4 FOLLOWER]: Leader election vote request: Granting yes vote for candidate 080fed9fba9b485da0f6fe92f6355522 in term 4.
I20260713 09:03:12.789273 11509 leader_election.cc:304] T 9fe4a30d488b4a9eaf5c311e984b13d5 P 080fed9fba9b485da0f6fe92f6355522 [CANDIDATE]: Term 4 election: Election decided. Result: candidate won. Election summary: received 2 responses out of 3 voters: 2 yes votes; 0 no votes. yes voters: 080fed9fba9b485da0f6fe92f6355522, c301b4ca2986402f850d226d1cce95b7; no voters: 
I20260713 09:03:12.790153 11469 raft_consensus.cc:2468] T 9fe4a30d488b4a9eaf5c311e984b13d5 P 9a1a2770af9740e889eb741f8feea2ea [term 4 FOLLOWER]: Leader election vote request: Granting yes vote for candidate 080fed9fba9b485da0f6fe92f6355522 in term 4.
I20260713 09:03:12.790091 11695 raft_consensus.cc:2804] T 9fe4a30d488b4a9eaf5c311e984b13d5 P 080fed9fba9b485da0f6fe92f6355522 [term 4 FOLLOWER]: Leader election won for term 4
I20260713 09:03:12.790825 11695 raft_consensus.cc:697] T 9fe4a30d488b4a9eaf5c311e984b13d5 P 080fed9fba9b485da0f6fe92f6355522 [term 4 LEADER]: Becoming Leader. State: Replica: 080fed9fba9b485da0f6fe92f6355522, State: Running, Role: LEADER
I20260713 09:03:12.791851 11695 consensus_queue.cc:237] T 9fe4a30d488b4a9eaf5c311e984b13d5 P 080fed9fba9b485da0f6fe92f6355522 [LEADER]: Queue going to LEADER mode. State: All replicated index: 0, Majority replicated index: 3, Committed index: 3, Last appended: 3.3, Last appended by leader: 3, Current term: 4, Majority size: 2, State: 0, Mode: LEADER, active raft config: opid_index: -1 OBSOLETE_local: false peers { permanent_uuid: "c301b4ca2986402f850d226d1cce95b7" member_type: VOTER last_known_addr { host: "127.10.255.65" port: 34217 } } peers { permanent_uuid: "9a1a2770af9740e889eb741f8feea2ea" member_type: VOTER last_known_addr { host: "127.10.255.66" port: 39505 } } peers { permanent_uuid: "080fed9fba9b485da0f6fe92f6355522" member_type: VOTER last_known_addr { host: "127.10.255.67" port: 35285 } }
I20260713 09:03:12.799643 11290 catalog_manager.cc:5697] T 9fe4a30d488b4a9eaf5c311e984b13d5 P 080fed9fba9b485da0f6fe92f6355522 reported cstate change: term changed from 3 to 4, leader changed from 9a1a2770af9740e889eb741f8feea2ea (127.10.255.66) to 080fed9fba9b485da0f6fe92f6355522 (127.10.255.67). New cstate: current_term: 4 leader_uuid: "080fed9fba9b485da0f6fe92f6355522" committed_config { opid_index: -1 OBSOLETE_local: false peers { permanent_uuid: "c301b4ca2986402f850d226d1cce95b7" member_type: VOTER last_known_addr { host: "127.10.255.65" port: 34217 } health_report { overall_health: UNKNOWN } } peers { permanent_uuid: "9a1a2770af9740e889eb741f8feea2ea" member_type: VOTER last_known_addr { host: "127.10.255.66" port: 39505 } health_report { overall_health: UNKNOWN } } peers { permanent_uuid: "080fed9fba9b485da0f6fe92f6355522" member_type: VOTER last_known_addr { host: "127.10.255.67" port: 35285 } health_report { overall_health: HEALTHY } } }
I20260713 09:03:12.883906 11395 raft_consensus.cc:1275] T 48d6a397b9e744399899207cb1674b78 P c301b4ca2986402f850d226d1cce95b7 [term 5 FOLLOWER]: Refusing update from remote peer 080fed9fba9b485da0f6fe92f6355522: Log matching property violated. Preceding OpId in replica: term: 4 index: 4. Preceding OpId from leader: term: 5 index: 5. (index mismatch)
I20260713 09:03:12.885279 11695 consensus_queue.cc:1048] T 48d6a397b9e744399899207cb1674b78 P 080fed9fba9b485da0f6fe92f6355522 [LEADER]: Connected to new peer: Peer: permanent_uuid: "c301b4ca2986402f850d226d1cce95b7" member_type: VOTER last_known_addr { host: "127.10.255.65" port: 34217 }, Status: LMP_MISMATCH, Last received: 0.0, Next index: 5, Last known committed idx: 4, Time since last communication: 0.000s
I20260713 09:03:12.906325 11469 raft_consensus.cc:1275] T 48d6a397b9e744399899207cb1674b78 P 9a1a2770af9740e889eb741f8feea2ea [term 5 FOLLOWER]: Refusing update from remote peer 080fed9fba9b485da0f6fe92f6355522: Log matching property violated. Preceding OpId in replica: term: 4 index: 4. Preceding OpId from leader: term: 5 index: 5. (index mismatch)
I20260713 09:03:12.907791 11742 consensus_queue.cc:1048] T 48d6a397b9e744399899207cb1674b78 P 080fed9fba9b485da0f6fe92f6355522 [LEADER]: Connected to new peer: Peer: permanent_uuid: "9a1a2770af9740e889eb741f8feea2ea" member_type: VOTER last_known_addr { host: "127.10.255.66" port: 39505 }, Status: LMP_MISMATCH, Last received: 0.0, Next index: 5, Last known committed idx: 4, Time since last communication: 0.000s
I20260713 09:03:12.957321 11544 raft_consensus.cc:1275] T e6ee6f72490e42fa80e818f8108d8227 P 080fed9fba9b485da0f6fe92f6355522 [term 3 FOLLOWER]: Refusing update from remote peer c301b4ca2986402f850d226d1cce95b7: Log matching property violated. Preceding OpId in replica: term: 2 index: 2. Preceding OpId from leader: term: 3 index: 3. (index mismatch)
I20260713 09:03:12.958546 11733 consensus_queue.cc:1048] T e6ee6f72490e42fa80e818f8108d8227 P c301b4ca2986402f850d226d1cce95b7 [LEADER]: Connected to new peer: Peer: permanent_uuid: "080fed9fba9b485da0f6fe92f6355522" member_type: VOTER last_known_addr { host: "127.10.255.67" port: 35285 }, Status: LMP_MISMATCH, Last received: 0.0, Next index: 3, Last known committed idx: 2, Time since last communication: 0.000s
I20260713 09:03:12.970321 11469 raft_consensus.cc:1275] T e6ee6f72490e42fa80e818f8108d8227 P 9a1a2770af9740e889eb741f8feea2ea [term 3 FOLLOWER]: Refusing update from remote peer c301b4ca2986402f850d226d1cce95b7: Log matching property violated. Preceding OpId in replica: term: 2 index: 2. Preceding OpId from leader: term: 3 index: 3. (index mismatch)
I20260713 09:03:12.973317 11731 consensus_queue.cc:1048] T e6ee6f72490e42fa80e818f8108d8227 P c301b4ca2986402f850d226d1cce95b7 [LEADER]: Connected to new peer: Peer: permanent_uuid: "9a1a2770af9740e889eb741f8feea2ea" member_type: VOTER last_known_addr { host: "127.10.255.66" port: 39505 }, Status: LMP_MISMATCH, Last received: 0.0, Next index: 3, Last known committed idx: 2, Time since last communication: 0.000s
I20260713 09:03:12.983817 11469 raft_consensus.cc:1275] T 901a05ee863441ee9c6e9204ef52a148 P 9a1a2770af9740e889eb741f8feea2ea [term 4 FOLLOWER]: Refusing update from remote peer c301b4ca2986402f850d226d1cce95b7: Log matching property violated. Preceding OpId in replica: term: 3 index: 3. Preceding OpId from leader: term: 4 index: 4. (index mismatch)
I20260713 09:03:12.985072 11731 consensus_queue.cc:1048] T 901a05ee863441ee9c6e9204ef52a148 P c301b4ca2986402f850d226d1cce95b7 [LEADER]: Connected to new peer: Peer: permanent_uuid: "9a1a2770af9740e889eb741f8feea2ea" member_type: VOTER last_known_addr { host: "127.10.255.66" port: 39505 }, Status: LMP_MISMATCH, Last received: 0.0, Next index: 4, Last known committed idx: 3, Time since last communication: 0.000s
I20260713 09:03:12.995075 11544 raft_consensus.cc:1275] T 901a05ee863441ee9c6e9204ef52a148 P 080fed9fba9b485da0f6fe92f6355522 [term 4 FOLLOWER]: Refusing update from remote peer c301b4ca2986402f850d226d1cce95b7: Log matching property violated. Preceding OpId in replica: term: 3 index: 3. Preceding OpId from leader: term: 4 index: 4. (index mismatch)
I20260713 09:03:12.996724 11733 consensus_queue.cc:1048] T 901a05ee863441ee9c6e9204ef52a148 P c301b4ca2986402f850d226d1cce95b7 [LEADER]: Connected to new peer: Peer: permanent_uuid: "080fed9fba9b485da0f6fe92f6355522" member_type: VOTER last_known_addr { host: "127.10.255.67" port: 35285 }, Status: LMP_MISMATCH, Last received: 0.0, Next index: 4, Last known committed idx: 3, Time since last communication: 0.000s
I20260713 09:03:13.053411 11544 raft_consensus.cc:1275] T db280a09cf3c4794af027959fb7c72ff P 080fed9fba9b485da0f6fe92f6355522 [term 2 FOLLOWER]: Refusing update from remote peer c301b4ca2986402f850d226d1cce95b7: Log matching property violated. Preceding OpId in replica: term: 1 index: 1. Preceding OpId from leader: term: 2 index: 2. (index mismatch)
I20260713 09:03:13.054754 11733 consensus_queue.cc:1048] T db280a09cf3c4794af027959fb7c72ff P c301b4ca2986402f850d226d1cce95b7 [LEADER]: Connected to new peer: Peer: permanent_uuid: "080fed9fba9b485da0f6fe92f6355522" member_type: VOTER last_known_addr { host: "127.10.255.67" port: 35285 }, Status: LMP_MISMATCH, Last received: 0.0, Next index: 2, Last known committed idx: 1, Time since last communication: 0.000s
I20260713 09:03:13.066337 11469 raft_consensus.cc:1275] T db280a09cf3c4794af027959fb7c72ff P 9a1a2770af9740e889eb741f8feea2ea [term 2 FOLLOWER]: Refusing update from remote peer c301b4ca2986402f850d226d1cce95b7: Log matching property violated. Preceding OpId in replica: term: 1 index: 1. Preceding OpId from leader: term: 2 index: 2. (index mismatch)
I20260713 09:03:13.068005 11733 consensus_queue.cc:1048] T db280a09cf3c4794af027959fb7c72ff P c301b4ca2986402f850d226d1cce95b7 [LEADER]: Connected to new peer: Peer: permanent_uuid: "9a1a2770af9740e889eb741f8feea2ea" member_type: VOTER last_known_addr { host: "127.10.255.66" port: 39505 }, Status: LMP_MISMATCH, Last received: 0.0, Next index: 2, Last known committed idx: 1, Time since last communication: 0.000s
I20260713 09:03:13.174121 11395 raft_consensus.cc:1275] T 9fe4a30d488b4a9eaf5c311e984b13d5 P c301b4ca2986402f850d226d1cce95b7 [term 4 FOLLOWER]: Refusing update from remote peer 080fed9fba9b485da0f6fe92f6355522: Log matching property violated. Preceding OpId in replica: term: 3 index: 3. Preceding OpId from leader: term: 4 index: 4. (index mismatch)
I20260713 09:03:13.175304 11742 consensus_queue.cc:1048] T 9fe4a30d488b4a9eaf5c311e984b13d5 P 080fed9fba9b485da0f6fe92f6355522 [LEADER]: Connected to new peer: Peer: permanent_uuid: "c301b4ca2986402f850d226d1cce95b7" member_type: VOTER last_known_addr { host: "127.10.255.65" port: 34217 }, Status: LMP_MISMATCH, Last received: 0.0, Next index: 4, Last known committed idx: 3, Time since last communication: 0.000s
I20260713 09:03:13.184233 11469 raft_consensus.cc:1275] T 9fe4a30d488b4a9eaf5c311e984b13d5 P 9a1a2770af9740e889eb741f8feea2ea [term 4 FOLLOWER]: Refusing update from remote peer 080fed9fba9b485da0f6fe92f6355522: Log matching property violated. Preceding OpId in replica: term: 3 index: 3. Preceding OpId from leader: term: 4 index: 4. (index mismatch)
I20260713 09:03:13.185915 11695 consensus_queue.cc:1048] T 9fe4a30d488b4a9eaf5c311e984b13d5 P 080fed9fba9b485da0f6fe92f6355522 [LEADER]: Connected to new peer: Peer: permanent_uuid: "9a1a2770af9740e889eb741f8feea2ea" member_type: VOTER last_known_addr { host: "127.10.255.66" port: 39505 }, Status: LMP_MISMATCH, Last received: 0.0, Next index: 4, Last known committed idx: 3, Time since last communication: 0.000s
I20260713 09:03:13.455488 11261 auto_leader_rebalancer.cc:141] leader rebalance for table test-workload
I20260713 09:03:13.460783 11261 tablet_server.cc:179] TabletServer@127.10.255.65:0 shutting down...
I20260713 09:03:13.495543 11261 ts_tablet_manager.cc:1507] Shutting down tablet manager...
I20260713 09:03:13.496502 11261 tablet_replica.cc:333] T d080c6224a9a4d44aa6ae94adfc95b34 P c301b4ca2986402f850d226d1cce95b7: stopping tablet replica
I20260713 09:03:13.497589 11261 raft_consensus.cc:2243] T d080c6224a9a4d44aa6ae94adfc95b34 P c301b4ca2986402f850d226d1cce95b7 [term 2 FOLLOWER]: Raft consensus shutting down.
I20260713 09:03:13.498241 11261 raft_consensus.cc:2272] T d080c6224a9a4d44aa6ae94adfc95b34 P c301b4ca2986402f850d226d1cce95b7 [term 2 FOLLOWER]: Raft consensus is shut down!
I20260713 09:03:13.500556 11261 tablet_replica.cc:333] T 30c7bfd1ce3c49b595736ee5bea863e7 P c301b4ca2986402f850d226d1cce95b7: stopping tablet replica
I20260713 09:03:13.501046 11261 raft_consensus.cc:2243] T 30c7bfd1ce3c49b595736ee5bea863e7 P c301b4ca2986402f850d226d1cce95b7 [term 2 FOLLOWER]: Raft consensus shutting down.
I20260713 09:03:13.501433 11261 raft_consensus.cc:2272] T 30c7bfd1ce3c49b595736ee5bea863e7 P c301b4ca2986402f850d226d1cce95b7 [term 2 FOLLOWER]: Raft consensus is shut down!
I20260713 09:03:13.503226 11261 tablet_replica.cc:333] T db280a09cf3c4794af027959fb7c72ff P c301b4ca2986402f850d226d1cce95b7: stopping tablet replica
I20260713 09:03:13.503868 11261 raft_consensus.cc:2243] T db280a09cf3c4794af027959fb7c72ff P c301b4ca2986402f850d226d1cce95b7 [term 2 LEADER]: Raft consensus shutting down.
I20260713 09:03:13.504612 11261 raft_consensus.cc:2272] T db280a09cf3c4794af027959fb7c72ff P c301b4ca2986402f850d226d1cce95b7 [term 2 FOLLOWER]: Raft consensus is shut down!
I20260713 09:03:13.507018 11261 tablet_replica.cc:333] T 9fe4a30d488b4a9eaf5c311e984b13d5 P c301b4ca2986402f850d226d1cce95b7: stopping tablet replica
I20260713 09:03:13.507498 11261 raft_consensus.cc:2243] T 9fe4a30d488b4a9eaf5c311e984b13d5 P c301b4ca2986402f850d226d1cce95b7 [term 4 FOLLOWER]: Raft consensus shutting down.
I20260713 09:03:13.507921 11261 raft_consensus.cc:2272] T 9fe4a30d488b4a9eaf5c311e984b13d5 P c301b4ca2986402f850d226d1cce95b7 [term 4 FOLLOWER]: Raft consensus is shut down!
I20260713 09:03:13.510176 11261 tablet_replica.cc:333] T b6aa0219561640be84c9c51c3ff9fee5 P c301b4ca2986402f850d226d1cce95b7: stopping tablet replica
I20260713 09:03:13.510649 11261 raft_consensus.cc:2243] T b6aa0219561640be84c9c51c3ff9fee5 P c301b4ca2986402f850d226d1cce95b7 [term 2 FOLLOWER]: Raft consensus shutting down.
I20260713 09:03:13.511075 11261 raft_consensus.cc:2272] T b6aa0219561640be84c9c51c3ff9fee5 P c301b4ca2986402f850d226d1cce95b7 [term 2 FOLLOWER]: Raft consensus is shut down!
I20260713 09:03:13.512761 11261 tablet_replica.cc:333] T 48d6a397b9e744399899207cb1674b78 P c301b4ca2986402f850d226d1cce95b7: stopping tablet replica
I20260713 09:03:13.513199 11261 raft_consensus.cc:2243] T 48d6a397b9e744399899207cb1674b78 P c301b4ca2986402f850d226d1cce95b7 [term 5 FOLLOWER]: Raft consensus shutting down.
I20260713 09:03:13.513618 11261 raft_consensus.cc:2272] T 48d6a397b9e744399899207cb1674b78 P c301b4ca2986402f850d226d1cce95b7 [term 5 FOLLOWER]: Raft consensus is shut down!
I20260713 09:03:13.516149 11261 tablet_replica.cc:333] T 901a05ee863441ee9c6e9204ef52a148 P c301b4ca2986402f850d226d1cce95b7: stopping tablet replica
I20260713 09:03:13.516855 11261 raft_consensus.cc:2243] T 901a05ee863441ee9c6e9204ef52a148 P c301b4ca2986402f850d226d1cce95b7 [term 4 LEADER]: Raft consensus shutting down.
I20260713 09:03:13.517709 11261 raft_consensus.cc:2272] T 901a05ee863441ee9c6e9204ef52a148 P c301b4ca2986402f850d226d1cce95b7 [term 4 FOLLOWER]: Raft consensus is shut down!
I20260713 09:03:13.519611 11261 tablet_replica.cc:333] T e6ee6f72490e42fa80e818f8108d8227 P c301b4ca2986402f850d226d1cce95b7: stopping tablet replica
I20260713 09:03:13.520051 11261 raft_consensus.cc:2243] T e6ee6f72490e42fa80e818f8108d8227 P c301b4ca2986402f850d226d1cce95b7 [term 3 LEADER]: Raft consensus shutting down.
I20260713 09:03:13.520757 11261 raft_consensus.cc:2272] T e6ee6f72490e42fa80e818f8108d8227 P c301b4ca2986402f850d226d1cce95b7 [term 3 FOLLOWER]: Raft consensus is shut down!
I20260713 09:03:13.522689 11261 tablet_replica.cc:333] T 68fe80fd4b2743fa8545e3d0b72415d6 P c301b4ca2986402f850d226d1cce95b7: stopping tablet replica
I20260713 09:03:13.523097 11261 raft_consensus.cc:2243] T 68fe80fd4b2743fa8545e3d0b72415d6 P c301b4ca2986402f850d226d1cce95b7 [term 3 FOLLOWER]: Raft consensus shutting down.
I20260713 09:03:13.523492 11261 raft_consensus.cc:2272] T 68fe80fd4b2743fa8545e3d0b72415d6 P c301b4ca2986402f850d226d1cce95b7 [term 3 FOLLOWER]: Raft consensus is shut down!
W20260713 09:03:13.625370 11509 proxy.cc:239] Call had error, refreshing address and retrying: Network error: Client connection negotiation failed: client connection to 127.10.255.65:34217: connect: Connection refused (error 111)
I20260713 09:03:13.626879 11261 tablet_server.cc:196] TabletServer@127.10.255.65:0 shutdown complete.
W20260713 09:03:13.629470 11509 consensus_peers.cc:597] T 9fe4a30d488b4a9eaf5c311e984b13d5 P 080fed9fba9b485da0f6fe92f6355522 -> Peer c301b4ca2986402f850d226d1cce95b7 (127.10.255.65:34217): Couldn't send request to peer c301b4ca2986402f850d226d1cce95b7. Status: Network error: Client connection negotiation failed: client connection to 127.10.255.65:34217: connect: Connection refused (error 111). This is attempt 1: this message will repeat every 5th retry.
I20260713 09:03:13.647495 11261 tablet_server.cc:179] TabletServer@127.10.255.66:0 shutting down...
W20260713 09:03:13.674762 11435 consensus_peers.cc:597] T b6aa0219561640be84c9c51c3ff9fee5 P 9a1a2770af9740e889eb741f8feea2ea -> Peer c301b4ca2986402f850d226d1cce95b7 (127.10.255.65:34217): Couldn't send request to peer c301b4ca2986402f850d226d1cce95b7. Status: Network error: Client connection negotiation failed: client connection to 127.10.255.65:34217: connect: Connection refused (error 111). This is attempt 1: this message will repeat every 5th retry.
W20260713 09:03:13.677632 11510 consensus_peers.cc:597] T 9fe4a30d488b4a9eaf5c311e984b13d5 P 080fed9fba9b485da0f6fe92f6355522 -> Peer 9a1a2770af9740e889eb741f8feea2ea (127.10.255.66:39505): Couldn't send request to peer 9a1a2770af9740e889eb741f8feea2ea. Status: Remote error: Service unavailable: service kudu.consensus.ConsensusService not registered on TabletServer. This is attempt 1: this message will repeat every 5th retry.
I20260713 09:03:13.685307 11261 ts_tablet_manager.cc:1507] Shutting down tablet manager...
I20260713 09:03:13.686100 11261 tablet_replica.cc:333] T 30c7bfd1ce3c49b595736ee5bea863e7 P 9a1a2770af9740e889eb741f8feea2ea: stopping tablet replica
I20260713 09:03:13.686947 11261 raft_consensus.cc:2243] T 30c7bfd1ce3c49b595736ee5bea863e7 P 9a1a2770af9740e889eb741f8feea2ea [term 2 LEADER]: Raft consensus shutting down.
I20260713 09:03:13.687935 11261 raft_consensus.cc:2272] T 30c7bfd1ce3c49b595736ee5bea863e7 P 9a1a2770af9740e889eb741f8feea2ea [term 2 FOLLOWER]: Raft consensus is shut down!
I20260713 09:03:13.690364 11261 tablet_replica.cc:333] T e6ee6f72490e42fa80e818f8108d8227 P 9a1a2770af9740e889eb741f8feea2ea: stopping tablet replica
I20260713 09:03:13.691159 11261 raft_consensus.cc:2243] T e6ee6f72490e42fa80e818f8108d8227 P 9a1a2770af9740e889eb741f8feea2ea [term 3 FOLLOWER]: Raft consensus shutting down.
I20260713 09:03:13.691634 11261 raft_consensus.cc:2272] T e6ee6f72490e42fa80e818f8108d8227 P 9a1a2770af9740e889eb741f8feea2ea [term 3 FOLLOWER]: Raft consensus is shut down!
I20260713 09:03:13.694373 11261 tablet_replica.cc:333] T db280a09cf3c4794af027959fb7c72ff P 9a1a2770af9740e889eb741f8feea2ea: stopping tablet replica
I20260713 09:03:13.695086 11261 raft_consensus.cc:2243] T db280a09cf3c4794af027959fb7c72ff P 9a1a2770af9740e889eb741f8feea2ea [term 2 FOLLOWER]: Raft consensus shutting down.
I20260713 09:03:13.695565 11261 raft_consensus.cc:2272] T db280a09cf3c4794af027959fb7c72ff P 9a1a2770af9740e889eb741f8feea2ea [term 2 FOLLOWER]: Raft consensus is shut down!
I20260713 09:03:13.698130 11261 tablet_replica.cc:333] T d080c6224a9a4d44aa6ae94adfc95b34 P 9a1a2770af9740e889eb741f8feea2ea: stopping tablet replica
I20260713 09:03:13.698841 11261 raft_consensus.cc:2243] T d080c6224a9a4d44aa6ae94adfc95b34 P 9a1a2770af9740e889eb741f8feea2ea [term 2 FOLLOWER]: Raft consensus shutting down.
I20260713 09:03:13.699358 11261 raft_consensus.cc:2272] T d080c6224a9a4d44aa6ae94adfc95b34 P 9a1a2770af9740e889eb741f8feea2ea [term 2 FOLLOWER]: Raft consensus is shut down!
I20260713 09:03:13.701649 11261 tablet_replica.cc:333] T 48d6a397b9e744399899207cb1674b78 P 9a1a2770af9740e889eb741f8feea2ea: stopping tablet replica
I20260713 09:03:13.702320 11261 raft_consensus.cc:2243] T 48d6a397b9e744399899207cb1674b78 P 9a1a2770af9740e889eb741f8feea2ea [term 5 FOLLOWER]: Raft consensus shutting down.
I20260713 09:03:13.702795 11261 raft_consensus.cc:2272] T 48d6a397b9e744399899207cb1674b78 P 9a1a2770af9740e889eb741f8feea2ea [term 5 FOLLOWER]: Raft consensus is shut down!
I20260713 09:03:13.705474 11261 tablet_replica.cc:333] T b6aa0219561640be84c9c51c3ff9fee5 P 9a1a2770af9740e889eb741f8feea2ea: stopping tablet replica
I20260713 09:03:13.706182 11261 raft_consensus.cc:2243] T b6aa0219561640be84c9c51c3ff9fee5 P 9a1a2770af9740e889eb741f8feea2ea [term 2 LEADER]: Raft consensus shutting down.
I20260713 09:03:13.707149 11261 raft_consensus.cc:2272] T b6aa0219561640be84c9c51c3ff9fee5 P 9a1a2770af9740e889eb741f8feea2ea [term 2 FOLLOWER]: Raft consensus is shut down!
I20260713 09:03:13.709430 11261 tablet_replica.cc:333] T 901a05ee863441ee9c6e9204ef52a148 P 9a1a2770af9740e889eb741f8feea2ea: stopping tablet replica
I20260713 09:03:13.710109 11261 raft_consensus.cc:2243] T 901a05ee863441ee9c6e9204ef52a148 P 9a1a2770af9740e889eb741f8feea2ea [term 4 FOLLOWER]: Raft consensus shutting down.
I20260713 09:03:13.710564 11261 raft_consensus.cc:2272] T 901a05ee863441ee9c6e9204ef52a148 P 9a1a2770af9740e889eb741f8feea2ea [term 4 FOLLOWER]: Raft consensus is shut down!
I20260713 09:03:13.713040 11261 tablet_replica.cc:333] T 68fe80fd4b2743fa8545e3d0b72415d6 P 9a1a2770af9740e889eb741f8feea2ea: stopping tablet replica
I20260713 09:03:13.713665 11261 raft_consensus.cc:2243] T 68fe80fd4b2743fa8545e3d0b72415d6 P 9a1a2770af9740e889eb741f8feea2ea [term 3 LEADER]: Raft consensus shutting down.
I20260713 09:03:13.714603 11261 raft_consensus.cc:2272] T 68fe80fd4b2743fa8545e3d0b72415d6 P 9a1a2770af9740e889eb741f8feea2ea [term 3 FOLLOWER]: Raft consensus is shut down!
I20260713 09:03:13.716895 11261 tablet_replica.cc:333] T 9fe4a30d488b4a9eaf5c311e984b13d5 P 9a1a2770af9740e889eb741f8feea2ea: stopping tablet replica
I20260713 09:03:13.717504 11261 raft_consensus.cc:2243] T 9fe4a30d488b4a9eaf5c311e984b13d5 P 9a1a2770af9740e889eb741f8feea2ea [term 4 FOLLOWER]: Raft consensus shutting down.
I20260713 09:03:13.717970 11261 raft_consensus.cc:2272] T 9fe4a30d488b4a9eaf5c311e984b13d5 P 9a1a2770af9740e889eb741f8feea2ea [term 4 FOLLOWER]: Raft consensus is shut down!
I20260713 09:03:13.741906 11261 tablet_server.cc:196] TabletServer@127.10.255.66:0 shutdown complete.
I20260713 09:03:13.762429 11261 tablet_server.cc:179] TabletServer@127.10.255.67:0 shutting down...
I20260713 09:03:13.792431 11261 ts_tablet_manager.cc:1507] Shutting down tablet manager...
I20260713 09:03:13.793090 11261 tablet_replica.cc:333] T d080c6224a9a4d44aa6ae94adfc95b34 P 080fed9fba9b485da0f6fe92f6355522: stopping tablet replica
I20260713 09:03:13.793733 11261 raft_consensus.cc:2243] T d080c6224a9a4d44aa6ae94adfc95b34 P 080fed9fba9b485da0f6fe92f6355522 [term 2 LEADER]: Raft consensus shutting down.
I20260713 09:03:13.794543 11261 raft_consensus.cc:2272] T d080c6224a9a4d44aa6ae94adfc95b34 P 080fed9fba9b485da0f6fe92f6355522 [term 2 FOLLOWER]: Raft consensus is shut down!
I20260713 09:03:13.796342 11261 tablet_replica.cc:333] T 30c7bfd1ce3c49b595736ee5bea863e7 P 080fed9fba9b485da0f6fe92f6355522: stopping tablet replica
I20260713 09:03:13.796840 11261 raft_consensus.cc:2243] T 30c7bfd1ce3c49b595736ee5bea863e7 P 080fed9fba9b485da0f6fe92f6355522 [term 2 FOLLOWER]: Raft consensus shutting down.
I20260713 09:03:13.797312 11261 raft_consensus.cc:2272] T 30c7bfd1ce3c49b595736ee5bea863e7 P 080fed9fba9b485da0f6fe92f6355522 [term 2 FOLLOWER]: Raft consensus is shut down!
I20260713 09:03:13.799418 11261 tablet_replica.cc:333] T 68fe80fd4b2743fa8545e3d0b72415d6 P 080fed9fba9b485da0f6fe92f6355522: stopping tablet replica
I20260713 09:03:13.799932 11261 raft_consensus.cc:2243] T 68fe80fd4b2743fa8545e3d0b72415d6 P 080fed9fba9b485da0f6fe92f6355522 [term 3 FOLLOWER]: Raft consensus shutting down.
I20260713 09:03:13.800478 11261 raft_consensus.cc:2272] T 68fe80fd4b2743fa8545e3d0b72415d6 P 080fed9fba9b485da0f6fe92f6355522 [term 3 FOLLOWER]: Raft consensus is shut down!
I20260713 09:03:13.802526 11261 tablet_replica.cc:333] T 901a05ee863441ee9c6e9204ef52a148 P 080fed9fba9b485da0f6fe92f6355522: stopping tablet replica
W20260713 09:03:13.802927 11510 consensus_peers.cc:597] T 48d6a397b9e744399899207cb1674b78 P 080fed9fba9b485da0f6fe92f6355522 -> Peer 9a1a2770af9740e889eb741f8feea2ea (127.10.255.66:39505): Couldn't send request to peer 9a1a2770af9740e889eb741f8feea2ea. Status: Network error: Client connection negotiation failed: client connection to 127.10.255.66:39505: connect: Connection refused (error 111). This is attempt 1: this message will repeat every 5th retry.
I20260713 09:03:13.803133 11261 raft_consensus.cc:2243] T 901a05ee863441ee9c6e9204ef52a148 P 080fed9fba9b485da0f6fe92f6355522 [term 4 FOLLOWER]: Raft consensus shutting down.
I20260713 09:03:13.803637 11261 raft_consensus.cc:2272] T 901a05ee863441ee9c6e9204ef52a148 P 080fed9fba9b485da0f6fe92f6355522 [term 4 FOLLOWER]: Raft consensus is shut down!
I20260713 09:03:13.806077 11261 tablet_replica.cc:333] T e6ee6f72490e42fa80e818f8108d8227 P 080fed9fba9b485da0f6fe92f6355522: stopping tablet replica
I20260713 09:03:13.806773 11261 raft_consensus.cc:2243] T e6ee6f72490e42fa80e818f8108d8227 P 080fed9fba9b485da0f6fe92f6355522 [term 3 FOLLOWER]: Raft consensus shutting down.
I20260713 09:03:13.807291 11261 raft_consensus.cc:2272] T e6ee6f72490e42fa80e818f8108d8227 P 080fed9fba9b485da0f6fe92f6355522 [term 3 FOLLOWER]: Raft consensus is shut down!
I20260713 09:03:13.809355 11261 tablet_replica.cc:333] T 48d6a397b9e744399899207cb1674b78 P 080fed9fba9b485da0f6fe92f6355522: stopping tablet replica
