I20260713 09:03:50.389406  6723 catalog_manager.cc:5697] T 477b1fd240cc4a06b577230ebd9685e1 P 71e61d16eb114780b454a710ae946d27 reported cstate change: term changed from 1 to 2, leader changed from 0271c2ac618640c98e2dea650d2541aa (127.5.144.195) to 71e61d16eb114780b454a710ae946d27 (127.5.144.196). New cstate: current_term: 2 leader_uuid: "71e61d16eb114780b454a710ae946d27" committed_config { opid_index: 4 OBSOLETE_local: false peers { permanent_uuid: "c35b43dd50064a56b576873e044edd28" member_type: VOTER last_known_addr { host: "127.5.144.194" port: 37651 } health_report { overall_health: UNKNOWN } } peers { permanent_uuid: "0271c2ac618640c98e2dea650d2541aa" member_type: VOTER last_known_addr { host: "127.5.144.195" port: 43637 } health_report { overall_health: UNKNOWN } } peers { permanent_uuid: "71e61d16eb114780b454a710ae946d27" member_type: VOTER last_known_addr { host: "127.5.144.196" port: 36045 } attrs { promote: false } health_report { overall_health: HEALTHY } } }
I20260713 09:03:50.400139  6723 catalog_manager.cc:5697] T 3ada3c139abd4b69a5469338e668e2f0 P 71e61d16eb114780b454a710ae946d27 reported cstate change: term changed from 1 to 2, leader changed from c35b43dd50064a56b576873e044edd28 (127.5.144.194) to 71e61d16eb114780b454a710ae946d27 (127.5.144.196). New cstate: current_term: 2 leader_uuid: "71e61d16eb114780b454a710ae946d27" committed_config { opid_index: 4 OBSOLETE_local: false peers { permanent_uuid: "cd894755577a4e06a7f96a0c76bd2e33" member_type: VOTER last_known_addr { host: "127.5.144.193" port: 41913 } health_report { overall_health: UNKNOWN } } peers { permanent_uuid: "c35b43dd50064a56b576873e044edd28" member_type: VOTER last_known_addr { host: "127.5.144.194" port: 37651 } health_report { overall_health: UNKNOWN } } peers { permanent_uuid: "71e61d16eb114780b454a710ae946d27" member_type: VOTER last_known_addr { host: "127.5.144.196" port: 36045 } attrs { promote: false } health_report { overall_health: HEALTHY } } }
I20260713 09:03:50.506430  6821 raft_consensus.cc:1275] T be4a428e9d18494cab5870cd1f90b171 P cd894755577a4e06a7f96a0c76bd2e33 [term 2 FOLLOWER]: Refusing update from remote peer 71e61d16eb114780b454a710ae946d27: Log matching property violated. Preceding OpId in replica: term: 1 index: 4. Preceding OpId from leader: term: 2 index: 5. (index mismatch)
I20260713 09:03:50.507536  7618 consensus_queue.cc:1048] T be4a428e9d18494cab5870cd1f90b171 P 71e61d16eb114780b454a710ae946d27 [LEADER]: Connected to new peer: Peer: permanent_uuid: "cd894755577a4e06a7f96a0c76bd2e33" member_type: VOTER last_known_addr { host: "127.5.144.193" port: 41913 }, Status: LMP_MISMATCH, Last received: 0.0, Next index: 5, Last known committed idx: 4, Time since last communication: 0.000s
I20260713 09:03:50.518721  6966 raft_consensus.cc:1275] T be4a428e9d18494cab5870cd1f90b171 P 0271c2ac618640c98e2dea650d2541aa [term 2 FOLLOWER]: Refusing update from remote peer 71e61d16eb114780b454a710ae946d27: Log matching property violated. Preceding OpId in replica: term: 1 index: 4. Preceding OpId from leader: term: 2 index: 5. (index mismatch)
I20260713 09:03:50.519898  7616 consensus_queue.cc:1048] T be4a428e9d18494cab5870cd1f90b171 P 71e61d16eb114780b454a710ae946d27 [LEADER]: Connected to new peer: Peer: permanent_uuid: "0271c2ac618640c98e2dea650d2541aa" member_type: VOTER last_known_addr { host: "127.5.144.195" port: 43637 }, Status: LMP_MISMATCH, Last received: 0.0, Next index: 5, Last known committed idx: 4, Time since last communication: 0.000s
I20260713 09:03:50.531282  7609 raft_consensus.cc:993] T f01eeb3a86344709b00d74be2ce64cd8 P cd894755577a4e06a7f96a0c76bd2e33: : Instructing follower 71e61d16eb114780b454a710ae946d27 to start an election
I20260713 09:03:50.531826  7609 raft_consensus.cc:1081] T f01eeb3a86344709b00d74be2ce64cd8 P cd894755577a4e06a7f96a0c76bd2e33 [term 2 LEADER]: Signalling peer 71e61d16eb114780b454a710ae946d27 to start an election
I20260713 09:03:50.533178  7247 tablet_service.cc:2044] Received Run Leader Election RPC: tablet_id: "f01eeb3a86344709b00d74be2ce64cd8"
dest_uuid: "71e61d16eb114780b454a710ae946d27"
 from {username='slave'} at 127.0.0.1:58684
I20260713 09:03:50.533594  7247 raft_consensus.cc:493] T f01eeb3a86344709b00d74be2ce64cd8 P 71e61d16eb114780b454a710ae946d27 [term 2 FOLLOWER]: Starting forced leader election (received explicit request)
I20260713 09:03:50.533898  7247 raft_consensus.cc:3060] T f01eeb3a86344709b00d74be2ce64cd8 P 71e61d16eb114780b454a710ae946d27 [term 2 FOLLOWER]: Advancing to term 3
I20260713 09:03:50.539563  7247 raft_consensus.cc:515] T f01eeb3a86344709b00d74be2ce64cd8 P 71e61d16eb114780b454a710ae946d27 [term 3 FOLLOWER]: Starting forced leader election with config: opid_index: 4 OBSOLETE_local: false peers { permanent_uuid: "cd894755577a4e06a7f96a0c76bd2e33" member_type: VOTER last_known_addr { host: "127.5.144.193" port: 41913 } } peers { permanent_uuid: "c35b43dd50064a56b576873e044edd28" member_type: VOTER last_known_addr { host: "127.5.144.194" port: 37651 } } peers { permanent_uuid: "71e61d16eb114780b454a710ae946d27" member_type: VOTER last_known_addr { host: "127.5.144.196" port: 36045 } attrs { promote: false } }
I20260713 09:03:50.540908  7247 leader_election.cc:290] T f01eeb3a86344709b00d74be2ce64cd8 P 71e61d16eb114780b454a710ae946d27 [CANDIDATE]: Term 3 election: Requested vote from peers cd894755577a4e06a7f96a0c76bd2e33 (127.5.144.193:41913), c35b43dd50064a56b576873e044edd28 (127.5.144.194:37651)
I20260713 09:03:50.541519  6821 tablet_service.cc:1917] Received RequestConsensusVote() RPC: tablet_id: "f01eeb3a86344709b00d74be2ce64cd8" candidate_uuid: "71e61d16eb114780b454a710ae946d27" candidate_term: 3 candidate_status { last_received { term: 2 index: 4 } } ignore_live_leader: true dest_uuid: "cd894755577a4e06a7f96a0c76bd2e33"
I20260713 09:03:50.541786  6898 tablet_service.cc:1917] Received RequestConsensusVote() RPC: tablet_id: "f01eeb3a86344709b00d74be2ce64cd8" candidate_uuid: "71e61d16eb114780b454a710ae946d27" candidate_term: 3 candidate_status { last_received { term: 2 index: 4 } } ignore_live_leader: true dest_uuid: "c35b43dd50064a56b576873e044edd28"
I20260713 09:03:50.542073  6821 raft_consensus.cc:3055] T f01eeb3a86344709b00d74be2ce64cd8 P cd894755577a4e06a7f96a0c76bd2e33 [term 2 LEADER]: Stepping down as leader of term 2
I20260713 09:03:50.542315  6898 raft_consensus.cc:3060] T f01eeb3a86344709b00d74be2ce64cd8 P c35b43dd50064a56b576873e044edd28 [term 2 FOLLOWER]: Advancing to term 3
I20260713 09:03:50.542398  6821 raft_consensus.cc:740] T f01eeb3a86344709b00d74be2ce64cd8 P cd894755577a4e06a7f96a0c76bd2e33 [term 2 LEADER]: Becoming Follower/Learner. State: Replica: cd894755577a4e06a7f96a0c76bd2e33, State: Running, Role: LEADER
I20260713 09:03:50.543231  6821 consensus_queue.cc:260] T f01eeb3a86344709b00d74be2ce64cd8 P cd894755577a4e06a7f96a0c76bd2e33 [NON_LEADER]: Queue going to NON_LEADER mode. State: All replicated index: 0, Majority replicated index: 4, Committed index: 4, Last appended: 2.4, Last appended by leader: 4, Current term: 2, Majority size: -1, State: 0, Mode: NON_LEADER, active raft config: opid_index: 4 OBSOLETE_local: false peers { permanent_uuid: "cd894755577a4e06a7f96a0c76bd2e33" member_type: VOTER last_known_addr { host: "127.5.144.193" port: 41913 } } peers { permanent_uuid: "c35b43dd50064a56b576873e044edd28" member_type: VOTER last_known_addr { host: "127.5.144.194" port: 37651 } } peers { permanent_uuid: "71e61d16eb114780b454a710ae946d27" member_type: VOTER last_known_addr { host: "127.5.144.196" port: 36045 } attrs { promote: false } }
I20260713 09:03:50.544371  6821 raft_consensus.cc:3060] T f01eeb3a86344709b00d74be2ce64cd8 P cd894755577a4e06a7f96a0c76bd2e33 [term 2 FOLLOWER]: Advancing to term 3
I20260713 09:03:50.548475  6898 raft_consensus.cc:2468] T f01eeb3a86344709b00d74be2ce64cd8 P c35b43dd50064a56b576873e044edd28 [term 3 FOLLOWER]: Leader election vote request: Granting yes vote for candidate 71e61d16eb114780b454a710ae946d27 in term 3.
I20260713 09:03:50.549571  7208 leader_election.cc:304] T f01eeb3a86344709b00d74be2ce64cd8 P 71e61d16eb114780b454a710ae946d27 [CANDIDATE]: Term 3 election: Election decided. Result: candidate won. Election summary: received 2 responses out of 3 voters: 2 yes votes; 0 no votes. yes voters: 71e61d16eb114780b454a710ae946d27, c35b43dd50064a56b576873e044edd28; no voters: 
I20260713 09:03:50.550359  6821 raft_consensus.cc:2468] T f01eeb3a86344709b00d74be2ce64cd8 P cd894755577a4e06a7f96a0c76bd2e33 [term 3 FOLLOWER]: Leader election vote request: Granting yes vote for candidate 71e61d16eb114780b454a710ae946d27 in term 3.
I20260713 09:03:50.550467  7616 raft_consensus.cc:2804] T f01eeb3a86344709b00d74be2ce64cd8 P 71e61d16eb114780b454a710ae946d27 [term 3 FOLLOWER]: Leader election won for term 3
I20260713 09:03:50.550519  6966 raft_consensus.cc:1275] T bc924aab845940899c173f9bc5630710 P 0271c2ac618640c98e2dea650d2541aa [term 2 FOLLOWER]: Refusing update from remote peer 71e61d16eb114780b454a710ae946d27: Log matching property violated. Preceding OpId in replica: term: 1 index: 4. Preceding OpId from leader: term: 2 index: 5. (index mismatch)
I20260713 09:03:50.551739  7616 raft_consensus.cc:697] T f01eeb3a86344709b00d74be2ce64cd8 P 71e61d16eb114780b454a710ae946d27 [term 3 LEADER]: Becoming Leader. State: Replica: 71e61d16eb114780b454a710ae946d27, State: Running, Role: LEADER
I20260713 09:03:50.551841  7618 consensus_queue.cc:1048] T bc924aab845940899c173f9bc5630710 P 71e61d16eb114780b454a710ae946d27 [LEADER]: Connected to new peer: Peer: permanent_uuid: "0271c2ac618640c98e2dea650d2541aa" member_type: VOTER last_known_addr { host: "127.5.144.195" port: 43637 }, Status: LMP_MISMATCH, Last received: 0.0, Next index: 5, Last known committed idx: 4, Time since last communication: 0.000s
I20260713 09:03:50.552634  7616 consensus_queue.cc:237] T f01eeb3a86344709b00d74be2ce64cd8 P 71e61d16eb114780b454a710ae946d27 [LEADER]: Queue going to LEADER mode. State: All replicated index: 0, Majority replicated index: 4, Committed index: 4, Last appended: 2.4, Last appended by leader: 4, Current term: 3, Majority size: 2, State: 0, Mode: LEADER, active raft config: opid_index: 4 OBSOLETE_local: false peers { permanent_uuid: "cd894755577a4e06a7f96a0c76bd2e33" member_type: VOTER last_known_addr { host: "127.5.144.193" port: 41913 } } peers { permanent_uuid: "c35b43dd50064a56b576873e044edd28" member_type: VOTER last_known_addr { host: "127.5.144.194" port: 37651 } } peers { permanent_uuid: "71e61d16eb114780b454a710ae946d27" member_type: VOTER last_known_addr { host: "127.5.144.196" port: 36045 } attrs { promote: false } }
I20260713 09:03:50.561347  6898 raft_consensus.cc:1275] T bc924aab845940899c173f9bc5630710 P c35b43dd50064a56b576873e044edd28 [term 2 FOLLOWER]: Refusing update from remote peer 71e61d16eb114780b454a710ae946d27: Log matching property violated. Preceding OpId in replica: term: 1 index: 4. Preceding OpId from leader: term: 2 index: 5. (index mismatch)
I20260713 09:03:50.562841  6723 catalog_manager.cc:5697] T f01eeb3a86344709b00d74be2ce64cd8 P 71e61d16eb114780b454a710ae946d27 reported cstate change: term changed from 2 to 3, leader changed from cd894755577a4e06a7f96a0c76bd2e33 (127.5.144.193) to 71e61d16eb114780b454a710ae946d27 (127.5.144.196). New cstate: current_term: 3 leader_uuid: "71e61d16eb114780b454a710ae946d27" committed_config { opid_index: 4 OBSOLETE_local: false peers { permanent_uuid: "cd894755577a4e06a7f96a0c76bd2e33" member_type: VOTER last_known_addr { host: "127.5.144.193" port: 41913 } health_report { overall_health: UNKNOWN } } peers { permanent_uuid: "c35b43dd50064a56b576873e044edd28" member_type: VOTER last_known_addr { host: "127.5.144.194" port: 37651 } health_report { overall_health: UNKNOWN } } peers { permanent_uuid: "71e61d16eb114780b454a710ae946d27" member_type: VOTER last_known_addr { host: "127.5.144.196" port: 36045 } attrs { promote: false } health_report { overall_health: HEALTHY } } }
I20260713 09:03:50.563429  7617 consensus_queue.cc:1048] T bc924aab845940899c173f9bc5630710 P 71e61d16eb114780b454a710ae946d27 [LEADER]: Connected to new peer: Peer: permanent_uuid: "c35b43dd50064a56b576873e044edd28" member_type: VOTER last_known_addr { host: "127.5.144.194" port: 37651 }, Status: LMP_MISMATCH, Last received: 0.0, Next index: 5, Last known committed idx: 4, Time since last communication: 0.000s
I20260713 09:03:50.788195  6898 raft_consensus.cc:1275] T 3ada3c139abd4b69a5469338e668e2f0 P c35b43dd50064a56b576873e044edd28 [term 2 FOLLOWER]: Refusing update from remote peer 71e61d16eb114780b454a710ae946d27: Log matching property violated. Preceding OpId in replica: term: 1 index: 4. Preceding OpId from leader: term: 2 index: 5. (index mismatch)
I20260713 09:03:50.789345  7617 consensus_queue.cc:1048] T 3ada3c139abd4b69a5469338e668e2f0 P 71e61d16eb114780b454a710ae946d27 [LEADER]: Connected to new peer: Peer: permanent_uuid: "c35b43dd50064a56b576873e044edd28" member_type: VOTER last_known_addr { host: "127.5.144.194" port: 37651 }, Status: LMP_MISMATCH, Last received: 0.0, Next index: 5, Last known committed idx: 4, Time since last communication: 0.000s
I20260713 09:03:50.799912  6821 raft_consensus.cc:1275] T 3ada3c139abd4b69a5469338e668e2f0 P cd894755577a4e06a7f96a0c76bd2e33 [term 2 FOLLOWER]: Refusing update from remote peer 71e61d16eb114780b454a710ae946d27: Log matching property violated. Preceding OpId in replica: term: 1 index: 4. Preceding OpId from leader: term: 2 index: 5. (index mismatch)
I20260713 09:03:50.801141  7618 consensus_queue.cc:1048] T 3ada3c139abd4b69a5469338e668e2f0 P 71e61d16eb114780b454a710ae946d27 [LEADER]: Connected to new peer: Peer: permanent_uuid: "cd894755577a4e06a7f96a0c76bd2e33" member_type: VOTER last_known_addr { host: "127.5.144.193" port: 41913 }, Status: LMP_MISMATCH, Last received: 0.0, Next index: 5, Last known committed idx: 4, Time since last communication: 0.000s
I20260713 09:03:50.811187  6966 raft_consensus.cc:1275] T 477b1fd240cc4a06b577230ebd9685e1 P 0271c2ac618640c98e2dea650d2541aa [term 2 FOLLOWER]: Refusing update from remote peer 71e61d16eb114780b454a710ae946d27: Log matching property violated. Preceding OpId in replica: term: 1 index: 4. Preceding OpId from leader: term: 2 index: 5. (index mismatch)
I20260713 09:03:50.812355  7618 consensus_queue.cc:1048] T 477b1fd240cc4a06b577230ebd9685e1 P 71e61d16eb114780b454a710ae946d27 [LEADER]: Connected to new peer: Peer: permanent_uuid: "0271c2ac618640c98e2dea650d2541aa" member_type: VOTER last_known_addr { host: "127.5.144.195" port: 43637 }, Status: LMP_MISMATCH, Last received: 0.0, Next index: 5, Last known committed idx: 4, Time since last communication: 0.000s
I20260713 09:03:50.821025  6898 raft_consensus.cc:1275] T 477b1fd240cc4a06b577230ebd9685e1 P c35b43dd50064a56b576873e044edd28 [term 2 FOLLOWER]: Refusing update from remote peer 71e61d16eb114780b454a710ae946d27: Log matching property violated. Preceding OpId in replica: term: 1 index: 4. Preceding OpId from leader: term: 2 index: 5. (index mismatch)
I20260713 09:03:50.822680  7616 consensus_queue.cc:1048] T 477b1fd240cc4a06b577230ebd9685e1 P 71e61d16eb114780b454a710ae946d27 [LEADER]: Connected to new peer: Peer: permanent_uuid: "c35b43dd50064a56b576873e044edd28" member_type: VOTER last_known_addr { host: "127.5.144.194" port: 37651 }, Status: LMP_MISMATCH, Last received: 0.0, Next index: 5, Last known committed idx: 4, Time since last communication: 0.000s
I20260713 09:03:50.948186  6898 raft_consensus.cc:1275] T f01eeb3a86344709b00d74be2ce64cd8 P c35b43dd50064a56b576873e044edd28 [term 3 FOLLOWER]: Refusing update from remote peer 71e61d16eb114780b454a710ae946d27: Log matching property violated. Preceding OpId in replica: term: 2 index: 4. Preceding OpId from leader: term: 3 index: 5. (index mismatch)
I20260713 09:03:50.949271  7616 consensus_queue.cc:1048] T f01eeb3a86344709b00d74be2ce64cd8 P 71e61d16eb114780b454a710ae946d27 [LEADER]: Connected to new peer: Peer: permanent_uuid: "c35b43dd50064a56b576873e044edd28" member_type: VOTER last_known_addr { host: "127.5.144.194" port: 37651 }, Status: LMP_MISMATCH, Last received: 0.0, Next index: 5, Last known committed idx: 4, Time since last communication: 0.000s
I20260713 09:03:50.958832  6821 raft_consensus.cc:1275] T f01eeb3a86344709b00d74be2ce64cd8 P cd894755577a4e06a7f96a0c76bd2e33 [term 3 FOLLOWER]: Refusing update from remote peer 71e61d16eb114780b454a710ae946d27: Log matching property violated. Preceding OpId in replica: term: 2 index: 4. Preceding OpId from leader: term: 3 index: 5. (index mismatch)
I20260713 09:03:50.960224  7617 consensus_queue.cc:1048] T f01eeb3a86344709b00d74be2ce64cd8 P 71e61d16eb114780b454a710ae946d27 [LEADER]: Connected to new peer: Peer: permanent_uuid: "cd894755577a4e06a7f96a0c76bd2e33" member_type: VOTER last_known_addr { host: "127.5.144.193" port: 41913 }, Status: LMP_MISMATCH, Last received: 0.0, Next index: 5, Last known committed idx: 4, Time since last communication: 0.000s
I20260713 09:03:51.037093  5699 auto_leader_rebalancer.cc:141] leader rebalance for table test-workload
I20260713 09:03:51.052386  5699 auto_leader_rebalancer.cc:141] leader rebalance for table test-workload
I20260713 09:03:51.065312  6821 tablet_service.cc:2072] Received LeaderStepDown RPC: tablet_id: "9a524336368e4e6da98348dc2098969c"
dest_uuid: "cd894755577a4e06a7f96a0c76bd2e33"
mode: GRACEFUL
new_leader_uuid: "0271c2ac618640c98e2dea650d2541aa"
 from {username='slave'} at 127.0.0.1:56434
I20260713 09:03:51.065862  6821 raft_consensus.cc:606] T 9a524336368e4e6da98348dc2098969c P cd894755577a4e06a7f96a0c76bd2e33 [term 1 LEADER]: Received request to transfer leadership to TS 0271c2ac618640c98e2dea650d2541aa
I20260713 09:03:51.067008  5699 auto_leader_rebalancer.cc:479] table: test-workload, leader rebalance finish, leader transfer count: 1
I20260713 09:03:51.067703  5699 auto_leader_rebalancer.cc:554] All tables' leader rebalancing finished this round
I20260713 09:03:51.469231  7645 raft_consensus.cc:993] T 9a524336368e4e6da98348dc2098969c P cd894755577a4e06a7f96a0c76bd2e33: : Instructing follower 0271c2ac618640c98e2dea650d2541aa to start an election
I20260713 09:03:51.469759  7605 raft_consensus.cc:1081] T 9a524336368e4e6da98348dc2098969c P cd894755577a4e06a7f96a0c76bd2e33 [term 1 LEADER]: Signalling peer 0271c2ac618640c98e2dea650d2541aa to start an election
I20260713 09:03:51.471026  6972 tablet_service.cc:2044] Received Run Leader Election RPC: tablet_id: "9a524336368e4e6da98348dc2098969c"
dest_uuid: "0271c2ac618640c98e2dea650d2541aa"
 from {username='slave'} at 127.0.0.1:39826
I20260713 09:03:51.471481  6972 raft_consensus.cc:493] T 9a524336368e4e6da98348dc2098969c P 0271c2ac618640c98e2dea650d2541aa [term 1 FOLLOWER]: Starting forced leader election (received explicit request)
I20260713 09:03:51.471743  6972 raft_consensus.cc:3060] T 9a524336368e4e6da98348dc2098969c P 0271c2ac618640c98e2dea650d2541aa [term 1 FOLLOWER]: Advancing to term 2
I20260713 09:03:51.476161  6972 raft_consensus.cc:515] T 9a524336368e4e6da98348dc2098969c P 0271c2ac618640c98e2dea650d2541aa [term 2 FOLLOWER]: Starting forced leader election with config: opid_index: -1 OBSOLETE_local: false peers { permanent_uuid: "cd894755577a4e06a7f96a0c76bd2e33" member_type: VOTER last_known_addr { host: "127.5.144.193" port: 41913 } } peers { permanent_uuid: "c35b43dd50064a56b576873e044edd28" member_type: VOTER last_known_addr { host: "127.5.144.194" port: 37651 } } peers { permanent_uuid: "0271c2ac618640c98e2dea650d2541aa" member_type: VOTER last_known_addr { host: "127.5.144.195" port: 43637 } }
I20260713 09:03:51.478171  6972 leader_election.cc:290] T 9a524336368e4e6da98348dc2098969c P 0271c2ac618640c98e2dea650d2541aa [CANDIDATE]: Term 2 election: Requested vote from peers cd894755577a4e06a7f96a0c76bd2e33 (127.5.144.193:41913), c35b43dd50064a56b576873e044edd28 (127.5.144.194:37651)
I20260713 09:03:51.478801  6821 tablet_service.cc:1917] Received RequestConsensusVote() RPC: tablet_id: "9a524336368e4e6da98348dc2098969c" candidate_uuid: "0271c2ac618640c98e2dea650d2541aa" candidate_term: 2 candidate_status { last_received { term: 1 index: 1 } } ignore_live_leader: true dest_uuid: "cd894755577a4e06a7f96a0c76bd2e33"
I20260713 09:03:51.479007  6898 tablet_service.cc:1917] Received RequestConsensusVote() RPC: tablet_id: "9a524336368e4e6da98348dc2098969c" candidate_uuid: "0271c2ac618640c98e2dea650d2541aa" candidate_term: 2 candidate_status { last_received { term: 1 index: 1 } } ignore_live_leader: true dest_uuid: "c35b43dd50064a56b576873e044edd28"
I20260713 09:03:51.479398  6821 raft_consensus.cc:3055] T 9a524336368e4e6da98348dc2098969c P cd894755577a4e06a7f96a0c76bd2e33 [term 1 LEADER]: Stepping down as leader of term 1
I20260713 09:03:51.479615  6898 raft_consensus.cc:3060] T 9a524336368e4e6da98348dc2098969c P c35b43dd50064a56b576873e044edd28 [term 1 FOLLOWER]: Advancing to term 2
I20260713 09:03:51.479740  6821 raft_consensus.cc:740] T 9a524336368e4e6da98348dc2098969c P cd894755577a4e06a7f96a0c76bd2e33 [term 1 LEADER]: Becoming Follower/Learner. State: Replica: cd894755577a4e06a7f96a0c76bd2e33, State: Running, Role: LEADER
I20260713 09:03:51.480506  6821 consensus_queue.cc:260] T 9a524336368e4e6da98348dc2098969c P cd894755577a4e06a7f96a0c76bd2e33 [NON_LEADER]: Queue going to NON_LEADER mode. State: All replicated index: 0, Majority replicated index: 1, Committed index: 1, Last appended: 1.1, Last appended by leader: 1, Current term: 1, Majority size: -1, State: 0, Mode: NON_LEADER, active raft config: opid_index: -1 OBSOLETE_local: false peers { permanent_uuid: "cd894755577a4e06a7f96a0c76bd2e33" member_type: VOTER last_known_addr { host: "127.5.144.193" port: 41913 } } peers { permanent_uuid: "c35b43dd50064a56b576873e044edd28" member_type: VOTER last_known_addr { host: "127.5.144.194" port: 37651 } } peers { permanent_uuid: "0271c2ac618640c98e2dea650d2541aa" member_type: VOTER last_known_addr { host: "127.5.144.195" port: 43637 } }
I20260713 09:03:51.481504  6821 raft_consensus.cc:3060] T 9a524336368e4e6da98348dc2098969c P cd894755577a4e06a7f96a0c76bd2e33 [term 1 FOLLOWER]: Advancing to term 2
I20260713 09:03:51.484582  6898 raft_consensus.cc:2468] T 9a524336368e4e6da98348dc2098969c P c35b43dd50064a56b576873e044edd28 [term 2 FOLLOWER]: Leader election vote request: Granting yes vote for candidate 0271c2ac618640c98e2dea650d2541aa in term 2.
I20260713 09:03:51.487001  6821 raft_consensus.cc:2468] T 9a524336368e4e6da98348dc2098969c P cd894755577a4e06a7f96a0c76bd2e33 [term 2 FOLLOWER]: Leader election vote request: Granting yes vote for candidate 0271c2ac618640c98e2dea650d2541aa in term 2.
I20260713 09:03:51.487301  6938 leader_election.cc:304] T 9a524336368e4e6da98348dc2098969c P 0271c2ac618640c98e2dea650d2541aa [CANDIDATE]: Term 2 election: Election decided. Result: candidate won. Election summary: received 2 responses out of 3 voters: 2 yes votes; 0 no votes. yes voters: 0271c2ac618640c98e2dea650d2541aa, c35b43dd50064a56b576873e044edd28; no voters: 
I20260713 09:03:51.488176  7625 raft_consensus.cc:2804] T 9a524336368e4e6da98348dc2098969c P 0271c2ac618640c98e2dea650d2541aa [term 2 FOLLOWER]: Leader election won for term 2
I20260713 09:03:51.490188  7625 raft_consensus.cc:697] T 9a524336368e4e6da98348dc2098969c P 0271c2ac618640c98e2dea650d2541aa [term 2 LEADER]: Becoming Leader. State: Replica: 0271c2ac618640c98e2dea650d2541aa, State: Running, Role: LEADER
I20260713 09:03:51.491155  7625 consensus_queue.cc:237] T 9a524336368e4e6da98348dc2098969c P 0271c2ac618640c98e2dea650d2541aa [LEADER]: Queue going to LEADER mode. State: All replicated index: 0, Majority replicated index: 1, Committed index: 1, Last appended: 1.1, Last appended by leader: 1, Current term: 2, Majority size: 2, State: 0, Mode: LEADER, active raft config: opid_index: -1 OBSOLETE_local: false peers { permanent_uuid: "cd894755577a4e06a7f96a0c76bd2e33" member_type: VOTER last_known_addr { host: "127.5.144.193" port: 41913 } } peers { permanent_uuid: "c35b43dd50064a56b576873e044edd28" member_type: VOTER last_known_addr { host: "127.5.144.194" port: 37651 } } peers { permanent_uuid: "0271c2ac618640c98e2dea650d2541aa" member_type: VOTER last_known_addr { host: "127.5.144.195" port: 43637 } }
I20260713 09:03:51.498046  6719 catalog_manager.cc:5697] T 9a524336368e4e6da98348dc2098969c P 0271c2ac618640c98e2dea650d2541aa reported cstate change: term changed from 1 to 2, leader changed from cd894755577a4e06a7f96a0c76bd2e33 (127.5.144.193) to 0271c2ac618640c98e2dea650d2541aa (127.5.144.195). New cstate: current_term: 2 leader_uuid: "0271c2ac618640c98e2dea650d2541aa" committed_config { opid_index: -1 OBSOLETE_local: false peers { permanent_uuid: "cd894755577a4e06a7f96a0c76bd2e33" member_type: VOTER last_known_addr { host: "127.5.144.193" port: 41913 } health_report { overall_health: UNKNOWN } } peers { permanent_uuid: "c35b43dd50064a56b576873e044edd28" member_type: VOTER last_known_addr { host: "127.5.144.194" port: 37651 } health_report { overall_health: UNKNOWN } } peers { permanent_uuid: "0271c2ac618640c98e2dea650d2541aa" member_type: VOTER last_known_addr { host: "127.5.144.195" port: 43637 } health_report { overall_health: HEALTHY } } }
I20260713 09:03:51.967051  6821 raft_consensus.cc:1275] T 9a524336368e4e6da98348dc2098969c P cd894755577a4e06a7f96a0c76bd2e33 [term 2 FOLLOWER]: Refusing update from remote peer 0271c2ac618640c98e2dea650d2541aa: Log matching property violated. Preceding OpId in replica: term: 1 index: 1. Preceding OpId from leader: term: 2 index: 2. (index mismatch)
I20260713 09:03:51.968477  7625 consensus_queue.cc:1048] T 9a524336368e4e6da98348dc2098969c P 0271c2ac618640c98e2dea650d2541aa [LEADER]: Connected to new peer: Peer: permanent_uuid: "cd894755577a4e06a7f96a0c76bd2e33" member_type: VOTER last_known_addr { host: "127.5.144.193" port: 41913 }, Status: LMP_MISMATCH, Last received: 0.0, Next index: 2, Last known committed idx: 1, Time since last communication: 0.000s
I20260713 09:03:51.977195  6898 raft_consensus.cc:1275] T 9a524336368e4e6da98348dc2098969c P c35b43dd50064a56b576873e044edd28 [term 2 FOLLOWER]: Refusing update from remote peer 0271c2ac618640c98e2dea650d2541aa: Log matching property violated. Preceding OpId in replica: term: 1 index: 1. Preceding OpId from leader: term: 2 index: 2. (index mismatch)
I20260713 09:03:51.981127  7646 consensus_queue.cc:1048] T 9a524336368e4e6da98348dc2098969c P 0271c2ac618640c98e2dea650d2541aa [LEADER]: Connected to new peer: Peer: permanent_uuid: "c35b43dd50064a56b576873e044edd28" member_type: VOTER last_known_addr { host: "127.5.144.194" port: 37651 }, Status: LMP_MISMATCH, Last received: 0.0, Next index: 2, Last known committed idx: 1, Time since last communication: 0.000s
I20260713 09:03:52.068444  5699 auto_leader_rebalancer.cc:141] leader rebalance for table test-workload
I20260713 09:03:52.084743  5699 auto_leader_rebalancer.cc:141] leader rebalance for table test-workload
I20260713 09:03:52.097965  6972 tablet_service.cc:2072] Received LeaderStepDown RPC: tablet_id: "cbf283b8f8f8474e8abcfe2388dbde89"
dest_uuid: "0271c2ac618640c98e2dea650d2541aa"
mode: GRACEFUL
new_leader_uuid: "71e61d16eb114780b454a710ae946d27"
 from {username='slave'} at 127.0.0.1:55674
I20260713 09:03:52.098400  6972 raft_consensus.cc:606] T cbf283b8f8f8474e8abcfe2388dbde89 P 0271c2ac618640c98e2dea650d2541aa [term 1 LEADER]: Received request to transfer leadership to TS 71e61d16eb114780b454a710ae946d27
I20260713 09:03:52.099397  5699 auto_leader_rebalancer.cc:479] table: test-workload, leader rebalance finish, leader transfer count: 1
I20260713 09:03:52.099932  5699 auto_leader_rebalancer.cc:554] All tables' leader rebalancing finished this round
I20260713 09:03:52.235438  7625 raft_consensus.cc:993] T cbf283b8f8f8474e8abcfe2388dbde89 P 0271c2ac618640c98e2dea650d2541aa: : Instructing follower 71e61d16eb114780b454a710ae946d27 to start an election
I20260713 09:03:52.235936  7646 raft_consensus.cc:1081] T cbf283b8f8f8474e8abcfe2388dbde89 P 0271c2ac618640c98e2dea650d2541aa [term 1 LEADER]: Signalling peer 71e61d16eb114780b454a710ae946d27 to start an election
I20260713 09:03:52.237334  7248 tablet_service.cc:2044] Received Run Leader Election RPC: tablet_id: "cbf283b8f8f8474e8abcfe2388dbde89"
dest_uuid: "71e61d16eb114780b454a710ae946d27"
 from {username='slave'} at 127.0.0.1:58672
I20260713 09:03:52.237769  7248 raft_consensus.cc:493] T cbf283b8f8f8474e8abcfe2388dbde89 P 71e61d16eb114780b454a710ae946d27 [term 1 FOLLOWER]: Starting forced leader election (received explicit request)
I20260713 09:03:52.238036  7248 raft_consensus.cc:3060] T cbf283b8f8f8474e8abcfe2388dbde89 P 71e61d16eb114780b454a710ae946d27 [term 1 FOLLOWER]: Advancing to term 2
I20260713 09:03:52.242333  7248 raft_consensus.cc:515] T cbf283b8f8f8474e8abcfe2388dbde89 P 71e61d16eb114780b454a710ae946d27 [term 2 FOLLOWER]: Starting forced leader election with config: opid_index: 4 OBSOLETE_local: false peers { permanent_uuid: "c35b43dd50064a56b576873e044edd28" member_type: VOTER last_known_addr { host: "127.5.144.194" port: 37651 } } peers { permanent_uuid: "0271c2ac618640c98e2dea650d2541aa" member_type: VOTER last_known_addr { host: "127.5.144.195" port: 43637 } } peers { permanent_uuid: "71e61d16eb114780b454a710ae946d27" member_type: VOTER last_known_addr { host: "127.5.144.196" port: 36045 } attrs { promote: false } }
I20260713 09:03:52.243983  7248 leader_election.cc:290] T cbf283b8f8f8474e8abcfe2388dbde89 P 71e61d16eb114780b454a710ae946d27 [CANDIDATE]: Term 2 election: Requested vote from peers c35b43dd50064a56b576873e044edd28 (127.5.144.194:37651), 0271c2ac618640c98e2dea650d2541aa (127.5.144.195:43637)
I20260713 09:03:52.244549  6898 tablet_service.cc:1917] Received RequestConsensusVote() RPC: tablet_id: "cbf283b8f8f8474e8abcfe2388dbde89" candidate_uuid: "71e61d16eb114780b454a710ae946d27" candidate_term: 2 candidate_status { last_received { term: 1 index: 4 } } ignore_live_leader: true dest_uuid: "c35b43dd50064a56b576873e044edd28"
I20260713 09:03:52.244951  6972 tablet_service.cc:1917] Received RequestConsensusVote() RPC: tablet_id: "cbf283b8f8f8474e8abcfe2388dbde89" candidate_uuid: "71e61d16eb114780b454a710ae946d27" candidate_term: 2 candidate_status { last_received { term: 1 index: 4 } } ignore_live_leader: true dest_uuid: "0271c2ac618640c98e2dea650d2541aa"
I20260713 09:03:52.245129  6898 raft_consensus.cc:3060] T cbf283b8f8f8474e8abcfe2388dbde89 P c35b43dd50064a56b576873e044edd28 [term 1 FOLLOWER]: Advancing to term 2
I20260713 09:03:52.245556  6972 raft_consensus.cc:3055] T cbf283b8f8f8474e8abcfe2388dbde89 P 0271c2ac618640c98e2dea650d2541aa [term 1 LEADER]: Stepping down as leader of term 1
I20260713 09:03:52.245883  6972 raft_consensus.cc:740] T cbf283b8f8f8474e8abcfe2388dbde89 P 0271c2ac618640c98e2dea650d2541aa [term 1 LEADER]: Becoming Follower/Learner. State: Replica: 0271c2ac618640c98e2dea650d2541aa, State: Running, Role: LEADER
I20260713 09:03:52.246662  6972 consensus_queue.cc:260] T cbf283b8f8f8474e8abcfe2388dbde89 P 0271c2ac618640c98e2dea650d2541aa [NON_LEADER]: Queue going to NON_LEADER mode. State: All replicated index: 0, Majority replicated index: 4, Committed index: 4, Last appended: 1.4, Last appended by leader: 4, Current term: 1, Majority size: -1, State: 0, Mode: NON_LEADER, active raft config: opid_index: 4 OBSOLETE_local: false peers { permanent_uuid: "c35b43dd50064a56b576873e044edd28" member_type: VOTER last_known_addr { host: "127.5.144.194" port: 37651 } } peers { permanent_uuid: "0271c2ac618640c98e2dea650d2541aa" member_type: VOTER last_known_addr { host: "127.5.144.195" port: 43637 } } peers { permanent_uuid: "71e61d16eb114780b454a710ae946d27" member_type: VOTER last_known_addr { host: "127.5.144.196" port: 36045 } attrs { promote: false } }
I20260713 09:03:52.247906  6972 raft_consensus.cc:3060] T cbf283b8f8f8474e8abcfe2388dbde89 P 0271c2ac618640c98e2dea650d2541aa [term 1 FOLLOWER]: Advancing to term 2
I20260713 09:03:52.250650  6898 raft_consensus.cc:2468] T cbf283b8f8f8474e8abcfe2388dbde89 P c35b43dd50064a56b576873e044edd28 [term 2 FOLLOWER]: Leader election vote request: Granting yes vote for candidate 71e61d16eb114780b454a710ae946d27 in term 2.
I20260713 09:03:52.251766  7208 leader_election.cc:304] T cbf283b8f8f8474e8abcfe2388dbde89 P 71e61d16eb114780b454a710ae946d27 [CANDIDATE]: Term 2 election: Election decided. Result: candidate won. Election summary: received 2 responses out of 3 voters: 2 yes votes; 0 no votes. yes voters: 71e61d16eb114780b454a710ae946d27, c35b43dd50064a56b576873e044edd28; no voters: 
I20260713 09:03:52.252607  7617 raft_consensus.cc:2804] T cbf283b8f8f8474e8abcfe2388dbde89 P 71e61d16eb114780b454a710ae946d27 [term 2 FOLLOWER]: Leader election won for term 2
I20260713 09:03:52.253011  7617 raft_consensus.cc:697] T cbf283b8f8f8474e8abcfe2388dbde89 P 71e61d16eb114780b454a710ae946d27 [term 2 LEADER]: Becoming Leader. State: Replica: 71e61d16eb114780b454a710ae946d27, State: Running, Role: LEADER
I20260713 09:03:52.253834  6972 raft_consensus.cc:2468] T cbf283b8f8f8474e8abcfe2388dbde89 P 0271c2ac618640c98e2dea650d2541aa [term 2 FOLLOWER]: Leader election vote request: Granting yes vote for candidate 71e61d16eb114780b454a710ae946d27 in term 2.
I20260713 09:03:52.253895  7617 consensus_queue.cc:237] T cbf283b8f8f8474e8abcfe2388dbde89 P 71e61d16eb114780b454a710ae946d27 [LEADER]: Queue going to LEADER mode. State: All replicated index: 0, Majority replicated index: 4, Committed index: 4, Last appended: 1.4, Last appended by leader: 4, Current term: 2, Majority size: 2, State: 0, Mode: LEADER, active raft config: opid_index: 4 OBSOLETE_local: false peers { permanent_uuid: "c35b43dd50064a56b576873e044edd28" member_type: VOTER last_known_addr { host: "127.5.144.194" port: 37651 } } peers { permanent_uuid: "0271c2ac618640c98e2dea650d2541aa" member_type: VOTER last_known_addr { host: "127.5.144.195" port: 43637 } } peers { permanent_uuid: "71e61d16eb114780b454a710ae946d27" member_type: VOTER last_known_addr { host: "127.5.144.196" port: 36045 } attrs { promote: false } }
I20260713 09:03:52.261273  6723 catalog_manager.cc:5697] T cbf283b8f8f8474e8abcfe2388dbde89 P 71e61d16eb114780b454a710ae946d27 reported cstate change: term changed from 1 to 2, leader changed from 0271c2ac618640c98e2dea650d2541aa (127.5.144.195) to 71e61d16eb114780b454a710ae946d27 (127.5.144.196). New cstate: current_term: 2 leader_uuid: "71e61d16eb114780b454a710ae946d27" committed_config { opid_index: 4 OBSOLETE_local: false peers { permanent_uuid: "c35b43dd50064a56b576873e044edd28" member_type: VOTER last_known_addr { host: "127.5.144.194" port: 37651 } health_report { overall_health: UNKNOWN } } peers { permanent_uuid: "0271c2ac618640c98e2dea650d2541aa" member_type: VOTER last_known_addr { host: "127.5.144.195" port: 43637 } health_report { overall_health: UNKNOWN } } peers { permanent_uuid: "71e61d16eb114780b454a710ae946d27" member_type: VOTER last_known_addr { host: "127.5.144.196" port: 36045 } attrs { promote: false } health_report { overall_health: HEALTHY } } }
I20260713 09:03:52.708171  6972 raft_consensus.cc:1275] T cbf283b8f8f8474e8abcfe2388dbde89 P 0271c2ac618640c98e2dea650d2541aa [term 2 FOLLOWER]: Refusing update from remote peer 71e61d16eb114780b454a710ae946d27: Log matching property violated. Preceding OpId in replica: term: 1 index: 4. Preceding OpId from leader: term: 2 index: 5. (index mismatch)
I20260713 09:03:52.709317  7617 consensus_queue.cc:1048] T cbf283b8f8f8474e8abcfe2388dbde89 P 71e61d16eb114780b454a710ae946d27 [LEADER]: Connected to new peer: Peer: permanent_uuid: "0271c2ac618640c98e2dea650d2541aa" member_type: VOTER last_known_addr { host: "127.5.144.195" port: 43637 }, Status: LMP_MISMATCH, Last received: 0.0, Next index: 5, Last known committed idx: 4, Time since last communication: 0.000s
I20260713 09:03:52.718606  6898 raft_consensus.cc:1275] T cbf283b8f8f8474e8abcfe2388dbde89 P c35b43dd50064a56b576873e044edd28 [term 2 FOLLOWER]: Refusing update from remote peer 71e61d16eb114780b454a710ae946d27: Log matching property violated. Preceding OpId in replica: term: 1 index: 4. Preceding OpId from leader: term: 2 index: 5. (index mismatch)
I20260713 09:03:52.719916  7617 consensus_queue.cc:1048] T cbf283b8f8f8474e8abcfe2388dbde89 P 71e61d16eb114780b454a710ae946d27 [LEADER]: Connected to new peer: Peer: permanent_uuid: "c35b43dd50064a56b576873e044edd28" member_type: VOTER last_known_addr { host: "127.5.144.194" port: 37651 }, Status: LMP_MISMATCH, Last received: 0.0, Next index: 5, Last known committed idx: 4, Time since last communication: 0.001s
I20260713 09:03:53.100626  5699 auto_leader_rebalancer.cc:141] leader rebalance for table test-workload
I20260713 09:03:53.112742  5699 tablet_server.cc:179] TabletServer@127.5.144.193:0 shutting down...
W20260713 09:03:53.117847  6939 proxy.cc:239] Call had error, refreshing address and retrying: Remote error: Service unavailable: service kudu.consensus.ConsensusService not registered on TabletServer
W20260713 09:03:53.121904  6939 consensus_peers.cc:597] T c644aea131b842138f33d8ebc91bc8e0 P 0271c2ac618640c98e2dea650d2541aa -> Peer cd894755577a4e06a7f96a0c76bd2e33 (127.5.144.193:41913): Couldn't send request to peer cd894755577a4e06a7f96a0c76bd2e33. Status: Remote error: Service unavailable: service kudu.consensus.ConsensusService not registered on TabletServer. This is attempt 1: this message will repeat every 5th retry.
I20260713 09:03:53.147537  5699 ts_tablet_manager.cc:1507] Shutting down tablet manager...
I20260713 09:03:53.148545  5699 tablet_replica.cc:333] T 7f685f55c2b44847919929e5d73fa92b P cd894755577a4e06a7f96a0c76bd2e33: stopping tablet replica
I20260713 09:03:53.149364  5699 raft_consensus.cc:2243] T 7f685f55c2b44847919929e5d73fa92b P cd894755577a4e06a7f96a0c76bd2e33 [term 1 LEADER]: Raft consensus shutting down.
W20260713 09:03:53.149868  7605 consensus_queue.cc:1175] T 7f685f55c2b44847919929e5d73fa92b P cd894755577a4e06a7f96a0c76bd2e33 [LEADER]: Queue is closed or peer was untracked, disregarding peer response. Response: responder_uuid: "71e61d16eb114780b454a710ae946d27" responder_term: 1 status { last_received { term: 1 index: 4 } last_committed_idx: 4 last_received_current_leader { term: 1 index: 4 } }
I20260713 09:03:53.150506  5699 raft_consensus.cc:2272] T 7f685f55c2b44847919929e5d73fa92b P cd894755577a4e06a7f96a0c76bd2e33 [term 1 FOLLOWER]: Raft consensus is shut down!
I20260713 09:03:53.152324  5699 tablet_replica.cc:333] T 87bfb1d0c07e4d5e93aa4249495c2ee3 P cd894755577a4e06a7f96a0c76bd2e33: stopping tablet replica
I20260713 09:03:53.152959  5699 raft_consensus.cc:2243] T 87bfb1d0c07e4d5e93aa4249495c2ee3 P cd894755577a4e06a7f96a0c76bd2e33 [term 1 FOLLOWER]: Raft consensus shutting down.
I20260713 09:03:53.153419  5699 raft_consensus.cc:2272] T 87bfb1d0c07e4d5e93aa4249495c2ee3 P cd894755577a4e06a7f96a0c76bd2e33 [term 1 FOLLOWER]: Raft consensus is shut down!
I20260713 09:03:53.155356  5699 tablet_replica.cc:333] T c800caeaa71b4574a393719a01d5a989 P cd894755577a4e06a7f96a0c76bd2e33: stopping tablet replica
I20260713 09:03:53.155824  5699 raft_consensus.cc:2243] T c800caeaa71b4574a393719a01d5a989 P cd894755577a4e06a7f96a0c76bd2e33 [term 1 FOLLOWER]: Raft consensus shutting down.
I20260713 09:03:53.156140  5699 raft_consensus.cc:2272] T c800caeaa71b4574a393719a01d5a989 P cd894755577a4e06a7f96a0c76bd2e33 [term 1 FOLLOWER]: Raft consensus is shut down!
I20260713 09:03:53.157635  5699 tablet_replica.cc:333] T 50d16d2f25894d30b4c1fbc33eb27871 P cd894755577a4e06a7f96a0c76bd2e33: stopping tablet replica
I20260713 09:03:53.158092  5699 raft_consensus.cc:2243] T 50d16d2f25894d30b4c1fbc33eb27871 P cd894755577a4e06a7f96a0c76bd2e33 [term 1 FOLLOWER]: Raft consensus shutting down.
I20260713 09:03:53.158407  5699 raft_consensus.cc:2272] T 50d16d2f25894d30b4c1fbc33eb27871 P cd894755577a4e06a7f96a0c76bd2e33 [term 1 FOLLOWER]: Raft consensus is shut down!
I20260713 09:03:53.160043  5699 tablet_replica.cc:333] T 3f59561a009e4f0f883481b397f4012c P cd894755577a4e06a7f96a0c76bd2e33: stopping tablet replica
I20260713 09:03:53.160657  5699 raft_consensus.cc:2243] T 3f59561a009e4f0f883481b397f4012c P cd894755577a4e06a7f96a0c76bd2e33 [term 1 FOLLOWER]: Raft consensus shutting down.
I20260713 09:03:53.161005  5699 raft_consensus.cc:2272] T 3f59561a009e4f0f883481b397f4012c P cd894755577a4e06a7f96a0c76bd2e33 [term 1 FOLLOWER]: Raft consensus is shut down!
I20260713 09:03:53.162595  5699 tablet_replica.cc:333] T c644aea131b842138f33d8ebc91bc8e0 P cd894755577a4e06a7f96a0c76bd2e33: stopping tablet replica
I20260713 09:03:53.163204  5699 raft_consensus.cc:2243] T c644aea131b842138f33d8ebc91bc8e0 P cd894755577a4e06a7f96a0c76bd2e33 [term 1 FOLLOWER]: Raft consensus shutting down.
I20260713 09:03:53.163726  5699 raft_consensus.cc:2272] T c644aea131b842138f33d8ebc91bc8e0 P cd894755577a4e06a7f96a0c76bd2e33 [term 1 FOLLOWER]: Raft consensus is shut down!
I20260713 09:03:53.165661  5699 tablet_replica.cc:333] T 91ac7d2356ee4dda98f863e725110227 P cd894755577a4e06a7f96a0c76bd2e33: stopping tablet replica
I20260713 09:03:53.166195  5699 raft_consensus.cc:2243] T 91ac7d2356ee4dda98f863e725110227 P cd894755577a4e06a7f96a0c76bd2e33 [term 1 LEADER]: Raft consensus shutting down.
I20260713 09:03:53.166919  5699 raft_consensus.cc:2272] T 91ac7d2356ee4dda98f863e725110227 P cd894755577a4e06a7f96a0c76bd2e33 [term 1 FOLLOWER]: Raft consensus is shut down!
I20260713 09:03:53.168605  5699 tablet_replica.cc:333] T 7fb672d06bae44549526d9660b3291fe P cd894755577a4e06a7f96a0c76bd2e33: stopping tablet replica
I20260713 09:03:53.169260  5699 raft_consensus.cc:2243] T 7fb672d06bae44549526d9660b3291fe P cd894755577a4e06a7f96a0c76bd2e33 [term 1 FOLLOWER]: Raft consensus shutting down.
I20260713 09:03:53.170001  5699 raft_consensus.cc:2272] T 7fb672d06bae44549526d9660b3291fe P cd894755577a4e06a7f96a0c76bd2e33 [term 1 FOLLOWER]: Raft consensus is shut down!
I20260713 09:03:53.171911  5699 tablet_replica.cc:333] T 9a524336368e4e6da98348dc2098969c P cd894755577a4e06a7f96a0c76bd2e33: stopping tablet replica
I20260713 09:03:53.172361  5699 raft_consensus.cc:2243] T 9a524336368e4e6da98348dc2098969c P cd894755577a4e06a7f96a0c76bd2e33 [term 2 FOLLOWER]: Raft consensus shutting down.
I20260713 09:03:53.172742  5699 raft_consensus.cc:2272] T 9a524336368e4e6da98348dc2098969c P cd894755577a4e06a7f96a0c76bd2e33 [term 2 FOLLOWER]: Raft consensus is shut down!
I20260713 09:03:53.174340  5699 tablet_replica.cc:333] T 76d8432bc0ab45d6b1a4b8854fe7b7d8 P cd894755577a4e06a7f96a0c76bd2e33: stopping tablet replica
I20260713 09:03:53.174799  5699 raft_consensus.cc:2243] T 76d8432bc0ab45d6b1a4b8854fe7b7d8 P cd894755577a4e06a7f96a0c76bd2e33 [term 1 LEADER]: Raft consensus shutting down.
I20260713 09:03:53.175505  5699 raft_consensus.cc:2272] T 76d8432bc0ab45d6b1a4b8854fe7b7d8 P cd894755577a4e06a7f96a0c76bd2e33 [term 1 FOLLOWER]: Raft consensus is shut down!
I20260713 09:03:53.177609  5699 tablet_replica.cc:333] T 97db032ef86c47fbaac18a80fe7e20d2 P cd894755577a4e06a7f96a0c76bd2e33: stopping tablet replica
I20260713 09:03:53.178164  5699 raft_consensus.cc:2243] T 97db032ef86c47fbaac18a80fe7e20d2 P cd894755577a4e06a7f96a0c76bd2e33 [term 1 FOLLOWER]: Raft consensus shutting down.
I20260713 09:03:53.178776  5699 raft_consensus.cc:2272] T 97db032ef86c47fbaac18a80fe7e20d2 P cd894755577a4e06a7f96a0c76bd2e33 [term 1 FOLLOWER]: Raft consensus is shut down!
I20260713 09:03:53.180404  5699 tablet_replica.cc:333] T 642d3d7ed61c497cb3164d929cd0505a P cd894755577a4e06a7f96a0c76bd2e33: stopping tablet replica
I20260713 09:03:53.180837  5699 raft_consensus.cc:2243] T 642d3d7ed61c497cb3164d929cd0505a P cd894755577a4e06a7f96a0c76bd2e33 [term 1 LEADER]: Raft consensus shutting down.
I20260713 09:03:53.181584  5699 raft_consensus.cc:2272] T 642d3d7ed61c497cb3164d929cd0505a P cd894755577a4e06a7f96a0c76bd2e33 [term 1 FOLLOWER]: Raft consensus is shut down!
I20260713 09:03:53.183286  5699 tablet_replica.cc:333] T 81d50a6067334bd9b46db9e94d7ac6ee P cd894755577a4e06a7f96a0c76bd2e33: stopping tablet replica
I20260713 09:03:53.183743  5699 raft_consensus.cc:2243] T 81d50a6067334bd9b46db9e94d7ac6ee P cd894755577a4e06a7f96a0c76bd2e33 [term 1 FOLLOWER]: Raft consensus shutting down.
I20260713 09:03:53.184151  5699 raft_consensus.cc:2272] T 81d50a6067334bd9b46db9e94d7ac6ee P cd894755577a4e06a7f96a0c76bd2e33 [term 1 FOLLOWER]: Raft consensus is shut down!
I20260713 09:03:53.185946  5699 tablet_replica.cc:333] T 53effed6e07e43d787dd07d7697466f3 P cd894755577a4e06a7f96a0c76bd2e33: stopping tablet replica
I20260713 09:03:53.186547  5699 raft_consensus.cc:2243] T 53effed6e07e43d787dd07d7697466f3 P cd894755577a4e06a7f96a0c76bd2e33 [term 1 LEADER]: Raft consensus shutting down.
I20260713 09:03:53.187459  5699 raft_consensus.cc:2272] T 53effed6e07e43d787dd07d7697466f3 P cd894755577a4e06a7f96a0c76bd2e33 [term 1 FOLLOWER]: Raft consensus is shut down!
I20260713 09:03:53.189253  5699 tablet_replica.cc:333] T bae1c92b444840b99fa42cf6cb984512 P cd894755577a4e06a7f96a0c76bd2e33: stopping tablet replica
I20260713 09:03:53.189797  5699 raft_consensus.cc:2243] T bae1c92b444840b99fa42cf6cb984512 P cd894755577a4e06a7f96a0c76bd2e33 [term 1 LEADER]: Raft consensus shutting down.
I20260713 09:03:53.190622  5699 raft_consensus.cc:2272] T bae1c92b444840b99fa42cf6cb984512 P cd894755577a4e06a7f96a0c76bd2e33 [term 1 FOLLOWER]: Raft consensus is shut down!
I20260713 09:03:53.192380  5699 tablet_replica.cc:333] T f01eeb3a86344709b00d74be2ce64cd8 P cd894755577a4e06a7f96a0c76bd2e33: stopping tablet replica
I20260713 09:03:53.192818  5699 raft_consensus.cc:2243] T f01eeb3a86344709b00d74be2ce64cd8 P cd894755577a4e06a7f96a0c76bd2e33 [term 3 FOLLOWER]: Raft consensus shutting down.
I20260713 09:03:53.193245  5699 raft_consensus.cc:2272] T f01eeb3a86344709b00d74be2ce64cd8 P cd894755577a4e06a7f96a0c76bd2e33 [term 3 FOLLOWER]: Raft consensus is shut down!
I20260713 09:03:53.195015  5699 tablet_replica.cc:333] T be4a428e9d18494cab5870cd1f90b171 P cd894755577a4e06a7f96a0c76bd2e33: stopping tablet replica
I20260713 09:03:53.195511  5699 raft_consensus.cc:2243] T be4a428e9d18494cab5870cd1f90b171 P cd894755577a4e06a7f96a0c76bd2e33 [term 2 FOLLOWER]: Raft consensus shutting down.
I20260713 09:03:53.195879  5699 raft_consensus.cc:2272] T be4a428e9d18494cab5870cd1f90b171 P cd894755577a4e06a7f96a0c76bd2e33 [term 2 FOLLOWER]: Raft consensus is shut down!
I20260713 09:03:53.197490  5699 tablet_replica.cc:333] T 3ada3c139abd4b69a5469338e668e2f0 P cd894755577a4e06a7f96a0c76bd2e33: stopping tablet replica
I20260713 09:03:53.197912  5699 raft_consensus.cc:2243] T 3ada3c139abd4b69a5469338e668e2f0 P cd894755577a4e06a7f96a0c76bd2e33 [term 2 FOLLOWER]: Raft consensus shutting down.
I20260713 09:03:53.198447  5699 raft_consensus.cc:2272] T 3ada3c139abd4b69a5469338e668e2f0 P cd894755577a4e06a7f96a0c76bd2e33 [term 2 FOLLOWER]: Raft consensus is shut down!
W20260713 09:03:53.206269  6865 consensus_peers.cc:597] T 81d50a6067334bd9b46db9e94d7ac6ee P c35b43dd50064a56b576873e044edd28 -> Peer cd894755577a4e06a7f96a0c76bd2e33 (127.5.144.193:41913): Couldn't send request to peer cd894755577a4e06a7f96a0c76bd2e33. Status: Remote error: Service unavailable: service kudu.consensus.ConsensusService not registered on TabletServer. This is attempt 1: this message will repeat every 5th retry.
W20260713 09:03:53.216638  7210 consensus_peers.cc:597] T 3ada3c139abd4b69a5469338e668e2f0 P 71e61d16eb114780b454a710ae946d27 -> Peer cd894755577a4e06a7f96a0c76bd2e33 (127.5.144.193:41913): Couldn't send request to peer cd894755577a4e06a7f96a0c76bd2e33. Status: Remote error: Service unavailable: service kudu.consensus.ConsensusService not registered on TabletServer. This is attempt 1: this message will repeat every 5th retry.
I20260713 09:03:53.244752  5699 tablet_server.cc:196] TabletServer@127.5.144.193:0 shutdown complete.
W20260713 09:03:53.247926  6939 consensus_peers.cc:597] T 7fb672d06bae44549526d9660b3291fe P 0271c2ac618640c98e2dea650d2541aa -> Peer cd894755577a4e06a7f96a0c76bd2e33 (127.5.144.193:41913): Couldn't send request to peer cd894755577a4e06a7f96a0c76bd2e33. Status: Network error: Client connection negotiation failed: client connection to 127.5.144.193:41913: connect: Connection refused (error 111). This is attempt 1: this message will repeat every 5th retry.
I20260713 09:03:53.289793  5699 tablet_server.cc:179] TabletServer@127.5.144.194:0 shutting down...
W20260713 09:03:53.302316  6939 consensus_peers.cc:597] T 9a524336368e4e6da98348dc2098969c P 0271c2ac618640c98e2dea650d2541aa -> Peer cd894755577a4e06a7f96a0c76bd2e33 (127.5.144.193:41913): Couldn't send request to peer cd894755577a4e06a7f96a0c76bd2e33. Status: Network error: Client connection negotiation failed: client connection to 127.5.144.193:41913: connect: Connection refused (error 111). This is attempt 1: this message will repeat every 5th retry.
W20260713 09:03:53.306754  6865 consensus_peers.cc:597] T 3f59561a009e4f0f883481b397f4012c P c35b43dd50064a56b576873e044edd28 -> Peer cd894755577a4e06a7f96a0c76bd2e33 (127.5.144.193:41913): Couldn't send request to peer cd894755577a4e06a7f96a0c76bd2e33. Status: Network error: Client connection negotiation failed: client connection to 127.5.144.193:41913: connect: Connection refused (error 111). This is attempt 1: this message will repeat every 5th retry.
W20260713 09:03:53.310820  6865 consensus_peers.cc:597] T 50d16d2f25894d30b4c1fbc33eb27871 P c35b43dd50064a56b576873e044edd28 -> Peer cd894755577a4e06a7f96a0c76bd2e33 (127.5.144.193:41913): Couldn't send request to peer cd894755577a4e06a7f96a0c76bd2e33. Status: Network error: Client connection negotiation failed: client connection to 127.5.144.193:41913: connect: Connection refused (error 111). This is attempt 1: this message will repeat every 5th retry.
I20260713 09:03:53.322715  5699 ts_tablet_manager.cc:1507] Shutting down tablet manager...
I20260713 09:03:53.323493  5699 tablet_replica.cc:333] T 9a524336368e4e6da98348dc2098969c P c35b43dd50064a56b576873e044edd28: stopping tablet replica
