W20260713 09:03:28.509116 12223 consensus_peers.cc:597] T 55ebd73ececa47a5a0adfa9b275bc7f9 P f91a0bee96b84995aa71e6f56547cfc2 -> Peer 5525a0cd3dea4c8dba3c334de0cbbb0f (127.10.231.4:35909): Couldn't send request to peer 5525a0cd3dea4c8dba3c334de0cbbb0f. Error code: TABLET_NOT_FOUND (6). Status: Not found: Tablet not found: 55ebd73ececa47a5a0adfa9b275bc7f9. This is attempt 1: this message will repeat every 5th retry.
I20260713 09:03:28.510476 12488 consensus_queue.cc:1048] T 55ebd73ececa47a5a0adfa9b275bc7f9 P f91a0bee96b84995aa71e6f56547cfc2 [LEADER]: Connected to new peer: Peer: permanent_uuid: "afb5b6b1cc3042f49745297ff99d957e" member_type: VOTER last_known_addr { host: "127.10.231.2" port: 42357 }, Status: LMP_MISMATCH, Last received: 0.0, Next index: 2, Last known committed idx: 1, Time since last communication: 0.000s
I20260713 09:03:28.514163 12595 consensus_queue.cc:1048] T 55ebd73ececa47a5a0adfa9b275bc7f9 P f91a0bee96b84995aa71e6f56547cfc2 [LEADER]: Connected to new peer: Peer: permanent_uuid: "b3bf107bf3de4de1951f6943e240ac30" member_type: VOTER last_known_addr { host: "127.10.231.3" port: 38589 } attrs { replace: true }, Status: LMP_MISMATCH, Last received: 0.0, Next index: 2, Last known committed idx: 1, Time since last communication: 0.001s
I20260713 09:03:28.528214 12488 raft_consensus.cc:2955] T 55ebd73ececa47a5a0adfa9b275bc7f9 P f91a0bee96b84995aa71e6f56547cfc2 [term 1 LEADER]: Committing config change with OpId 1.2: config changed from index -1 to 2, NON_VOTER 5525a0cd3dea4c8dba3c334de0cbbb0f (127.10.231.4) added. New config: { opid_index: 2 OBSOLETE_local: false peers { permanent_uuid: "f91a0bee96b84995aa71e6f56547cfc2" member_type: VOTER last_known_addr { host: "127.10.231.1" port: 33715 } } peers { permanent_uuid: "afb5b6b1cc3042f49745297ff99d957e" member_type: VOTER last_known_addr { host: "127.10.231.2" port: 42357 } } peers { permanent_uuid: "b3bf107bf3de4de1951f6943e240ac30" member_type: VOTER last_known_addr { host: "127.10.231.3" port: 38589 } attrs { replace: true } } peers { permanent_uuid: "5525a0cd3dea4c8dba3c334de0cbbb0f" member_type: NON_VOTER last_known_addr { host: "127.10.231.4" port: 35909 } attrs { promote: true } } }
I20260713 09:03:28.530503 12406 raft_consensus.cc:2955] T 55ebd73ececa47a5a0adfa9b275bc7f9 P b3bf107bf3de4de1951f6943e240ac30 [term 1 FOLLOWER]: Committing config change with OpId 1.2: config changed from index -1 to 2, NON_VOTER 5525a0cd3dea4c8dba3c334de0cbbb0f (127.10.231.4) added. New config: { opid_index: 2 OBSOLETE_local: false peers { permanent_uuid: "f91a0bee96b84995aa71e6f56547cfc2" member_type: VOTER last_known_addr { host: "127.10.231.1" port: 33715 } } peers { permanent_uuid: "afb5b6b1cc3042f49745297ff99d957e" member_type: VOTER last_known_addr { host: "127.10.231.2" port: 42357 } } peers { permanent_uuid: "b3bf107bf3de4de1951f6943e240ac30" member_type: VOTER last_known_addr { host: "127.10.231.3" port: 38589 } attrs { replace: true } } peers { permanent_uuid: "5525a0cd3dea4c8dba3c334de0cbbb0f" member_type: NON_VOTER last_known_addr { host: "127.10.231.4" port: 35909 } attrs { promote: true } } }
I20260713 09:03:28.542822 12330 raft_consensus.cc:2955] T 55ebd73ececa47a5a0adfa9b275bc7f9 P afb5b6b1cc3042f49745297ff99d957e [term 1 FOLLOWER]: Committing config change with OpId 1.2: config changed from index -1 to 2, NON_VOTER 5525a0cd3dea4c8dba3c334de0cbbb0f (127.10.231.4) added. New config: { opid_index: 2 OBSOLETE_local: false peers { permanent_uuid: "f91a0bee96b84995aa71e6f56547cfc2" member_type: VOTER last_known_addr { host: "127.10.231.1" port: 33715 } } peers { permanent_uuid: "afb5b6b1cc3042f49745297ff99d957e" member_type: VOTER last_known_addr { host: "127.10.231.2" port: 42357 } } peers { permanent_uuid: "b3bf107bf3de4de1951f6943e240ac30" member_type: VOTER last_known_addr { host: "127.10.231.3" port: 38589 } attrs { replace: true } } peers { permanent_uuid: "5525a0cd3dea4c8dba3c334de0cbbb0f" member_type: NON_VOTER last_known_addr { host: "127.10.231.4" port: 35909 } attrs { promote: true } } }
I20260713 09:03:28.544925 12259 consensus_queue.cc:237] T 3a5caeb808f1415cb9a9a7fac86e1f74 P f91a0bee96b84995aa71e6f56547cfc2 [LEADER]: Queue going to LEADER mode. State: All replicated index: 0, Majority replicated index: 1, Committed index: 1, Last appended: 1.1, Last appended by leader: 0, Current term: 1, Majority size: 2, State: 0, Mode: LEADER, active raft config: opid_index: 2 OBSOLETE_local: false peers { permanent_uuid: "f91a0bee96b84995aa71e6f56547cfc2" member_type: VOTER last_known_addr { host: "127.10.231.1" port: 33715 } } peers { permanent_uuid: "afb5b6b1cc3042f49745297ff99d957e" member_type: VOTER last_known_addr { host: "127.10.231.2" port: 42357 } } peers { permanent_uuid: "b3bf107bf3de4de1951f6943e240ac30" member_type: VOTER last_known_addr { host: "127.10.231.3" port: 38589 } attrs { replace: true } } peers { permanent_uuid: "5525a0cd3dea4c8dba3c334de0cbbb0f" member_type: NON_VOTER last_known_addr { host: "127.10.231.4" port: 35909 } attrs { promote: true } }
I20260713 09:03:28.545886 12155 catalog_manager.cc:5697] T 55ebd73ececa47a5a0adfa9b275bc7f9 P f91a0bee96b84995aa71e6f56547cfc2 reported cstate change: config changed from index -1 to 2, NON_VOTER 5525a0cd3dea4c8dba3c334de0cbbb0f (127.10.231.4) added. New cstate: current_term: 1 leader_uuid: "f91a0bee96b84995aa71e6f56547cfc2" committed_config { opid_index: 2 OBSOLETE_local: false peers { permanent_uuid: "f91a0bee96b84995aa71e6f56547cfc2" member_type: VOTER last_known_addr { host: "127.10.231.1" port: 33715 } health_report { overall_health: HEALTHY } } peers { permanent_uuid: "afb5b6b1cc3042f49745297ff99d957e" member_type: VOTER last_known_addr { host: "127.10.231.2" port: 42357 } health_report { overall_health: UNKNOWN } } peers { permanent_uuid: "b3bf107bf3de4de1951f6943e240ac30" member_type: VOTER last_known_addr { host: "127.10.231.3" port: 38589 } attrs { replace: true } health_report { overall_health: HEALTHY } } peers { permanent_uuid: "5525a0cd3dea4c8dba3c334de0cbbb0f" member_type: NON_VOTER last_known_addr { host: "127.10.231.4" port: 35909 } attrs { promote: true } health_report { overall_health: UNKNOWN } } }
W20260713 09:03:28.553146 12223 consensus_peers.cc:597] T 3a5caeb808f1415cb9a9a7fac86e1f74 P f91a0bee96b84995aa71e6f56547cfc2 -> Peer 5525a0cd3dea4c8dba3c334de0cbbb0f (127.10.231.4:35909): Couldn't send request to peer 5525a0cd3dea4c8dba3c334de0cbbb0f. Error code: TABLET_NOT_FOUND (6). Status: Not found: Tablet not found: 3a5caeb808f1415cb9a9a7fac86e1f74. This is attempt 1: this message will repeat every 5th retry.
I20260713 09:03:28.556418 12330 raft_consensus.cc:1275] T 3a5caeb808f1415cb9a9a7fac86e1f74 P afb5b6b1cc3042f49745297ff99d957e [term 1 FOLLOWER]: Refusing update from remote peer f91a0bee96b84995aa71e6f56547cfc2: Log matching property violated. Preceding OpId in replica: term: 1 index: 1. Preceding OpId from leader: term: 1 index: 2. (index mismatch)
I20260713 09:03:28.558354 12785 consensus_queue.cc:1048] T 3a5caeb808f1415cb9a9a7fac86e1f74 P f91a0bee96b84995aa71e6f56547cfc2 [LEADER]: Connected to new peer: Peer: permanent_uuid: "afb5b6b1cc3042f49745297ff99d957e" member_type: VOTER last_known_addr { host: "127.10.231.2" port: 42357 }, Status: LMP_MISMATCH, Last received: 0.0, Next index: 2, Last known committed idx: 1, Time since last communication: 0.001s
I20260713 09:03:28.558804 12406 raft_consensus.cc:1275] T 3a5caeb808f1415cb9a9a7fac86e1f74 P b3bf107bf3de4de1951f6943e240ac30 [term 1 FOLLOWER]: Refusing update from remote peer f91a0bee96b84995aa71e6f56547cfc2: Log matching property violated. Preceding OpId in replica: term: 1 index: 1. Preceding OpId from leader: term: 1 index: 2. (index mismatch)
I20260713 09:03:28.560056 12595 consensus_queue.cc:1048] T 3a5caeb808f1415cb9a9a7fac86e1f74 P f91a0bee96b84995aa71e6f56547cfc2 [LEADER]: Connected to new peer: Peer: permanent_uuid: "b3bf107bf3de4de1951f6943e240ac30" member_type: VOTER last_known_addr { host: "127.10.231.3" port: 38589 } attrs { replace: true }, Status: LMP_MISMATCH, Last received: 0.0, Next index: 2, Last known committed idx: 1, Time since last communication: 0.000s
I20260713 09:03:28.572026 12785 raft_consensus.cc:2955] T 3a5caeb808f1415cb9a9a7fac86e1f74 P f91a0bee96b84995aa71e6f56547cfc2 [term 1 LEADER]: Committing config change with OpId 1.2: config changed from index -1 to 2, NON_VOTER 5525a0cd3dea4c8dba3c334de0cbbb0f (127.10.231.4) added. New config: { opid_index: 2 OBSOLETE_local: false peers { permanent_uuid: "f91a0bee96b84995aa71e6f56547cfc2" member_type: VOTER last_known_addr { host: "127.10.231.1" port: 33715 } } peers { permanent_uuid: "afb5b6b1cc3042f49745297ff99d957e" member_type: VOTER last_known_addr { host: "127.10.231.2" port: 42357 } } peers { permanent_uuid: "b3bf107bf3de4de1951f6943e240ac30" member_type: VOTER last_known_addr { host: "127.10.231.3" port: 38589 } attrs { replace: true } } peers { permanent_uuid: "5525a0cd3dea4c8dba3c334de0cbbb0f" member_type: NON_VOTER last_known_addr { host: "127.10.231.4" port: 35909 } attrs { promote: true } } }
I20260713 09:03:28.573745 12406 raft_consensus.cc:2955] T 3a5caeb808f1415cb9a9a7fac86e1f74 P b3bf107bf3de4de1951f6943e240ac30 [term 1 FOLLOWER]: Committing config change with OpId 1.2: config changed from index -1 to 2, NON_VOTER 5525a0cd3dea4c8dba3c334de0cbbb0f (127.10.231.4) added. New config: { opid_index: 2 OBSOLETE_local: false peers { permanent_uuid: "f91a0bee96b84995aa71e6f56547cfc2" member_type: VOTER last_known_addr { host: "127.10.231.1" port: 33715 } } peers { permanent_uuid: "afb5b6b1cc3042f49745297ff99d957e" member_type: VOTER last_known_addr { host: "127.10.231.2" port: 42357 } } peers { permanent_uuid: "b3bf107bf3de4de1951f6943e240ac30" member_type: VOTER last_known_addr { host: "127.10.231.3" port: 38589 } attrs { replace: true } } peers { permanent_uuid: "5525a0cd3dea4c8dba3c334de0cbbb0f" member_type: NON_VOTER last_known_addr { host: "127.10.231.4" port: 35909 } attrs { promote: true } } }
I20260713 09:03:28.574865 12330 raft_consensus.cc:2955] T 3a5caeb808f1415cb9a9a7fac86e1f74 P afb5b6b1cc3042f49745297ff99d957e [term 1 FOLLOWER]: Committing config change with OpId 1.2: config changed from index -1 to 2, NON_VOTER 5525a0cd3dea4c8dba3c334de0cbbb0f (127.10.231.4) added. New config: { opid_index: 2 OBSOLETE_local: false peers { permanent_uuid: "f91a0bee96b84995aa71e6f56547cfc2" member_type: VOTER last_known_addr { host: "127.10.231.1" port: 33715 } } peers { permanent_uuid: "afb5b6b1cc3042f49745297ff99d957e" member_type: VOTER last_known_addr { host: "127.10.231.2" port: 42357 } } peers { permanent_uuid: "b3bf107bf3de4de1951f6943e240ac30" member_type: VOTER last_known_addr { host: "127.10.231.3" port: 38589 } attrs { replace: true } } peers { permanent_uuid: "5525a0cd3dea4c8dba3c334de0cbbb0f" member_type: NON_VOTER last_known_addr { host: "127.10.231.4" port: 35909 } attrs { promote: true } } }
I20260713 09:03:28.587152 12156 catalog_manager.cc:5697] T 3a5caeb808f1415cb9a9a7fac86e1f74 P afb5b6b1cc3042f49745297ff99d957e reported cstate change: config changed from index -1 to 2, NON_VOTER 5525a0cd3dea4c8dba3c334de0cbbb0f (127.10.231.4) added. New cstate: current_term: 1 leader_uuid: "f91a0bee96b84995aa71e6f56547cfc2" committed_config { opid_index: 2 OBSOLETE_local: false peers { permanent_uuid: "f91a0bee96b84995aa71e6f56547cfc2" member_type: VOTER last_known_addr { host: "127.10.231.1" port: 33715 } } peers { permanent_uuid: "afb5b6b1cc3042f49745297ff99d957e" member_type: VOTER last_known_addr { host: "127.10.231.2" port: 42357 } } peers { permanent_uuid: "b3bf107bf3de4de1951f6943e240ac30" member_type: VOTER last_known_addr { host: "127.10.231.3" port: 38589 } attrs { replace: true } } peers { permanent_uuid: "5525a0cd3dea4c8dba3c334de0cbbb0f" member_type: NON_VOTER last_known_addr { host: "127.10.231.4" port: 35909 } attrs { promote: true } } }
I20260713 09:03:28.589438 12406 consensus_queue.cc:237] T 232eb1df0e634e97b6c758b44f9db043 P b3bf107bf3de4de1951f6943e240ac30 [LEADER]: Queue going to LEADER mode. State: All replicated index: 0, Majority replicated index: 1, Committed index: 1, Last appended: 1.1, Last appended by leader: 0, Current term: 1, Majority size: 2, State: 0, Mode: LEADER, active raft config: opid_index: 2 OBSOLETE_local: false peers { permanent_uuid: "f91a0bee96b84995aa71e6f56547cfc2" member_type: VOTER last_known_addr { host: "127.10.231.1" port: 33715 } } peers { permanent_uuid: "afb5b6b1cc3042f49745297ff99d957e" member_type: VOTER last_known_addr { host: "127.10.231.2" port: 42357 } attrs { replace: true } } peers { permanent_uuid: "b3bf107bf3de4de1951f6943e240ac30" member_type: VOTER last_known_addr { host: "127.10.231.3" port: 38589 } } peers { permanent_uuid: "5525a0cd3dea4c8dba3c334de0cbbb0f" member_type: NON_VOTER last_known_addr { host: "127.10.231.4" port: 35909 } attrs { promote: true } }
W20260713 09:03:28.596998 12372 consensus_peers.cc:597] T 232eb1df0e634e97b6c758b44f9db043 P b3bf107bf3de4de1951f6943e240ac30 -> Peer 5525a0cd3dea4c8dba3c334de0cbbb0f (127.10.231.4:35909): Couldn't send request to peer 5525a0cd3dea4c8dba3c334de0cbbb0f. Error code: TABLET_NOT_FOUND (6). Status: Not found: Tablet not found: 232eb1df0e634e97b6c758b44f9db043. This is attempt 1: this message will repeat every 5th retry.
I20260713 09:03:28.597076 12330 raft_consensus.cc:1275] T 232eb1df0e634e97b6c758b44f9db043 P afb5b6b1cc3042f49745297ff99d957e [term 1 FOLLOWER]: Refusing update from remote peer b3bf107bf3de4de1951f6943e240ac30: Log matching property violated. Preceding OpId in replica: term: 1 index: 1. Preceding OpId from leader: term: 1 index: 2. (index mismatch)
I20260713 09:03:28.599867 12259 raft_consensus.cc:1275] T 232eb1df0e634e97b6c758b44f9db043 P f91a0bee96b84995aa71e6f56547cfc2 [term 1 FOLLOWER]: Refusing update from remote peer b3bf107bf3de4de1951f6943e240ac30: Log matching property violated. Preceding OpId in replica: term: 1 index: 1. Preceding OpId from leader: term: 1 index: 2. (index mismatch)
I20260713 09:03:28.600327 12777 consensus_queue.cc:1048] T 232eb1df0e634e97b6c758b44f9db043 P b3bf107bf3de4de1951f6943e240ac30 [LEADER]: Connected to new peer: Peer: permanent_uuid: "afb5b6b1cc3042f49745297ff99d957e" member_type: VOTER last_known_addr { host: "127.10.231.2" port: 42357 } attrs { replace: true }, Status: LMP_MISMATCH, Last received: 0.0, Next index: 2, Last known committed idx: 1, Time since last communication: 0.000s
I20260713 09:03:28.601408 12779 consensus_queue.cc:1048] T 232eb1df0e634e97b6c758b44f9db043 P b3bf107bf3de4de1951f6943e240ac30 [LEADER]: Connected to new peer: Peer: permanent_uuid: "f91a0bee96b84995aa71e6f56547cfc2" member_type: VOTER last_known_addr { host: "127.10.231.1" port: 33715 }, Status: LMP_MISMATCH, Last received: 0.0, Next index: 2, Last known committed idx: 1, Time since last communication: 0.000s
I20260713 09:03:28.609797 12777 raft_consensus.cc:2955] T 232eb1df0e634e97b6c758b44f9db043 P b3bf107bf3de4de1951f6943e240ac30 [term 1 LEADER]: Committing config change with OpId 1.2: config changed from index -1 to 2, NON_VOTER 5525a0cd3dea4c8dba3c334de0cbbb0f (127.10.231.4) added. New config: { opid_index: 2 OBSOLETE_local: false peers { permanent_uuid: "f91a0bee96b84995aa71e6f56547cfc2" member_type: VOTER last_known_addr { host: "127.10.231.1" port: 33715 } } peers { permanent_uuid: "afb5b6b1cc3042f49745297ff99d957e" member_type: VOTER last_known_addr { host: "127.10.231.2" port: 42357 } attrs { replace: true } } peers { permanent_uuid: "b3bf107bf3de4de1951f6943e240ac30" member_type: VOTER last_known_addr { host: "127.10.231.3" port: 38589 } } peers { permanent_uuid: "5525a0cd3dea4c8dba3c334de0cbbb0f" member_type: NON_VOTER last_known_addr { host: "127.10.231.4" port: 35909 } attrs { promote: true } } }
I20260713 09:03:28.612049 12330 raft_consensus.cc:2955] T 232eb1df0e634e97b6c758b44f9db043 P afb5b6b1cc3042f49745297ff99d957e [term 1 FOLLOWER]: Committing config change with OpId 1.2: config changed from index -1 to 2, NON_VOTER 5525a0cd3dea4c8dba3c334de0cbbb0f (127.10.231.4) added. New config: { opid_index: 2 OBSOLETE_local: false peers { permanent_uuid: "f91a0bee96b84995aa71e6f56547cfc2" member_type: VOTER last_known_addr { host: "127.10.231.1" port: 33715 } } peers { permanent_uuid: "afb5b6b1cc3042f49745297ff99d957e" member_type: VOTER last_known_addr { host: "127.10.231.2" port: 42357 } attrs { replace: true } } peers { permanent_uuid: "b3bf107bf3de4de1951f6943e240ac30" member_type: VOTER last_known_addr { host: "127.10.231.3" port: 38589 } } peers { permanent_uuid: "5525a0cd3dea4c8dba3c334de0cbbb0f" member_type: NON_VOTER last_known_addr { host: "127.10.231.4" port: 35909 } attrs { promote: true } } }
I20260713 09:03:28.612071 12259 raft_consensus.cc:2955] T 232eb1df0e634e97b6c758b44f9db043 P f91a0bee96b84995aa71e6f56547cfc2 [term 1 FOLLOWER]: Committing config change with OpId 1.2: config changed from index -1 to 2, NON_VOTER 5525a0cd3dea4c8dba3c334de0cbbb0f (127.10.231.4) added. New config: { opid_index: 2 OBSOLETE_local: false peers { permanent_uuid: "f91a0bee96b84995aa71e6f56547cfc2" member_type: VOTER last_known_addr { host: "127.10.231.1" port: 33715 } } peers { permanent_uuid: "afb5b6b1cc3042f49745297ff99d957e" member_type: VOTER last_known_addr { host: "127.10.231.2" port: 42357 } attrs { replace: true } } peers { permanent_uuid: "b3bf107bf3de4de1951f6943e240ac30" member_type: VOTER last_known_addr { host: "127.10.231.3" port: 38589 } } peers { permanent_uuid: "5525a0cd3dea4c8dba3c334de0cbbb0f" member_type: NON_VOTER last_known_addr { host: "127.10.231.4" port: 35909 } attrs { promote: true } } }
I20260713 09:03:28.634289 12155 catalog_manager.cc:5697] T 232eb1df0e634e97b6c758b44f9db043 P f91a0bee96b84995aa71e6f56547cfc2 reported cstate change: config changed from index -1 to 2, NON_VOTER 5525a0cd3dea4c8dba3c334de0cbbb0f (127.10.231.4) added. New cstate: current_term: 1 leader_uuid: "b3bf107bf3de4de1951f6943e240ac30" committed_config { opid_index: 2 OBSOLETE_local: false peers { permanent_uuid: "f91a0bee96b84995aa71e6f56547cfc2" member_type: VOTER last_known_addr { host: "127.10.231.1" port: 33715 } } peers { permanent_uuid: "afb5b6b1cc3042f49745297ff99d957e" member_type: VOTER last_known_addr { host: "127.10.231.2" port: 42357 } attrs { replace: true } } peers { permanent_uuid: "b3bf107bf3de4de1951f6943e240ac30" member_type: VOTER last_known_addr { host: "127.10.231.3" port: 38589 } } peers { permanent_uuid: "5525a0cd3dea4c8dba3c334de0cbbb0f" member_type: NON_VOTER last_known_addr { host: "127.10.231.4" port: 35909 } attrs { promote: true } } }
I20260713 09:03:28.903115 12797 ts_tablet_manager.cc:933] T 915e6abf927a4067a57a3c1f14c5110a P 5525a0cd3dea4c8dba3c334de0cbbb0f: Initiating tablet copy from peer b3bf107bf3de4de1951f6943e240ac30 (127.10.231.3:38589)
I20260713 09:03:28.905804 12797 tablet_copy_client.cc:323] T 915e6abf927a4067a57a3c1f14c5110a P 5525a0cd3dea4c8dba3c334de0cbbb0f: tablet copy: Beginning tablet copy session from remote peer at address 127.10.231.3:38589
I20260713 09:03:28.907611 12419 tablet_copy_service.cc:140] P b3bf107bf3de4de1951f6943e240ac30: Received BeginTabletCopySession request for tablet 915e6abf927a4067a57a3c1f14c5110a from peer 5525a0cd3dea4c8dba3c334de0cbbb0f ({username='slave'} at 127.0.0.1:52590)
I20260713 09:03:28.908205 12419 tablet_copy_service.cc:161] P b3bf107bf3de4de1951f6943e240ac30: Beginning new tablet copy session on tablet 915e6abf927a4067a57a3c1f14c5110a from peer 5525a0cd3dea4c8dba3c334de0cbbb0f at {username='slave'} at 127.0.0.1:52590: session id = 5525a0cd3dea4c8dba3c334de0cbbb0f-915e6abf927a4067a57a3c1f14c5110a
I20260713 09:03:28.914620 12419 tablet_copy_source_session.cc:215] T 915e6abf927a4067a57a3c1f14c5110a P b3bf107bf3de4de1951f6943e240ac30: Tablet Copy: opened 0 blocks and 1 log segments
I20260713 09:03:28.917465 12797 data_dirs.cc:400] Could only allocate 1 dirs of requested 3 for tablet 915e6abf927a4067a57a3c1f14c5110a. 1 dirs total, 0 dirs full, 0 dirs failed
I20260713 09:03:28.931103 12797 tablet_copy_client.cc:806] T 915e6abf927a4067a57a3c1f14c5110a P 5525a0cd3dea4c8dba3c334de0cbbb0f: tablet copy: Starting download of 0 data blocks...
I20260713 09:03:28.931260 12799 ts_tablet_manager.cc:933] T 55ebd73ececa47a5a0adfa9b275bc7f9 P 5525a0cd3dea4c8dba3c334de0cbbb0f: Initiating tablet copy from peer f91a0bee96b84995aa71e6f56547cfc2 (127.10.231.1:33715)
I20260713 09:03:28.931756 12797 tablet_copy_client.cc:670] T 915e6abf927a4067a57a3c1f14c5110a P 5525a0cd3dea4c8dba3c334de0cbbb0f: tablet copy: Starting download of 1 WAL segments...
I20260713 09:03:28.933347 12799 tablet_copy_client.cc:323] T 55ebd73ececa47a5a0adfa9b275bc7f9 P 5525a0cd3dea4c8dba3c334de0cbbb0f: tablet copy: Beginning tablet copy session from remote peer at address 127.10.231.1:33715
I20260713 09:03:28.935493 12269 tablet_copy_service.cc:140] P f91a0bee96b84995aa71e6f56547cfc2: Received BeginTabletCopySession request for tablet 55ebd73ececa47a5a0adfa9b275bc7f9 from peer 5525a0cd3dea4c8dba3c334de0cbbb0f ({username='slave'} at 127.0.0.1:49000)
I20260713 09:03:28.935762 12797 tablet_copy_client.cc:538] T 915e6abf927a4067a57a3c1f14c5110a P 5525a0cd3dea4c8dba3c334de0cbbb0f: tablet copy: Tablet Copy complete. Replacing tablet superblock.
I20260713 09:03:28.936050 12269 tablet_copy_service.cc:161] P f91a0bee96b84995aa71e6f56547cfc2: Beginning new tablet copy session on tablet 55ebd73ececa47a5a0adfa9b275bc7f9 from peer 5525a0cd3dea4c8dba3c334de0cbbb0f at {username='slave'} at 127.0.0.1:49000: session id = 5525a0cd3dea4c8dba3c334de0cbbb0f-55ebd73ececa47a5a0adfa9b275bc7f9
I20260713 09:03:28.942198 12797 tablet_bootstrap.cc:492] T 915e6abf927a4067a57a3c1f14c5110a P 5525a0cd3dea4c8dba3c334de0cbbb0f: Bootstrap starting.
I20260713 09:03:28.944156 12269 tablet_copy_source_session.cc:215] T 55ebd73ececa47a5a0adfa9b275bc7f9 P f91a0bee96b84995aa71e6f56547cfc2: Tablet Copy: opened 0 blocks and 1 log segments
I20260713 09:03:28.947683 12799 data_dirs.cc:400] Could only allocate 1 dirs of requested 3 for tablet 55ebd73ececa47a5a0adfa9b275bc7f9. 1 dirs total, 0 dirs full, 0 dirs failed
I20260713 09:03:28.967187 12802 ts_tablet_manager.cc:933] T 3a5caeb808f1415cb9a9a7fac86e1f74 P 5525a0cd3dea4c8dba3c334de0cbbb0f: Initiating tablet copy from peer f91a0bee96b84995aa71e6f56547cfc2 (127.10.231.1:33715)
I20260713 09:03:28.968582 12799 tablet_copy_client.cc:806] T 55ebd73ececa47a5a0adfa9b275bc7f9 P 5525a0cd3dea4c8dba3c334de0cbbb0f: tablet copy: Starting download of 0 data blocks...
I20260713 09:03:28.969213 12799 tablet_copy_client.cc:670] T 55ebd73ececa47a5a0adfa9b275bc7f9 P 5525a0cd3dea4c8dba3c334de0cbbb0f: tablet copy: Starting download of 1 WAL segments...
I20260713 09:03:28.973443 12799 tablet_copy_client.cc:538] T 55ebd73ececa47a5a0adfa9b275bc7f9 P 5525a0cd3dea4c8dba3c334de0cbbb0f: tablet copy: Tablet Copy complete. Replacing tablet superblock.
I20260713 09:03:28.977042 12802 tablet_copy_client.cc:323] T 3a5caeb808f1415cb9a9a7fac86e1f74 P 5525a0cd3dea4c8dba3c334de0cbbb0f: tablet copy: Beginning tablet copy session from remote peer at address 127.10.231.1:33715
I20260713 09:03:28.977267 12797 tablet_bootstrap.cc:492] T 915e6abf927a4067a57a3c1f14c5110a P 5525a0cd3dea4c8dba3c334de0cbbb0f: Bootstrap replayed 1/1 log segments. Stats: ops{read=2 overwritten=0 applied=2 ignored=0} inserts{seen=0 ignored=0} mutations{seen=0 ignored=0} orphaned_commits=0. Pending: 0 replicates
I20260713 09:03:28.978284 12797 tablet_bootstrap.cc:492] T 915e6abf927a4067a57a3c1f14c5110a P 5525a0cd3dea4c8dba3c334de0cbbb0f: Bootstrap complete.
I20260713 09:03:28.978986 12269 tablet_copy_service.cc:140] P f91a0bee96b84995aa71e6f56547cfc2: Received BeginTabletCopySession request for tablet 3a5caeb808f1415cb9a9a7fac86e1f74 from peer 5525a0cd3dea4c8dba3c334de0cbbb0f ({username='slave'} at 127.0.0.1:49000)
I20260713 09:03:28.979522 12269 tablet_copy_service.cc:161] P f91a0bee96b84995aa71e6f56547cfc2: Beginning new tablet copy session on tablet 3a5caeb808f1415cb9a9a7fac86e1f74 from peer 5525a0cd3dea4c8dba3c334de0cbbb0f at {username='slave'} at 127.0.0.1:49000: session id = 5525a0cd3dea4c8dba3c334de0cbbb0f-3a5caeb808f1415cb9a9a7fac86e1f74
I20260713 09:03:28.978963 12797 ts_tablet_manager.cc:1403] T 915e6abf927a4067a57a3c1f14c5110a P 5525a0cd3dea4c8dba3c334de0cbbb0f: Time spent bootstrapping tablet: real 0.037s	user 0.012s	sys 0.011s
I20260713 09:03:28.983527 12799 tablet_bootstrap.cc:492] T 55ebd73ececa47a5a0adfa9b275bc7f9 P 5525a0cd3dea4c8dba3c334de0cbbb0f: Bootstrap starting.
I20260713 09:03:28.986827 12269 tablet_copy_source_session.cc:215] T 3a5caeb808f1415cb9a9a7fac86e1f74 P f91a0bee96b84995aa71e6f56547cfc2: Tablet Copy: opened 0 blocks and 1 log segments
I20260713 09:03:28.986474 12797 raft_consensus.cc:359] T 915e6abf927a4067a57a3c1f14c5110a P 5525a0cd3dea4c8dba3c334de0cbbb0f [term 1 LEARNER]: Replica starting. Triggering 0 pending ops. Active config: opid_index: 2 OBSOLETE_local: false peers { permanent_uuid: "f91a0bee96b84995aa71e6f56547cfc2" member_type: VOTER last_known_addr { host: "127.10.231.1" port: 33715 } } peers { permanent_uuid: "afb5b6b1cc3042f49745297ff99d957e" member_type: VOTER last_known_addr { host: "127.10.231.2" port: 42357 } attrs { replace: true } } peers { permanent_uuid: "b3bf107bf3de4de1951f6943e240ac30" member_type: VOTER last_known_addr { host: "127.10.231.3" port: 38589 } } peers { permanent_uuid: "5525a0cd3dea4c8dba3c334de0cbbb0f" member_type: NON_VOTER last_known_addr { host: "127.10.231.4" port: 35909 } attrs { promote: true } }
I20260713 09:03:28.987337 12797 raft_consensus.cc:740] T 915e6abf927a4067a57a3c1f14c5110a P 5525a0cd3dea4c8dba3c334de0cbbb0f [term 1 LEARNER]: Becoming Follower/Learner. State: Replica: 5525a0cd3dea4c8dba3c334de0cbbb0f, State: Initialized, Role: LEARNER
I20260713 09:03:28.988040 12797 consensus_queue.cc:260] T 915e6abf927a4067a57a3c1f14c5110a P 5525a0cd3dea4c8dba3c334de0cbbb0f [NON_LEADER]: Queue going to NON_LEADER mode. State: All replicated index: 0, Majority replicated index: 0, Committed index: 2, Last appended: 1.2, Last appended by leader: 2, Current term: 0, Majority size: -1, State: 0, Mode: NON_LEADER, active raft config: opid_index: 2 OBSOLETE_local: false peers { permanent_uuid: "f91a0bee96b84995aa71e6f56547cfc2" member_type: VOTER last_known_addr { host: "127.10.231.1" port: 33715 } } peers { permanent_uuid: "afb5b6b1cc3042f49745297ff99d957e" member_type: VOTER last_known_addr { host: "127.10.231.2" port: 42357 } attrs { replace: true } } peers { permanent_uuid: "b3bf107bf3de4de1951f6943e240ac30" member_type: VOTER last_known_addr { host: "127.10.231.3" port: 38589 } } peers { permanent_uuid: "5525a0cd3dea4c8dba3c334de0cbbb0f" member_type: NON_VOTER last_known_addr { host: "127.10.231.4" port: 35909 } attrs { promote: true } }
I20260713 09:03:28.990799 12802 data_dirs.cc:400] Could only allocate 1 dirs of requested 3 for tablet 3a5caeb808f1415cb9a9a7fac86e1f74. 1 dirs total, 0 dirs full, 0 dirs failed
I20260713 09:03:29.017048 12799 tablet_bootstrap.cc:492] T 55ebd73ececa47a5a0adfa9b275bc7f9 P 5525a0cd3dea4c8dba3c334de0cbbb0f: Bootstrap replayed 1/1 log segments. Stats: ops{read=2 overwritten=0 applied=2 ignored=0} inserts{seen=0 ignored=0} mutations{seen=0 ignored=0} orphaned_commits=0. Pending: 0 replicates
I20260713 09:03:29.018013 12799 tablet_bootstrap.cc:492] T 55ebd73ececa47a5a0adfa9b275bc7f9 P 5525a0cd3dea4c8dba3c334de0cbbb0f: Bootstrap complete.
I20260713 09:03:29.018704 12799 ts_tablet_manager.cc:1403] T 55ebd73ececa47a5a0adfa9b275bc7f9 P 5525a0cd3dea4c8dba3c334de0cbbb0f: Time spent bootstrapping tablet: real 0.035s	user 0.013s	sys 0.021s
I20260713 09:03:29.021770 12799 raft_consensus.cc:359] T 55ebd73ececa47a5a0adfa9b275bc7f9 P 5525a0cd3dea4c8dba3c334de0cbbb0f [term 1 LEARNER]: Replica starting. Triggering 0 pending ops. Active config: opid_index: 2 OBSOLETE_local: false peers { permanent_uuid: "f91a0bee96b84995aa71e6f56547cfc2" member_type: VOTER last_known_addr { host: "127.10.231.1" port: 33715 } } peers { permanent_uuid: "afb5b6b1cc3042f49745297ff99d957e" member_type: VOTER last_known_addr { host: "127.10.231.2" port: 42357 } } peers { permanent_uuid: "b3bf107bf3de4de1951f6943e240ac30" member_type: VOTER last_known_addr { host: "127.10.231.3" port: 38589 } attrs { replace: true } } peers { permanent_uuid: "5525a0cd3dea4c8dba3c334de0cbbb0f" member_type: NON_VOTER last_known_addr { host: "127.10.231.4" port: 35909 } attrs { promote: true } }
I20260713 09:03:29.022603 12799 raft_consensus.cc:740] T 55ebd73ececa47a5a0adfa9b275bc7f9 P 5525a0cd3dea4c8dba3c334de0cbbb0f [term 1 LEARNER]: Becoming Follower/Learner. State: Replica: 5525a0cd3dea4c8dba3c334de0cbbb0f, State: Initialized, Role: LEARNER
I20260713 09:03:29.023250 12799 consensus_queue.cc:260] T 55ebd73ececa47a5a0adfa9b275bc7f9 P 5525a0cd3dea4c8dba3c334de0cbbb0f [NON_LEADER]: Queue going to NON_LEADER mode. State: All replicated index: 0, Majority replicated index: 0, Committed index: 2, Last appended: 1.2, Last appended by leader: 2, Current term: 0, Majority size: -1, State: 0, Mode: NON_LEADER, active raft config: opid_index: 2 OBSOLETE_local: false peers { permanent_uuid: "f91a0bee96b84995aa71e6f56547cfc2" member_type: VOTER last_known_addr { host: "127.10.231.1" port: 33715 } } peers { permanent_uuid: "afb5b6b1cc3042f49745297ff99d957e" member_type: VOTER last_known_addr { host: "127.10.231.2" port: 42357 } } peers { permanent_uuid: "b3bf107bf3de4de1951f6943e240ac30" member_type: VOTER last_known_addr { host: "127.10.231.3" port: 38589 } attrs { replace: true } } peers { permanent_uuid: "5525a0cd3dea4c8dba3c334de0cbbb0f" member_type: NON_VOTER last_known_addr { host: "127.10.231.4" port: 35909 } attrs { promote: true } }
I20260713 09:03:29.071221 12807 ts_tablet_manager.cc:933] T 232eb1df0e634e97b6c758b44f9db043 P 5525a0cd3dea4c8dba3c334de0cbbb0f: Initiating tablet copy from peer b3bf107bf3de4de1951f6943e240ac30 (127.10.231.3:38589)
I20260713 09:03:29.075198 12797 ts_tablet_manager.cc:1434] T 915e6abf927a4067a57a3c1f14c5110a P 5525a0cd3dea4c8dba3c334de0cbbb0f: Time spent starting tablet: real 0.092s	user 0.041s	sys 0.044s
I20260713 09:03:29.077375 12807 tablet_copy_client.cc:323] T 232eb1df0e634e97b6c758b44f9db043 P 5525a0cd3dea4c8dba3c334de0cbbb0f: tablet copy: Beginning tablet copy session from remote peer at address 127.10.231.3:38589
I20260713 09:03:29.079766 12419 tablet_copy_service.cc:342] P b3bf107bf3de4de1951f6943e240ac30: Request end of tablet copy session 5525a0cd3dea4c8dba3c334de0cbbb0f-915e6abf927a4067a57a3c1f14c5110a received from {username='slave'} at 127.0.0.1:52590
I20260713 09:03:29.079926 12418 tablet_copy_service.cc:140] P b3bf107bf3de4de1951f6943e240ac30: Received BeginTabletCopySession request for tablet 232eb1df0e634e97b6c758b44f9db043 from peer 5525a0cd3dea4c8dba3c334de0cbbb0f ({username='slave'} at 127.0.0.1:52590)
I20260713 09:03:29.080235 12419 tablet_copy_service.cc:434] P b3bf107bf3de4de1951f6943e240ac30: ending tablet copy session 5525a0cd3dea4c8dba3c334de0cbbb0f-915e6abf927a4067a57a3c1f14c5110a on tablet 915e6abf927a4067a57a3c1f14c5110a with peer 5525a0cd3dea4c8dba3c334de0cbbb0f
I20260713 09:03:29.080950 12799 ts_tablet_manager.cc:1434] T 55ebd73ececa47a5a0adfa9b275bc7f9 P 5525a0cd3dea4c8dba3c334de0cbbb0f: Time spent starting tablet: real 0.062s	user 0.032s	sys 0.029s
I20260713 09:03:29.081941 12802 tablet_copy_client.cc:806] T 3a5caeb808f1415cb9a9a7fac86e1f74 P 5525a0cd3dea4c8dba3c334de0cbbb0f: tablet copy: Starting download of 0 data blocks...
I20260713 09:03:29.082438 12802 tablet_copy_client.cc:670] T 3a5caeb808f1415cb9a9a7fac86e1f74 P 5525a0cd3dea4c8dba3c334de0cbbb0f: tablet copy: Starting download of 1 WAL segments...
I20260713 09:03:29.083079 12269 tablet_copy_service.cc:342] P f91a0bee96b84995aa71e6f56547cfc2: Request end of tablet copy session 5525a0cd3dea4c8dba3c334de0cbbb0f-55ebd73ececa47a5a0adfa9b275bc7f9 received from {username='slave'} at 127.0.0.1:49000
I20260713 09:03:29.083904 12269 tablet_copy_service.cc:434] P f91a0bee96b84995aa71e6f56547cfc2: ending tablet copy session 5525a0cd3dea4c8dba3c334de0cbbb0f-55ebd73ececa47a5a0adfa9b275bc7f9 on tablet 55ebd73ececa47a5a0adfa9b275bc7f9 with peer 5525a0cd3dea4c8dba3c334de0cbbb0f
I20260713 09:03:29.086647 12802 tablet_copy_client.cc:538] T 3a5caeb808f1415cb9a9a7fac86e1f74 P 5525a0cd3dea4c8dba3c334de0cbbb0f: tablet copy: Tablet Copy complete. Replacing tablet superblock.
I20260713 09:03:29.087709 12418 tablet_copy_service.cc:161] P b3bf107bf3de4de1951f6943e240ac30: Beginning new tablet copy session on tablet 232eb1df0e634e97b6c758b44f9db043 from peer 5525a0cd3dea4c8dba3c334de0cbbb0f at {username='slave'} at 127.0.0.1:52590: session id = 5525a0cd3dea4c8dba3c334de0cbbb0f-232eb1df0e634e97b6c758b44f9db043
I20260713 09:03:29.095352 12802 tablet_bootstrap.cc:492] T 3a5caeb808f1415cb9a9a7fac86e1f74 P 5525a0cd3dea4c8dba3c334de0cbbb0f: Bootstrap starting.
I20260713 09:03:29.095808 12418 tablet_copy_source_session.cc:215] T 232eb1df0e634e97b6c758b44f9db043 P b3bf107bf3de4de1951f6943e240ac30: Tablet Copy: opened 0 blocks and 1 log segments
I20260713 09:03:29.098495 12807 data_dirs.cc:400] Could only allocate 1 dirs of requested 3 for tablet 232eb1df0e634e97b6c758b44f9db043. 1 dirs total, 0 dirs full, 0 dirs failed
I20260713 09:03:29.108395 12807 tablet_copy_client.cc:806] T 232eb1df0e634e97b6c758b44f9db043 P 5525a0cd3dea4c8dba3c334de0cbbb0f: tablet copy: Starting download of 0 data blocks...
I20260713 09:03:29.108924 12807 tablet_copy_client.cc:670] T 232eb1df0e634e97b6c758b44f9db043 P 5525a0cd3dea4c8dba3c334de0cbbb0f: tablet copy: Starting download of 1 WAL segments...
I20260713 09:03:29.112720 12807 tablet_copy_client.cc:538] T 232eb1df0e634e97b6c758b44f9db043 P 5525a0cd3dea4c8dba3c334de0cbbb0f: tablet copy: Tablet Copy complete. Replacing tablet superblock.
I20260713 09:03:29.117053 12802 tablet_bootstrap.cc:492] T 3a5caeb808f1415cb9a9a7fac86e1f74 P 5525a0cd3dea4c8dba3c334de0cbbb0f: Bootstrap replayed 1/1 log segments. Stats: ops{read=2 overwritten=0 applied=2 ignored=0} inserts{seen=0 ignored=0} mutations{seen=0 ignored=0} orphaned_commits=0. Pending: 0 replicates
I20260713 09:03:29.117946 12802 tablet_bootstrap.cc:492] T 3a5caeb808f1415cb9a9a7fac86e1f74 P 5525a0cd3dea4c8dba3c334de0cbbb0f: Bootstrap complete.
I20260713 09:03:29.118835 12802 ts_tablet_manager.cc:1403] T 3a5caeb808f1415cb9a9a7fac86e1f74 P 5525a0cd3dea4c8dba3c334de0cbbb0f: Time spent bootstrapping tablet: real 0.024s	user 0.012s	sys 0.012s
I20260713 09:03:29.122169 12807 tablet_bootstrap.cc:492] T 232eb1df0e634e97b6c758b44f9db043 P 5525a0cd3dea4c8dba3c334de0cbbb0f: Bootstrap starting.
I20260713 09:03:29.122041 12802 raft_consensus.cc:359] T 3a5caeb808f1415cb9a9a7fac86e1f74 P 5525a0cd3dea4c8dba3c334de0cbbb0f [term 1 LEARNER]: Replica starting. Triggering 0 pending ops. Active config: opid_index: 2 OBSOLETE_local: false peers { permanent_uuid: "f91a0bee96b84995aa71e6f56547cfc2" member_type: VOTER last_known_addr { host: "127.10.231.1" port: 33715 } } peers { permanent_uuid: "afb5b6b1cc3042f49745297ff99d957e" member_type: VOTER last_known_addr { host: "127.10.231.2" port: 42357 } } peers { permanent_uuid: "b3bf107bf3de4de1951f6943e240ac30" member_type: VOTER last_known_addr { host: "127.10.231.3" port: 38589 } attrs { replace: true } } peers { permanent_uuid: "5525a0cd3dea4c8dba3c334de0cbbb0f" member_type: NON_VOTER last_known_addr { host: "127.10.231.4" port: 35909 } attrs { promote: true } }
I20260713 09:03:29.122888 12802 raft_consensus.cc:740] T 3a5caeb808f1415cb9a9a7fac86e1f74 P 5525a0cd3dea4c8dba3c334de0cbbb0f [term 1 LEARNER]: Becoming Follower/Learner. State: Replica: 5525a0cd3dea4c8dba3c334de0cbbb0f, State: Initialized, Role: LEARNER
I20260713 09:03:29.123529 12802 consensus_queue.cc:260] T 3a5caeb808f1415cb9a9a7fac86e1f74 P 5525a0cd3dea4c8dba3c334de0cbbb0f [NON_LEADER]: Queue going to NON_LEADER mode. State: All replicated index: 0, Majority replicated index: 0, Committed index: 2, Last appended: 1.2, Last appended by leader: 2, Current term: 0, Majority size: -1, State: 0, Mode: NON_LEADER, active raft config: opid_index: 2 OBSOLETE_local: false peers { permanent_uuid: "f91a0bee96b84995aa71e6f56547cfc2" member_type: VOTER last_known_addr { host: "127.10.231.1" port: 33715 } } peers { permanent_uuid: "afb5b6b1cc3042f49745297ff99d957e" member_type: VOTER last_known_addr { host: "127.10.231.2" port: 42357 } } peers { permanent_uuid: "b3bf107bf3de4de1951f6943e240ac30" member_type: VOTER last_known_addr { host: "127.10.231.3" port: 38589 } attrs { replace: true } } peers { permanent_uuid: "5525a0cd3dea4c8dba3c334de0cbbb0f" member_type: NON_VOTER last_known_addr { host: "127.10.231.4" port: 35909 } attrs { promote: true } }
I20260713 09:03:29.126142 12802 ts_tablet_manager.cc:1434] T 3a5caeb808f1415cb9a9a7fac86e1f74 P 5525a0cd3dea4c8dba3c334de0cbbb0f: Time spent starting tablet: real 0.007s	user 0.006s	sys 0.001s
I20260713 09:03:29.127713 12269 tablet_copy_service.cc:342] P f91a0bee96b84995aa71e6f56547cfc2: Request end of tablet copy session 5525a0cd3dea4c8dba3c334de0cbbb0f-3a5caeb808f1415cb9a9a7fac86e1f74 received from {username='slave'} at 127.0.0.1:49000
I20260713 09:03:29.128136 12269 tablet_copy_service.cc:434] P f91a0bee96b84995aa71e6f56547cfc2: ending tablet copy session 5525a0cd3dea4c8dba3c334de0cbbb0f-3a5caeb808f1415cb9a9a7fac86e1f74 on tablet 3a5caeb808f1415cb9a9a7fac86e1f74 with peer 5525a0cd3dea4c8dba3c334de0cbbb0f
I20260713 09:03:29.154599 12807 tablet_bootstrap.cc:492] T 232eb1df0e634e97b6c758b44f9db043 P 5525a0cd3dea4c8dba3c334de0cbbb0f: Bootstrap replayed 1/1 log segments. Stats: ops{read=2 overwritten=0 applied=2 ignored=0} inserts{seen=0 ignored=0} mutations{seen=0 ignored=0} orphaned_commits=0. Pending: 0 replicates
I20260713 09:03:29.155534 12807 tablet_bootstrap.cc:492] T 232eb1df0e634e97b6c758b44f9db043 P 5525a0cd3dea4c8dba3c334de0cbbb0f: Bootstrap complete.
I20260713 09:03:29.156185 12807 ts_tablet_manager.cc:1403] T 232eb1df0e634e97b6c758b44f9db043 P 5525a0cd3dea4c8dba3c334de0cbbb0f: Time spent bootstrapping tablet: real 0.034s	user 0.014s	sys 0.005s
I20260713 09:03:29.158420 12807 raft_consensus.cc:359] T 232eb1df0e634e97b6c758b44f9db043 P 5525a0cd3dea4c8dba3c334de0cbbb0f [term 1 LEARNER]: Replica starting. Triggering 0 pending ops. Active config: opid_index: 2 OBSOLETE_local: false peers { permanent_uuid: "f91a0bee96b84995aa71e6f56547cfc2" member_type: VOTER last_known_addr { host: "127.10.231.1" port: 33715 } } peers { permanent_uuid: "afb5b6b1cc3042f49745297ff99d957e" member_type: VOTER last_known_addr { host: "127.10.231.2" port: 42357 } attrs { replace: true } } peers { permanent_uuid: "b3bf107bf3de4de1951f6943e240ac30" member_type: VOTER last_known_addr { host: "127.10.231.3" port: 38589 } } peers { permanent_uuid: "5525a0cd3dea4c8dba3c334de0cbbb0f" member_type: NON_VOTER last_known_addr { host: "127.10.231.4" port: 35909 } attrs { promote: true } }
I20260713 09:03:29.159034 12807 raft_consensus.cc:740] T 232eb1df0e634e97b6c758b44f9db043 P 5525a0cd3dea4c8dba3c334de0cbbb0f [term 1 LEARNER]: Becoming Follower/Learner. State: Replica: 5525a0cd3dea4c8dba3c334de0cbbb0f, State: Initialized, Role: LEARNER
I20260713 09:03:29.159528 12807 consensus_queue.cc:260] T 232eb1df0e634e97b6c758b44f9db043 P 5525a0cd3dea4c8dba3c334de0cbbb0f [NON_LEADER]: Queue going to NON_LEADER mode. State: All replicated index: 0, Majority replicated index: 0, Committed index: 2, Last appended: 1.2, Last appended by leader: 2, Current term: 0, Majority size: -1, State: 0, Mode: NON_LEADER, active raft config: opid_index: 2 OBSOLETE_local: false peers { permanent_uuid: "f91a0bee96b84995aa71e6f56547cfc2" member_type: VOTER last_known_addr { host: "127.10.231.1" port: 33715 } } peers { permanent_uuid: "afb5b6b1cc3042f49745297ff99d957e" member_type: VOTER last_known_addr { host: "127.10.231.2" port: 42357 } attrs { replace: true } } peers { permanent_uuid: "b3bf107bf3de4de1951f6943e240ac30" member_type: VOTER last_known_addr { host: "127.10.231.3" port: 38589 } } peers { permanent_uuid: "5525a0cd3dea4c8dba3c334de0cbbb0f" member_type: NON_VOTER last_known_addr { host: "127.10.231.4" port: 35909 } attrs { promote: true } }
I20260713 09:03:29.161512 12807 ts_tablet_manager.cc:1434] T 232eb1df0e634e97b6c758b44f9db043 P 5525a0cd3dea4c8dba3c334de0cbbb0f: Time spent starting tablet: real 0.005s	user 0.001s	sys 0.003s
I20260713 09:03:29.163261 12418 tablet_copy_service.cc:342] P b3bf107bf3de4de1951f6943e240ac30: Request end of tablet copy session 5525a0cd3dea4c8dba3c334de0cbbb0f-232eb1df0e634e97b6c758b44f9db043 received from {username='slave'} at 127.0.0.1:52590
I20260713 09:03:29.163637 12418 tablet_copy_service.cc:434] P b3bf107bf3de4de1951f6943e240ac30: ending tablet copy session 5525a0cd3dea4c8dba3c334de0cbbb0f-232eb1df0e634e97b6c758b44f9db043 on tablet 232eb1df0e634e97b6c758b44f9db043 with peer 5525a0cd3dea4c8dba3c334de0cbbb0f
I20260713 09:03:29.354526 12675 raft_consensus.cc:1217] T 915e6abf927a4067a57a3c1f14c5110a P 5525a0cd3dea4c8dba3c334de0cbbb0f [term 1 LEARNER]: Deduplicated request from leader. Original: 1.1->[1.2-1.2]   Dedup: 1.2->[]
I20260713 09:03:29.419878 12675 raft_consensus.cc:1217] T 232eb1df0e634e97b6c758b44f9db043 P 5525a0cd3dea4c8dba3c334de0cbbb0f [term 1 LEARNER]: Deduplicated request from leader. Original: 1.1->[1.2-1.2]   Dedup: 1.2->[]
I20260713 09:03:29.427361 12675 raft_consensus.cc:1217] T 3a5caeb808f1415cb9a9a7fac86e1f74 P 5525a0cd3dea4c8dba3c334de0cbbb0f [term 1 LEARNER]: Deduplicated request from leader. Original: 1.1->[1.2-1.2]   Dedup: 1.2->[]
I20260713 09:03:29.436861 12675 raft_consensus.cc:1217] T 55ebd73ececa47a5a0adfa9b275bc7f9 P 5525a0cd3dea4c8dba3c334de0cbbb0f [term 1 LEARNER]: Deduplicated request from leader. Original: 1.1->[1.2-1.2]   Dedup: 1.2->[]
I20260713 09:03:29.945107 12812 raft_consensus.cc:1064] T 915e6abf927a4067a57a3c1f14c5110a P b3bf107bf3de4de1951f6943e240ac30: attempting to promote NON_VOTER 5525a0cd3dea4c8dba3c334de0cbbb0f to VOTER
I20260713 09:03:29.946973 12812 consensus_queue.cc:237] T 915e6abf927a4067a57a3c1f14c5110a P b3bf107bf3de4de1951f6943e240ac30 [LEADER]: Queue going to LEADER mode. State: All replicated index: 0, Majority replicated index: 2, Committed index: 2, Last appended: 1.2, Last appended by leader: 0, Current term: 1, Majority size: 3, State: 0, Mode: LEADER, active raft config: opid_index: 3 OBSOLETE_local: false peers { permanent_uuid: "f91a0bee96b84995aa71e6f56547cfc2" member_type: VOTER last_known_addr { host: "127.10.231.1" port: 33715 } } peers { permanent_uuid: "afb5b6b1cc3042f49745297ff99d957e" member_type: VOTER last_known_addr { host: "127.10.231.2" port: 42357 } attrs { replace: true } } peers { permanent_uuid: "b3bf107bf3de4de1951f6943e240ac30" member_type: VOTER last_known_addr { host: "127.10.231.3" port: 38589 } } peers { permanent_uuid: "5525a0cd3dea4c8dba3c334de0cbbb0f" member_type: VOTER last_known_addr { host: "127.10.231.4" port: 35909 } attrs { promote: false } }
I20260713 09:03:29.952872 12675 raft_consensus.cc:1275] T 915e6abf927a4067a57a3c1f14c5110a P 5525a0cd3dea4c8dba3c334de0cbbb0f [term 1 LEARNER]: Refusing update from remote peer b3bf107bf3de4de1951f6943e240ac30: Log matching property violated. Preceding OpId in replica: term: 1 index: 2. Preceding OpId from leader: term: 1 index: 3. (index mismatch)
I20260713 09:03:29.955852 12815 consensus_queue.cc:1048] T 915e6abf927a4067a57a3c1f14c5110a P b3bf107bf3de4de1951f6943e240ac30 [LEADER]: Connected to new peer: Peer: permanent_uuid: "5525a0cd3dea4c8dba3c334de0cbbb0f" member_type: VOTER last_known_addr { host: "127.10.231.4" port: 35909 } attrs { promote: false }, Status: LMP_MISMATCH, Last received: 0.0, Next index: 3, Last known committed idx: 2, Time since last communication: 0.000s
I20260713 09:03:29.956802 12330 raft_consensus.cc:1275] T 915e6abf927a4067a57a3c1f14c5110a P afb5b6b1cc3042f49745297ff99d957e [term 1 FOLLOWER]: Refusing update from remote peer b3bf107bf3de4de1951f6943e240ac30: Log matching property violated. Preceding OpId in replica: term: 1 index: 2. Preceding OpId from leader: term: 1 index: 3. (index mismatch)
I20260713 09:03:29.959313 12815 consensus_queue.cc:1048] T 915e6abf927a4067a57a3c1f14c5110a P b3bf107bf3de4de1951f6943e240ac30 [LEADER]: Connected to new peer: Peer: permanent_uuid: "afb5b6b1cc3042f49745297ff99d957e" member_type: VOTER last_known_addr { host: "127.10.231.2" port: 42357 } attrs { replace: true }, Status: LMP_MISMATCH, Last received: 0.0, Next index: 3, Last known committed idx: 2, Time since last communication: 0.000s
I20260713 09:03:29.965721 12258 raft_consensus.cc:1275] T 915e6abf927a4067a57a3c1f14c5110a P f91a0bee96b84995aa71e6f56547cfc2 [term 1 FOLLOWER]: Refusing update from remote peer b3bf107bf3de4de1951f6943e240ac30: Log matching property violated. Preceding OpId in replica: term: 1 index: 2. Preceding OpId from leader: term: 1 index: 3. (index mismatch)
I20260713 09:03:29.967541 12816 consensus_queue.cc:1048] T 915e6abf927a4067a57a3c1f14c5110a P b3bf107bf3de4de1951f6943e240ac30 [LEADER]: Connected to new peer: Peer: permanent_uuid: "f91a0bee96b84995aa71e6f56547cfc2" member_type: VOTER last_known_addr { host: "127.10.231.1" port: 33715 }, Status: LMP_MISMATCH, Last received: 0.0, Next index: 3, Last known committed idx: 2, Time since last communication: 0.000s
I20260713 09:03:29.976473 12816 raft_consensus.cc:2955] T 915e6abf927a4067a57a3c1f14c5110a P b3bf107bf3de4de1951f6943e240ac30 [term 1 LEADER]: Committing config change with OpId 1.3: config changed from index 2 to 3, 5525a0cd3dea4c8dba3c334de0cbbb0f (127.10.231.4) changed from NON_VOTER to VOTER. New config: { opid_index: 3 OBSOLETE_local: false peers { permanent_uuid: "f91a0bee96b84995aa71e6f56547cfc2" member_type: VOTER last_known_addr { host: "127.10.231.1" port: 33715 } } peers { permanent_uuid: "afb5b6b1cc3042f49745297ff99d957e" member_type: VOTER last_known_addr { host: "127.10.231.2" port: 42357 } attrs { replace: true } } peers { permanent_uuid: "b3bf107bf3de4de1951f6943e240ac30" member_type: VOTER last_known_addr { host: "127.10.231.3" port: 38589 } } peers { permanent_uuid: "5525a0cd3dea4c8dba3c334de0cbbb0f" member_type: VOTER last_known_addr { host: "127.10.231.4" port: 35909 } attrs { promote: false } } }
I20260713 09:03:29.980261 12258 raft_consensus.cc:2955] T 915e6abf927a4067a57a3c1f14c5110a P f91a0bee96b84995aa71e6f56547cfc2 [term 1 FOLLOWER]: Committing config change with OpId 1.3: config changed from index 2 to 3, 5525a0cd3dea4c8dba3c334de0cbbb0f (127.10.231.4) changed from NON_VOTER to VOTER. New config: { opid_index: 3 OBSOLETE_local: false peers { permanent_uuid: "f91a0bee96b84995aa71e6f56547cfc2" member_type: VOTER last_known_addr { host: "127.10.231.1" port: 33715 } } peers { permanent_uuid: "afb5b6b1cc3042f49745297ff99d957e" member_type: VOTER last_known_addr { host: "127.10.231.2" port: 42357 } attrs { replace: true } } peers { permanent_uuid: "b3bf107bf3de4de1951f6943e240ac30" member_type: VOTER last_known_addr { host: "127.10.231.3" port: 38589 } } peers { permanent_uuid: "5525a0cd3dea4c8dba3c334de0cbbb0f" member_type: VOTER last_known_addr { host: "127.10.231.4" port: 35909 } attrs { promote: false } } }
I20260713 09:03:29.980600 12330 raft_consensus.cc:2955] T 915e6abf927a4067a57a3c1f14c5110a P afb5b6b1cc3042f49745297ff99d957e [term 1 FOLLOWER]: Committing config change with OpId 1.3: config changed from index 2 to 3, 5525a0cd3dea4c8dba3c334de0cbbb0f (127.10.231.4) changed from NON_VOTER to VOTER. New config: { opid_index: 3 OBSOLETE_local: false peers { permanent_uuid: "f91a0bee96b84995aa71e6f56547cfc2" member_type: VOTER last_known_addr { host: "127.10.231.1" port: 33715 } } peers { permanent_uuid: "afb5b6b1cc3042f49745297ff99d957e" member_type: VOTER last_known_addr { host: "127.10.231.2" port: 42357 } attrs { replace: true } } peers { permanent_uuid: "b3bf107bf3de4de1951f6943e240ac30" member_type: VOTER last_known_addr { host: "127.10.231.3" port: 38589 } } peers { permanent_uuid: "5525a0cd3dea4c8dba3c334de0cbbb0f" member_type: VOTER last_known_addr { host: "127.10.231.4" port: 35909 } attrs { promote: false } } }
I20260713 09:03:29.994724 12675 raft_consensus.cc:2955] T 915e6abf927a4067a57a3c1f14c5110a P 5525a0cd3dea4c8dba3c334de0cbbb0f [term 1 FOLLOWER]: Committing config change with OpId 1.3: config changed from index 2 to 3, 5525a0cd3dea4c8dba3c334de0cbbb0f (127.10.231.4) changed from NON_VOTER to VOTER. New config: { opid_index: 3 OBSOLETE_local: false peers { permanent_uuid: "f91a0bee96b84995aa71e6f56547cfc2" member_type: VOTER last_known_addr { host: "127.10.231.1" port: 33715 } } peers { permanent_uuid: "afb5b6b1cc3042f49745297ff99d957e" member_type: VOTER last_known_addr { host: "127.10.231.2" port: 42357 } attrs { replace: true } } peers { permanent_uuid: "b3bf107bf3de4de1951f6943e240ac30" member_type: VOTER last_known_addr { host: "127.10.231.3" port: 38589 } } peers { permanent_uuid: "5525a0cd3dea4c8dba3c334de0cbbb0f" member_type: VOTER last_known_addr { host: "127.10.231.4" port: 35909 } attrs { promote: false } } }
I20260713 09:03:29.996464 12158 catalog_manager.cc:5697] T 915e6abf927a4067a57a3c1f14c5110a P f91a0bee96b84995aa71e6f56547cfc2 reported cstate change: config changed from index 2 to 3, 5525a0cd3dea4c8dba3c334de0cbbb0f (127.10.231.4) changed from NON_VOTER to VOTER. New cstate: current_term: 1 leader_uuid: "b3bf107bf3de4de1951f6943e240ac30" committed_config { opid_index: 3 OBSOLETE_local: false peers { permanent_uuid: "f91a0bee96b84995aa71e6f56547cfc2" member_type: VOTER last_known_addr { host: "127.10.231.1" port: 33715 } } peers { permanent_uuid: "afb5b6b1cc3042f49745297ff99d957e" member_type: VOTER last_known_addr { host: "127.10.231.2" port: 42357 } attrs { replace: true } } peers { permanent_uuid: "b3bf107bf3de4de1951f6943e240ac30" member_type: VOTER last_known_addr { host: "127.10.231.3" port: 38589 } } peers { permanent_uuid: "5525a0cd3dea4c8dba3c334de0cbbb0f" member_type: VOTER last_known_addr { host: "127.10.231.4" port: 35909 } attrs { promote: false } } }
