I20260713 08:58:46.970202  1571 consensus_queue.cc:237] T fb081c8c887247a7a1fba710320a9721 P 5db459db1dd747c99c1d08f328d852af [LEADER]: Queue going to LEADER mode. State: All replicated index: 0, Majority replicated index: 1, Committed index: 1, Last appended: 1.1, Last appended by leader: 0, Current term: 1, Majority size: 2, State: 0, Mode: LEADER, active raft config: opid_index: 2 OBSOLETE_local: false peers { permanent_uuid: "5db459db1dd747c99c1d08f328d852af" member_type: VOTER last_known_addr { host: "127.0.107.193" port: 41697 } } peers { permanent_uuid: "8a33b0c3c48e4393b94eda9b31cb3501" member_type: VOTER last_known_addr { host: "127.0.107.194" port: 33001 } } peers { permanent_uuid: "0156acbf6bff48cfadec18d7bf448575" member_type: VOTER last_known_addr { host: "127.0.107.195" port: 42149 } attrs { replace: true } } peers { permanent_uuid: "93266dc88f2a439ca95cd498050ea008" member_type: NON_VOTER last_known_addr { host: "127.0.107.196" port: 44629 } attrs { promote: true } }
I20260713 08:58:46.977053  1720 raft_consensus.cc:1275] T fb081c8c887247a7a1fba710320a9721 P 0156acbf6bff48cfadec18d7bf448575 [term 1 FOLLOWER]: Refusing update from remote peer 5db459db1dd747c99c1d08f328d852af: Log matching property violated. Preceding OpId in replica: term: 1 index: 1. Preceding OpId from leader: term: 1 index: 2. (index mismatch)
W20260713 08:58:46.977857  1541 consensus_peers.cc:597] T fb081c8c887247a7a1fba710320a9721 P 5db459db1dd747c99c1d08f328d852af -> Peer 93266dc88f2a439ca95cd498050ea008 (127.0.107.196:44629): Couldn't send request to peer 93266dc88f2a439ca95cd498050ea008. Error code: TABLET_NOT_FOUND (6). Status: Not found: Tablet not found: fb081c8c887247a7a1fba710320a9721. This is attempt 1: this message will repeat every 5th retry.
I20260713 08:58:46.978116  1651 raft_consensus.cc:1275] T fb081c8c887247a7a1fba710320a9721 P 8a33b0c3c48e4393b94eda9b31cb3501 [term 1 FOLLOWER]: Refusing update from remote peer 5db459db1dd747c99c1d08f328d852af: Log matching property violated. Preceding OpId in replica: term: 1 index: 1. Preceding OpId from leader: term: 1 index: 2. (index mismatch)
I20260713 08:58:46.978682  2268 consensus_queue.cc:1048] T fb081c8c887247a7a1fba710320a9721 P 5db459db1dd747c99c1d08f328d852af [LEADER]: Connected to new peer: Peer: permanent_uuid: "0156acbf6bff48cfadec18d7bf448575" member_type: VOTER last_known_addr { host: "127.0.107.195" port: 42149 } attrs { replace: true }, Status: LMP_MISMATCH, Last received: 0.0, Next index: 2, Last known committed idx: 1, Time since last communication: 0.000s
I20260713 08:58:46.979476  2269 consensus_queue.cc:1048] T fb081c8c887247a7a1fba710320a9721 P 5db459db1dd747c99c1d08f328d852af [LEADER]: Connected to new peer: Peer: permanent_uuid: "8a33b0c3c48e4393b94eda9b31cb3501" member_type: VOTER last_known_addr { host: "127.0.107.194" port: 33001 }, Status: LMP_MISMATCH, Last received: 0.0, Next index: 2, Last known committed idx: 1, Time since last communication: 0.000s
I20260713 08:58:46.987960  2269 raft_consensus.cc:2955] T fb081c8c887247a7a1fba710320a9721 P 5db459db1dd747c99c1d08f328d852af [term 1 LEADER]: Committing config change with OpId 1.2: config changed from index -1 to 2, NON_VOTER 93266dc88f2a439ca95cd498050ea008 (127.0.107.196) added. New config: { opid_index: 2 OBSOLETE_local: false peers { permanent_uuid: "5db459db1dd747c99c1d08f328d852af" member_type: VOTER last_known_addr { host: "127.0.107.193" port: 41697 } } peers { permanent_uuid: "8a33b0c3c48e4393b94eda9b31cb3501" member_type: VOTER last_known_addr { host: "127.0.107.194" port: 33001 } } peers { permanent_uuid: "0156acbf6bff48cfadec18d7bf448575" member_type: VOTER last_known_addr { host: "127.0.107.195" port: 42149 } attrs { replace: true } } peers { permanent_uuid: "93266dc88f2a439ca95cd498050ea008" member_type: NON_VOTER last_known_addr { host: "127.0.107.196" port: 44629 } attrs { promote: true } } }
I20260713 08:58:46.989356  1646 raft_consensus.cc:2955] T fb081c8c887247a7a1fba710320a9721 P 8a33b0c3c48e4393b94eda9b31cb3501 [term 1 FOLLOWER]: Committing config change with OpId 1.2: config changed from index -1 to 2, NON_VOTER 93266dc88f2a439ca95cd498050ea008 (127.0.107.196) added. New config: { opid_index: 2 OBSOLETE_local: false peers { permanent_uuid: "5db459db1dd747c99c1d08f328d852af" member_type: VOTER last_known_addr { host: "127.0.107.193" port: 41697 } } peers { permanent_uuid: "8a33b0c3c48e4393b94eda9b31cb3501" member_type: VOTER last_known_addr { host: "127.0.107.194" port: 33001 } } peers { permanent_uuid: "0156acbf6bff48cfadec18d7bf448575" member_type: VOTER last_known_addr { host: "127.0.107.195" port: 42149 } attrs { replace: true } } peers { permanent_uuid: "93266dc88f2a439ca95cd498050ea008" member_type: NON_VOTER last_known_addr { host: "127.0.107.196" port: 44629 } attrs { promote: true } } }
I20260713 08:58:46.990213  1720 raft_consensus.cc:2955] T fb081c8c887247a7a1fba710320a9721 P 0156acbf6bff48cfadec18d7bf448575 [term 1 FOLLOWER]: Committing config change with OpId 1.2: config changed from index -1 to 2, NON_VOTER 93266dc88f2a439ca95cd498050ea008 (127.0.107.196) added. New config: { opid_index: 2 OBSOLETE_local: false peers { permanent_uuid: "5db459db1dd747c99c1d08f328d852af" member_type: VOTER last_known_addr { host: "127.0.107.193" port: 41697 } } peers { permanent_uuid: "8a33b0c3c48e4393b94eda9b31cb3501" member_type: VOTER last_known_addr { host: "127.0.107.194" port: 33001 } } peers { permanent_uuid: "0156acbf6bff48cfadec18d7bf448575" member_type: VOTER last_known_addr { host: "127.0.107.195" port: 42149 } attrs { replace: true } } peers { permanent_uuid: "93266dc88f2a439ca95cd498050ea008" member_type: NON_VOTER last_known_addr { host: "127.0.107.196" port: 44629 } attrs { promote: true } } }
I20260713 08:58:47.010510  1475 catalog_manager.cc:5697] T fb081c8c887247a7a1fba710320a9721 P 5db459db1dd747c99c1d08f328d852af reported cstate change: config changed from index -1 to 2, NON_VOTER 93266dc88f2a439ca95cd498050ea008 (127.0.107.196) added. New cstate: current_term: 1 leader_uuid: "5db459db1dd747c99c1d08f328d852af" committed_config { opid_index: 2 OBSOLETE_local: false peers { permanent_uuid: "5db459db1dd747c99c1d08f328d852af" member_type: VOTER last_known_addr { host: "127.0.107.193" port: 41697 } health_report { overall_health: HEALTHY } } peers { permanent_uuid: "8a33b0c3c48e4393b94eda9b31cb3501" member_type: VOTER last_known_addr { host: "127.0.107.194" port: 33001 } health_report { overall_health: HEALTHY } } peers { permanent_uuid: "0156acbf6bff48cfadec18d7bf448575" member_type: VOTER last_known_addr { host: "127.0.107.195" port: 42149 } attrs { replace: true } health_report { overall_health: HEALTHY } } peers { permanent_uuid: "93266dc88f2a439ca95cd498050ea008" member_type: NON_VOTER last_known_addr { host: "127.0.107.196" port: 44629 } attrs { promote: true } health_report { overall_health: UNKNOWN } } }
I20260713 08:58:47.242753  2278 ts_tablet_manager.cc:933] T a88e80f3a9c943988ce548c4d9febf1c P 93266dc88f2a439ca95cd498050ea008: Initiating tablet copy from peer 8a33b0c3c48e4393b94eda9b31cb3501 (127.0.107.194:33001)
I20260713 08:58:47.244421  2278 tablet_copy_client.cc:323] T a88e80f3a9c943988ce548c4d9febf1c P 93266dc88f2a439ca95cd498050ea008: tablet copy: Beginning tablet copy session from remote peer at address 127.0.107.194:33001
I20260713 08:58:47.245781  1662 tablet_copy_service.cc:140] P 8a33b0c3c48e4393b94eda9b31cb3501: Received BeginTabletCopySession request for tablet a88e80f3a9c943988ce548c4d9febf1c from peer 93266dc88f2a439ca95cd498050ea008 ({username='slave'} at 127.0.0.1:33894)
I20260713 08:58:47.246295  1662 tablet_copy_service.cc:161] P 8a33b0c3c48e4393b94eda9b31cb3501: Beginning new tablet copy session on tablet a88e80f3a9c943988ce548c4d9febf1c from peer 93266dc88f2a439ca95cd498050ea008 at {username='slave'} at 127.0.0.1:33894: session id = 93266dc88f2a439ca95cd498050ea008-a88e80f3a9c943988ce548c4d9febf1c
I20260713 08:58:47.253276  1662 tablet_copy_source_session.cc:215] T a88e80f3a9c943988ce548c4d9febf1c P 8a33b0c3c48e4393b94eda9b31cb3501: Tablet Copy: opened 0 blocks and 1 log segments
I20260713 08:58:47.256476  2278 data_dirs.cc:400] Could only allocate 1 dirs of requested 3 for tablet a88e80f3a9c943988ce548c4d9febf1c. 1 dirs total, 0 dirs full, 0 dirs failed
I20260713 08:58:47.268989  2278 tablet_copy_client.cc:806] T a88e80f3a9c943988ce548c4d9febf1c P 93266dc88f2a439ca95cd498050ea008: tablet copy: Starting download of 0 data blocks...
I20260713 08:58:47.269742  2278 tablet_copy_client.cc:670] T a88e80f3a9c943988ce548c4d9febf1c P 93266dc88f2a439ca95cd498050ea008: tablet copy: Starting download of 1 WAL segments...
I20260713 08:58:47.273638  2278 tablet_copy_client.cc:538] T a88e80f3a9c943988ce548c4d9febf1c P 93266dc88f2a439ca95cd498050ea008: tablet copy: Tablet Copy complete. Replacing tablet superblock.
I20260713 08:58:47.279165  2278 tablet_bootstrap.cc:492] T a88e80f3a9c943988ce548c4d9febf1c P 93266dc88f2a439ca95cd498050ea008: Bootstrap starting.
I20260713 08:58:47.293849  2278 tablet_bootstrap.cc:492] T a88e80f3a9c943988ce548c4d9febf1c P 93266dc88f2a439ca95cd498050ea008: Bootstrap replayed 1/1 log segments. Stats: ops{read=2 overwritten=0 applied=2 ignored=0} inserts{seen=0 ignored=0} mutations{seen=0 ignored=0} orphaned_commits=0. Pending: 0 replicates
I20260713 08:58:47.294476  2278 tablet_bootstrap.cc:492] T a88e80f3a9c943988ce548c4d9febf1c P 93266dc88f2a439ca95cd498050ea008: Bootstrap complete.
I20260713 08:58:47.294942  2278 ts_tablet_manager.cc:1403] T a88e80f3a9c943988ce548c4d9febf1c P 93266dc88f2a439ca95cd498050ea008: Time spent bootstrapping tablet: real 0.016s	user 0.010s	sys 0.005s
I20260713 08:58:47.296849  2278 raft_consensus.cc:359] T a88e80f3a9c943988ce548c4d9febf1c P 93266dc88f2a439ca95cd498050ea008 [term 1 LEARNER]: Replica starting. Triggering 0 pending ops. Active config: opid_index: 2 OBSOLETE_local: false peers { permanent_uuid: "5db459db1dd747c99c1d08f328d852af" member_type: VOTER last_known_addr { host: "127.0.107.193" port: 41697 } attrs { replace: true } } peers { permanent_uuid: "8a33b0c3c48e4393b94eda9b31cb3501" member_type: VOTER last_known_addr { host: "127.0.107.194" port: 33001 } } peers { permanent_uuid: "0156acbf6bff48cfadec18d7bf448575" member_type: VOTER last_known_addr { host: "127.0.107.195" port: 42149 } } peers { permanent_uuid: "93266dc88f2a439ca95cd498050ea008" member_type: NON_VOTER last_known_addr { host: "127.0.107.196" port: 44629 } attrs { promote: true } }
I20260713 08:58:47.297400  2278 raft_consensus.cc:740] T a88e80f3a9c943988ce548c4d9febf1c P 93266dc88f2a439ca95cd498050ea008 [term 1 LEARNER]: Becoming Follower/Learner. State: Replica: 93266dc88f2a439ca95cd498050ea008, State: Initialized, Role: LEARNER
I20260713 08:58:47.298245  2278 consensus_queue.cc:260] T a88e80f3a9c943988ce548c4d9febf1c P 93266dc88f2a439ca95cd498050ea008 [NON_LEADER]: Queue going to NON_LEADER mode. State: All replicated index: 0, Majority replicated index: 0, Committed index: 2, Last appended: 1.2, Last appended by leader: 2, Current term: 0, Majority size: -1, State: 0, Mode: NON_LEADER, active raft config: opid_index: 2 OBSOLETE_local: false peers { permanent_uuid: "5db459db1dd747c99c1d08f328d852af" member_type: VOTER last_known_addr { host: "127.0.107.193" port: 41697 } attrs { replace: true } } peers { permanent_uuid: "8a33b0c3c48e4393b94eda9b31cb3501" member_type: VOTER last_known_addr { host: "127.0.107.194" port: 33001 } } peers { permanent_uuid: "0156acbf6bff48cfadec18d7bf448575" member_type: VOTER last_known_addr { host: "127.0.107.195" port: 42149 } } peers { permanent_uuid: "93266dc88f2a439ca95cd498050ea008" member_type: NON_VOTER last_known_addr { host: "127.0.107.196" port: 44629 } attrs { promote: true } }
I20260713 08:58:47.300680  2278 ts_tablet_manager.cc:1434] T a88e80f3a9c943988ce548c4d9febf1c P 93266dc88f2a439ca95cd498050ea008: Time spent starting tablet: real 0.006s	user 0.006s	sys 0.000s
I20260713 08:58:47.302120  1662 tablet_copy_service.cc:342] P 8a33b0c3c48e4393b94eda9b31cb3501: Request end of tablet copy session 93266dc88f2a439ca95cd498050ea008-a88e80f3a9c943988ce548c4d9febf1c received from {username='slave'} at 127.0.0.1:33894
I20260713 08:58:47.302443  1662 tablet_copy_service.cc:434] P 8a33b0c3c48e4393b94eda9b31cb3501: ending tablet copy session 93266dc88f2a439ca95cd498050ea008-a88e80f3a9c943988ce548c4d9febf1c on tablet a88e80f3a9c943988ce548c4d9febf1c with peer 93266dc88f2a439ca95cd498050ea008
I20260713 08:58:47.328922  2278 ts_tablet_manager.cc:933] T 6915fc20e0c4464486fca21596799b95 P 93266dc88f2a439ca95cd498050ea008: Initiating tablet copy from peer 8a33b0c3c48e4393b94eda9b31cb3501 (127.0.107.194:33001)
I20260713 08:58:47.330560  2278 tablet_copy_client.cc:323] T 6915fc20e0c4464486fca21596799b95 P 93266dc88f2a439ca95cd498050ea008: tablet copy: Beginning tablet copy session from remote peer at address 127.0.107.194:33001
I20260713 08:58:47.331852  1662 tablet_copy_service.cc:140] P 8a33b0c3c48e4393b94eda9b31cb3501: Received BeginTabletCopySession request for tablet 6915fc20e0c4464486fca21596799b95 from peer 93266dc88f2a439ca95cd498050ea008 ({username='slave'} at 127.0.0.1:33894)
I20260713 08:58:47.332260  1662 tablet_copy_service.cc:161] P 8a33b0c3c48e4393b94eda9b31cb3501: Beginning new tablet copy session on tablet 6915fc20e0c4464486fca21596799b95 from peer 93266dc88f2a439ca95cd498050ea008 at {username='slave'} at 127.0.0.1:33894: session id = 93266dc88f2a439ca95cd498050ea008-6915fc20e0c4464486fca21596799b95
I20260713 08:58:47.337803  1662 tablet_copy_source_session.cc:215] T 6915fc20e0c4464486fca21596799b95 P 8a33b0c3c48e4393b94eda9b31cb3501: Tablet Copy: opened 0 blocks and 1 log segments
I20260713 08:58:47.340256  2278 data_dirs.cc:400] Could only allocate 1 dirs of requested 3 for tablet 6915fc20e0c4464486fca21596799b95. 1 dirs total, 0 dirs full, 0 dirs failed
I20260713 08:58:47.351105  2278 tablet_copy_client.cc:806] T 6915fc20e0c4464486fca21596799b95 P 93266dc88f2a439ca95cd498050ea008: tablet copy: Starting download of 0 data blocks...
I20260713 08:58:47.351717  2278 tablet_copy_client.cc:670] T 6915fc20e0c4464486fca21596799b95 P 93266dc88f2a439ca95cd498050ea008: tablet copy: Starting download of 1 WAL segments...
I20260713 08:58:47.355218  2278 tablet_copy_client.cc:538] T 6915fc20e0c4464486fca21596799b95 P 93266dc88f2a439ca95cd498050ea008: tablet copy: Tablet Copy complete. Replacing tablet superblock.
I20260713 08:58:47.358636  2283 ts_tablet_manager.cc:933] T 9866b16e8b9f4afa8adcb0ad12e02143 P 93266dc88f2a439ca95cd498050ea008: Initiating tablet copy from peer 5db459db1dd747c99c1d08f328d852af (127.0.107.193:41697)
I20260713 08:58:47.360280  2283 tablet_copy_client.cc:323] T 9866b16e8b9f4afa8adcb0ad12e02143 P 93266dc88f2a439ca95cd498050ea008: tablet copy: Beginning tablet copy session from remote peer at address 127.0.107.193:41697
I20260713 08:58:47.361514  1587 tablet_copy_service.cc:140] P 5db459db1dd747c99c1d08f328d852af: Received BeginTabletCopySession request for tablet 9866b16e8b9f4afa8adcb0ad12e02143 from peer 93266dc88f2a439ca95cd498050ea008 ({username='slave'} at 127.0.0.1:43706)
I20260713 08:58:47.361922  1587 tablet_copy_service.cc:161] P 5db459db1dd747c99c1d08f328d852af: Beginning new tablet copy session on tablet 9866b16e8b9f4afa8adcb0ad12e02143 from peer 93266dc88f2a439ca95cd498050ea008 at {username='slave'} at 127.0.0.1:43706: session id = 93266dc88f2a439ca95cd498050ea008-9866b16e8b9f4afa8adcb0ad12e02143
I20260713 08:58:47.363680  2278 tablet_bootstrap.cc:492] T 6915fc20e0c4464486fca21596799b95 P 93266dc88f2a439ca95cd498050ea008: Bootstrap starting.
I20260713 08:58:47.367272  1587 tablet_copy_source_session.cc:215] T 9866b16e8b9f4afa8adcb0ad12e02143 P 5db459db1dd747c99c1d08f328d852af: Tablet Copy: opened 0 blocks and 1 log segments
I20260713 08:58:47.370148  2283 data_dirs.cc:400] Could only allocate 1 dirs of requested 3 for tablet 9866b16e8b9f4afa8adcb0ad12e02143. 1 dirs total, 0 dirs full, 0 dirs failed
I20260713 08:58:47.381242  2283 tablet_copy_client.cc:806] T 9866b16e8b9f4afa8adcb0ad12e02143 P 93266dc88f2a439ca95cd498050ea008: tablet copy: Starting download of 0 data blocks...
I20260713 08:58:47.381809  2283 tablet_copy_client.cc:670] T 9866b16e8b9f4afa8adcb0ad12e02143 P 93266dc88f2a439ca95cd498050ea008: tablet copy: Starting download of 1 WAL segments...
I20260713 08:58:47.384305  2278 tablet_bootstrap.cc:492] T 6915fc20e0c4464486fca21596799b95 P 93266dc88f2a439ca95cd498050ea008: Bootstrap replayed 1/1 log segments. Stats: ops{read=2 overwritten=0 applied=2 ignored=0} inserts{seen=0 ignored=0} mutations{seen=0 ignored=0} orphaned_commits=0. Pending: 0 replicates
I20260713 08:58:47.384614  2283 tablet_copy_client.cc:538] T 9866b16e8b9f4afa8adcb0ad12e02143 P 93266dc88f2a439ca95cd498050ea008: tablet copy: Tablet Copy complete. Replacing tablet superblock.
I20260713 08:58:47.385335  2278 tablet_bootstrap.cc:492] T 6915fc20e0c4464486fca21596799b95 P 93266dc88f2a439ca95cd498050ea008: Bootstrap complete.
I20260713 08:58:47.386026  2278 ts_tablet_manager.cc:1403] T 6915fc20e0c4464486fca21596799b95 P 93266dc88f2a439ca95cd498050ea008: Time spent bootstrapping tablet: real 0.023s	user 0.020s	sys 0.003s
I20260713 08:58:47.388804  2278 raft_consensus.cc:359] T 6915fc20e0c4464486fca21596799b95 P 93266dc88f2a439ca95cd498050ea008 [term 1 LEARNER]: Replica starting. Triggering 0 pending ops. Active config: opid_index: 2 OBSOLETE_local: false peers { permanent_uuid: "5db459db1dd747c99c1d08f328d852af" member_type: VOTER last_known_addr { host: "127.0.107.193" port: 41697 } } peers { permanent_uuid: "8a33b0c3c48e4393b94eda9b31cb3501" member_type: VOTER last_known_addr { host: "127.0.107.194" port: 33001 } } peers { permanent_uuid: "0156acbf6bff48cfadec18d7bf448575" member_type: VOTER last_known_addr { host: "127.0.107.195" port: 42149 } attrs { replace: true } } peers { permanent_uuid: "93266dc88f2a439ca95cd498050ea008" member_type: NON_VOTER last_known_addr { host: "127.0.107.196" port: 44629 } attrs { promote: true } }
I20260713 08:58:47.389604  2278 raft_consensus.cc:740] T 6915fc20e0c4464486fca21596799b95 P 93266dc88f2a439ca95cd498050ea008 [term 1 LEARNER]: Becoming Follower/Learner. State: Replica: 93266dc88f2a439ca95cd498050ea008, State: Initialized, Role: LEARNER
I20260713 08:58:47.390543  2283 tablet_bootstrap.cc:492] T 9866b16e8b9f4afa8adcb0ad12e02143 P 93266dc88f2a439ca95cd498050ea008: Bootstrap starting.
I20260713 08:58:47.390211  2278 consensus_queue.cc:260] T 6915fc20e0c4464486fca21596799b95 P 93266dc88f2a439ca95cd498050ea008 [NON_LEADER]: Queue going to NON_LEADER mode. State: All replicated index: 0, Majority replicated index: 0, Committed index: 2, Last appended: 1.2, Last appended by leader: 2, Current term: 0, Majority size: -1, State: 0, Mode: NON_LEADER, active raft config: opid_index: 2 OBSOLETE_local: false peers { permanent_uuid: "5db459db1dd747c99c1d08f328d852af" member_type: VOTER last_known_addr { host: "127.0.107.193" port: 41697 } } peers { permanent_uuid: "8a33b0c3c48e4393b94eda9b31cb3501" member_type: VOTER last_known_addr { host: "127.0.107.194" port: 33001 } } peers { permanent_uuid: "0156acbf6bff48cfadec18d7bf448575" member_type: VOTER last_known_addr { host: "127.0.107.195" port: 42149 } attrs { replace: true } } peers { permanent_uuid: "93266dc88f2a439ca95cd498050ea008" member_type: NON_VOTER last_known_addr { host: "127.0.107.196" port: 44629 } attrs { promote: true } }
I20260713 08:58:47.392553  2278 ts_tablet_manager.cc:1434] T 6915fc20e0c4464486fca21596799b95 P 93266dc88f2a439ca95cd498050ea008: Time spent starting tablet: real 0.006s	user 0.004s	sys 0.000s
I20260713 08:58:47.394176  1662 tablet_copy_service.cc:342] P 8a33b0c3c48e4393b94eda9b31cb3501: Request end of tablet copy session 93266dc88f2a439ca95cd498050ea008-6915fc20e0c4464486fca21596799b95 received from {username='slave'} at 127.0.0.1:33894
I20260713 08:58:47.394564  1662 tablet_copy_service.cc:434] P 8a33b0c3c48e4393b94eda9b31cb3501: ending tablet copy session 93266dc88f2a439ca95cd498050ea008-6915fc20e0c4464486fca21596799b95 on tablet 6915fc20e0c4464486fca21596799b95 with peer 93266dc88f2a439ca95cd498050ea008
I20260713 08:58:47.412048  2283 tablet_bootstrap.cc:492] T 9866b16e8b9f4afa8adcb0ad12e02143 P 93266dc88f2a439ca95cd498050ea008: Bootstrap replayed 1/1 log segments. Stats: ops{read=2 overwritten=0 applied=2 ignored=0} inserts{seen=0 ignored=0} mutations{seen=0 ignored=0} orphaned_commits=0. Pending: 0 replicates
I20260713 08:58:47.412854  2283 tablet_bootstrap.cc:492] T 9866b16e8b9f4afa8adcb0ad12e02143 P 93266dc88f2a439ca95cd498050ea008: Bootstrap complete.
I20260713 08:58:47.413520  2283 ts_tablet_manager.cc:1403] T 9866b16e8b9f4afa8adcb0ad12e02143 P 93266dc88f2a439ca95cd498050ea008: Time spent bootstrapping tablet: real 0.023s	user 0.005s	sys 0.012s
I20260713 08:58:47.416191  2283 raft_consensus.cc:359] T 9866b16e8b9f4afa8adcb0ad12e02143 P 93266dc88f2a439ca95cd498050ea008 [term 1 LEARNER]: Replica starting. Triggering 0 pending ops. Active config: opid_index: 2 OBSOLETE_local: false peers { permanent_uuid: "0156acbf6bff48cfadec18d7bf448575" member_type: VOTER last_known_addr { host: "127.0.107.195" port: 42149 } } peers { permanent_uuid: "5db459db1dd747c99c1d08f328d852af" member_type: VOTER last_known_addr { host: "127.0.107.193" port: 41697 } } peers { permanent_uuid: "8a33b0c3c48e4393b94eda9b31cb3501" member_type: VOTER last_known_addr { host: "127.0.107.194" port: 33001 } attrs { replace: true } } peers { permanent_uuid: "93266dc88f2a439ca95cd498050ea008" member_type: NON_VOTER last_known_addr { host: "127.0.107.196" port: 44629 } attrs { promote: true } }
I20260713 08:58:47.416966  2283 raft_consensus.cc:740] T 9866b16e8b9f4afa8adcb0ad12e02143 P 93266dc88f2a439ca95cd498050ea008 [term 1 LEARNER]: Becoming Follower/Learner. State: Replica: 93266dc88f2a439ca95cd498050ea008, State: Initialized, Role: LEARNER
I20260713 08:58:47.417564  2283 consensus_queue.cc:260] T 9866b16e8b9f4afa8adcb0ad12e02143 P 93266dc88f2a439ca95cd498050ea008 [NON_LEADER]: Queue going to NON_LEADER mode. State: All replicated index: 0, Majority replicated index: 0, Committed index: 2, Last appended: 1.2, Last appended by leader: 2, Current term: 0, Majority size: -1, State: 0, Mode: NON_LEADER, active raft config: opid_index: 2 OBSOLETE_local: false peers { permanent_uuid: "0156acbf6bff48cfadec18d7bf448575" member_type: VOTER last_known_addr { host: "127.0.107.195" port: 42149 } } peers { permanent_uuid: "5db459db1dd747c99c1d08f328d852af" member_type: VOTER last_known_addr { host: "127.0.107.193" port: 41697 } } peers { permanent_uuid: "8a33b0c3c48e4393b94eda9b31cb3501" member_type: VOTER last_known_addr { host: "127.0.107.194" port: 33001 } attrs { replace: true } } peers { permanent_uuid: "93266dc88f2a439ca95cd498050ea008" member_type: NON_VOTER last_known_addr { host: "127.0.107.196" port: 44629 } attrs { promote: true } }
I20260713 08:58:47.419759  2283 ts_tablet_manager.cc:1434] T 9866b16e8b9f4afa8adcb0ad12e02143 P 93266dc88f2a439ca95cd498050ea008: Time spent starting tablet: real 0.006s	user 0.004s	sys 0.000s
I20260713 08:58:47.422492  1587 tablet_copy_service.cc:342] P 5db459db1dd747c99c1d08f328d852af: Request end of tablet copy session 93266dc88f2a439ca95cd498050ea008-9866b16e8b9f4afa8adcb0ad12e02143 received from {username='slave'} at 127.0.0.1:43706
I20260713 08:58:47.422894  1587 tablet_copy_service.cc:434] P 5db459db1dd747c99c1d08f328d852af: ending tablet copy session 93266dc88f2a439ca95cd498050ea008-9866b16e8b9f4afa8adcb0ad12e02143 on tablet 9866b16e8b9f4afa8adcb0ad12e02143 with peer 93266dc88f2a439ca95cd498050ea008
I20260713 08:58:47.578389  2283 ts_tablet_manager.cc:933] T fb081c8c887247a7a1fba710320a9721 P 93266dc88f2a439ca95cd498050ea008: Initiating tablet copy from peer 5db459db1dd747c99c1d08f328d852af (127.0.107.193:41697)
I20260713 08:58:47.579797  2283 tablet_copy_client.cc:323] T fb081c8c887247a7a1fba710320a9721 P 93266dc88f2a439ca95cd498050ea008: tablet copy: Beginning tablet copy session from remote peer at address 127.0.107.193:41697
I20260713 08:58:47.581081  1587 tablet_copy_service.cc:140] P 5db459db1dd747c99c1d08f328d852af: Received BeginTabletCopySession request for tablet fb081c8c887247a7a1fba710320a9721 from peer 93266dc88f2a439ca95cd498050ea008 ({username='slave'} at 127.0.0.1:43706)
I20260713 08:58:47.581516  1587 tablet_copy_service.cc:161] P 5db459db1dd747c99c1d08f328d852af: Beginning new tablet copy session on tablet fb081c8c887247a7a1fba710320a9721 from peer 93266dc88f2a439ca95cd498050ea008 at {username='slave'} at 127.0.0.1:43706: session id = 93266dc88f2a439ca95cd498050ea008-fb081c8c887247a7a1fba710320a9721
I20260713 08:58:47.586387  1587 tablet_copy_source_session.cc:215] T fb081c8c887247a7a1fba710320a9721 P 5db459db1dd747c99c1d08f328d852af: Tablet Copy: opened 0 blocks and 1 log segments
I20260713 08:58:47.589171  2283 data_dirs.cc:400] Could only allocate 1 dirs of requested 3 for tablet fb081c8c887247a7a1fba710320a9721. 1 dirs total, 0 dirs full, 0 dirs failed
I20260713 08:58:47.603581  2283 tablet_copy_client.cc:806] T fb081c8c887247a7a1fba710320a9721 P 93266dc88f2a439ca95cd498050ea008: tablet copy: Starting download of 0 data blocks...
I20260713 08:58:47.604223  2283 tablet_copy_client.cc:670] T fb081c8c887247a7a1fba710320a9721 P 93266dc88f2a439ca95cd498050ea008: tablet copy: Starting download of 1 WAL segments...
I20260713 08:58:47.607336  2283 tablet_copy_client.cc:538] T fb081c8c887247a7a1fba710320a9721 P 93266dc88f2a439ca95cd498050ea008: tablet copy: Tablet Copy complete. Replacing tablet superblock.
I20260713 08:58:47.615473  2283 tablet_bootstrap.cc:492] T fb081c8c887247a7a1fba710320a9721 P 93266dc88f2a439ca95cd498050ea008: Bootstrap starting.
I20260713 08:58:47.629424  2283 tablet_bootstrap.cc:492] T fb081c8c887247a7a1fba710320a9721 P 93266dc88f2a439ca95cd498050ea008: Bootstrap replayed 1/1 log segments. Stats: ops{read=2 overwritten=0 applied=2 ignored=0} inserts{seen=0 ignored=0} mutations{seen=0 ignored=0} orphaned_commits=0. Pending: 0 replicates
I20260713 08:58:47.630053  2283 tablet_bootstrap.cc:492] T fb081c8c887247a7a1fba710320a9721 P 93266dc88f2a439ca95cd498050ea008: Bootstrap complete.
I20260713 08:58:47.630527  2283 ts_tablet_manager.cc:1403] T fb081c8c887247a7a1fba710320a9721 P 93266dc88f2a439ca95cd498050ea008: Time spent bootstrapping tablet: real 0.015s	user 0.015s	sys 0.001s
I20260713 08:58:47.632455  2283 raft_consensus.cc:359] T fb081c8c887247a7a1fba710320a9721 P 93266dc88f2a439ca95cd498050ea008 [term 1 LEARNER]: Replica starting. Triggering 0 pending ops. Active config: opid_index: 2 OBSOLETE_local: false peers { permanent_uuid: "5db459db1dd747c99c1d08f328d852af" member_type: VOTER last_known_addr { host: "127.0.107.193" port: 41697 } } peers { permanent_uuid: "8a33b0c3c48e4393b94eda9b31cb3501" member_type: VOTER last_known_addr { host: "127.0.107.194" port: 33001 } } peers { permanent_uuid: "0156acbf6bff48cfadec18d7bf448575" member_type: VOTER last_known_addr { host: "127.0.107.195" port: 42149 } attrs { replace: true } } peers { permanent_uuid: "93266dc88f2a439ca95cd498050ea008" member_type: NON_VOTER last_known_addr { host: "127.0.107.196" port: 44629 } attrs { promote: true } }
I20260713 08:58:47.633028  2283 raft_consensus.cc:740] T fb081c8c887247a7a1fba710320a9721 P 93266dc88f2a439ca95cd498050ea008 [term 1 LEARNER]: Becoming Follower/Learner. State: Replica: 93266dc88f2a439ca95cd498050ea008, State: Initialized, Role: LEARNER
I20260713 08:58:47.633545  2283 consensus_queue.cc:260] T fb081c8c887247a7a1fba710320a9721 P 93266dc88f2a439ca95cd498050ea008 [NON_LEADER]: Queue going to NON_LEADER mode. State: All replicated index: 0, Majority replicated index: 0, Committed index: 2, Last appended: 1.2, Last appended by leader: 2, Current term: 0, Majority size: -1, State: 0, Mode: NON_LEADER, active raft config: opid_index: 2 OBSOLETE_local: false peers { permanent_uuid: "5db459db1dd747c99c1d08f328d852af" member_type: VOTER last_known_addr { host: "127.0.107.193" port: 41697 } } peers { permanent_uuid: "8a33b0c3c48e4393b94eda9b31cb3501" member_type: VOTER last_known_addr { host: "127.0.107.194" port: 33001 } } peers { permanent_uuid: "0156acbf6bff48cfadec18d7bf448575" member_type: VOTER last_known_addr { host: "127.0.107.195" port: 42149 } attrs { replace: true } } peers { permanent_uuid: "93266dc88f2a439ca95cd498050ea008" member_type: NON_VOTER last_known_addr { host: "127.0.107.196" port: 44629 } attrs { promote: true } }
I20260713 08:58:47.635401  2283 ts_tablet_manager.cc:1434] T fb081c8c887247a7a1fba710320a9721 P 93266dc88f2a439ca95cd498050ea008: Time spent starting tablet: real 0.005s	user 0.004s	sys 0.000s
I20260713 08:58:47.637193  1587 tablet_copy_service.cc:342] P 5db459db1dd747c99c1d08f328d852af: Request end of tablet copy session 93266dc88f2a439ca95cd498050ea008-fb081c8c887247a7a1fba710320a9721 received from {username='slave'} at 127.0.0.1:43706
I20260713 08:58:47.637599  1587 tablet_copy_service.cc:434] P 5db459db1dd747c99c1d08f328d852af: ending tablet copy session 93266dc88f2a439ca95cd498050ea008-fb081c8c887247a7a1fba710320a9721 on tablet fb081c8c887247a7a1fba710320a9721 with peer 93266dc88f2a439ca95cd498050ea008
I20260713 08:58:47.735309  2010 raft_consensus.cc:1217] T 6915fc20e0c4464486fca21596799b95 P 93266dc88f2a439ca95cd498050ea008 [term 1 LEARNER]: Deduplicated request from leader. Original: 1.1->[1.2-1.2]   Dedup: 1.2->[]
I20260713 08:58:47.789259  2010 raft_consensus.cc:1217] T a88e80f3a9c943988ce548c4d9febf1c P 93266dc88f2a439ca95cd498050ea008 [term 1 LEARNER]: Deduplicated request from leader. Original: 1.1->[1.2-1.2]   Dedup: 1.2->[]
I20260713 08:58:47.875401  2010 raft_consensus.cc:1217] T 9866b16e8b9f4afa8adcb0ad12e02143 P 93266dc88f2a439ca95cd498050ea008 [term 1 LEARNER]: Deduplicated request from leader. Original: 1.1->[1.2-1.2]   Dedup: 1.2->[]
I20260713 08:58:48.101236  2009 raft_consensus.cc:1217] T fb081c8c887247a7a1fba710320a9721 P 93266dc88f2a439ca95cd498050ea008 [term 1 LEARNER]: Deduplicated request from leader. Original: 1.1->[1.2-1.2]   Dedup: 1.2->[]
I20260713 08:58:48.132886  2289 raft_consensus.cc:1064] T 6915fc20e0c4464486fca21596799b95 P 8a33b0c3c48e4393b94eda9b31cb3501: attempting to promote NON_VOTER 93266dc88f2a439ca95cd498050ea008 to VOTER
I20260713 08:58:48.135205  2289 consensus_queue.cc:237] T 6915fc20e0c4464486fca21596799b95 P 8a33b0c3c48e4393b94eda9b31cb3501 [LEADER]: Queue going to LEADER mode. State: All replicated index: 0, Majority replicated index: 2, Committed index: 2, Last appended: 1.2, Last appended by leader: 0, Current term: 1, Majority size: 3, State: 0, Mode: LEADER, active raft config: opid_index: 3 OBSOLETE_local: false peers { permanent_uuid: "5db459db1dd747c99c1d08f328d852af" member_type: VOTER last_known_addr { host: "127.0.107.193" port: 41697 } } peers { permanent_uuid: "8a33b0c3c48e4393b94eda9b31cb3501" member_type: VOTER last_known_addr { host: "127.0.107.194" port: 33001 } } peers { permanent_uuid: "0156acbf6bff48cfadec18d7bf448575" member_type: VOTER last_known_addr { host: "127.0.107.195" port: 42149 } attrs { replace: true } } peers { permanent_uuid: "93266dc88f2a439ca95cd498050ea008" member_type: VOTER last_known_addr { host: "127.0.107.196" port: 44629 } attrs { promote: false } }
I20260713 08:58:48.144928  1720 raft_consensus.cc:1275] T 6915fc20e0c4464486fca21596799b95 P 0156acbf6bff48cfadec18d7bf448575 [term 1 FOLLOWER]: Refusing update from remote peer 8a33b0c3c48e4393b94eda9b31cb3501: Log matching property violated. Preceding OpId in replica: term: 1 index: 2. Preceding OpId from leader: term: 1 index: 3. (index mismatch)
I20260713 08:58:48.146970  2009 raft_consensus.cc:1275] T 6915fc20e0c4464486fca21596799b95 P 93266dc88f2a439ca95cd498050ea008 [term 1 LEARNER]: Refusing update from remote peer 8a33b0c3c48e4393b94eda9b31cb3501: Log matching property violated. Preceding OpId in replica: term: 1 index: 2. Preceding OpId from leader: term: 1 index: 3. (index mismatch)
I20260713 08:58:48.146725  2296 consensus_queue.cc:1048] T 6915fc20e0c4464486fca21596799b95 P 8a33b0c3c48e4393b94eda9b31cb3501 [LEADER]: Connected to new peer: Peer: permanent_uuid: "0156acbf6bff48cfadec18d7bf448575" member_type: VOTER last_known_addr { host: "127.0.107.195" port: 42149 } attrs { replace: true }, Status: LMP_MISMATCH, Last received: 0.0, Next index: 3, Last known committed idx: 2, Time since last communication: 0.001s
I20260713 08:58:48.147504  1571 raft_consensus.cc:1275] T 6915fc20e0c4464486fca21596799b95 P 5db459db1dd747c99c1d08f328d852af [term 1 FOLLOWER]: Refusing update from remote peer 8a33b0c3c48e4393b94eda9b31cb3501: Log matching property violated. Preceding OpId in replica: term: 1 index: 2. Preceding OpId from leader: term: 1 index: 3. (index mismatch)
I20260713 08:58:48.148459  2289 consensus_queue.cc:1048] T 6915fc20e0c4464486fca21596799b95 P 8a33b0c3c48e4393b94eda9b31cb3501 [LEADER]: Connected to new peer: Peer: permanent_uuid: "93266dc88f2a439ca95cd498050ea008" member_type: VOTER last_known_addr { host: "127.0.107.196" port: 44629 } attrs { promote: false }, Status: LMP_MISMATCH, Last received: 0.0, Next index: 3, Last known committed idx: 2, Time since last communication: 0.000s
I20260713 08:58:48.149989  2289 consensus_queue.cc:1048] T 6915fc20e0c4464486fca21596799b95 P 8a33b0c3c48e4393b94eda9b31cb3501 [LEADER]: Connected to new peer: Peer: permanent_uuid: "5db459db1dd747c99c1d08f328d852af" member_type: VOTER last_known_addr { host: "127.0.107.193" port: 41697 }, Status: LMP_MISMATCH, Last received: 0.0, Next index: 3, Last known committed idx: 2, Time since last communication: 0.000s
I20260713 08:58:48.159413  2296 raft_consensus.cc:2955] T 6915fc20e0c4464486fca21596799b95 P 8a33b0c3c48e4393b94eda9b31cb3501 [term 1 LEADER]: Committing config change with OpId 1.3: config changed from index 2 to 3, 93266dc88f2a439ca95cd498050ea008 (127.0.107.196) changed from NON_VOTER to VOTER. New config: { opid_index: 3 OBSOLETE_local: false peers { permanent_uuid: "5db459db1dd747c99c1d08f328d852af" member_type: VOTER last_known_addr { host: "127.0.107.193" port: 41697 } } peers { permanent_uuid: "8a33b0c3c48e4393b94eda9b31cb3501" member_type: VOTER last_known_addr { host: "127.0.107.194" port: 33001 } } peers { permanent_uuid: "0156acbf6bff48cfadec18d7bf448575" member_type: VOTER last_known_addr { host: "127.0.107.195" port: 42149 } attrs { replace: true } } peers { permanent_uuid: "93266dc88f2a439ca95cd498050ea008" member_type: VOTER last_known_addr { host: "127.0.107.196" port: 44629 } attrs { promote: false } } }
I20260713 08:58:48.160965  1720 raft_consensus.cc:2955] T 6915fc20e0c4464486fca21596799b95 P 0156acbf6bff48cfadec18d7bf448575 [term 1 FOLLOWER]: Committing config change with OpId 1.3: config changed from index 2 to 3, 93266dc88f2a439ca95cd498050ea008 (127.0.107.196) changed from NON_VOTER to VOTER. New config: { opid_index: 3 OBSOLETE_local: false peers { permanent_uuid: "5db459db1dd747c99c1d08f328d852af" member_type: VOTER last_known_addr { host: "127.0.107.193" port: 41697 } } peers { permanent_uuid: "8a33b0c3c48e4393b94eda9b31cb3501" member_type: VOTER last_known_addr { host: "127.0.107.194" port: 33001 } } peers { permanent_uuid: "0156acbf6bff48cfadec18d7bf448575" member_type: VOTER last_known_addr { host: "127.0.107.195" port: 42149 } attrs { replace: true } } peers { permanent_uuid: "93266dc88f2a439ca95cd498050ea008" member_type: VOTER last_known_addr { host: "127.0.107.196" port: 44629 } attrs { promote: false } } }
I20260713 08:58:48.161978  1571 raft_consensus.cc:2955] T 6915fc20e0c4464486fca21596799b95 P 5db459db1dd747c99c1d08f328d852af [term 1 FOLLOWER]: Committing config change with OpId 1.3: config changed from index 2 to 3, 93266dc88f2a439ca95cd498050ea008 (127.0.107.196) changed from NON_VOTER to VOTER. New config: { opid_index: 3 OBSOLETE_local: false peers { permanent_uuid: "5db459db1dd747c99c1d08f328d852af" member_type: VOTER last_known_addr { host: "127.0.107.193" port: 41697 } } peers { permanent_uuid: "8a33b0c3c48e4393b94eda9b31cb3501" member_type: VOTER last_known_addr { host: "127.0.107.194" port: 33001 } } peers { permanent_uuid: "0156acbf6bff48cfadec18d7bf448575" member_type: VOTER last_known_addr { host: "127.0.107.195" port: 42149 } attrs { replace: true } } peers { permanent_uuid: "93266dc88f2a439ca95cd498050ea008" member_type: VOTER last_known_addr { host: "127.0.107.196" port: 44629 } attrs { promote: false } } }
I20260713 08:58:48.174458  2009 raft_consensus.cc:2955] T 6915fc20e0c4464486fca21596799b95 P 93266dc88f2a439ca95cd498050ea008 [term 1 FOLLOWER]: Committing config change with OpId 1.3: config changed from index 2 to 3, 93266dc88f2a439ca95cd498050ea008 (127.0.107.196) changed from NON_VOTER to VOTER. New config: { opid_index: 3 OBSOLETE_local: false peers { permanent_uuid: "5db459db1dd747c99c1d08f328d852af" member_type: VOTER last_known_addr { host: "127.0.107.193" port: 41697 } } peers { permanent_uuid: "8a33b0c3c48e4393b94eda9b31cb3501" member_type: VOTER last_known_addr { host: "127.0.107.194" port: 33001 } } peers { permanent_uuid: "0156acbf6bff48cfadec18d7bf448575" member_type: VOTER last_known_addr { host: "127.0.107.195" port: 42149 } attrs { replace: true } } peers { permanent_uuid: "93266dc88f2a439ca95cd498050ea008" member_type: VOTER last_known_addr { host: "127.0.107.196" port: 44629 } attrs { promote: false } } }
I20260713 08:58:48.179647  1473 catalog_manager.cc:5697] T 6915fc20e0c4464486fca21596799b95 P 8a33b0c3c48e4393b94eda9b31cb3501 reported cstate change: config changed from index 2 to 3, 93266dc88f2a439ca95cd498050ea008 (127.0.107.196) changed from NON_VOTER to VOTER. New cstate: current_term: 1 leader_uuid: "8a33b0c3c48e4393b94eda9b31cb3501" committed_config { opid_index: 3 OBSOLETE_local: false peers { permanent_uuid: "5db459db1dd747c99c1d08f328d852af" member_type: VOTER last_known_addr { host: "127.0.107.193" port: 41697 } health_report { overall_health: HEALTHY } } peers { permanent_uuid: "8a33b0c3c48e4393b94eda9b31cb3501" member_type: VOTER last_known_addr { host: "127.0.107.194" port: 33001 } health_report { overall_health: HEALTHY } } peers { permanent_uuid: "0156acbf6bff48cfadec18d7bf448575" member_type: VOTER last_known_addr { host: "127.0.107.195" port: 42149 } attrs { replace: true } health_report { overall_health: HEALTHY } } peers { permanent_uuid: "93266dc88f2a439ca95cd498050ea008" member_type: VOTER last_known_addr { host: "127.0.107.196" port: 44629 } attrs { promote: false } health_report { overall_health: HEALTHY } } }
I20260713 08:58:48.210286  1646 consensus_queue.cc:237] T 6915fc20e0c4464486fca21596799b95 P 8a33b0c3c48e4393b94eda9b31cb3501 [LEADER]: Queue going to LEADER mode. State: All replicated index: 0, Majority replicated index: 3, Committed index: 3, Last appended: 1.3, Last appended by leader: 0, Current term: 1, Majority size: 2, State: 0, Mode: LEADER, active raft config: opid_index: 4 OBSOLETE_local: false peers { permanent_uuid: "5db459db1dd747c99c1d08f328d852af" member_type: VOTER last_known_addr { host: "127.0.107.193" port: 41697 } } peers { permanent_uuid: "8a33b0c3c48e4393b94eda9b31cb3501" member_type: VOTER last_known_addr { host: "127.0.107.194" port: 33001 } } peers { permanent_uuid: "93266dc88f2a439ca95cd498050ea008" member_type: VOTER last_known_addr { host: "127.0.107.196" port: 44629 } attrs { promote: false } }
I20260713 08:58:48.217684  2009 raft_consensus.cc:1275] T 6915fc20e0c4464486fca21596799b95 P 93266dc88f2a439ca95cd498050ea008 [term 1 FOLLOWER]: Refusing update from remote peer 8a33b0c3c48e4393b94eda9b31cb3501: Log matching property violated. Preceding OpId in replica: term: 1 index: 3. Preceding OpId from leader: term: 1 index: 4. (index mismatch)
I20260713 08:58:48.218432  1571 raft_consensus.cc:1275] T 6915fc20e0c4464486fca21596799b95 P 5db459db1dd747c99c1d08f328d852af [term 1 FOLLOWER]: Refusing update from remote peer 8a33b0c3c48e4393b94eda9b31cb3501: Log matching property violated. Preceding OpId in replica: term: 1 index: 3. Preceding OpId from leader: term: 1 index: 4. (index mismatch)
I20260713 08:58:48.219095  2296 consensus_queue.cc:1048] T 6915fc20e0c4464486fca21596799b95 P 8a33b0c3c48e4393b94eda9b31cb3501 [LEADER]: Connected to new peer: Peer: permanent_uuid: "93266dc88f2a439ca95cd498050ea008" member_type: VOTER last_known_addr { host: "127.0.107.196" port: 44629 } attrs { promote: false }, Status: LMP_MISMATCH, Last received: 0.0, Next index: 4, Last known committed idx: 3, Time since last communication: 0.000s
I20260713 08:58:48.219898  2289 consensus_queue.cc:1048] T 6915fc20e0c4464486fca21596799b95 P 8a33b0c3c48e4393b94eda9b31cb3501 [LEADER]: Connected to new peer: Peer: permanent_uuid: "5db459db1dd747c99c1d08f328d852af" member_type: VOTER last_known_addr { host: "127.0.107.193" port: 41697 }, Status: LMP_MISMATCH, Last received: 0.0, Next index: 4, Last known committed idx: 3, Time since last communication: 0.000s
I20260713 08:58:48.225592  2291 raft_consensus.cc:2955] T 6915fc20e0c4464486fca21596799b95 P 8a33b0c3c48e4393b94eda9b31cb3501 [term 1 LEADER]: Committing config change with OpId 1.4: config changed from index 3 to 4, VOTER 0156acbf6bff48cfadec18d7bf448575 (127.0.107.195) evicted. New config: { opid_index: 4 OBSOLETE_local: false peers { permanent_uuid: "5db459db1dd747c99c1d08f328d852af" member_type: VOTER last_known_addr { host: "127.0.107.193" port: 41697 } } peers { permanent_uuid: "8a33b0c3c48e4393b94eda9b31cb3501" member_type: VOTER last_known_addr { host: "127.0.107.194" port: 33001 } } peers { permanent_uuid: "93266dc88f2a439ca95cd498050ea008" member_type: VOTER last_known_addr { host: "127.0.107.196" port: 44629 } attrs { promote: false } } }
I20260713 08:58:48.227546  1571 raft_consensus.cc:2955] T 6915fc20e0c4464486fca21596799b95 P 5db459db1dd747c99c1d08f328d852af [term 1 FOLLOWER]: Committing config change with OpId 1.4: config changed from index 3 to 4, VOTER 0156acbf6bff48cfadec18d7bf448575 (127.0.107.195) evicted. New config: { opid_index: 4 OBSOLETE_local: false peers { permanent_uuid: "5db459db1dd747c99c1d08f328d852af" member_type: VOTER last_known_addr { host: "127.0.107.193" port: 41697 } } peers { permanent_uuid: "8a33b0c3c48e4393b94eda9b31cb3501" member_type: VOTER last_known_addr { host: "127.0.107.194" port: 33001 } } peers { permanent_uuid: "93266dc88f2a439ca95cd498050ea008" member_type: VOTER last_known_addr { host: "127.0.107.196" port: 44629 } attrs { promote: false } } }
I20260713 08:58:48.234174  2009 raft_consensus.cc:2955] T 6915fc20e0c4464486fca21596799b95 P 93266dc88f2a439ca95cd498050ea008 [term 1 FOLLOWER]: Committing config change with OpId 1.4: config changed from index 3 to 4, VOTER 0156acbf6bff48cfadec18d7bf448575 (127.0.107.195) evicted. New config: { opid_index: 4 OBSOLETE_local: false peers { permanent_uuid: "5db459db1dd747c99c1d08f328d852af" member_type: VOTER last_known_addr { host: "127.0.107.193" port: 41697 } } peers { permanent_uuid: "8a33b0c3c48e4393b94eda9b31cb3501" member_type: VOTER last_known_addr { host: "127.0.107.194" port: 33001 } } peers { permanent_uuid: "93266dc88f2a439ca95cd498050ea008" member_type: VOTER last_known_addr { host: "127.0.107.196" port: 44629 } attrs { promote: false } } }
I20260713 08:58:48.236055  1459 catalog_manager.cc:5210] ChangeConfig:REMOVE_PEER RPC for tablet 6915fc20e0c4464486fca21596799b95 with cas_config_opid_index 3: ChangeConfig:REMOVE_PEER succeeded (attempt 1)
I20260713 08:58:48.244234  1471 catalog_manager.cc:5697] T 6915fc20e0c4464486fca21596799b95 P 8a33b0c3c48e4393b94eda9b31cb3501 reported cstate change: config changed from index 3 to 4, VOTER 0156acbf6bff48cfadec18d7bf448575 (127.0.107.195) evicted. New cstate: current_term: 1 leader_uuid: "8a33b0c3c48e4393b94eda9b31cb3501" committed_config { opid_index: 4 OBSOLETE_local: false peers { permanent_uuid: "5db459db1dd747c99c1d08f328d852af" member_type: VOTER last_known_addr { host: "127.0.107.193" port: 41697 } health_report { overall_health: HEALTHY } } peers { permanent_uuid: "8a33b0c3c48e4393b94eda9b31cb3501" member_type: VOTER last_known_addr { host: "127.0.107.194" port: 33001 } health_report { overall_health: HEALTHY } } peers { permanent_uuid: "93266dc88f2a439ca95cd498050ea008" member_type: VOTER last_known_addr { host: "127.0.107.196" port: 44629 } attrs { promote: false } health_report { overall_health: HEALTHY } } }
I20260713 08:58:48.255139  1708 tablet_service.cc:1558] Processing DeleteTablet for tablet 6915fc20e0c4464486fca21596799b95 with delete_type TABLET_DATA_TOMBSTONED (TS 0156acbf6bff48cfadec18d7bf448575 not found in new config with opid_index 4) from {username='slave'} at 127.0.0.1:59310
I20260713 08:58:48.260349  2304 tablet_replica.cc:333] T 6915fc20e0c4464486fca21596799b95 P 0156acbf6bff48cfadec18d7bf448575: stopping tablet replica
I20260713 08:58:48.261293  2304 raft_consensus.cc:2243] T 6915fc20e0c4464486fca21596799b95 P 0156acbf6bff48cfadec18d7bf448575 [term 1 FOLLOWER]: Raft consensus shutting down.
I20260713 08:58:48.262013  2304 raft_consensus.cc:2272] T 6915fc20e0c4464486fca21596799b95 P 0156acbf6bff48cfadec18d7bf448575 [term 1 FOLLOWER]: Raft consensus is shut down!
I20260713 08:58:48.265239  2304 ts_tablet_manager.cc:1916] T 6915fc20e0c4464486fca21596799b95 P 0156acbf6bff48cfadec18d7bf448575: Deleting tablet data with delete state TABLET_DATA_TOMBSTONED
I20260713 08:58:48.277216  2304 ts_tablet_manager.cc:1929] T 6915fc20e0c4464486fca21596799b95 P 0156acbf6bff48cfadec18d7bf448575: tablet deleted with delete type TABLET_DATA_TOMBSTONED: last-logged OpId 1.3
I20260713 08:58:48.277599  2304 log.cc:1199] T 6915fc20e0c4464486fca21596799b95 P 0156acbf6bff48cfadec18d7bf448575: Deleting WAL directory at /tmp/dist-test-taskQbcX2k/test-tmp/auto_leader_rebalancer-test.0.LeaderRebalancerTest.AddTserver.1783933087550689-431-0/minicluster-data/ts-2-root/wals/6915fc20e0c4464486fca21596799b95
I20260713 08:58:48.279179  1462 catalog_manager.cc:5028] TS 0156acbf6bff48cfadec18d7bf448575 (127.0.107.195:42149): tablet 6915fc20e0c4464486fca21596799b95 (table test-workload [id=92a50a04ec4e4d47a2a9b6a6a3312565]) successfully deleted
I20260713 08:58:48.324492  2269 raft_consensus.cc:1064] T 9866b16e8b9f4afa8adcb0ad12e02143 P 5db459db1dd747c99c1d08f328d852af: attempting to promote NON_VOTER 93266dc88f2a439ca95cd498050ea008 to VOTER
I20260713 08:58:48.326426  2269 consensus_queue.cc:237] T 9866b16e8b9f4afa8adcb0ad12e02143 P 5db459db1dd747c99c1d08f328d852af [LEADER]: Queue going to LEADER mode. State: All replicated index: 0, Majority replicated index: 2, Committed index: 2, Last appended: 1.2, Last appended by leader: 0, Current term: 1, Majority size: 3, State: 0, Mode: LEADER, active raft config: opid_index: 3 OBSOLETE_local: false peers { permanent_uuid: "0156acbf6bff48cfadec18d7bf448575" member_type: VOTER last_known_addr { host: "127.0.107.195" port: 42149 } } peers { permanent_uuid: "5db459db1dd747c99c1d08f328d852af" member_type: VOTER last_known_addr { host: "127.0.107.193" port: 41697 } } peers { permanent_uuid: "8a33b0c3c48e4393b94eda9b31cb3501" member_type: VOTER last_known_addr { host: "127.0.107.194" port: 33001 } attrs { replace: true } } peers { permanent_uuid: "93266dc88f2a439ca95cd498050ea008" member_type: VOTER last_known_addr { host: "127.0.107.196" port: 44629 } attrs { promote: false } }
I20260713 08:58:48.332614  1646 raft_consensus.cc:1275] T 9866b16e8b9f4afa8adcb0ad12e02143 P 8a33b0c3c48e4393b94eda9b31cb3501 [term 1 FOLLOWER]: Refusing update from remote peer 5db459db1dd747c99c1d08f328d852af: Log matching property violated. Preceding OpId in replica: term: 1 index: 2. Preceding OpId from leader: term: 1 index: 3. (index mismatch)
I20260713 08:58:48.332644  2009 raft_consensus.cc:1275] T 9866b16e8b9f4afa8adcb0ad12e02143 P 93266dc88f2a439ca95cd498050ea008 [term 1 LEARNER]: Refusing update from remote peer 5db459db1dd747c99c1d08f328d852af: Log matching property violated. Preceding OpId in replica: term: 1 index: 2. Preceding OpId from leader: term: 1 index: 3. (index mismatch)
I20260713 08:58:48.333205  1720 raft_consensus.cc:1275] T 9866b16e8b9f4afa8adcb0ad12e02143 P 0156acbf6bff48cfadec18d7bf448575 [term 1 FOLLOWER]: Refusing update from remote peer 5db459db1dd747c99c1d08f328d852af: Log matching property violated. Preceding OpId in replica: term: 1 index: 2. Preceding OpId from leader: term: 1 index: 3. (index mismatch)
I20260713 08:58:48.334296  2268 consensus_queue.cc:1048] T 9866b16e8b9f4afa8adcb0ad12e02143 P 5db459db1dd747c99c1d08f328d852af [LEADER]: Connected to new peer: Peer: permanent_uuid: "93266dc88f2a439ca95cd498050ea008" member_type: VOTER last_known_addr { host: "127.0.107.196" port: 44629 } attrs { promote: false }, Status: LMP_MISMATCH, Last received: 0.0, Next index: 3, Last known committed idx: 2, Time since last communication: 0.000s
I20260713 08:58:48.335044  2269 consensus_queue.cc:1048] T 9866b16e8b9f4afa8adcb0ad12e02143 P 5db459db1dd747c99c1d08f328d852af [LEADER]: Connected to new peer: Peer: permanent_uuid: "8a33b0c3c48e4393b94eda9b31cb3501" member_type: VOTER last_known_addr { host: "127.0.107.194" port: 33001 } attrs { replace: true }, Status: LMP_MISMATCH, Last received: 0.0, Next index: 3, Last known committed idx: 2, Time since last communication: 0.000s
I20260713 08:58:48.336000  2292 consensus_queue.cc:1048] T 9866b16e8b9f4afa8adcb0ad12e02143 P 5db459db1dd747c99c1d08f328d852af [LEADER]: Connected to new peer: Peer: permanent_uuid: "0156acbf6bff48cfadec18d7bf448575" member_type: VOTER last_known_addr { host: "127.0.107.195" port: 42149 }, Status: LMP_MISMATCH, Last received: 0.0, Next index: 3, Last known committed idx: 2, Time since last communication: 0.000s
