I20260713 09:02:55.581257 11551 consensus_queue.cc:260] T a42a326e252e434e9fb7e7a02c96f58b P 8a26c87084c64f74b69fc564e37895e9 [NON_LEADER]: Queue going to NON_LEADER mode. State: All replicated index: 0, Majority replicated index: 0, Committed index: 0, Last appended: 0.0, Last appended by leader: 0, Current term: 0, Majority size: -1, State: 0, Mode: NON_LEADER, active raft config: opid_index: -1 OBSOLETE_local: false peers { permanent_uuid: "20d9b00aee4a436094f2d5b93633d463" member_type: VOTER last_known_addr { host: "127.10.245.129" port: 38651 } } peers { permanent_uuid: "8a26c87084c64f74b69fc564e37895e9" member_type: VOTER last_known_addr { host: "127.10.245.130" port: 44755 } } peers { permanent_uuid: "bbe00d8fcede4b399e9b6477405e2f47" member_type: VOTER last_known_addr { host: "127.10.245.131" port: 37081 } }
I20260713 09:02:55.581736 11550 consensus_queue.cc:260] T e0e5ffbf6fda411b93fd96b5b0ed58f7 P 20d9b00aee4a436094f2d5b93633d463 [NON_LEADER]: Queue going to NON_LEADER mode. State: All replicated index: 0, Majority replicated index: 0, Committed index: 0, Last appended: 0.0, Last appended by leader: 0, Current term: 0, Majority size: -1, State: 0, Mode: NON_LEADER, active raft config: opid_index: -1 OBSOLETE_local: false peers { permanent_uuid: "20d9b00aee4a436094f2d5b93633d463" member_type: VOTER last_known_addr { host: "127.10.245.129" port: 38651 } } peers { permanent_uuid: "8a26c87084c64f74b69fc564e37895e9" member_type: VOTER last_known_addr { host: "127.10.245.130" port: 44755 } } peers { permanent_uuid: "bbe00d8fcede4b399e9b6477405e2f47" member_type: VOTER last_known_addr { host: "127.10.245.131" port: 37081 } }
I20260713 09:02:55.589907 11457 heartbeater.cc:499] Master 127.10.245.190:44859 was elected leader, sending a full tablet report...
I20260713 09:02:55.590433 11531 heartbeater.cc:499] Master 127.10.245.190:44859 was elected leader, sending a full tablet report...
I20260713 09:02:55.590976 11551 ts_tablet_manager.cc:1434] T a42a326e252e434e9fb7e7a02c96f58b P 8a26c87084c64f74b69fc564e37895e9: Time spent starting tablet: real 0.014s	user 0.012s	sys 0.000s
I20260713 09:02:55.591861 11551 tablet_bootstrap.cc:492] T db3ee146908d4b64a7992b0062e0601c P 8a26c87084c64f74b69fc564e37895e9: Bootstrap starting.
I20260713 09:02:55.594412 11549 ts_tablet_manager.cc:1434] T b17015a7b3644e0eb82f47b36b8443e5 P bbe00d8fcede4b399e9b6477405e2f47: Time spent starting tablet: real 0.031s	user 0.007s	sys 0.011s
I20260713 09:02:55.598292 11551 tablet_bootstrap.cc:654] T db3ee146908d4b64a7992b0062e0601c P 8a26c87084c64f74b69fc564e37895e9: Neither blocks nor log segments found. Creating new log.
I20260713 09:02:55.601554 11549 tablet_bootstrap.cc:492] T 510063ed57c9405092274b3bbcd2d8de P bbe00d8fcede4b399e9b6477405e2f47: Bootstrap starting.
W20260713 09:02:55.605425 11532 tablet.cc:2406] T b17015a7b3644e0eb82f47b36b8443e5 P bbe00d8fcede4b399e9b6477405e2f47: Can't schedule compaction. Clean time has not been advanced past its initial value.
I20260713 09:02:55.609195 11555 raft_consensus.cc:493] T b17015a7b3644e0eb82f47b36b8443e5 P bbe00d8fcede4b399e9b6477405e2f47 [term 0 FOLLOWER]: Starting pre-election (no leader contacted us within the election timeout)
I20260713 09:02:55.610080 11555 raft_consensus.cc:515] T b17015a7b3644e0eb82f47b36b8443e5 P bbe00d8fcede4b399e9b6477405e2f47 [term 0 FOLLOWER]: Starting pre-election with config: opid_index: -1 OBSOLETE_local: false peers { permanent_uuid: "bbe00d8fcede4b399e9b6477405e2f47" member_type: VOTER last_known_addr { host: "127.10.245.131" port: 37081 } } peers { permanent_uuid: "20d9b00aee4a436094f2d5b93633d463" member_type: VOTER last_known_addr { host: "127.10.245.129" port: 38651 } } peers { permanent_uuid: "8a26c87084c64f74b69fc564e37895e9" member_type: VOTER last_known_addr { host: "127.10.245.130" port: 44755 } }
I20260713 09:02:55.622501 11549 tablet_bootstrap.cc:654] T 510063ed57c9405092274b3bbcd2d8de P bbe00d8fcede4b399e9b6477405e2f47: Neither blocks nor log segments found. Creating new log.
I20260713 09:02:55.618247 11551 tablet_bootstrap.cc:492] T db3ee146908d4b64a7992b0062e0601c P 8a26c87084c64f74b69fc564e37895e9: No bootstrap required, opened a new log
I20260713 09:02:55.629699 11551 ts_tablet_manager.cc:1403] T db3ee146908d4b64a7992b0062e0601c P 8a26c87084c64f74b69fc564e37895e9: Time spent bootstrapping tablet: real 0.038s	user 0.013s	sys 0.005s
I20260713 09:02:55.632535 11551 raft_consensus.cc:359] T db3ee146908d4b64a7992b0062e0601c P 8a26c87084c64f74b69fc564e37895e9 [term 0 FOLLOWER]: Replica starting. Triggering 0 pending ops. Active config: opid_index: -1 OBSOLETE_local: false peers { permanent_uuid: "20d9b00aee4a436094f2d5b93633d463" member_type: VOTER last_known_addr { host: "127.10.245.129" port: 38651 } } peers { permanent_uuid: "8a26c87084c64f74b69fc564e37895e9" member_type: VOTER last_known_addr { host: "127.10.245.130" port: 44755 } } peers { permanent_uuid: "bbe00d8fcede4b399e9b6477405e2f47" member_type: VOTER last_known_addr { host: "127.10.245.131" port: 37081 } }
I20260713 09:02:55.632872 11382 heartbeater.cc:499] Master 127.10.245.190:44859 was elected leader, sending a full tablet report...
I20260713 09:02:55.633298 11551 raft_consensus.cc:385] T db3ee146908d4b64a7992b0062e0601c P 8a26c87084c64f74b69fc564e37895e9 [term 0 FOLLOWER]: Consensus starting up: Expiring failure detector timer to make a prompt election more likely
I20260713 09:02:55.633708 11551 raft_consensus.cc:740] T db3ee146908d4b64a7992b0062e0601c P 8a26c87084c64f74b69fc564e37895e9 [term 0 FOLLOWER]: Becoming Follower/Learner. State: Replica: 8a26c87084c64f74b69fc564e37895e9, State: Initialized, Role: FOLLOWER
I20260713 09:02:55.634451 11551 consensus_queue.cc:260] T db3ee146908d4b64a7992b0062e0601c P 8a26c87084c64f74b69fc564e37895e9 [NON_LEADER]: Queue going to NON_LEADER mode. State: All replicated index: 0, Majority replicated index: 0, Committed index: 0, Last appended: 0.0, Last appended by leader: 0, Current term: 0, Majority size: -1, State: 0, Mode: NON_LEADER, active raft config: opid_index: -1 OBSOLETE_local: false peers { permanent_uuid: "20d9b00aee4a436094f2d5b93633d463" member_type: VOTER last_known_addr { host: "127.10.245.129" port: 38651 } } peers { permanent_uuid: "8a26c87084c64f74b69fc564e37895e9" member_type: VOTER last_known_addr { host: "127.10.245.130" port: 44755 } } peers { permanent_uuid: "bbe00d8fcede4b399e9b6477405e2f47" member_type: VOTER last_known_addr { host: "127.10.245.131" port: 37081 } }
I20260713 09:02:55.635658 11555 leader_election.cc:290] T b17015a7b3644e0eb82f47b36b8443e5 P bbe00d8fcede4b399e9b6477405e2f47 [CANDIDATE]: Term 1 pre-election: Requested pre-vote from peers 20d9b00aee4a436094f2d5b93633d463 (127.10.245.129:38651), 8a26c87084c64f74b69fc564e37895e9 (127.10.245.130:44755)
I20260713 09:02:55.638357 11551 ts_tablet_manager.cc:1434] T db3ee146908d4b64a7992b0062e0601c P 8a26c87084c64f74b69fc564e37895e9: Time spent starting tablet: real 0.008s	user 0.006s	sys 0.000s
I20260713 09:02:55.638691 11550 ts_tablet_manager.cc:1434] T e0e5ffbf6fda411b93fd96b5b0ed58f7 P 20d9b00aee4a436094f2d5b93633d463: Time spent starting tablet: real 0.062s	user 0.010s	sys 0.006s
I20260713 09:02:55.639209 11551 tablet_bootstrap.cc:492] T 981a00bfa5ae464394f3ac87de7d6540 P 8a26c87084c64f74b69fc564e37895e9: Bootstrap starting.
I20260713 09:02:55.639469 11550 tablet_bootstrap.cc:492] T 1ece8c6ed13b43e58e01b5553b68dca2 P 20d9b00aee4a436094f2d5b93633d463: Bootstrap starting.
I20260713 09:02:55.651877 11357 tablet_service.cc:1917] Received RequestConsensusVote() RPC: tablet_id: "b17015a7b3644e0eb82f47b36b8443e5" candidate_uuid: "bbe00d8fcede4b399e9b6477405e2f47" candidate_term: 1 candidate_status { last_received { term: 0 index: 0 } } ignore_live_leader: false dest_uuid: "20d9b00aee4a436094f2d5b93633d463" is_pre_election: true
I20260713 09:02:55.652227 11551 tablet_bootstrap.cc:654] T 981a00bfa5ae464394f3ac87de7d6540 P 8a26c87084c64f74b69fc564e37895e9: Neither blocks nor log segments found. Creating new log.
W20260713 09:02:55.653857 11471 leader_election.cc:343] T b17015a7b3644e0eb82f47b36b8443e5 P bbe00d8fcede4b399e9b6477405e2f47 [CANDIDATE]: Term 1 pre-election: Tablet error from VoteRequest() call to peer 20d9b00aee4a436094f2d5b93633d463 (127.10.245.129:38651): Illegal state: must be running to vote when last-logged opid is not known
I20260713 09:02:55.655943 11550 tablet_bootstrap.cc:654] T 1ece8c6ed13b43e58e01b5553b68dca2 P 20d9b00aee4a436094f2d5b93633d463: Neither blocks nor log segments found. Creating new log.
I20260713 09:02:55.672374 11432 tablet_service.cc:1917] Received RequestConsensusVote() RPC: tablet_id: "b17015a7b3644e0eb82f47b36b8443e5" candidate_uuid: "bbe00d8fcede4b399e9b6477405e2f47" candidate_term: 1 candidate_status { last_received { term: 0 index: 0 } } ignore_live_leader: false dest_uuid: "8a26c87084c64f74b69fc564e37895e9" is_pre_election: true
W20260713 09:02:55.674407 11470 leader_election.cc:343] T b17015a7b3644e0eb82f47b36b8443e5 P bbe00d8fcede4b399e9b6477405e2f47 [CANDIDATE]: Term 1 pre-election: Tablet error from VoteRequest() call to peer 8a26c87084c64f74b69fc564e37895e9 (127.10.245.130:44755): Illegal state: must be running to vote when last-logged opid is not known
I20260713 09:02:55.674948 11470 leader_election.cc:304] T b17015a7b3644e0eb82f47b36b8443e5 P bbe00d8fcede4b399e9b6477405e2f47 [CANDIDATE]: Term 1 pre-election: Election decided. Result: candidate lost. Election summary: received 3 responses out of 3 voters: 1 yes votes; 2 no votes. yes voters: bbe00d8fcede4b399e9b6477405e2f47; no voters: 20d9b00aee4a436094f2d5b93633d463, 8a26c87084c64f74b69fc564e37895e9
I20260713 09:02:55.675864 11555 raft_consensus.cc:2749] T b17015a7b3644e0eb82f47b36b8443e5 P bbe00d8fcede4b399e9b6477405e2f47 [term 0 FOLLOWER]: Leader pre-election lost for term 1. Reason: could not achieve majority
I20260713 09:02:55.676688 11551 tablet_bootstrap.cc:492] T 981a00bfa5ae464394f3ac87de7d6540 P 8a26c87084c64f74b69fc564e37895e9: No bootstrap required, opened a new log
I20260713 09:02:55.677182 11551 ts_tablet_manager.cc:1403] T 981a00bfa5ae464394f3ac87de7d6540 P 8a26c87084c64f74b69fc564e37895e9: Time spent bootstrapping tablet: real 0.038s	user 0.017s	sys 0.011s
I20260713 09:02:55.677376 11550 tablet_bootstrap.cc:492] T 1ece8c6ed13b43e58e01b5553b68dca2 P 20d9b00aee4a436094f2d5b93633d463: No bootstrap required, opened a new log
I20260713 09:02:55.677829 11550 ts_tablet_manager.cc:1403] T 1ece8c6ed13b43e58e01b5553b68dca2 P 20d9b00aee4a436094f2d5b93633d463: Time spent bootstrapping tablet: real 0.039s	user 0.010s	sys 0.002s
I20260713 09:02:55.679072 11549 tablet_bootstrap.cc:492] T 510063ed57c9405092274b3bbcd2d8de P bbe00d8fcede4b399e9b6477405e2f47: No bootstrap required, opened a new log
I20260713 09:02:55.679554 11549 ts_tablet_manager.cc:1403] T 510063ed57c9405092274b3bbcd2d8de P bbe00d8fcede4b399e9b6477405e2f47: Time spent bootstrapping tablet: real 0.078s	user 0.022s	sys 0.036s
I20260713 09:02:55.680064 11551 raft_consensus.cc:359] T 981a00bfa5ae464394f3ac87de7d6540 P 8a26c87084c64f74b69fc564e37895e9 [term 0 FOLLOWER]: Replica starting. Triggering 0 pending ops. Active config: opid_index: -1 OBSOLETE_local: false peers { permanent_uuid: "20d9b00aee4a436094f2d5b93633d463" member_type: VOTER last_known_addr { host: "127.10.245.129" port: 38651 } } peers { permanent_uuid: "8a26c87084c64f74b69fc564e37895e9" member_type: VOTER last_known_addr { host: "127.10.245.130" port: 44755 } } peers { permanent_uuid: "bbe00d8fcede4b399e9b6477405e2f47" member_type: VOTER last_known_addr { host: "127.10.245.131" port: 37081 } }
I20260713 09:02:55.680792 11551 raft_consensus.cc:385] T 981a00bfa5ae464394f3ac87de7d6540 P 8a26c87084c64f74b69fc564e37895e9 [term 0 FOLLOWER]: Consensus starting up: Expiring failure detector timer to make a prompt election more likely
I20260713 09:02:55.680543 11550 raft_consensus.cc:359] T 1ece8c6ed13b43e58e01b5553b68dca2 P 20d9b00aee4a436094f2d5b93633d463 [term 0 FOLLOWER]: Replica starting. Triggering 0 pending ops. Active config: opid_index: -1 OBSOLETE_local: false peers { permanent_uuid: "20d9b00aee4a436094f2d5b93633d463" member_type: VOTER last_known_addr { host: "127.10.245.129" port: 38651 } } peers { permanent_uuid: "8a26c87084c64f74b69fc564e37895e9" member_type: VOTER last_known_addr { host: "127.10.245.130" port: 44755 } } peers { permanent_uuid: "bbe00d8fcede4b399e9b6477405e2f47" member_type: VOTER last_known_addr { host: "127.10.245.131" port: 37081 } }
I20260713 09:02:55.681085 11551 raft_consensus.cc:740] T 981a00bfa5ae464394f3ac87de7d6540 P 8a26c87084c64f74b69fc564e37895e9 [term 0 FOLLOWER]: Becoming Follower/Learner. State: Replica: 8a26c87084c64f74b69fc564e37895e9, State: Initialized, Role: FOLLOWER
I20260713 09:02:55.681229 11550 raft_consensus.cc:385] T 1ece8c6ed13b43e58e01b5553b68dca2 P 20d9b00aee4a436094f2d5b93633d463 [term 0 FOLLOWER]: Consensus starting up: Expiring failure detector timer to make a prompt election more likely
I20260713 09:02:55.681525 11550 raft_consensus.cc:740] T 1ece8c6ed13b43e58e01b5553b68dca2 P 20d9b00aee4a436094f2d5b93633d463 [term 0 FOLLOWER]: Becoming Follower/Learner. State: Replica: 20d9b00aee4a436094f2d5b93633d463, State: Initialized, Role: FOLLOWER
I20260713 09:02:55.681859 11551 consensus_queue.cc:260] T 981a00bfa5ae464394f3ac87de7d6540 P 8a26c87084c64f74b69fc564e37895e9 [NON_LEADER]: Queue going to NON_LEADER mode. State: All replicated index: 0, Majority replicated index: 0, Committed index: 0, Last appended: 0.0, Last appended by leader: 0, Current term: 0, Majority size: -1, State: 0, Mode: NON_LEADER, active raft config: opid_index: -1 OBSOLETE_local: false peers { permanent_uuid: "20d9b00aee4a436094f2d5b93633d463" member_type: VOTER last_known_addr { host: "127.10.245.129" port: 38651 } } peers { permanent_uuid: "8a26c87084c64f74b69fc564e37895e9" member_type: VOTER last_known_addr { host: "127.10.245.130" port: 44755 } } peers { permanent_uuid: "bbe00d8fcede4b399e9b6477405e2f47" member_type: VOTER last_known_addr { host: "127.10.245.131" port: 37081 } }
I20260713 09:02:55.682195 11550 consensus_queue.cc:260] T 1ece8c6ed13b43e58e01b5553b68dca2 P 20d9b00aee4a436094f2d5b93633d463 [NON_LEADER]: Queue going to NON_LEADER mode. State: All replicated index: 0, Majority replicated index: 0, Committed index: 0, Last appended: 0.0, Last appended by leader: 0, Current term: 0, Majority size: -1, State: 0, Mode: NON_LEADER, active raft config: opid_index: -1 OBSOLETE_local: false peers { permanent_uuid: "20d9b00aee4a436094f2d5b93633d463" member_type: VOTER last_known_addr { host: "127.10.245.129" port: 38651 } } peers { permanent_uuid: "8a26c87084c64f74b69fc564e37895e9" member_type: VOTER last_known_addr { host: "127.10.245.130" port: 44755 } } peers { permanent_uuid: "bbe00d8fcede4b399e9b6477405e2f47" member_type: VOTER last_known_addr { host: "127.10.245.131" port: 37081 } }
I20260713 09:02:55.682750 11549 raft_consensus.cc:359] T 510063ed57c9405092274b3bbcd2d8de P bbe00d8fcede4b399e9b6477405e2f47 [term 0 FOLLOWER]: Replica starting. Triggering 0 pending ops. Active config: opid_index: -1 OBSOLETE_local: false peers { permanent_uuid: "20d9b00aee4a436094f2d5b93633d463" member_type: VOTER last_known_addr { host: "127.10.245.129" port: 38651 } } peers { permanent_uuid: "8a26c87084c64f74b69fc564e37895e9" member_type: VOTER last_known_addr { host: "127.10.245.130" port: 44755 } } peers { permanent_uuid: "bbe00d8fcede4b399e9b6477405e2f47" member_type: VOTER last_known_addr { host: "127.10.245.131" port: 37081 } }
I20260713 09:02:55.683545 11549 raft_consensus.cc:385] T 510063ed57c9405092274b3bbcd2d8de P bbe00d8fcede4b399e9b6477405e2f47 [term 0 FOLLOWER]: Consensus starting up: Expiring failure detector timer to make a prompt election more likely
I20260713 09:02:55.683899 11549 raft_consensus.cc:740] T 510063ed57c9405092274b3bbcd2d8de P bbe00d8fcede4b399e9b6477405e2f47 [term 0 FOLLOWER]: Becoming Follower/Learner. State: Replica: bbe00d8fcede4b399e9b6477405e2f47, State: Initialized, Role: FOLLOWER
I20260713 09:02:55.684372 11550 ts_tablet_manager.cc:1434] T 1ece8c6ed13b43e58e01b5553b68dca2 P 20d9b00aee4a436094f2d5b93633d463: Time spent starting tablet: real 0.006s	user 0.004s	sys 0.001s
I20260713 09:02:55.684664 11549 consensus_queue.cc:260] T 510063ed57c9405092274b3bbcd2d8de P bbe00d8fcede4b399e9b6477405e2f47 [NON_LEADER]: Queue going to NON_LEADER mode. State: All replicated index: 0, Majority replicated index: 0, Committed index: 0, Last appended: 0.0, Last appended by leader: 0, Current term: 0, Majority size: -1, State: 0, Mode: NON_LEADER, active raft config: opid_index: -1 OBSOLETE_local: false peers { permanent_uuid: "20d9b00aee4a436094f2d5b93633d463" member_type: VOTER last_known_addr { host: "127.10.245.129" port: 38651 } } peers { permanent_uuid: "8a26c87084c64f74b69fc564e37895e9" member_type: VOTER last_known_addr { host: "127.10.245.130" port: 44755 } } peers { permanent_uuid: "bbe00d8fcede4b399e9b6477405e2f47" member_type: VOTER last_known_addr { host: "127.10.245.131" port: 37081 } }
I20260713 09:02:55.685376 11550 tablet_bootstrap.cc:492] T b17015a7b3644e0eb82f47b36b8443e5 P 20d9b00aee4a436094f2d5b93633d463: Bootstrap starting.
I20260713 09:02:55.687171 11549 ts_tablet_manager.cc:1434] T 510063ed57c9405092274b3bbcd2d8de P bbe00d8fcede4b399e9b6477405e2f47: Time spent starting tablet: real 0.007s	user 0.004s	sys 0.002s
I20260713 09:02:55.687422 11551 ts_tablet_manager.cc:1434] T 981a00bfa5ae464394f3ac87de7d6540 P 8a26c87084c64f74b69fc564e37895e9: Time spent starting tablet: real 0.010s	user 0.007s	sys 0.000s
I20260713 09:02:55.688135 11549 tablet_bootstrap.cc:492] T e0e5ffbf6fda411b93fd96b5b0ed58f7 P bbe00d8fcede4b399e9b6477405e2f47: Bootstrap starting.
I20260713 09:02:55.688334 11551 tablet_bootstrap.cc:492] T b17015a7b3644e0eb82f47b36b8443e5 P 8a26c87084c64f74b69fc564e37895e9: Bootstrap starting.
I20260713 09:02:55.692508 11550 tablet_bootstrap.cc:654] T b17015a7b3644e0eb82f47b36b8443e5 P 20d9b00aee4a436094f2d5b93633d463: Neither blocks nor log segments found. Creating new log.
I20260713 09:02:55.695181 11549 tablet_bootstrap.cc:654] T e0e5ffbf6fda411b93fd96b5b0ed58f7 P bbe00d8fcede4b399e9b6477405e2f47: Neither blocks nor log segments found. Creating new log.
I20260713 09:02:55.702545 11551 tablet_bootstrap.cc:654] T b17015a7b3644e0eb82f47b36b8443e5 P 8a26c87084c64f74b69fc564e37895e9: Neither blocks nor log segments found. Creating new log.
I20260713 09:02:55.707468 11549 tablet_bootstrap.cc:492] T e0e5ffbf6fda411b93fd96b5b0ed58f7 P bbe00d8fcede4b399e9b6477405e2f47: No bootstrap required, opened a new log
I20260713 09:02:55.707966 11549 ts_tablet_manager.cc:1403] T e0e5ffbf6fda411b93fd96b5b0ed58f7 P bbe00d8fcede4b399e9b6477405e2f47: Time spent bootstrapping tablet: real 0.020s	user 0.013s	sys 0.002s
I20260713 09:02:55.708792 11550 tablet_bootstrap.cc:492] T b17015a7b3644e0eb82f47b36b8443e5 P 20d9b00aee4a436094f2d5b93633d463: No bootstrap required, opened a new log
I20260713 09:02:55.709353 11550 ts_tablet_manager.cc:1403] T b17015a7b3644e0eb82f47b36b8443e5 P 20d9b00aee4a436094f2d5b93633d463: Time spent bootstrapping tablet: real 0.024s	user 0.012s	sys 0.007s
I20260713 09:02:55.711268 11549 raft_consensus.cc:359] T e0e5ffbf6fda411b93fd96b5b0ed58f7 P bbe00d8fcede4b399e9b6477405e2f47 [term 0 FOLLOWER]: Replica starting. Triggering 0 pending ops. Active config: opid_index: -1 OBSOLETE_local: false peers { permanent_uuid: "20d9b00aee4a436094f2d5b93633d463" member_type: VOTER last_known_addr { host: "127.10.245.129" port: 38651 } } peers { permanent_uuid: "8a26c87084c64f74b69fc564e37895e9" member_type: VOTER last_known_addr { host: "127.10.245.130" port: 44755 } } peers { permanent_uuid: "bbe00d8fcede4b399e9b6477405e2f47" member_type: VOTER last_known_addr { host: "127.10.245.131" port: 37081 } }
I20260713 09:02:55.712535 11549 raft_consensus.cc:385] T e0e5ffbf6fda411b93fd96b5b0ed58f7 P bbe00d8fcede4b399e9b6477405e2f47 [term 0 FOLLOWER]: Consensus starting up: Expiring failure detector timer to make a prompt election more likely
I20260713 09:02:55.712862 11549 raft_consensus.cc:740] T e0e5ffbf6fda411b93fd96b5b0ed58f7 P bbe00d8fcede4b399e9b6477405e2f47 [term 0 FOLLOWER]: Becoming Follower/Learner. State: Replica: bbe00d8fcede4b399e9b6477405e2f47, State: Initialized, Role: FOLLOWER
I20260713 09:02:55.712848 11550 raft_consensus.cc:359] T b17015a7b3644e0eb82f47b36b8443e5 P 20d9b00aee4a436094f2d5b93633d463 [term 0 FOLLOWER]: Replica starting. Triggering 0 pending ops. Active config: opid_index: -1 OBSOLETE_local: false peers { permanent_uuid: "bbe00d8fcede4b399e9b6477405e2f47" member_type: VOTER last_known_addr { host: "127.10.245.131" port: 37081 } } peers { permanent_uuid: "20d9b00aee4a436094f2d5b93633d463" member_type: VOTER last_known_addr { host: "127.10.245.129" port: 38651 } } peers { permanent_uuid: "8a26c87084c64f74b69fc564e37895e9" member_type: VOTER last_known_addr { host: "127.10.245.130" port: 44755 } }
I20260713 09:02:55.713966 11549 consensus_queue.cc:260] T e0e5ffbf6fda411b93fd96b5b0ed58f7 P bbe00d8fcede4b399e9b6477405e2f47 [NON_LEADER]: Queue going to NON_LEADER mode. State: All replicated index: 0, Majority replicated index: 0, Committed index: 0, Last appended: 0.0, Last appended by leader: 0, Current term: 0, Majority size: -1, State: 0, Mode: NON_LEADER, active raft config: opid_index: -1 OBSOLETE_local: false peers { permanent_uuid: "20d9b00aee4a436094f2d5b93633d463" member_type: VOTER last_known_addr { host: "127.10.245.129" port: 38651 } } peers { permanent_uuid: "8a26c87084c64f74b69fc564e37895e9" member_type: VOTER last_known_addr { host: "127.10.245.130" port: 44755 } } peers { permanent_uuid: "bbe00d8fcede4b399e9b6477405e2f47" member_type: VOTER last_known_addr { host: "127.10.245.131" port: 37081 } }
I20260713 09:02:55.713975 11550 raft_consensus.cc:385] T b17015a7b3644e0eb82f47b36b8443e5 P 20d9b00aee4a436094f2d5b93633d463 [term 0 FOLLOWER]: Consensus starting up: Expiring failure detector timer to make a prompt election more likely
I20260713 09:02:55.715425 11550 raft_consensus.cc:740] T b17015a7b3644e0eb82f47b36b8443e5 P 20d9b00aee4a436094f2d5b93633d463 [term 0 FOLLOWER]: Becoming Follower/Learner. State: Replica: 20d9b00aee4a436094f2d5b93633d463, State: Initialized, Role: FOLLOWER
I20260713 09:02:55.716485 11549 ts_tablet_manager.cc:1434] T e0e5ffbf6fda411b93fd96b5b0ed58f7 P bbe00d8fcede4b399e9b6477405e2f47: Time spent starting tablet: real 0.008s	user 0.007s	sys 0.000s
I20260713 09:02:55.716053 11550 consensus_queue.cc:260] T b17015a7b3644e0eb82f47b36b8443e5 P 20d9b00aee4a436094f2d5b93633d463 [NON_LEADER]: Queue going to NON_LEADER mode. State: All replicated index: 0, Majority replicated index: 0, Committed index: 0, Last appended: 0.0, Last appended by leader: 0, Current term: 0, Majority size: -1, State: 0, Mode: NON_LEADER, active raft config: opid_index: -1 OBSOLETE_local: false peers { permanent_uuid: "bbe00d8fcede4b399e9b6477405e2f47" member_type: VOTER last_known_addr { host: "127.10.245.131" port: 37081 } } peers { permanent_uuid: "20d9b00aee4a436094f2d5b93633d463" member_type: VOTER last_known_addr { host: "127.10.245.129" port: 38651 } } peers { permanent_uuid: "8a26c87084c64f74b69fc564e37895e9" member_type: VOTER last_known_addr { host: "127.10.245.130" port: 44755 } }
I20260713 09:02:55.726231 11549 tablet_bootstrap.cc:492] T 981a00bfa5ae464394f3ac87de7d6540 P bbe00d8fcede4b399e9b6477405e2f47: Bootstrap starting.
I20260713 09:02:55.727118 11550 ts_tablet_manager.cc:1434] T b17015a7b3644e0eb82f47b36b8443e5 P 20d9b00aee4a436094f2d5b93633d463: Time spent starting tablet: real 0.017s	user 0.013s	sys 0.002s
I20260713 09:02:55.728080 11550 tablet_bootstrap.cc:492] T db3ee146908d4b64a7992b0062e0601c P 20d9b00aee4a436094f2d5b93633d463: Bootstrap starting.
I20260713 09:02:55.730860 11551 tablet_bootstrap.cc:492] T b17015a7b3644e0eb82f47b36b8443e5 P 8a26c87084c64f74b69fc564e37895e9: No bootstrap required, opened a new log
I20260713 09:02:55.731400 11551 ts_tablet_manager.cc:1403] T b17015a7b3644e0eb82f47b36b8443e5 P 8a26c87084c64f74b69fc564e37895e9: Time spent bootstrapping tablet: real 0.043s	user 0.019s	sys 0.004s
I20260713 09:02:55.734606 11550 tablet_bootstrap.cc:654] T db3ee146908d4b64a7992b0062e0601c P 20d9b00aee4a436094f2d5b93633d463: Neither blocks nor log segments found. Creating new log.
I20260713 09:02:55.737341 11549 tablet_bootstrap.cc:654] T 981a00bfa5ae464394f3ac87de7d6540 P bbe00d8fcede4b399e9b6477405e2f47: Neither blocks nor log segments found. Creating new log.
I20260713 09:02:55.741914 11551 raft_consensus.cc:359] T b17015a7b3644e0eb82f47b36b8443e5 P 8a26c87084c64f74b69fc564e37895e9 [term 0 FOLLOWER]: Replica starting. Triggering 0 pending ops. Active config: opid_index: -1 OBSOLETE_local: false peers { permanent_uuid: "bbe00d8fcede4b399e9b6477405e2f47" member_type: VOTER last_known_addr { host: "127.10.245.131" port: 37081 } } peers { permanent_uuid: "20d9b00aee4a436094f2d5b93633d463" member_type: VOTER last_known_addr { host: "127.10.245.129" port: 38651 } } peers { permanent_uuid: "8a26c87084c64f74b69fc564e37895e9" member_type: VOTER last_known_addr { host: "127.10.245.130" port: 44755 } }
I20260713 09:02:55.742841 11551 raft_consensus.cc:385] T b17015a7b3644e0eb82f47b36b8443e5 P 8a26c87084c64f74b69fc564e37895e9 [term 0 FOLLOWER]: Consensus starting up: Expiring failure detector timer to make a prompt election more likely
I20260713 09:02:55.743206 11551 raft_consensus.cc:740] T b17015a7b3644e0eb82f47b36b8443e5 P 8a26c87084c64f74b69fc564e37895e9 [term 0 FOLLOWER]: Becoming Follower/Learner. State: Replica: 8a26c87084c64f74b69fc564e37895e9, State: Initialized, Role: FOLLOWER
I20260713 09:02:55.745393 11556 raft_consensus.cc:493] T a42a326e252e434e9fb7e7a02c96f58b P 8a26c87084c64f74b69fc564e37895e9 [term 0 FOLLOWER]: Starting pre-election (no leader contacted us within the election timeout)
I20260713 09:02:55.745888 11556 raft_consensus.cc:515] T a42a326e252e434e9fb7e7a02c96f58b P 8a26c87084c64f74b69fc564e37895e9 [term 0 FOLLOWER]: Starting pre-election with config: opid_index: -1 OBSOLETE_local: false peers { permanent_uuid: "20d9b00aee4a436094f2d5b93633d463" member_type: VOTER last_known_addr { host: "127.10.245.129" port: 38651 } } peers { permanent_uuid: "8a26c87084c64f74b69fc564e37895e9" member_type: VOTER last_known_addr { host: "127.10.245.130" port: 44755 } } peers { permanent_uuid: "bbe00d8fcede4b399e9b6477405e2f47" member_type: VOTER last_known_addr { host: "127.10.245.131" port: 37081 } }
I20260713 09:02:55.747546 11549 tablet_bootstrap.cc:492] T 981a00bfa5ae464394f3ac87de7d6540 P bbe00d8fcede4b399e9b6477405e2f47: No bootstrap required, opened a new log
I20260713 09:02:55.748358 11550 tablet_bootstrap.cc:492] T db3ee146908d4b64a7992b0062e0601c P 20d9b00aee4a436094f2d5b93633d463: No bootstrap required, opened a new log
I20260713 09:02:55.750118 11556 leader_election.cc:290] T a42a326e252e434e9fb7e7a02c96f58b P 8a26c87084c64f74b69fc564e37895e9 [CANDIDATE]: Term 1 pre-election: Requested pre-vote from peers 20d9b00aee4a436094f2d5b93633d463 (127.10.245.129:38651), bbe00d8fcede4b399e9b6477405e2f47 (127.10.245.131:37081)
I20260713 09:02:55.750473 11550 ts_tablet_manager.cc:1403] T db3ee146908d4b64a7992b0062e0601c P 20d9b00aee4a436094f2d5b93633d463: Time spent bootstrapping tablet: real 0.023s	user 0.009s	sys 0.009s
I20260713 09:02:55.752990 11549 ts_tablet_manager.cc:1403] T 981a00bfa5ae464394f3ac87de7d6540 P bbe00d8fcede4b399e9b6477405e2f47: Time spent bootstrapping tablet: real 0.022s	user 0.007s	sys 0.007s
I20260713 09:02:55.754558 11550 raft_consensus.cc:359] T db3ee146908d4b64a7992b0062e0601c P 20d9b00aee4a436094f2d5b93633d463 [term 0 FOLLOWER]: Replica starting. Triggering 0 pending ops. Active config: opid_index: -1 OBSOLETE_local: false peers { permanent_uuid: "20d9b00aee4a436094f2d5b93633d463" member_type: VOTER last_known_addr { host: "127.10.245.129" port: 38651 } } peers { permanent_uuid: "8a26c87084c64f74b69fc564e37895e9" member_type: VOTER last_known_addr { host: "127.10.245.130" port: 44755 } } peers { permanent_uuid: "bbe00d8fcede4b399e9b6477405e2f47" member_type: VOTER last_known_addr { host: "127.10.245.131" port: 37081 } }
I20260713 09:02:55.755446 11550 raft_consensus.cc:385] T db3ee146908d4b64a7992b0062e0601c P 20d9b00aee4a436094f2d5b93633d463 [term 0 FOLLOWER]: Consensus starting up: Expiring failure detector timer to make a prompt election more likely
I20260713 09:02:55.744254 11551 consensus_queue.cc:260] T b17015a7b3644e0eb82f47b36b8443e5 P 8a26c87084c64f74b69fc564e37895e9 [NON_LEADER]: Queue going to NON_LEADER mode. State: All replicated index: 0, Majority replicated index: 0, Committed index: 0, Last appended: 0.0, Last appended by leader: 0, Current term: 0, Majority size: -1, State: 0, Mode: NON_LEADER, active raft config: opid_index: -1 OBSOLETE_local: false peers { permanent_uuid: "bbe00d8fcede4b399e9b6477405e2f47" member_type: VOTER last_known_addr { host: "127.10.245.131" port: 37081 } } peers { permanent_uuid: "20d9b00aee4a436094f2d5b93633d463" member_type: VOTER last_known_addr { host: "127.10.245.129" port: 38651 } } peers { permanent_uuid: "8a26c87084c64f74b69fc564e37895e9" member_type: VOTER last_known_addr { host: "127.10.245.130" port: 44755 } }
I20260713 09:02:55.755728 11550 raft_consensus.cc:740] T db3ee146908d4b64a7992b0062e0601c P 20d9b00aee4a436094f2d5b93633d463 [term 0 FOLLOWER]: Becoming Follower/Learner. State: Replica: 20d9b00aee4a436094f2d5b93633d463, State: Initialized, Role: FOLLOWER
I20260713 09:02:55.756456 11550 consensus_queue.cc:260] T db3ee146908d4b64a7992b0062e0601c P 20d9b00aee4a436094f2d5b93633d463 [NON_LEADER]: Queue going to NON_LEADER mode. State: All replicated index: 0, Majority replicated index: 0, Committed index: 0, Last appended: 0.0, Last appended by leader: 0, Current term: 0, Majority size: -1, State: 0, Mode: NON_LEADER, active raft config: opid_index: -1 OBSOLETE_local: false peers { permanent_uuid: "20d9b00aee4a436094f2d5b93633d463" member_type: VOTER last_known_addr { host: "127.10.245.129" port: 38651 } } peers { permanent_uuid: "8a26c87084c64f74b69fc564e37895e9" member_type: VOTER last_known_addr { host: "127.10.245.130" port: 44755 } } peers { permanent_uuid: "bbe00d8fcede4b399e9b6477405e2f47" member_type: VOTER last_known_addr { host: "127.10.245.131" port: 37081 } }
I20260713 09:02:55.759624 11551 ts_tablet_manager.cc:1434] T b17015a7b3644e0eb82f47b36b8443e5 P 8a26c87084c64f74b69fc564e37895e9: Time spent starting tablet: real 0.028s	user 0.004s	sys 0.004s
I20260713 09:02:55.759999 11550 ts_tablet_manager.cc:1434] T db3ee146908d4b64a7992b0062e0601c P 20d9b00aee4a436094f2d5b93633d463: Time spent starting tablet: real 0.009s	user 0.005s	sys 0.001s
I20260713 09:02:55.760540 11551 tablet_bootstrap.cc:492] T e0e5ffbf6fda411b93fd96b5b0ed58f7 P 8a26c87084c64f74b69fc564e37895e9: Bootstrap starting.
I20260713 09:02:55.760862 11550 tablet_bootstrap.cc:492] T 981a00bfa5ae464394f3ac87de7d6540 P 20d9b00aee4a436094f2d5b93633d463: Bootstrap starting.
I20260713 09:02:55.758046 11549 raft_consensus.cc:359] T 981a00bfa5ae464394f3ac87de7d6540 P bbe00d8fcede4b399e9b6477405e2f47 [term 0 FOLLOWER]: Replica starting. Triggering 0 pending ops. Active config: opid_index: -1 OBSOLETE_local: false peers { permanent_uuid: "20d9b00aee4a436094f2d5b93633d463" member_type: VOTER last_known_addr { host: "127.10.245.129" port: 38651 } } peers { permanent_uuid: "8a26c87084c64f74b69fc564e37895e9" member_type: VOTER last_known_addr { host: "127.10.245.130" port: 44755 } } peers { permanent_uuid: "bbe00d8fcede4b399e9b6477405e2f47" member_type: VOTER last_known_addr { host: "127.10.245.131" port: 37081 } }
I20260713 09:02:55.762418 11549 raft_consensus.cc:385] T 981a00bfa5ae464394f3ac87de7d6540 P bbe00d8fcede4b399e9b6477405e2f47 [term 0 FOLLOWER]: Consensus starting up: Expiring failure detector timer to make a prompt election more likely
I20260713 09:02:55.763070 11549 raft_consensus.cc:740] T 981a00bfa5ae464394f3ac87de7d6540 P bbe00d8fcede4b399e9b6477405e2f47 [term 0 FOLLOWER]: Becoming Follower/Learner. State: Replica: bbe00d8fcede4b399e9b6477405e2f47, State: Initialized, Role: FOLLOWER
I20260713 09:02:55.767452 11555 raft_consensus.cc:493] T 510063ed57c9405092274b3bbcd2d8de P bbe00d8fcede4b399e9b6477405e2f47 [term 0 FOLLOWER]: Starting pre-election (no leader contacted us within the election timeout)
I20260713 09:02:55.767896 11555 raft_consensus.cc:515] T 510063ed57c9405092274b3bbcd2d8de P bbe00d8fcede4b399e9b6477405e2f47 [term 0 FOLLOWER]: Starting pre-election with config: opid_index: -1 OBSOLETE_local: false peers { permanent_uuid: "20d9b00aee4a436094f2d5b93633d463" member_type: VOTER last_known_addr { host: "127.10.245.129" port: 38651 } } peers { permanent_uuid: "8a26c87084c64f74b69fc564e37895e9" member_type: VOTER last_known_addr { host: "127.10.245.130" port: 44755 } } peers { permanent_uuid: "bbe00d8fcede4b399e9b6477405e2f47" member_type: VOTER last_known_addr { host: "127.10.245.131" port: 37081 } }
I20260713 09:02:55.768545 11550 tablet_bootstrap.cc:654] T 981a00bfa5ae464394f3ac87de7d6540 P 20d9b00aee4a436094f2d5b93633d463: Neither blocks nor log segments found. Creating new log.
I20260713 09:02:55.772395 11555 leader_election.cc:290] T 510063ed57c9405092274b3bbcd2d8de P bbe00d8fcede4b399e9b6477405e2f47 [CANDIDATE]: Term 1 pre-election: Requested pre-vote from peers 20d9b00aee4a436094f2d5b93633d463 (127.10.245.129:38651), 8a26c87084c64f74b69fc564e37895e9 (127.10.245.130:44755)
I20260713 09:02:55.773972 11357 tablet_service.cc:1917] Received RequestConsensusVote() RPC: tablet_id: "510063ed57c9405092274b3bbcd2d8de" candidate_uuid: "bbe00d8fcede4b399e9b6477405e2f47" candidate_term: 1 candidate_status { last_received { term: 0 index: 0 } } ignore_live_leader: false dest_uuid: "20d9b00aee4a436094f2d5b93633d463" is_pre_election: true
W20260713 09:02:55.775511 11471 leader_election.cc:343] T 510063ed57c9405092274b3bbcd2d8de P bbe00d8fcede4b399e9b6477405e2f47 [CANDIDATE]: Term 1 pre-election: Tablet error from VoteRequest() call to peer 20d9b00aee4a436094f2d5b93633d463 (127.10.245.129:38651): Illegal state: must be running to vote when last-logged opid is not known
I20260713 09:02:55.778275 11551 tablet_bootstrap.cc:654] T e0e5ffbf6fda411b93fd96b5b0ed58f7 P 8a26c87084c64f74b69fc564e37895e9: Neither blocks nor log segments found. Creating new log.
I20260713 09:02:55.783139 11432 tablet_service.cc:1917] Received RequestConsensusVote() RPC: tablet_id: "510063ed57c9405092274b3bbcd2d8de" candidate_uuid: "bbe00d8fcede4b399e9b6477405e2f47" candidate_term: 1 candidate_status { last_received { term: 0 index: 0 } } ignore_live_leader: false dest_uuid: "8a26c87084c64f74b69fc564e37895e9" is_pre_election: true
I20260713 09:02:55.764184 11549 consensus_queue.cc:260] T 981a00bfa5ae464394f3ac87de7d6540 P bbe00d8fcede4b399e9b6477405e2f47 [NON_LEADER]: Queue going to NON_LEADER mode. State: All replicated index: 0, Majority replicated index: 0, Committed index: 0, Last appended: 0.0, Last appended by leader: 0, Current term: 0, Majority size: -1, State: 0, Mode: NON_LEADER, active raft config: opid_index: -1 OBSOLETE_local: false peers { permanent_uuid: "20d9b00aee4a436094f2d5b93633d463" member_type: VOTER last_known_addr { host: "127.10.245.129" port: 38651 } } peers { permanent_uuid: "8a26c87084c64f74b69fc564e37895e9" member_type: VOTER last_known_addr { host: "127.10.245.130" port: 44755 } } peers { permanent_uuid: "bbe00d8fcede4b399e9b6477405e2f47" member_type: VOTER last_known_addr { host: "127.10.245.131" port: 37081 } }
W20260713 09:02:55.784888 11470 leader_election.cc:343] T 510063ed57c9405092274b3bbcd2d8de P bbe00d8fcede4b399e9b6477405e2f47 [CANDIDATE]: Term 1 pre-election: Tablet error from VoteRequest() call to peer 8a26c87084c64f74b69fc564e37895e9 (127.10.245.130:44755): Illegal state: must be running to vote when last-logged opid is not known
I20260713 09:02:55.785319 11470 leader_election.cc:304] T 510063ed57c9405092274b3bbcd2d8de P bbe00d8fcede4b399e9b6477405e2f47 [CANDIDATE]: Term 1 pre-election: Election decided. Result: candidate lost. Election summary: received 3 responses out of 3 voters: 1 yes votes; 2 no votes. yes voters: bbe00d8fcede4b399e9b6477405e2f47; no voters: 20d9b00aee4a436094f2d5b93633d463, 8a26c87084c64f74b69fc564e37895e9
I20260713 09:02:55.785995 11555 raft_consensus.cc:2749] T 510063ed57c9405092274b3bbcd2d8de P bbe00d8fcede4b399e9b6477405e2f47 [term 0 FOLLOWER]: Leader pre-election lost for term 1. Reason: could not achieve majority
I20260713 09:02:55.786811 11549 ts_tablet_manager.cc:1434] T 981a00bfa5ae464394f3ac87de7d6540 P bbe00d8fcede4b399e9b6477405e2f47: Time spent starting tablet: real 0.033s	user 0.005s	sys 0.001s
I20260713 09:02:55.787427 11357 tablet_service.cc:1917] Received RequestConsensusVote() RPC: tablet_id: "a42a326e252e434e9fb7e7a02c96f58b" candidate_uuid: "8a26c87084c64f74b69fc564e37895e9" candidate_term: 1 candidate_status { last_received { term: 0 index: 0 } } ignore_live_leader: false dest_uuid: "20d9b00aee4a436094f2d5b93633d463" is_pre_election: true
I20260713 09:02:55.787734 11549 tablet_bootstrap.cc:492] T db3ee146908d4b64a7992b0062e0601c P bbe00d8fcede4b399e9b6477405e2f47: Bootstrap starting.
W20260713 09:02:55.789000 11397 leader_election.cc:343] T a42a326e252e434e9fb7e7a02c96f58b P 8a26c87084c64f74b69fc564e37895e9 [CANDIDATE]: Term 1 pre-election: Tablet error from VoteRequest() call to peer 20d9b00aee4a436094f2d5b93633d463 (127.10.245.129:38651): Illegal state: must be running to vote when last-logged opid is not known
I20260713 09:02:55.796090 11550 tablet_bootstrap.cc:492] T 981a00bfa5ae464394f3ac87de7d6540 P 20d9b00aee4a436094f2d5b93633d463: No bootstrap required, opened a new log
I20260713 09:02:55.796041 11556 raft_consensus.cc:493] T db3ee146908d4b64a7992b0062e0601c P 8a26c87084c64f74b69fc564e37895e9 [term 0 FOLLOWER]: Starting pre-election (no leader contacted us within the election timeout)
I20260713 09:02:55.796790 11550 ts_tablet_manager.cc:1403] T 981a00bfa5ae464394f3ac87de7d6540 P 20d9b00aee4a436094f2d5b93633d463: Time spent bootstrapping tablet: real 0.036s	user 0.006s	sys 0.006s
I20260713 09:02:55.797133 11556 raft_consensus.cc:515] T db3ee146908d4b64a7992b0062e0601c P 8a26c87084c64f74b69fc564e37895e9 [term 0 FOLLOWER]: Starting pre-election with config: opid_index: -1 OBSOLETE_local: false peers { permanent_uuid: "20d9b00aee4a436094f2d5b93633d463" member_type: VOTER last_known_addr { host: "127.10.245.129" port: 38651 } } peers { permanent_uuid: "8a26c87084c64f74b69fc564e37895e9" member_type: VOTER last_known_addr { host: "127.10.245.130" port: 44755 } } peers { permanent_uuid: "bbe00d8fcede4b399e9b6477405e2f47" member_type: VOTER last_known_addr { host: "127.10.245.131" port: 37081 } }
I20260713 09:02:55.799747 11556 leader_election.cc:290] T db3ee146908d4b64a7992b0062e0601c P 8a26c87084c64f74b69fc564e37895e9 [CANDIDATE]: Term 1 pre-election: Requested pre-vote from peers 20d9b00aee4a436094f2d5b93633d463 (127.10.245.129:38651), bbe00d8fcede4b399e9b6477405e2f47 (127.10.245.131:37081)
I20260713 09:02:55.800205 11357 tablet_service.cc:1917] Received RequestConsensusVote() RPC: tablet_id: "db3ee146908d4b64a7992b0062e0601c" candidate_uuid: "8a26c87084c64f74b69fc564e37895e9" candidate_term: 1 candidate_status { last_received { term: 0 index: 0 } } ignore_live_leader: false dest_uuid: "20d9b00aee4a436094f2d5b93633d463" is_pre_election: true
I20260713 09:02:55.800820 11357 raft_consensus.cc:2468] T db3ee146908d4b64a7992b0062e0601c P 20d9b00aee4a436094f2d5b93633d463 [term 0 FOLLOWER]: Leader pre-election vote request: Granting yes vote for candidate 8a26c87084c64f74b69fc564e37895e9 in term 0.
I20260713 09:02:55.802120 11397 leader_election.cc:304] T db3ee146908d4b64a7992b0062e0601c P 8a26c87084c64f74b69fc564e37895e9 [CANDIDATE]: Term 1 pre-election: Election decided. Result: candidate won. Election summary: received 2 responses out of 3 voters: 2 yes votes; 0 no votes. yes voters: 20d9b00aee4a436094f2d5b93633d463, 8a26c87084c64f74b69fc564e37895e9; no voters: 
I20260713 09:02:55.802309 11506 tablet_service.cc:1917] Received RequestConsensusVote() RPC: tablet_id: "a42a326e252e434e9fb7e7a02c96f58b" candidate_uuid: "8a26c87084c64f74b69fc564e37895e9" candidate_term: 1 candidate_status { last_received { term: 0 index: 0 } } ignore_live_leader: false dest_uuid: "bbe00d8fcede4b399e9b6477405e2f47" is_pre_election: true
I20260713 09:02:55.802830 11556 raft_consensus.cc:2804] T db3ee146908d4b64a7992b0062e0601c P 8a26c87084c64f74b69fc564e37895e9 [term 0 FOLLOWER]: Leader pre-election won for term 1
I20260713 09:02:55.803175 11556 raft_consensus.cc:493] T db3ee146908d4b64a7992b0062e0601c P 8a26c87084c64f74b69fc564e37895e9 [term 0 FOLLOWER]: Starting leader election (no leader contacted us within the election timeout)
I20260713 09:02:55.803519 11556 raft_consensus.cc:3060] T db3ee146908d4b64a7992b0062e0601c P 8a26c87084c64f74b69fc564e37895e9 [term 0 FOLLOWER]: Advancing to term 1
I20260713 09:02:55.803525 11550 raft_consensus.cc:359] T 981a00bfa5ae464394f3ac87de7d6540 P 20d9b00aee4a436094f2d5b93633d463 [term 0 FOLLOWER]: Replica starting. Triggering 0 pending ops. Active config: opid_index: -1 OBSOLETE_local: false peers { permanent_uuid: "20d9b00aee4a436094f2d5b93633d463" member_type: VOTER last_known_addr { host: "127.10.245.129" port: 38651 } } peers { permanent_uuid: "8a26c87084c64f74b69fc564e37895e9" member_type: VOTER last_known_addr { host: "127.10.245.130" port: 44755 } } peers { permanent_uuid: "bbe00d8fcede4b399e9b6477405e2f47" member_type: VOTER last_known_addr { host: "127.10.245.131" port: 37081 } }
I20260713 09:02:55.803675 11505 tablet_service.cc:1917] Received RequestConsensusVote() RPC: tablet_id: "db3ee146908d4b64a7992b0062e0601c" candidate_uuid: "8a26c87084c64f74b69fc564e37895e9" candidate_term: 1 candidate_status { last_received { term: 0 index: 0 } } ignore_live_leader: false dest_uuid: "bbe00d8fcede4b399e9b6477405e2f47" is_pre_election: true
I20260713 09:02:55.804577 11550 raft_consensus.cc:385] T 981a00bfa5ae464394f3ac87de7d6540 P 20d9b00aee4a436094f2d5b93633d463 [term 0 FOLLOWER]: Consensus starting up: Expiring failure detector timer to make a prompt election more likely
I20260713 09:02:55.804939 11550 raft_consensus.cc:740] T 981a00bfa5ae464394f3ac87de7d6540 P 20d9b00aee4a436094f2d5b93633d463 [term 0 FOLLOWER]: Becoming Follower/Learner. State: Replica: 20d9b00aee4a436094f2d5b93633d463, State: Initialized, Role: FOLLOWER
W20260713 09:02:55.805444 11396 leader_election.cc:343] T a42a326e252e434e9fb7e7a02c96f58b P 8a26c87084c64f74b69fc564e37895e9 [CANDIDATE]: Term 1 pre-election: Tablet error from VoteRequest() call to peer bbe00d8fcede4b399e9b6477405e2f47 (127.10.245.131:37081): Illegal state: must be running to vote when last-logged opid is not known
I20260713 09:02:55.805897 11396 leader_election.cc:304] T a42a326e252e434e9fb7e7a02c96f58b P 8a26c87084c64f74b69fc564e37895e9 [CANDIDATE]: Term 1 pre-election: Election decided. Result: candidate lost. Election summary: received 3 responses out of 3 voters: 1 yes votes; 2 no votes. yes voters: 8a26c87084c64f74b69fc564e37895e9; no voters: 20d9b00aee4a436094f2d5b93633d463, bbe00d8fcede4b399e9b6477405e2f47
I20260713 09:02:55.805687 11550 consensus_queue.cc:260] T 981a00bfa5ae464394f3ac87de7d6540 P 20d9b00aee4a436094f2d5b93633d463 [NON_LEADER]: Queue going to NON_LEADER mode. State: All replicated index: 0, Majority replicated index: 0, Committed index: 0, Last appended: 0.0, Last appended by leader: 0, Current term: 0, Majority size: -1, State: 0, Mode: NON_LEADER, active raft config: opid_index: -1 OBSOLETE_local: false peers { permanent_uuid: "20d9b00aee4a436094f2d5b93633d463" member_type: VOTER last_known_addr { host: "127.10.245.129" port: 38651 } } peers { permanent_uuid: "8a26c87084c64f74b69fc564e37895e9" member_type: VOTER last_known_addr { host: "127.10.245.130" port: 44755 } } peers { permanent_uuid: "bbe00d8fcede4b399e9b6477405e2f47" member_type: VOTER last_known_addr { host: "127.10.245.131" port: 37081 } }
I20260713 09:02:55.808910 11551 tablet_bootstrap.cc:492] T e0e5ffbf6fda411b93fd96b5b0ed58f7 P 8a26c87084c64f74b69fc564e37895e9: No bootstrap required, opened a new log
I20260713 09:02:55.809335 11551 ts_tablet_manager.cc:1403] T e0e5ffbf6fda411b93fd96b5b0ed58f7 P 8a26c87084c64f74b69fc564e37895e9: Time spent bootstrapping tablet: real 0.049s	user 0.013s	sys 0.006s
I20260713 09:02:55.810283 11550 ts_tablet_manager.cc:1434] T 981a00bfa5ae464394f3ac87de7d6540 P 20d9b00aee4a436094f2d5b93633d463: Time spent starting tablet: real 0.013s	user 0.005s	sys 0.001s
I20260713 09:02:55.811220 11550 tablet_bootstrap.cc:492] T a1941a50beac4e958b7b06bd196ec05e P 20d9b00aee4a436094f2d5b93633d463: Bootstrap starting.
I20260713 09:02:55.812105 11551 raft_consensus.cc:359] T e0e5ffbf6fda411b93fd96b5b0ed58f7 P 8a26c87084c64f74b69fc564e37895e9 [term 0 FOLLOWER]: Replica starting. Triggering 0 pending ops. Active config: opid_index: -1 OBSOLETE_local: false peers { permanent_uuid: "20d9b00aee4a436094f2d5b93633d463" member_type: VOTER last_known_addr { host: "127.10.245.129" port: 38651 } } peers { permanent_uuid: "8a26c87084c64f74b69fc564e37895e9" member_type: VOTER last_known_addr { host: "127.10.245.130" port: 44755 } } peers { permanent_uuid: "bbe00d8fcede4b399e9b6477405e2f47" member_type: VOTER last_known_addr { host: "127.10.245.131" port: 37081 } }
I20260713 09:02:55.812781 11551 raft_consensus.cc:385] T e0e5ffbf6fda411b93fd96b5b0ed58f7 P 8a26c87084c64f74b69fc564e37895e9 [term 0 FOLLOWER]: Consensus starting up: Expiring failure detector timer to make a prompt election more likely
I20260713 09:02:55.813069 11551 raft_consensus.cc:740] T e0e5ffbf6fda411b93fd96b5b0ed58f7 P 8a26c87084c64f74b69fc564e37895e9 [term 0 FOLLOWER]: Becoming Follower/Learner. State: Replica: 8a26c87084c64f74b69fc564e37895e9, State: Initialized, Role: FOLLOWER
I20260713 09:02:55.813758 11551 consensus_queue.cc:260] T e0e5ffbf6fda411b93fd96b5b0ed58f7 P 8a26c87084c64f74b69fc564e37895e9 [NON_LEADER]: Queue going to NON_LEADER mode. State: All replicated index: 0, Majority replicated index: 0, Committed index: 0, Last appended: 0.0, Last appended by leader: 0, Current term: 0, Majority size: -1, State: 0, Mode: NON_LEADER, active raft config: opid_index: -1 OBSOLETE_local: false peers { permanent_uuid: "20d9b00aee4a436094f2d5b93633d463" member_type: VOTER last_known_addr { host: "127.10.245.129" port: 38651 } } peers { permanent_uuid: "8a26c87084c64f74b69fc564e37895e9" member_type: VOTER last_known_addr { host: "127.10.245.130" port: 44755 } } peers { permanent_uuid: "bbe00d8fcede4b399e9b6477405e2f47" member_type: VOTER last_known_addr { host: "127.10.245.131" port: 37081 } }
I20260713 09:02:55.817996 11550 tablet_bootstrap.cc:654] T a1941a50beac4e958b7b06bd196ec05e P 20d9b00aee4a436094f2d5b93633d463: Neither blocks nor log segments found. Creating new log.
I20260713 09:02:55.818861 11574 raft_consensus.cc:2749] T a42a326e252e434e9fb7e7a02c96f58b P 8a26c87084c64f74b69fc564e37895e9 [term 0 FOLLOWER]: Leader pre-election lost for term 1. Reason: could not achieve majority
I20260713 09:02:55.819180 11549 tablet_bootstrap.cc:654] T db3ee146908d4b64a7992b0062e0601c P bbe00d8fcede4b399e9b6477405e2f47: Neither blocks nor log segments found. Creating new log.
I20260713 09:02:55.820860 11574 raft_consensus.cc:493] T b17015a7b3644e0eb82f47b36b8443e5 P 8a26c87084c64f74b69fc564e37895e9 [term 0 FOLLOWER]: Starting pre-election (no leader contacted us within the election timeout)
I20260713 09:02:55.820987 11556 raft_consensus.cc:515] T db3ee146908d4b64a7992b0062e0601c P 8a26c87084c64f74b69fc564e37895e9 [term 1 FOLLOWER]: Starting leader election with config: opid_index: -1 OBSOLETE_local: false peers { permanent_uuid: "20d9b00aee4a436094f2d5b93633d463" member_type: VOTER last_known_addr { host: "127.10.245.129" port: 38651 } } peers { permanent_uuid: "8a26c87084c64f74b69fc564e37895e9" member_type: VOTER last_known_addr { host: "127.10.245.130" port: 44755 } } peers { permanent_uuid: "bbe00d8fcede4b399e9b6477405e2f47" member_type: VOTER last_known_addr { host: "127.10.245.131" port: 37081 } }
I20260713 09:02:55.821929 11574 raft_consensus.cc:515] T b17015a7b3644e0eb82f47b36b8443e5 P 8a26c87084c64f74b69fc564e37895e9 [term 0 FOLLOWER]: Starting pre-election with config: opid_index: -1 OBSOLETE_local: false peers { permanent_uuid: "bbe00d8fcede4b399e9b6477405e2f47" member_type: VOTER last_known_addr { host: "127.10.245.131" port: 37081 } } peers { permanent_uuid: "20d9b00aee4a436094f2d5b93633d463" member_type: VOTER last_known_addr { host: "127.10.245.129" port: 38651 } } peers { permanent_uuid: "8a26c87084c64f74b69fc564e37895e9" member_type: VOTER last_known_addr { host: "127.10.245.130" port: 44755 } }
I20260713 09:02:55.824272 11556 leader_election.cc:290] T db3ee146908d4b64a7992b0062e0601c P 8a26c87084c64f74b69fc564e37895e9 [CANDIDATE]: Term 1 election: Requested vote from peers 20d9b00aee4a436094f2d5b93633d463 (127.10.245.129:38651), bbe00d8fcede4b399e9b6477405e2f47 (127.10.245.131:37081)
I20260713 09:02:55.825009 11357 tablet_service.cc:1917] Received RequestConsensusVote() RPC: tablet_id: "db3ee146908d4b64a7992b0062e0601c" candidate_uuid: "8a26c87084c64f74b69fc564e37895e9" candidate_term: 1 candidate_status { last_received { term: 0 index: 0 } } ignore_live_leader: false dest_uuid: "20d9b00aee4a436094f2d5b93633d463"
I20260713 09:02:55.825718 11357 raft_consensus.cc:3060] T db3ee146908d4b64a7992b0062e0601c P 20d9b00aee4a436094f2d5b93633d463 [term 0 FOLLOWER]: Advancing to term 1
I20260713 09:02:55.829432 11551 ts_tablet_manager.cc:1434] T e0e5ffbf6fda411b93fd96b5b0ed58f7 P 8a26c87084c64f74b69fc564e37895e9: Time spent starting tablet: real 0.020s	user 0.006s	sys 0.001s
I20260713 09:02:55.830569 11551 tablet_bootstrap.cc:492] T a1941a50beac4e958b7b06bd196ec05e P 8a26c87084c64f74b69fc564e37895e9: Bootstrap starting.
