I20260713 09:03:14.248898  7013 consensus_queue.cc:260] T 312ac97929494bb5a06856072282a039 P fe1e9fa0fdf54021987c2e7958a96ea3 [NON_LEADER]: Queue going to NON_LEADER mode. State: All replicated index: 0, Majority replicated index: 0, Committed index: 0, Last appended: 0.0, Last appended by leader: 0, Current term: 0, Majority size: -1, State: 0, Mode: NON_LEADER, active raft config: opid_index: -1 OBSOLETE_local: false peers { permanent_uuid: "b8b130a35e8a466bbb48ca950528ec74" member_type: VOTER last_known_addr { host: "127.5.152.129" port: 46383 } } peers { permanent_uuid: "fe1e9fa0fdf54021987c2e7958a96ea3" member_type: VOTER last_known_addr { host: "127.5.152.131" port: 45467 } } peers { permanent_uuid: "88720fb171284209a469fc275903b7df" member_type: VOTER last_known_addr { host: "127.5.152.130" port: 45985 } }
I20260713 09:03:14.249877  7011 tablet_bootstrap.cc:492] T 312ac97929494bb5a06856072282a039 P 88720fb171284209a469fc275903b7df: No bootstrap required, opened a new log
I20260713 09:03:14.250532  7011 ts_tablet_manager.cc:1403] T 312ac97929494bb5a06856072282a039 P 88720fb171284209a469fc275903b7df: Time spent bootstrapping tablet: real 0.080s	user 0.006s	sys 0.007s
I20260713 09:03:14.250994  7013 ts_tablet_manager.cc:1434] T 312ac97929494bb5a06856072282a039 P fe1e9fa0fdf54021987c2e7958a96ea3: Time spent starting tablet: real 0.006s	user 0.005s	sys 0.001s
I20260713 09:03:14.251983  7013 tablet_bootstrap.cc:492] T d8c6dbab6feb48b78432f496214a289f P fe1e9fa0fdf54021987c2e7958a96ea3: Bootstrap starting.
I20260713 09:03:14.251852  7010 raft_consensus.cc:359] T d8c6dbab6feb48b78432f496214a289f P b8b130a35e8a466bbb48ca950528ec74 [term 0 FOLLOWER]: Replica starting. Triggering 0 pending ops. Active config: opid_index: -1 OBSOLETE_local: false peers { permanent_uuid: "b8b130a35e8a466bbb48ca950528ec74" member_type: VOTER last_known_addr { host: "127.5.152.129" port: 46383 } } peers { permanent_uuid: "88720fb171284209a469fc275903b7df" member_type: VOTER last_known_addr { host: "127.5.152.130" port: 45985 } } peers { permanent_uuid: "fe1e9fa0fdf54021987c2e7958a96ea3" member_type: VOTER last_known_addr { host: "127.5.152.131" port: 45467 } }
I20260713 09:03:14.252550  7010 raft_consensus.cc:385] T d8c6dbab6feb48b78432f496214a289f P b8b130a35e8a466bbb48ca950528ec74 [term 0 FOLLOWER]: Consensus starting up: Expiring failure detector timer to make a prompt election more likely
I20260713 09:03:14.252841  7010 raft_consensus.cc:740] T d8c6dbab6feb48b78432f496214a289f P b8b130a35e8a466bbb48ca950528ec74 [term 0 FOLLOWER]: Becoming Follower/Learner. State: Replica: b8b130a35e8a466bbb48ca950528ec74, State: Initialized, Role: FOLLOWER
I20260713 09:03:14.253521  7010 consensus_queue.cc:260] T d8c6dbab6feb48b78432f496214a289f P b8b130a35e8a466bbb48ca950528ec74 [NON_LEADER]: Queue going to NON_LEADER mode. State: All replicated index: 0, Majority replicated index: 0, Committed index: 0, Last appended: 0.0, Last appended by leader: 0, Current term: 0, Majority size: -1, State: 0, Mode: NON_LEADER, active raft config: opid_index: -1 OBSOLETE_local: false peers { permanent_uuid: "b8b130a35e8a466bbb48ca950528ec74" member_type: VOTER last_known_addr { host: "127.5.152.129" port: 46383 } } peers { permanent_uuid: "88720fb171284209a469fc275903b7df" member_type: VOTER last_known_addr { host: "127.5.152.130" port: 45985 } } peers { permanent_uuid: "fe1e9fa0fdf54021987c2e7958a96ea3" member_type: VOTER last_known_addr { host: "127.5.152.131" port: 45467 } }
I20260713 09:03:14.255697  7010 ts_tablet_manager.cc:1434] T d8c6dbab6feb48b78432f496214a289f P b8b130a35e8a466bbb48ca950528ec74: Time spent starting tablet: real 0.006s	user 0.004s	sys 0.004s
I20260713 09:03:14.256606  7010 tablet_bootstrap.cc:492] T 0eac4d91acca43f5938c65e2670fa41a P b8b130a35e8a466bbb48ca950528ec74: Bootstrap starting.
I20260713 09:03:14.253764  7011 raft_consensus.cc:359] T 312ac97929494bb5a06856072282a039 P 88720fb171284209a469fc275903b7df [term 0 FOLLOWER]: Replica starting. Triggering 0 pending ops. Active config: opid_index: -1 OBSOLETE_local: false peers { permanent_uuid: "b8b130a35e8a466bbb48ca950528ec74" member_type: VOTER last_known_addr { host: "127.5.152.129" port: 46383 } } peers { permanent_uuid: "fe1e9fa0fdf54021987c2e7958a96ea3" member_type: VOTER last_known_addr { host: "127.5.152.131" port: 45467 } } peers { permanent_uuid: "88720fb171284209a469fc275903b7df" member_type: VOTER last_known_addr { host: "127.5.152.130" port: 45985 } }
I20260713 09:03:14.258560  7013 tablet_bootstrap.cc:654] T d8c6dbab6feb48b78432f496214a289f P fe1e9fa0fdf54021987c2e7958a96ea3: Neither blocks nor log segments found. Creating new log.
I20260713 09:03:14.258921  7011 raft_consensus.cc:385] T 312ac97929494bb5a06856072282a039 P 88720fb171284209a469fc275903b7df [term 0 FOLLOWER]: Consensus starting up: Expiring failure detector timer to make a prompt election more likely
I20260713 09:03:14.259294  7011 raft_consensus.cc:740] T 312ac97929494bb5a06856072282a039 P 88720fb171284209a469fc275903b7df [term 0 FOLLOWER]: Becoming Follower/Learner. State: Replica: 88720fb171284209a469fc275903b7df, State: Initialized, Role: FOLLOWER
I20260713 09:03:14.261385  7015 raft_consensus.cc:493] T e27bd30fdfb54d5e9da389947925d800 P b8b130a35e8a466bbb48ca950528ec74 [term 0 FOLLOWER]: Starting pre-election (no leader contacted us within the election timeout)
I20260713 09:03:14.261816  7015 raft_consensus.cc:515] T e27bd30fdfb54d5e9da389947925d800 P b8b130a35e8a466bbb48ca950528ec74 [term 0 FOLLOWER]: Starting pre-election with config: opid_index: -1 OBSOLETE_local: false peers { permanent_uuid: "b8b130a35e8a466bbb48ca950528ec74" member_type: VOTER last_known_addr { host: "127.5.152.129" port: 46383 } } peers { permanent_uuid: "88720fb171284209a469fc275903b7df" member_type: VOTER last_known_addr { host: "127.5.152.130" port: 45985 } } peers { permanent_uuid: "fe1e9fa0fdf54021987c2e7958a96ea3" member_type: VOTER last_known_addr { host: "127.5.152.131" port: 45467 } }
I20260713 09:03:14.263262  7010 tablet_bootstrap.cc:654] T 0eac4d91acca43f5938c65e2670fa41a P b8b130a35e8a466bbb48ca950528ec74: Neither blocks nor log segments found. Creating new log.
I20260713 09:03:14.263881  7015 leader_election.cc:290] T e27bd30fdfb54d5e9da389947925d800 P b8b130a35e8a466bbb48ca950528ec74 [CANDIDATE]: Term 1 pre-election: Requested pre-vote from peers 88720fb171284209a469fc275903b7df (127.5.152.130:45985), fe1e9fa0fdf54021987c2e7958a96ea3 (127.5.152.131:45467)
I20260713 09:03:14.266613  6896 tablet_service.cc:1917] Received RequestConsensusVote() RPC: tablet_id: "e27bd30fdfb54d5e9da389947925d800" candidate_uuid: "b8b130a35e8a466bbb48ca950528ec74" candidate_term: 1 candidate_status { last_received { term: 0 index: 0 } } ignore_live_leader: false dest_uuid: "88720fb171284209a469fc275903b7df" is_pre_election: true
I20260713 09:03:14.268124  6970 tablet_service.cc:1917] Received RequestConsensusVote() RPC: tablet_id: "e27bd30fdfb54d5e9da389947925d800" candidate_uuid: "b8b130a35e8a466bbb48ca950528ec74" candidate_term: 1 candidate_status { last_received { term: 0 index: 0 } } ignore_live_leader: false dest_uuid: "fe1e9fa0fdf54021987c2e7958a96ea3" is_pre_election: true
W20260713 09:03:14.269492  6787 leader_election.cc:343] T e27bd30fdfb54d5e9da389947925d800 P b8b130a35e8a466bbb48ca950528ec74 [CANDIDATE]: Term 1 pre-election: Tablet error from VoteRequest() call to peer fe1e9fa0fdf54021987c2e7958a96ea3 (127.5.152.131:45467): Illegal state: must be running to vote when last-logged opid is not known
I20260713 09:03:14.270355  7013 tablet_bootstrap.cc:492] T d8c6dbab6feb48b78432f496214a289f P fe1e9fa0fdf54021987c2e7958a96ea3: No bootstrap required, opened a new log
W20260713 09:03:14.270591  6785 leader_election.cc:343] T e27bd30fdfb54d5e9da389947925d800 P b8b130a35e8a466bbb48ca950528ec74 [CANDIDATE]: Term 1 pre-election: Tablet error from VoteRequest() call to peer 88720fb171284209a469fc275903b7df (127.5.152.130:45985): Illegal state: must be running to vote when last-logged opid is not known
I20260713 09:03:14.270788  7013 ts_tablet_manager.cc:1403] T d8c6dbab6feb48b78432f496214a289f P fe1e9fa0fdf54021987c2e7958a96ea3: Time spent bootstrapping tablet: real 0.019s	user 0.014s	sys 0.003s
I20260713 09:03:14.271034  6785 leader_election.cc:304] T e27bd30fdfb54d5e9da389947925d800 P b8b130a35e8a466bbb48ca950528ec74 [CANDIDATE]: Term 1 pre-election: Election decided. Result: candidate lost. Election summary: received 3 responses out of 3 voters: 1 yes votes; 2 no votes. yes voters: b8b130a35e8a466bbb48ca950528ec74; no voters: 88720fb171284209a469fc275903b7df, fe1e9fa0fdf54021987c2e7958a96ea3
I20260713 09:03:14.274279  7022 raft_consensus.cc:493] T 072f9f22321f492aab7f5ed02fab1df0 P fe1e9fa0fdf54021987c2e7958a96ea3 [term 0 FOLLOWER]: Starting pre-election (no leader contacted us within the election timeout)
I20260713 09:03:14.274020  7013 raft_consensus.cc:359] T d8c6dbab6feb48b78432f496214a289f P fe1e9fa0fdf54021987c2e7958a96ea3 [term 0 FOLLOWER]: Replica starting. Triggering 0 pending ops. Active config: opid_index: -1 OBSOLETE_local: false peers { permanent_uuid: "b8b130a35e8a466bbb48ca950528ec74" member_type: VOTER last_known_addr { host: "127.5.152.129" port: 46383 } } peers { permanent_uuid: "88720fb171284209a469fc275903b7df" member_type: VOTER last_known_addr { host: "127.5.152.130" port: 45985 } } peers { permanent_uuid: "fe1e9fa0fdf54021987c2e7958a96ea3" member_type: VOTER last_known_addr { host: "127.5.152.131" port: 45467 } }
I20260713 09:03:14.274992  7013 raft_consensus.cc:385] T d8c6dbab6feb48b78432f496214a289f P fe1e9fa0fdf54021987c2e7958a96ea3 [term 0 FOLLOWER]: Consensus starting up: Expiring failure detector timer to make a prompt election more likely
I20260713 09:03:14.275399  7013 raft_consensus.cc:740] T d8c6dbab6feb48b78432f496214a289f P fe1e9fa0fdf54021987c2e7958a96ea3 [term 0 FOLLOWER]: Becoming Follower/Learner. State: Replica: fe1e9fa0fdf54021987c2e7958a96ea3, State: Initialized, Role: FOLLOWER
I20260713 09:03:14.274780  7022 raft_consensus.cc:515] T 072f9f22321f492aab7f5ed02fab1df0 P fe1e9fa0fdf54021987c2e7958a96ea3 [term 0 FOLLOWER]: Starting pre-election with config: opid_index: -1 OBSOLETE_local: false peers { permanent_uuid: "b8b130a35e8a466bbb48ca950528ec74" member_type: VOTER last_known_addr { host: "127.5.152.129" port: 46383 } } peers { permanent_uuid: "88720fb171284209a469fc275903b7df" member_type: VOTER last_known_addr { host: "127.5.152.130" port: 45985 } } peers { permanent_uuid: "fe1e9fa0fdf54021987c2e7958a96ea3" member_type: VOTER last_known_addr { host: "127.5.152.131" port: 45467 } }
I20260713 09:03:14.276505  7015 raft_consensus.cc:2749] T e27bd30fdfb54d5e9da389947925d800 P b8b130a35e8a466bbb48ca950528ec74 [term 0 FOLLOWER]: Leader pre-election lost for term 1. Reason: could not achieve majority
I20260713 09:03:14.276217  7013 consensus_queue.cc:260] T d8c6dbab6feb48b78432f496214a289f P fe1e9fa0fdf54021987c2e7958a96ea3 [NON_LEADER]: Queue going to NON_LEADER mode. State: All replicated index: 0, Majority replicated index: 0, Committed index: 0, Last appended: 0.0, Last appended by leader: 0, Current term: 0, Majority size: -1, State: 0, Mode: NON_LEADER, active raft config: opid_index: -1 OBSOLETE_local: false peers { permanent_uuid: "b8b130a35e8a466bbb48ca950528ec74" member_type: VOTER last_known_addr { host: "127.5.152.129" port: 46383 } } peers { permanent_uuid: "88720fb171284209a469fc275903b7df" member_type: VOTER last_known_addr { host: "127.5.152.130" port: 45985 } } peers { permanent_uuid: "fe1e9fa0fdf54021987c2e7958a96ea3" member_type: VOTER last_known_addr { host: "127.5.152.131" port: 45467 } }
I20260713 09:03:14.278422  7010 tablet_bootstrap.cc:492] T 0eac4d91acca43f5938c65e2670fa41a P b8b130a35e8a466bbb48ca950528ec74: No bootstrap required, opened a new log
I20260713 09:03:14.279033  7010 ts_tablet_manager.cc:1403] T 0eac4d91acca43f5938c65e2670fa41a P b8b130a35e8a466bbb48ca950528ec74: Time spent bootstrapping tablet: real 0.023s	user 0.014s	sys 0.004s
I20260713 09:03:14.282544  7010 raft_consensus.cc:359] T 0eac4d91acca43f5938c65e2670fa41a P b8b130a35e8a466bbb48ca950528ec74 [term 0 FOLLOWER]: Replica starting. Triggering 0 pending ops. Active config: opid_index: -1 OBSOLETE_local: false peers { permanent_uuid: "b8b130a35e8a466bbb48ca950528ec74" member_type: VOTER last_known_addr { host: "127.5.152.129" port: 46383 } } peers { permanent_uuid: "88720fb171284209a469fc275903b7df" member_type: VOTER last_known_addr { host: "127.5.152.130" port: 45985 } } peers { permanent_uuid: "fe1e9fa0fdf54021987c2e7958a96ea3" member_type: VOTER last_known_addr { host: "127.5.152.131" port: 45467 } }
I20260713 09:03:14.283638  7010 raft_consensus.cc:385] T 0eac4d91acca43f5938c65e2670fa41a P b8b130a35e8a466bbb48ca950528ec74 [term 0 FOLLOWER]: Consensus starting up: Expiring failure detector timer to make a prompt election more likely
I20260713 09:03:14.283977  7010 raft_consensus.cc:740] T 0eac4d91acca43f5938c65e2670fa41a P b8b130a35e8a466bbb48ca950528ec74 [term 0 FOLLOWER]: Becoming Follower/Learner. State: Replica: b8b130a35e8a466bbb48ca950528ec74, State: Initialized, Role: FOLLOWER
I20260713 09:03:14.284171  7022 leader_election.cc:290] T 072f9f22321f492aab7f5ed02fab1df0 P fe1e9fa0fdf54021987c2e7958a96ea3 [CANDIDATE]: Term 1 pre-election: Requested pre-vote from peers b8b130a35e8a466bbb48ca950528ec74 (127.5.152.129:46383), 88720fb171284209a469fc275903b7df (127.5.152.130:45985)
I20260713 09:03:14.284842  7010 consensus_queue.cc:260] T 0eac4d91acca43f5938c65e2670fa41a P b8b130a35e8a466bbb48ca950528ec74 [NON_LEADER]: Queue going to NON_LEADER mode. State: All replicated index: 0, Majority replicated index: 0, Committed index: 0, Last appended: 0.0, Last appended by leader: 0, Current term: 0, Majority size: -1, State: 0, Mode: NON_LEADER, active raft config: opid_index: -1 OBSOLETE_local: false peers { permanent_uuid: "b8b130a35e8a466bbb48ca950528ec74" member_type: VOTER last_known_addr { host: "127.5.152.129" port: 46383 } } peers { permanent_uuid: "88720fb171284209a469fc275903b7df" member_type: VOTER last_known_addr { host: "127.5.152.130" port: 45985 } } peers { permanent_uuid: "fe1e9fa0fdf54021987c2e7958a96ea3" member_type: VOTER last_known_addr { host: "127.5.152.131" port: 45467 } }
I20260713 09:03:14.287263  7010 ts_tablet_manager.cc:1434] T 0eac4d91acca43f5938c65e2670fa41a P b8b130a35e8a466bbb48ca950528ec74: Time spent starting tablet: real 0.008s	user 0.007s	sys 0.001s
I20260713 09:03:14.288220  7010 tablet_bootstrap.cc:492] T a4bd6b81f2ef4445958727bb0cab489b P b8b130a35e8a466bbb48ca950528ec74: Bootstrap starting.
I20260713 09:03:14.289949  7017 raft_consensus.cc:493] T 072f9f22321f492aab7f5ed02fab1df0 P 88720fb171284209a469fc275903b7df [term 0 FOLLOWER]: Starting pre-election (no leader contacted us within the election timeout)
I20260713 09:03:14.290432  7017 raft_consensus.cc:515] T 072f9f22321f492aab7f5ed02fab1df0 P 88720fb171284209a469fc275903b7df [term 0 FOLLOWER]: Starting pre-election with config: opid_index: -1 OBSOLETE_local: false peers { permanent_uuid: "b8b130a35e8a466bbb48ca950528ec74" member_type: VOTER last_known_addr { host: "127.5.152.129" port: 46383 } } peers { permanent_uuid: "88720fb171284209a469fc275903b7df" member_type: VOTER last_known_addr { host: "127.5.152.130" port: 45985 } } peers { permanent_uuid: "fe1e9fa0fdf54021987c2e7958a96ea3" member_type: VOTER last_known_addr { host: "127.5.152.131" port: 45467 } }
I20260713 09:03:14.290580  7011 consensus_queue.cc:260] T 312ac97929494bb5a06856072282a039 P 88720fb171284209a469fc275903b7df [NON_LEADER]: Queue going to NON_LEADER mode. State: All replicated index: 0, Majority replicated index: 0, Committed index: 0, Last appended: 0.0, Last appended by leader: 0, Current term: 0, Majority size: -1, State: 0, Mode: NON_LEADER, active raft config: opid_index: -1 OBSOLETE_local: false peers { permanent_uuid: "b8b130a35e8a466bbb48ca950528ec74" member_type: VOTER last_known_addr { host: "127.5.152.129" port: 46383 } } peers { permanent_uuid: "fe1e9fa0fdf54021987c2e7958a96ea3" member_type: VOTER last_known_addr { host: "127.5.152.131" port: 45467 } } peers { permanent_uuid: "88720fb171284209a469fc275903b7df" member_type: VOTER last_known_addr { host: "127.5.152.130" port: 45985 } }
I20260713 09:03:14.292984  7017 leader_election.cc:290] T 072f9f22321f492aab7f5ed02fab1df0 P 88720fb171284209a469fc275903b7df [CANDIDATE]: Term 1 pre-election: Requested pre-vote from peers b8b130a35e8a466bbb48ca950528ec74 (127.5.152.129:46383), fe1e9fa0fdf54021987c2e7958a96ea3 (127.5.152.131:45467)
I20260713 09:03:14.306758  7010 tablet_bootstrap.cc:654] T a4bd6b81f2ef4445958727bb0cab489b P b8b130a35e8a466bbb48ca950528ec74: Neither blocks nor log segments found. Creating new log.
I20260713 09:03:14.307686  6896 tablet_service.cc:1917] Received RequestConsensusVote() RPC: tablet_id: "072f9f22321f492aab7f5ed02fab1df0" candidate_uuid: "fe1e9fa0fdf54021987c2e7958a96ea3" candidate_term: 1 candidate_status { last_received { term: 0 index: 0 } } ignore_live_leader: false dest_uuid: "88720fb171284209a469fc275903b7df" is_pre_election: true
I20260713 09:03:14.308394  6896 raft_consensus.cc:2468] T 072f9f22321f492aab7f5ed02fab1df0 P 88720fb171284209a469fc275903b7df [term 0 FOLLOWER]: Leader pre-election vote request: Granting yes vote for candidate fe1e9fa0fdf54021987c2e7958a96ea3 in term 0.
I20260713 09:03:14.310021  6934 leader_election.cc:304] T 072f9f22321f492aab7f5ed02fab1df0 P fe1e9fa0fdf54021987c2e7958a96ea3 [CANDIDATE]: Term 1 pre-election: Election decided. Result: candidate won. Election summary: received 2 responses out of 3 voters: 2 yes votes; 0 no votes. yes voters: 88720fb171284209a469fc275903b7df, fe1e9fa0fdf54021987c2e7958a96ea3; no voters: 
I20260713 09:03:14.311316  7028 raft_consensus.cc:2804] T 072f9f22321f492aab7f5ed02fab1df0 P fe1e9fa0fdf54021987c2e7958a96ea3 [term 0 FOLLOWER]: Leader pre-election won for term 1
I20260713 09:03:14.311700  7028 raft_consensus.cc:493] T 072f9f22321f492aab7f5ed02fab1df0 P fe1e9fa0fdf54021987c2e7958a96ea3 [term 0 FOLLOWER]: Starting leader election (no leader contacted us within the election timeout)
I20260713 09:03:14.312026  7028 raft_consensus.cc:3060] T 072f9f22321f492aab7f5ed02fab1df0 P fe1e9fa0fdf54021987c2e7958a96ea3 [term 0 FOLLOWER]: Advancing to term 1
I20260713 09:03:14.312480  7011 ts_tablet_manager.cc:1434] T 312ac97929494bb5a06856072282a039 P 88720fb171284209a469fc275903b7df: Time spent starting tablet: real 0.062s	user 0.004s	sys 0.006s
I20260713 09:03:14.316630  7015 raft_consensus.cc:493] T 0eac4d91acca43f5938c65e2670fa41a P b8b130a35e8a466bbb48ca950528ec74 [term 0 FOLLOWER]: Starting pre-election (no leader contacted us within the election timeout)
I20260713 09:03:14.317101  7015 raft_consensus.cc:515] T 0eac4d91acca43f5938c65e2670fa41a P b8b130a35e8a466bbb48ca950528ec74 [term 0 FOLLOWER]: Starting pre-election with config: opid_index: -1 OBSOLETE_local: false peers { permanent_uuid: "b8b130a35e8a466bbb48ca950528ec74" member_type: VOTER last_known_addr { host: "127.5.152.129" port: 46383 } } peers { permanent_uuid: "88720fb171284209a469fc275903b7df" member_type: VOTER last_known_addr { host: "127.5.152.130" port: 45985 } } peers { permanent_uuid: "fe1e9fa0fdf54021987c2e7958a96ea3" member_type: VOTER last_known_addr { host: "127.5.152.131" port: 45467 } }
I20260713 09:03:14.319064  7015 leader_election.cc:290] T 0eac4d91acca43f5938c65e2670fa41a P b8b130a35e8a466bbb48ca950528ec74 [CANDIDATE]: Term 1 pre-election: Requested pre-vote from peers 88720fb171284209a469fc275903b7df (127.5.152.130:45985), fe1e9fa0fdf54021987c2e7958a96ea3 (127.5.152.131:45467)
I20260713 09:03:14.320430  6896 tablet_service.cc:1917] Received RequestConsensusVote() RPC: tablet_id: "0eac4d91acca43f5938c65e2670fa41a" candidate_uuid: "b8b130a35e8a466bbb48ca950528ec74" candidate_term: 1 candidate_status { last_received { term: 0 index: 0 } } ignore_live_leader: false dest_uuid: "88720fb171284209a469fc275903b7df" is_pre_election: true
I20260713 09:03:14.320820  6970 tablet_service.cc:1917] Received RequestConsensusVote() RPC: tablet_id: "0eac4d91acca43f5938c65e2670fa41a" candidate_uuid: "b8b130a35e8a466bbb48ca950528ec74" candidate_term: 1 candidate_status { last_received { term: 0 index: 0 } } ignore_live_leader: false dest_uuid: "fe1e9fa0fdf54021987c2e7958a96ea3" is_pre_election: true
W20260713 09:03:14.322590  6785 leader_election.cc:343] T 0eac4d91acca43f5938c65e2670fa41a P b8b130a35e8a466bbb48ca950528ec74 [CANDIDATE]: Term 1 pre-election: Tablet error from VoteRequest() call to peer 88720fb171284209a469fc275903b7df (127.5.152.130:45985): Illegal state: must be running to vote when last-logged opid is not known
W20260713 09:03:14.322999  6787 leader_election.cc:343] T 0eac4d91acca43f5938c65e2670fa41a P b8b130a35e8a466bbb48ca950528ec74 [CANDIDATE]: Term 1 pre-election: Tablet error from VoteRequest() call to peer fe1e9fa0fdf54021987c2e7958a96ea3 (127.5.152.131:45467): Illegal state: must be running to vote when last-logged opid is not known
I20260713 09:03:14.323964  6787 leader_election.cc:304] T 0eac4d91acca43f5938c65e2670fa41a P b8b130a35e8a466bbb48ca950528ec74 [CANDIDATE]: Term 1 pre-election: Election decided. Result: candidate lost. Election summary: received 3 responses out of 3 voters: 1 yes votes; 2 no votes. yes voters: b8b130a35e8a466bbb48ca950528ec74; no voters: 88720fb171284209a469fc275903b7df, fe1e9fa0fdf54021987c2e7958a96ea3
I20260713 09:03:14.325088  7011 tablet_bootstrap.cc:492] T 0eac4d91acca43f5938c65e2670fa41a P 88720fb171284209a469fc275903b7df: Bootstrap starting.
I20260713 09:03:14.325037  7015 raft_consensus.cc:2749] T 0eac4d91acca43f5938c65e2670fa41a P b8b130a35e8a466bbb48ca950528ec74 [term 0 FOLLOWER]: Leader pre-election lost for term 1. Reason: could not achieve majority
I20260713 09:03:14.324828  7013 ts_tablet_manager.cc:1434] T d8c6dbab6feb48b78432f496214a289f P fe1e9fa0fdf54021987c2e7958a96ea3: Time spent starting tablet: real 0.054s	user 0.017s	sys 0.004s
I20260713 09:03:14.323437  7028 raft_consensus.cc:515] T 072f9f22321f492aab7f5ed02fab1df0 P fe1e9fa0fdf54021987c2e7958a96ea3 [term 1 FOLLOWER]: Starting leader election with config: opid_index: -1 OBSOLETE_local: false peers { permanent_uuid: "b8b130a35e8a466bbb48ca950528ec74" member_type: VOTER last_known_addr { host: "127.5.152.129" port: 46383 } } peers { permanent_uuid: "88720fb171284209a469fc275903b7df" member_type: VOTER last_known_addr { host: "127.5.152.130" port: 45985 } } peers { permanent_uuid: "fe1e9fa0fdf54021987c2e7958a96ea3" member_type: VOTER last_known_addr { host: "127.5.152.131" port: 45467 } }
I20260713 09:03:14.330972  7013 tablet_bootstrap.cc:492] T 3dbcfce8771b45cd9e2e7f2ba77edc0d P fe1e9fa0fdf54021987c2e7958a96ea3: Bootstrap starting.
I20260713 09:03:14.334007  7011 tablet_bootstrap.cc:654] T 0eac4d91acca43f5938c65e2670fa41a P 88720fb171284209a469fc275903b7df: Neither blocks nor log segments found. Creating new log.
I20260713 09:03:14.335896  7028 leader_election.cc:290] T 072f9f22321f492aab7f5ed02fab1df0 P fe1e9fa0fdf54021987c2e7958a96ea3 [CANDIDATE]: Term 1 election: Requested vote from peers b8b130a35e8a466bbb48ca950528ec74 (127.5.152.129:46383), 88720fb171284209a469fc275903b7df (127.5.152.130:45985)
I20260713 09:03:14.337014  6896 tablet_service.cc:1917] Received RequestConsensusVote() RPC: tablet_id: "072f9f22321f492aab7f5ed02fab1df0" candidate_uuid: "fe1e9fa0fdf54021987c2e7958a96ea3" candidate_term: 1 candidate_status { last_received { term: 0 index: 0 } } ignore_live_leader: false dest_uuid: "88720fb171284209a469fc275903b7df"
I20260713 09:03:14.337592  6896 raft_consensus.cc:3060] T 072f9f22321f492aab7f5ed02fab1df0 P 88720fb171284209a469fc275903b7df [term 0 FOLLOWER]: Advancing to term 1
I20260713 09:03:14.344998  6896 raft_consensus.cc:2468] T 072f9f22321f492aab7f5ed02fab1df0 P 88720fb171284209a469fc275903b7df [term 1 FOLLOWER]: Leader election vote request: Granting yes vote for candidate fe1e9fa0fdf54021987c2e7958a96ea3 in term 1.
I20260713 09:03:14.346412  6934 leader_election.cc:304] T 072f9f22321f492aab7f5ed02fab1df0 P fe1e9fa0fdf54021987c2e7958a96ea3 [CANDIDATE]: Term 1 election: Election decided. Result: candidate won. Election summary: received 2 responses out of 3 voters: 2 yes votes; 0 no votes. yes voters: 88720fb171284209a469fc275903b7df, fe1e9fa0fdf54021987c2e7958a96ea3; no voters: 
I20260713 09:03:14.347461  7028 raft_consensus.cc:2804] T 072f9f22321f492aab7f5ed02fab1df0 P fe1e9fa0fdf54021987c2e7958a96ea3 [term 1 FOLLOWER]: Leader election won for term 1
I20260713 09:03:14.348196  7028 raft_consensus.cc:697] T 072f9f22321f492aab7f5ed02fab1df0 P fe1e9fa0fdf54021987c2e7958a96ea3 [term 1 LEADER]: Becoming Leader. State: Replica: fe1e9fa0fdf54021987c2e7958a96ea3, State: Running, Role: LEADER
I20260713 09:03:14.348527  7013 tablet_bootstrap.cc:654] T 3dbcfce8771b45cd9e2e7f2ba77edc0d P fe1e9fa0fdf54021987c2e7958a96ea3: Neither blocks nor log segments found. Creating new log.
I20260713 09:03:14.349061  7028 consensus_queue.cc:237] T 072f9f22321f492aab7f5ed02fab1df0 P fe1e9fa0fdf54021987c2e7958a96ea3 [LEADER]: Queue going to LEADER mode. State: All replicated index: 0, Majority replicated index: 0, Committed index: 0, Last appended: 0.0, Last appended by leader: 0, Current term: 1, Majority size: 2, State: 0, Mode: LEADER, active raft config: opid_index: -1 OBSOLETE_local: false peers { permanent_uuid: "b8b130a35e8a466bbb48ca950528ec74" member_type: VOTER last_known_addr { host: "127.5.152.129" port: 46383 } } peers { permanent_uuid: "88720fb171284209a469fc275903b7df" member_type: VOTER last_known_addr { host: "127.5.152.130" port: 45985 } } peers { permanent_uuid: "fe1e9fa0fdf54021987c2e7958a96ea3" member_type: VOTER last_known_addr { host: "127.5.152.131" port: 45467 } }
I20260713 09:03:14.355269  6819 tablet_service.cc:1917] Received RequestConsensusVote() RPC: tablet_id: "072f9f22321f492aab7f5ed02fab1df0" candidate_uuid: "88720fb171284209a469fc275903b7df" candidate_term: 1 candidate_status { last_received { term: 0 index: 0 } } ignore_live_leader: false dest_uuid: "b8b130a35e8a466bbb48ca950528ec74" is_pre_election: true
I20260713 09:03:14.357097  6820 tablet_service.cc:1917] Received RequestConsensusVote() RPC: tablet_id: "072f9f22321f492aab7f5ed02fab1df0" candidate_uuid: "fe1e9fa0fdf54021987c2e7958a96ea3" candidate_term: 1 candidate_status { last_received { term: 0 index: 0 } } ignore_live_leader: false dest_uuid: "b8b130a35e8a466bbb48ca950528ec74"
I20260713 09:03:14.358456  6821 tablet_service.cc:1917] Received RequestConsensusVote() RPC: tablet_id: "072f9f22321f492aab7f5ed02fab1df0" candidate_uuid: "fe1e9fa0fdf54021987c2e7958a96ea3" candidate_term: 1 candidate_status { last_received { term: 0 index: 0 } } ignore_live_leader: false dest_uuid: "b8b130a35e8a466bbb48ca950528ec74" is_pre_election: true
W20260713 09:03:14.361585  6862 leader_election.cc:343] T 072f9f22321f492aab7f5ed02fab1df0 P 88720fb171284209a469fc275903b7df [CANDIDATE]: Term 1 pre-election: Tablet error from VoteRequest() call to peer b8b130a35e8a466bbb48ca950528ec74 (127.5.152.129:46383): Illegal state: must be running to vote when last-logged opid is not known
W20260713 09:03:14.361660  6936 leader_election.cc:343] T 072f9f22321f492aab7f5ed02fab1df0 P fe1e9fa0fdf54021987c2e7958a96ea3 [CANDIDATE]: Term 1 election: Tablet error from VoteRequest() call to peer b8b130a35e8a466bbb48ca950528ec74 (127.5.152.129:46383): Illegal state: must be running to vote when last-logged opid is not known
W20260713 09:03:14.362931  6936 leader_election.cc:343] T 072f9f22321f492aab7f5ed02fab1df0 P fe1e9fa0fdf54021987c2e7958a96ea3 [CANDIDATE]: Term 1 pre-election: Tablet error from VoteRequest() call to peer b8b130a35e8a466bbb48ca950528ec74 (127.5.152.129:46383): Illegal state: must be running to vote when last-logged opid is not known
I20260713 09:03:14.364643  6970 tablet_service.cc:1917] Received RequestConsensusVote() RPC: tablet_id: "072f9f22321f492aab7f5ed02fab1df0" candidate_uuid: "88720fb171284209a469fc275903b7df" candidate_term: 1 candidate_status { last_received { term: 0 index: 0 } } ignore_live_leader: false dest_uuid: "fe1e9fa0fdf54021987c2e7958a96ea3" is_pre_election: true
I20260713 09:03:14.366225  6862 leader_election.cc:304] T 072f9f22321f492aab7f5ed02fab1df0 P 88720fb171284209a469fc275903b7df [CANDIDATE]: Term 1 pre-election: Election decided. Result: candidate lost. Election summary: received 3 responses out of 3 voters: 1 yes votes; 2 no votes. yes voters: 88720fb171284209a469fc275903b7df; no voters: b8b130a35e8a466bbb48ca950528ec74, fe1e9fa0fdf54021987c2e7958a96ea3
I20260713 09:03:14.367200  7033 raft_consensus.cc:2749] T 072f9f22321f492aab7f5ed02fab1df0 P 88720fb171284209a469fc275903b7df [term 1 FOLLOWER]: Leader pre-election lost for term 1. Reason: could not achieve majority
I20260713 09:03:14.369527  7013 tablet_bootstrap.cc:492] T 3dbcfce8771b45cd9e2e7f2ba77edc0d P fe1e9fa0fdf54021987c2e7958a96ea3: No bootstrap required, opened a new log
I20260713 09:03:14.370059  7013 ts_tablet_manager.cc:1403] T 3dbcfce8771b45cd9e2e7f2ba77edc0d P fe1e9fa0fdf54021987c2e7958a96ea3: Time spent bootstrapping tablet: real 0.039s	user 0.012s	sys 0.004s
I20260713 09:03:14.371300  7010 tablet_bootstrap.cc:492] T a4bd6b81f2ef4445958727bb0cab489b P b8b130a35e8a466bbb48ca950528ec74: No bootstrap required, opened a new log
I20260713 09:03:14.371783  7010 ts_tablet_manager.cc:1403] T a4bd6b81f2ef4445958727bb0cab489b P b8b130a35e8a466bbb48ca950528ec74: Time spent bootstrapping tablet: real 0.084s	user 0.020s	sys 0.008s
I20260713 09:03:14.372088  6718 catalog_manager.cc:5697] T 072f9f22321f492aab7f5ed02fab1df0 P fe1e9fa0fdf54021987c2e7958a96ea3 reported cstate change: term changed from 0 to 1, leader changed from <none> to fe1e9fa0fdf54021987c2e7958a96ea3 (127.5.152.131). New cstate: current_term: 1 leader_uuid: "fe1e9fa0fdf54021987c2e7958a96ea3" committed_config { opid_index: -1 OBSOLETE_local: false peers { permanent_uuid: "b8b130a35e8a466bbb48ca950528ec74" member_type: VOTER last_known_addr { host: "127.5.152.129" port: 46383 } health_report { overall_health: UNKNOWN } } peers { permanent_uuid: "88720fb171284209a469fc275903b7df" member_type: VOTER last_known_addr { host: "127.5.152.130" port: 45985 } health_report { overall_health: UNKNOWN } } peers { permanent_uuid: "fe1e9fa0fdf54021987c2e7958a96ea3" member_type: VOTER last_known_addr { host: "127.5.152.131" port: 45467 } health_report { overall_health: HEALTHY } } }
I20260713 09:03:14.373044  7013 raft_consensus.cc:359] T 3dbcfce8771b45cd9e2e7f2ba77edc0d P fe1e9fa0fdf54021987c2e7958a96ea3 [term 0 FOLLOWER]: Replica starting. Triggering 0 pending ops. Active config: opid_index: -1 OBSOLETE_local: false peers { permanent_uuid: "b8b130a35e8a466bbb48ca950528ec74" member_type: VOTER last_known_addr { host: "127.5.152.129" port: 46383 } } peers { permanent_uuid: "88720fb171284209a469fc275903b7df" member_type: VOTER last_known_addr { host: "127.5.152.130" port: 45985 } } peers { permanent_uuid: "fe1e9fa0fdf54021987c2e7958a96ea3" member_type: VOTER last_known_addr { host: "127.5.152.131" port: 45467 } }
I20260713 09:03:14.373759  7013 raft_consensus.cc:385] T 3dbcfce8771b45cd9e2e7f2ba77edc0d P fe1e9fa0fdf54021987c2e7958a96ea3 [term 0 FOLLOWER]: Consensus starting up: Expiring failure detector timer to make a prompt election more likely
I20260713 09:03:14.374080  7013 raft_consensus.cc:740] T 3dbcfce8771b45cd9e2e7f2ba77edc0d P fe1e9fa0fdf54021987c2e7958a96ea3 [term 0 FOLLOWER]: Becoming Follower/Learner. State: Replica: fe1e9fa0fdf54021987c2e7958a96ea3, State: Initialized, Role: FOLLOWER
I20260713 09:03:14.373848  7010 raft_consensus.cc:359] T a4bd6b81f2ef4445958727bb0cab489b P b8b130a35e8a466bbb48ca950528ec74 [term 0 FOLLOWER]: Replica starting. Triggering 0 pending ops. Active config: opid_index: -1 OBSOLETE_local: false peers { permanent_uuid: "b8b130a35e8a466bbb48ca950528ec74" member_type: VOTER last_known_addr { host: "127.5.152.129" port: 46383 } } peers { permanent_uuid: "88720fb171284209a469fc275903b7df" member_type: VOTER last_known_addr { host: "127.5.152.130" port: 45985 } } peers { permanent_uuid: "fe1e9fa0fdf54021987c2e7958a96ea3" member_type: VOTER last_known_addr { host: "127.5.152.131" port: 45467 } }
I20260713 09:03:14.374574  7010 raft_consensus.cc:385] T a4bd6b81f2ef4445958727bb0cab489b P b8b130a35e8a466bbb48ca950528ec74 [term 0 FOLLOWER]: Consensus starting up: Expiring failure detector timer to make a prompt election more likely
I20260713 09:03:14.374902  7010 raft_consensus.cc:740] T a4bd6b81f2ef4445958727bb0cab489b P b8b130a35e8a466bbb48ca950528ec74 [term 0 FOLLOWER]: Becoming Follower/Learner. State: Replica: b8b130a35e8a466bbb48ca950528ec74, State: Initialized, Role: FOLLOWER
I20260713 09:03:14.374835  7013 consensus_queue.cc:260] T 3dbcfce8771b45cd9e2e7f2ba77edc0d P fe1e9fa0fdf54021987c2e7958a96ea3 [NON_LEADER]: Queue going to NON_LEADER mode. State: All replicated index: 0, Majority replicated index: 0, Committed index: 0, Last appended: 0.0, Last appended by leader: 0, Current term: 0, Majority size: -1, State: 0, Mode: NON_LEADER, active raft config: opid_index: -1 OBSOLETE_local: false peers { permanent_uuid: "b8b130a35e8a466bbb48ca950528ec74" member_type: VOTER last_known_addr { host: "127.5.152.129" port: 46383 } } peers { permanent_uuid: "88720fb171284209a469fc275903b7df" member_type: VOTER last_known_addr { host: "127.5.152.130" port: 45985 } } peers { permanent_uuid: "fe1e9fa0fdf54021987c2e7958a96ea3" member_type: VOTER last_known_addr { host: "127.5.152.131" port: 45467 } }
I20260713 09:03:14.375633  7010 consensus_queue.cc:260] T a4bd6b81f2ef4445958727bb0cab489b P b8b130a35e8a466bbb48ca950528ec74 [NON_LEADER]: Queue going to NON_LEADER mode. State: All replicated index: 0, Majority replicated index: 0, Committed index: 0, Last appended: 0.0, Last appended by leader: 0, Current term: 0, Majority size: -1, State: 0, Mode: NON_LEADER, active raft config: opid_index: -1 OBSOLETE_local: false peers { permanent_uuid: "b8b130a35e8a466bbb48ca950528ec74" member_type: VOTER last_known_addr { host: "127.5.152.129" port: 46383 } } peers { permanent_uuid: "88720fb171284209a469fc275903b7df" member_type: VOTER last_known_addr { host: "127.5.152.130" port: 45985 } } peers { permanent_uuid: "fe1e9fa0fdf54021987c2e7958a96ea3" member_type: VOTER last_known_addr { host: "127.5.152.131" port: 45467 } }
I20260713 09:03:14.377331  7013 ts_tablet_manager.cc:1434] T 3dbcfce8771b45cd9e2e7f2ba77edc0d P fe1e9fa0fdf54021987c2e7958a96ea3: Time spent starting tablet: real 0.007s	user 0.004s	sys 0.000s
I20260713 09:03:14.377763  7011 tablet_bootstrap.cc:492] T 0eac4d91acca43f5938c65e2670fa41a P 88720fb171284209a469fc275903b7df: No bootstrap required, opened a new log
I20260713 09:03:14.377828  7010 ts_tablet_manager.cc:1434] T a4bd6b81f2ef4445958727bb0cab489b P b8b130a35e8a466bbb48ca950528ec74: Time spent starting tablet: real 0.006s	user 0.004s	sys 0.000s
I20260713 09:03:14.378271  7013 tablet_bootstrap.cc:492] T e9b3a41a9fde47719cee84e7b7ba1177 P fe1e9fa0fdf54021987c2e7958a96ea3: Bootstrap starting.
I20260713 09:03:14.378294  7011 ts_tablet_manager.cc:1403] T 0eac4d91acca43f5938c65e2670fa41a P 88720fb171284209a469fc275903b7df: Time spent bootstrapping tablet: real 0.053s	user 0.012s	sys 0.000s
I20260713 09:03:14.378877  7010 tablet_bootstrap.cc:492] T 3dbcfce8771b45cd9e2e7f2ba77edc0d P b8b130a35e8a466bbb48ca950528ec74: Bootstrap starting.
I20260713 09:03:14.381167  7033 raft_consensus.cc:493] T d8c6dbab6feb48b78432f496214a289f P 88720fb171284209a469fc275903b7df [term 0 FOLLOWER]: Starting pre-election (no leader contacted us within the election timeout)
I20260713 09:03:14.381299  7011 raft_consensus.cc:359] T 0eac4d91acca43f5938c65e2670fa41a P 88720fb171284209a469fc275903b7df [term 0 FOLLOWER]: Replica starting. Triggering 0 pending ops. Active config: opid_index: -1 OBSOLETE_local: false peers { permanent_uuid: "b8b130a35e8a466bbb48ca950528ec74" member_type: VOTER last_known_addr { host: "127.5.152.129" port: 46383 } } peers { permanent_uuid: "88720fb171284209a469fc275903b7df" member_type: VOTER last_known_addr { host: "127.5.152.130" port: 45985 } } peers { permanent_uuid: "fe1e9fa0fdf54021987c2e7958a96ea3" member_type: VOTER last_known_addr { host: "127.5.152.131" port: 45467 } }
I20260713 09:03:14.381626  7033 raft_consensus.cc:515] T d8c6dbab6feb48b78432f496214a289f P 88720fb171284209a469fc275903b7df [term 0 FOLLOWER]: Starting pre-election with config: opid_index: -1 OBSOLETE_local: false peers { permanent_uuid: "b8b130a35e8a466bbb48ca950528ec74" member_type: VOTER last_known_addr { host: "127.5.152.129" port: 46383 } } peers { permanent_uuid: "88720fb171284209a469fc275903b7df" member_type: VOTER last_known_addr { host: "127.5.152.130" port: 45985 } } peers { permanent_uuid: "fe1e9fa0fdf54021987c2e7958a96ea3" member_type: VOTER last_known_addr { host: "127.5.152.131" port: 45467 } }
I20260713 09:03:14.382088  7011 raft_consensus.cc:385] T 0eac4d91acca43f5938c65e2670fa41a P 88720fb171284209a469fc275903b7df [term 0 FOLLOWER]: Consensus starting up: Expiring failure detector timer to make a prompt election more likely
I20260713 09:03:14.382504  7011 raft_consensus.cc:740] T 0eac4d91acca43f5938c65e2670fa41a P 88720fb171284209a469fc275903b7df [term 0 FOLLOWER]: Becoming Follower/Learner. State: Replica: 88720fb171284209a469fc275903b7df, State: Initialized, Role: FOLLOWER
I20260713 09:03:14.383769  7033 leader_election.cc:290] T d8c6dbab6feb48b78432f496214a289f P 88720fb171284209a469fc275903b7df [CANDIDATE]: Term 1 pre-election: Requested pre-vote from peers b8b130a35e8a466bbb48ca950528ec74 (127.5.152.129:46383), fe1e9fa0fdf54021987c2e7958a96ea3 (127.5.152.131:45467)
I20260713 09:03:14.383394  7011 consensus_queue.cc:260] T 0eac4d91acca43f5938c65e2670fa41a P 88720fb171284209a469fc275903b7df [NON_LEADER]: Queue going to NON_LEADER mode. State: All replicated index: 0, Majority replicated index: 0, Committed index: 0, Last appended: 0.0, Last appended by leader: 0, Current term: 0, Majority size: -1, State: 0, Mode: NON_LEADER, active raft config: opid_index: -1 OBSOLETE_local: false peers { permanent_uuid: "b8b130a35e8a466bbb48ca950528ec74" member_type: VOTER last_known_addr { host: "127.5.152.129" port: 46383 } } peers { permanent_uuid: "88720fb171284209a469fc275903b7df" member_type: VOTER last_known_addr { host: "127.5.152.130" port: 45985 } } peers { permanent_uuid: "fe1e9fa0fdf54021987c2e7958a96ea3" member_type: VOTER last_known_addr { host: "127.5.152.131" port: 45467 } }
I20260713 09:03:14.385494  7013 tablet_bootstrap.cc:654] T e9b3a41a9fde47719cee84e7b7ba1177 P fe1e9fa0fdf54021987c2e7958a96ea3: Neither blocks nor log segments found. Creating new log.
I20260713 09:03:14.385533  6970 tablet_service.cc:1917] Received RequestConsensusVote() RPC: tablet_id: "d8c6dbab6feb48b78432f496214a289f" candidate_uuid: "88720fb171284209a469fc275903b7df" candidate_term: 1 candidate_status { last_received { term: 0 index: 0 } } ignore_live_leader: false dest_uuid: "fe1e9fa0fdf54021987c2e7958a96ea3" is_pre_election: true
I20260713 09:03:14.386256  6970 raft_consensus.cc:2468] T d8c6dbab6feb48b78432f496214a289f P fe1e9fa0fdf54021987c2e7958a96ea3 [term 0 FOLLOWER]: Leader pre-election vote request: Granting yes vote for candidate 88720fb171284209a469fc275903b7df in term 0.
I20260713 09:03:14.386443  6821 tablet_service.cc:1917] Received RequestConsensusVote() RPC: tablet_id: "d8c6dbab6feb48b78432f496214a289f" candidate_uuid: "88720fb171284209a469fc275903b7df" candidate_term: 1 candidate_status { last_received { term: 0 index: 0 } } ignore_live_leader: false dest_uuid: "b8b130a35e8a466bbb48ca950528ec74" is_pre_election: true
I20260713 09:03:14.387006  6821 raft_consensus.cc:2468] T d8c6dbab6feb48b78432f496214a289f P b8b130a35e8a466bbb48ca950528ec74 [term 0 FOLLOWER]: Leader pre-election vote request: Granting yes vote for candidate 88720fb171284209a469fc275903b7df in term 0.
I20260713 09:03:14.387445  6862 leader_election.cc:304] T d8c6dbab6feb48b78432f496214a289f P 88720fb171284209a469fc275903b7df [CANDIDATE]: Term 1 pre-election: Election decided. Result: candidate won. Election summary: received 2 responses out of 3 voters: 2 yes votes; 0 no votes. yes voters: 88720fb171284209a469fc275903b7df, fe1e9fa0fdf54021987c2e7958a96ea3; no voters: 
I20260713 09:03:14.388173  7033 raft_consensus.cc:2804] T d8c6dbab6feb48b78432f496214a289f P 88720fb171284209a469fc275903b7df [term 0 FOLLOWER]: Leader pre-election won for term 1
I20260713 09:03:14.388588  7033 raft_consensus.cc:493] T d8c6dbab6feb48b78432f496214a289f P 88720fb171284209a469fc275903b7df [term 0 FOLLOWER]: Starting leader election (no leader contacted us within the election timeout)
I20260713 09:03:14.388798  7033 raft_consensus.cc:3060] T d8c6dbab6feb48b78432f496214a289f P 88720fb171284209a469fc275903b7df [term 0 FOLLOWER]: Advancing to term 1
I20260713 09:03:14.392556  7010 tablet_bootstrap.cc:654] T 3dbcfce8771b45cd9e2e7f2ba77edc0d P b8b130a35e8a466bbb48ca950528ec74: Neither blocks nor log segments found. Creating new log.
I20260713 09:03:14.393637  7033 raft_consensus.cc:515] T d8c6dbab6feb48b78432f496214a289f P 88720fb171284209a469fc275903b7df [term 1 FOLLOWER]: Starting leader election with config: opid_index: -1 OBSOLETE_local: false peers { permanent_uuid: "b8b130a35e8a466bbb48ca950528ec74" member_type: VOTER last_known_addr { host: "127.5.152.129" port: 46383 } } peers { permanent_uuid: "88720fb171284209a469fc275903b7df" member_type: VOTER last_known_addr { host: "127.5.152.130" port: 45985 } } peers { permanent_uuid: "fe1e9fa0fdf54021987c2e7958a96ea3" member_type: VOTER last_known_addr { host: "127.5.152.131" port: 45467 } }
I20260713 09:03:14.395318  7011 ts_tablet_manager.cc:1434] T 0eac4d91acca43f5938c65e2670fa41a P 88720fb171284209a469fc275903b7df: Time spent starting tablet: real 0.015s	user 0.005s	sys 0.001s
I20260713 09:03:14.396593  7011 tablet_bootstrap.cc:492] T a4bd6b81f2ef4445958727bb0cab489b P 88720fb171284209a469fc275903b7df: Bootstrap starting.
I20260713 09:03:14.396461  6821 tablet_service.cc:1917] Received RequestConsensusVote() RPC: tablet_id: "d8c6dbab6feb48b78432f496214a289f" candidate_uuid: "88720fb171284209a469fc275903b7df" candidate_term: 1 candidate_status { last_received { term: 0 index: 0 } } ignore_live_leader: false dest_uuid: "b8b130a35e8a466bbb48ca950528ec74"
I20260713 09:03:14.400117  6821 raft_consensus.cc:3060] T d8c6dbab6feb48b78432f496214a289f P b8b130a35e8a466bbb48ca950528ec74 [term 0 FOLLOWER]: Advancing to term 1
I20260713 09:03:14.403820  7011 tablet_bootstrap.cc:654] T a4bd6b81f2ef4445958727bb0cab489b P 88720fb171284209a469fc275903b7df: Neither blocks nor log segments found. Creating new log.
I20260713 09:03:14.406916  7013 tablet_bootstrap.cc:492] T e9b3a41a9fde47719cee84e7b7ba1177 P fe1e9fa0fdf54021987c2e7958a96ea3: No bootstrap required, opened a new log
I20260713 09:03:14.407466  7013 ts_tablet_manager.cc:1403] T e9b3a41a9fde47719cee84e7b7ba1177 P fe1e9fa0fdf54021987c2e7958a96ea3: Time spent bootstrapping tablet: real 0.029s	user 0.012s	sys 0.003s
I20260713 09:03:14.408599  7010 tablet_bootstrap.cc:492] T 3dbcfce8771b45cd9e2e7f2ba77edc0d P b8b130a35e8a466bbb48ca950528ec74: No bootstrap required, opened a new log
I20260713 09:03:14.409374  7010 ts_tablet_manager.cc:1403] T 3dbcfce8771b45cd9e2e7f2ba77edc0d P b8b130a35e8a466bbb48ca950528ec74: Time spent bootstrapping tablet: real 0.031s	user 0.011s	sys 0.006s
I20260713 09:03:14.411639  7013 raft_consensus.cc:359] T e9b3a41a9fde47719cee84e7b7ba1177 P fe1e9fa0fdf54021987c2e7958a96ea3 [term 0 FOLLOWER]: Replica starting. Triggering 0 pending ops. Active config: opid_index: -1 OBSOLETE_local: false peers { permanent_uuid: "b8b130a35e8a466bbb48ca950528ec74" member_type: VOTER last_known_addr { host: "127.5.152.129" port: 46383 } } peers { permanent_uuid: "88720fb171284209a469fc275903b7df" member_type: VOTER last_known_addr { host: "127.5.152.130" port: 45985 } } peers { permanent_uuid: "fe1e9fa0fdf54021987c2e7958a96ea3" member_type: VOTER last_known_addr { host: "127.5.152.131" port: 45467 } }
I20260713 09:03:14.412452  7013 raft_consensus.cc:385] T e9b3a41a9fde47719cee84e7b7ba1177 P fe1e9fa0fdf54021987c2e7958a96ea3 [term 0 FOLLOWER]: Consensus starting up: Expiring failure detector timer to make a prompt election more likely
I20260713 09:03:14.412249  7010 raft_consensus.cc:359] T 3dbcfce8771b45cd9e2e7f2ba77edc0d P b8b130a35e8a466bbb48ca950528ec74 [term 0 FOLLOWER]: Replica starting. Triggering 0 pending ops. Active config: opid_index: -1 OBSOLETE_local: false peers { permanent_uuid: "b8b130a35e8a466bbb48ca950528ec74" member_type: VOTER last_known_addr { host: "127.5.152.129" port: 46383 } } peers { permanent_uuid: "88720fb171284209a469fc275903b7df" member_type: VOTER last_known_addr { host: "127.5.152.130" port: 45985 } } peers { permanent_uuid: "fe1e9fa0fdf54021987c2e7958a96ea3" member_type: VOTER last_known_addr { host: "127.5.152.131" port: 45467 } }
I20260713 09:03:14.412814  7013 raft_consensus.cc:740] T e9b3a41a9fde47719cee84e7b7ba1177 P fe1e9fa0fdf54021987c2e7958a96ea3 [term 0 FOLLOWER]: Becoming Follower/Learner. State: Replica: fe1e9fa0fdf54021987c2e7958a96ea3, State: Initialized, Role: FOLLOWER
I20260713 09:03:14.413005  7010 raft_consensus.cc:385] T 3dbcfce8771b45cd9e2e7f2ba77edc0d P b8b130a35e8a466bbb48ca950528ec74 [term 0 FOLLOWER]: Consensus starting up: Expiring failure detector timer to make a prompt election more likely
I20260713 09:03:14.413321  7010 raft_consensus.cc:740] T 3dbcfce8771b45cd9e2e7f2ba77edc0d P b8b130a35e8a466bbb48ca950528ec74 [term 0 FOLLOWER]: Becoming Follower/Learner. State: Replica: b8b130a35e8a466bbb48ca950528ec74, State: Initialized, Role: FOLLOWER
I20260713 09:03:14.413821  7013 consensus_queue.cc:260] T e9b3a41a9fde47719cee84e7b7ba1177 P fe1e9fa0fdf54021987c2e7958a96ea3 [NON_LEADER]: Queue going to NON_LEADER mode. State: All replicated index: 0, Majority replicated index: 0, Committed index: 0, Last appended: 0.0, Last appended by leader: 0, Current term: 0, Majority size: -1, State: 0, Mode: NON_LEADER, active raft config: opid_index: -1 OBSOLETE_local: false peers { permanent_uuid: "b8b130a35e8a466bbb48ca950528ec74" member_type: VOTER last_known_addr { host: "127.5.152.129" port: 46383 } } peers { permanent_uuid: "88720fb171284209a469fc275903b7df" member_type: VOTER last_known_addr { host: "127.5.152.130" port: 45985 } } peers { permanent_uuid: "fe1e9fa0fdf54021987c2e7958a96ea3" member_type: VOTER last_known_addr { host: "127.5.152.131" port: 45467 } }
I20260713 09:03:14.414191  7010 consensus_queue.cc:260] T 3dbcfce8771b45cd9e2e7f2ba77edc0d P b8b130a35e8a466bbb48ca950528ec74 [NON_LEADER]: Queue going to NON_LEADER mode. State: All replicated index: 0, Majority replicated index: 0, Committed index: 0, Last appended: 0.0, Last appended by leader: 0, Current term: 0, Majority size: -1, State: 0, Mode: NON_LEADER, active raft config: opid_index: -1 OBSOLETE_local: false peers { permanent_uuid: "b8b130a35e8a466bbb48ca950528ec74" member_type: VOTER last_known_addr { host: "127.5.152.129" port: 46383 } } peers { permanent_uuid: "88720fb171284209a469fc275903b7df" member_type: VOTER last_known_addr { host: "127.5.152.130" port: 45985 } } peers { permanent_uuid: "fe1e9fa0fdf54021987c2e7958a96ea3" member_type: VOTER last_known_addr { host: "127.5.152.131" port: 45467 } }
I20260713 09:03:14.416491  7013 ts_tablet_manager.cc:1434] T e9b3a41a9fde47719cee84e7b7ba1177 P fe1e9fa0fdf54021987c2e7958a96ea3: Time spent starting tablet: real 0.009s	user 0.005s	sys 0.000s
I20260713 09:03:14.418995  7013 tablet_bootstrap.cc:492] T a4bd6b81f2ef4445958727bb0cab489b P fe1e9fa0fdf54021987c2e7958a96ea3: Bootstrap starting.
I20260713 09:03:14.420073  7010 ts_tablet_manager.cc:1434] T 3dbcfce8771b45cd9e2e7f2ba77edc0d P b8b130a35e8a466bbb48ca950528ec74: Time spent starting tablet: real 0.010s	user 0.003s	sys 0.003s
I20260713 09:03:14.421078  7010 tablet_bootstrap.cc:492] T 072f9f22321f492aab7f5ed02fab1df0 P b8b130a35e8a466bbb48ca950528ec74: Bootstrap starting.
I20260713 09:03:14.422770  6970 tablet_service.cc:1917] Received RequestConsensusVote() RPC: tablet_id: "d8c6dbab6feb48b78432f496214a289f" candidate_uuid: "88720fb171284209a469fc275903b7df" candidate_term: 1 candidate_status { last_received { term: 0 index: 0 } } ignore_live_leader: false dest_uuid: "fe1e9fa0fdf54021987c2e7958a96ea3"
I20260713 09:03:14.423533  6970 raft_consensus.cc:3060] T d8c6dbab6feb48b78432f496214a289f P fe1e9fa0fdf54021987c2e7958a96ea3 [term 0 FOLLOWER]: Advancing to term 1
I20260713 09:03:14.426422  7017 raft_consensus.cc:493] T 0eac4d91acca43f5938c65e2670fa41a P 88720fb171284209a469fc275903b7df [term 0 FOLLOWER]: Starting pre-election (no leader contacted us within the election timeout)
I20260713 09:03:14.427066  7017 raft_consensus.cc:515] T 0eac4d91acca43f5938c65e2670fa41a P 88720fb171284209a469fc275903b7df [term 0 FOLLOWER]: Starting pre-election with config: opid_index: -1 OBSOLETE_local: false peers { permanent_uuid: "b8b130a35e8a466bbb48ca950528ec74" member_type: VOTER last_known_addr { host: "127.5.152.129" port: 46383 } } peers { permanent_uuid: "88720fb171284209a469fc275903b7df" member_type: VOTER last_known_addr { host: "127.5.152.130" port: 45985 } } peers { permanent_uuid: "fe1e9fa0fdf54021987c2e7958a96ea3" member_type: VOTER last_known_addr { host: "127.5.152.131" port: 45467 } }
I20260713 09:03:14.429396  7017 leader_election.cc:290] T 0eac4d91acca43f5938c65e2670fa41a P 88720fb171284209a469fc275903b7df [CANDIDATE]: Term 1 pre-election: Requested pre-vote from peers b8b130a35e8a466bbb48ca950528ec74 (127.5.152.129:46383), fe1e9fa0fdf54021987c2e7958a96ea3 (127.5.152.131:45467)
I20260713 09:03:14.429363  7013 tablet_bootstrap.cc:654] T a4bd6b81f2ef4445958727bb0cab489b P fe1e9fa0fdf54021987c2e7958a96ea3: Neither blocks nor log segments found. Creating new log.
