I20260713 09:03:16.650064  6862 leader_election.cc:304] T b2368fd285fc4983a6d94621418063c3 P 88720fb171284209a469fc275903b7df [CANDIDATE]: Term 1 election: Election decided. Result: candidate won. Election summary: received 2 responses out of 3 voters: 2 yes votes; 0 no votes. yes voters: 88720fb171284209a469fc275903b7df, fe1e9fa0fdf54021987c2e7958a96ea3; no voters: 
I20260713 09:03:16.650849  7126 raft_consensus.cc:2804] T b2368fd285fc4983a6d94621418063c3 P 88720fb171284209a469fc275903b7df [term 1 FOLLOWER]: Leader election won for term 1
I20260713 09:03:16.651228  7126 raft_consensus.cc:697] T b2368fd285fc4983a6d94621418063c3 P 88720fb171284209a469fc275903b7df [term 1 LEADER]: Becoming Leader. State: Replica: 88720fb171284209a469fc275903b7df, State: Running, Role: LEADER
I20260713 09:03:16.651952  7126 consensus_queue.cc:237] T b2368fd285fc4983a6d94621418063c3 P 88720fb171284209a469fc275903b7df [LEADER]: Queue going to LEADER mode. State: All replicated index: 0, Majority replicated index: 0, Committed index: 0, Last appended: 0.0, Last appended by leader: 0, Current term: 1, Majority size: 2, State: 0, Mode: LEADER, active raft config: opid_index: -1 OBSOLETE_local: false peers { permanent_uuid: "b8b130a35e8a466bbb48ca950528ec74" member_type: VOTER last_known_addr { host: "127.5.152.129" port: 46383 } } peers { permanent_uuid: "88720fb171284209a469fc275903b7df" member_type: VOTER last_known_addr { host: "127.5.152.130" port: 45985 } } peers { permanent_uuid: "fe1e9fa0fdf54021987c2e7958a96ea3" member_type: VOTER last_known_addr { host: "127.5.152.131" port: 45467 } }
I20260713 09:03:16.659734  6716 catalog_manager.cc:5697] T b2368fd285fc4983a6d94621418063c3 P 88720fb171284209a469fc275903b7df reported cstate change: term changed from 0 to 1, leader changed from <none> to 88720fb171284209a469fc275903b7df (127.5.152.130). New cstate: current_term: 1 leader_uuid: "88720fb171284209a469fc275903b7df" committed_config { opid_index: -1 OBSOLETE_local: false peers { permanent_uuid: "b8b130a35e8a466bbb48ca950528ec74" member_type: VOTER last_known_addr { host: "127.5.152.129" port: 46383 } health_report { overall_health: UNKNOWN } } peers { permanent_uuid: "88720fb171284209a469fc275903b7df" member_type: VOTER last_known_addr { host: "127.5.152.130" port: 45985 } health_report { overall_health: HEALTHY } } peers { permanent_uuid: "fe1e9fa0fdf54021987c2e7958a96ea3" member_type: VOTER last_known_addr { host: "127.5.152.131" port: 45467 } health_report { overall_health: UNKNOWN } } }
I20260713 09:03:16.764385  7071 consensus_queue.cc:1048] T 1c31a82775c04f778b5d1b4213559af2 P b8b130a35e8a466bbb48ca950528ec74 [LEADER]: Connected to new peer: Peer: permanent_uuid: "88720fb171284209a469fc275903b7df" member_type: VOTER last_known_addr { host: "127.5.152.130" port: 45985 }, Status: LMP_MISMATCH, Last received: 0.0, Next index: 1, Last known committed idx: 0, Time since last communication: 0.000s
I20260713 09:03:16.773809  7146 consensus_queue.cc:1048] T 1c31a82775c04f778b5d1b4213559af2 P b8b130a35e8a466bbb48ca950528ec74 [LEADER]: Connected to new peer: Peer: permanent_uuid: "fe1e9fa0fdf54021987c2e7958a96ea3" member_type: VOTER last_known_addr { host: "127.5.152.131" port: 45467 }, Status: LMP_MISMATCH, Last received: 0.0, Next index: 1, Last known committed idx: 0, Time since last communication: 0.000s
I20260713 09:03:16.810606  7015 consensus_queue.cc:1048] T 9fdcd1085cf24fd8b088861b94c606e2 P b8b130a35e8a466bbb48ca950528ec74 [LEADER]: Connected to new peer: Peer: permanent_uuid: "88720fb171284209a469fc275903b7df" member_type: VOTER last_known_addr { host: "127.5.152.130" port: 45985 }, Status: LMP_MISMATCH, Last received: 0.0, Next index: 1, Last known committed idx: 0, Time since last communication: 0.000s
I20260713 09:03:16.815696  7015 consensus_queue.cc:1048] T 9fdcd1085cf24fd8b088861b94c606e2 P b8b130a35e8a466bbb48ca950528ec74 [LEADER]: Connected to new peer: Peer: permanent_uuid: "fe1e9fa0fdf54021987c2e7958a96ea3" member_type: VOTER last_known_addr { host: "127.5.152.131" port: 45467 }, Status: LMP_MISMATCH, Last received: 0.0, Next index: 1, Last known committed idx: 0, Time since last communication: 0.000s
I20260713 09:03:16.918335  7146 consensus_queue.cc:1048] T 3adf5724ec3140fd94e1fb17ecf0e56e P b8b130a35e8a466bbb48ca950528ec74 [LEADER]: Connected to new peer: Peer: permanent_uuid: "fe1e9fa0fdf54021987c2e7958a96ea3" member_type: VOTER last_known_addr { host: "127.5.152.131" port: 45467 }, Status: LMP_MISMATCH, Last received: 0.0, Next index: 1, Last known committed idx: 0, Time since last communication: 0.000s
I20260713 09:03:16.927274  6895 raft_consensus.cc:3060] T 3adf5724ec3140fd94e1fb17ecf0e56e P 88720fb171284209a469fc275903b7df [term 0 FOLLOWER]: Advancing to term 1
I20260713 09:03:16.936365  7071 consensus_queue.cc:1048] T 3adf5724ec3140fd94e1fb17ecf0e56e P b8b130a35e8a466bbb48ca950528ec74 [LEADER]: Connected to new peer: Peer: permanent_uuid: "88720fb171284209a469fc275903b7df" member_type: VOTER last_known_addr { host: "127.5.152.130" port: 45985 }, Status: LMP_MISMATCH, Last received: 0.0, Next index: 1, Last known committed idx: 0, Time since last communication: 0.000s
I20260713 09:03:17.003600  7126 consensus_queue.cc:1048] T 951eadc0f7864b268350e1b524008684 P 88720fb171284209a469fc275903b7df [LEADER]: Connected to new peer: Peer: permanent_uuid: "b8b130a35e8a466bbb48ca950528ec74" member_type: VOTER last_known_addr { host: "127.5.152.129" port: 46383 }, Status: LMP_MISMATCH, Last received: 0.0, Next index: 1, Last known committed idx: 0, Time since last communication: 0.000s
I20260713 09:03:17.012357  7126 consensus_queue.cc:1048] T 951eadc0f7864b268350e1b524008684 P 88720fb171284209a469fc275903b7df [LEADER]: Connected to new peer: Peer: permanent_uuid: "fe1e9fa0fdf54021987c2e7958a96ea3" member_type: VOTER last_known_addr { host: "127.5.152.131" port: 45467 }, Status: LMP_MISMATCH, Last received: 0.0, Next index: 1, Last known committed idx: 0, Time since last communication: 0.000s
I20260713 09:03:17.026502  5730 file_cache.cc:504] Constructed file cache file cache with capacity 419430
W20260713 09:03:17.033598  7192 instance_detector.cc:116] could not retrieve Azure instance metadata: Network error: curl error: HTTP response code said error: The requested URL returned error: 404
W20260713 09:03:17.032706  7191 instance_detector.cc:116] could not retrieve AWS instance metadata: Network error: curl error: HTTP response code said error: The requested URL returned error: 404
I20260713 09:03:17.037904  5730 server_base.cc:1061] running on GCE node
W20260713 09:03:17.039587  7194 instance_detector.cc:116] could not retrieve OpenStack instance metadata: Network error: curl error: HTTP response code said error: The requested URL returned error: 404
I20260713 09:03:17.041532  5730 hybrid_clock.cc:584] initializing the hybrid clock with 'system_unsync' time source
W20260713 09:03:17.041801  5730 system_unsync_time.cc:38] NTP support is disabled. Clock error bounds will not be accurate. This configuration is not suitable for distributed clusters.
I20260713 09:03:17.042019  5730 hybrid_clock.cc:648] HybridClock initialized: now 1783933397042000 us; error 0 us; skew 500 ppm
I20260713 09:03:17.042582  5730 server_base.cc:861] Flag tcmalloc_max_total_thread_cache_bytes is not working since tcmalloc is not enabled.
I20260713 09:03:17.047400  5730 webserver.cc:533] Webserver started at http://127.5.152.132:36723/ using document root <none> and password file <none>
I20260713 09:03:17.047889  5730 fs_manager.cc:362] Metadata directory not provided
I20260713 09:03:17.048099  5730 fs_manager.cc:368] Using write-ahead log directory (fs_wal_dir) as metadata directory
I20260713 09:03:17.048399  5730 server_base.cc:909] This appears to be a new deployment of Kudu; creating new FS layout
I20260713 09:03:17.049400  5730 fs_manager.cc:1068] Generated new instance metadata in path /tmp/dist-test-taskf0BRtH/test-tmp/auto_leader_rebalancer-test.0.LeaderRebalancerTest.AddTserver.1783933370108997-5730-0/minicluster-data/ts-3-root/instance:
uuid: "ed0bde4b55c04fb0812fbd8758dc9dd9"
format_stamp: "Formatted at 2026-07-13 09:03:17 on dist-test-slave-9r7z"
I20260713 09:03:17.054184  5730 fs_manager.cc:696] Time spent creating directory manager: real 0.004s	user 0.006s	sys 0.000s
I20260713 09:03:17.057438  7199 log_block_manager.cc:4127] Time spent loading block containers with low live blocks: real 0.000s	user 0.000s	sys 0.000s
I20260713 09:03:17.058128  5730 fs_manager.cc:730] Time spent opening block manager: real 0.002s	user 0.003s	sys 0.000s
I20260713 09:03:17.058471  5730 fs_manager.cc:647] Opened local filesystem: /tmp/dist-test-taskf0BRtH/test-tmp/auto_leader_rebalancer-test.0.LeaderRebalancerTest.AddTserver.1783933370108997-5730-0/minicluster-data/ts-3-root
uuid: "ed0bde4b55c04fb0812fbd8758dc9dd9"
format_stamp: "Formatted at 2026-07-13 09:03:17 on dist-test-slave-9r7z"
I20260713 09:03:17.058760  5730 fs_report.cc:389] FS layout report
--------------------
wal directory: /tmp/dist-test-taskf0BRtH/test-tmp/auto_leader_rebalancer-test.0.LeaderRebalancerTest.AddTserver.1783933370108997-5730-0/minicluster-data/ts-3-root
metadata directory: /tmp/dist-test-taskf0BRtH/test-tmp/auto_leader_rebalancer-test.0.LeaderRebalancerTest.AddTserver.1783933370108997-5730-0/minicluster-data/ts-3-root
1 data directories: /tmp/dist-test-taskf0BRtH/test-tmp/auto_leader_rebalancer-test.0.LeaderRebalancerTest.AddTserver.1783933370108997-5730-0/minicluster-data/ts-3-root/data
Total live blocks: 0
Total live bytes: 0
Total live bytes (after alignment): 0
Total number of LBM containers: 0 (0 full)
Did not check for missing blocks
Did not check for orphaned blocks
Total full LBM containers with extra space: 0 (0 repaired)
Total full LBM container extra space in bytes: 0 (0 repaired)
Total incomplete LBM containers: 0 (0 repaired)
Total LBM partial records: 0 (0 repaired)
Total corrupted LBM metadata records in RocksDB: 0 (0 repaired)
I20260713 09:03:17.074149  5730 rpc_server.cc:225] running with OpenSSL 1.1.1  11 Sep 2018
I20260713 09:03:17.075341  5730 kserver.cc:163] Server-wide thread pool size limit: 3276
I20260713 09:03:17.076778  5730 txn_system_client.cc:432] TxnSystemClient initialization is disabled...
I20260713 09:03:17.078809  5730 ts_tablet_manager.cc:585] Loaded tablet metadata (0 total tablets, 0 live tablets)
I20260713 09:03:17.079030  5730 ts_tablet_manager.cc:531] Time spent load tablet metadata: real 0.000s	user 0.000s	sys 0.000s
I20260713 09:03:17.079259  5730 ts_tablet_manager.cc:616] Registered 0 tablets
I20260713 09:03:17.079428  5730 ts_tablet_manager.cc:595] Time spent register tablets: real 0.000s	user 0.000s	sys 0.000s
I20260713 09:03:17.090071  7126 consensus_queue.cc:1048] T e2bc11f469384de59678e3c065448f36 P 88720fb171284209a469fc275903b7df [LEADER]: Connected to new peer: Peer: permanent_uuid: "b8b130a35e8a466bbb48ca950528ec74" member_type: VOTER last_known_addr { host: "127.5.152.129" port: 46383 }, Status: LMP_MISMATCH, Last received: 0.0, Next index: 1, Last known committed idx: 0, Time since last communication: 0.000s
I20260713 09:03:17.099318  7126 consensus_queue.cc:1048] T e2bc11f469384de59678e3c065448f36 P 88720fb171284209a469fc275903b7df [LEADER]: Connected to new peer: Peer: permanent_uuid: "fe1e9fa0fdf54021987c2e7958a96ea3" member_type: VOTER last_known_addr { host: "127.5.152.131" port: 45467 }, Status: LMP_MISMATCH, Last received: 0.0, Next index: 1, Last known committed idx: 0, Time since last communication: 0.001s
I20260713 09:03:17.179378  7124 consensus_queue.cc:1048] T b2368fd285fc4983a6d94621418063c3 P 88720fb171284209a469fc275903b7df [LEADER]: Connected to new peer: Peer: permanent_uuid: "fe1e9fa0fdf54021987c2e7958a96ea3" member_type: VOTER last_known_addr { host: "127.5.152.131" port: 45467 }, Status: LMP_MISMATCH, Last received: 0.0, Next index: 1, Last known committed idx: 0, Time since last communication: 0.000s
I20260713 09:03:17.200312  7126 consensus_queue.cc:1048] T b2368fd285fc4983a6d94621418063c3 P 88720fb171284209a469fc275903b7df [LEADER]: Connected to new peer: Peer: permanent_uuid: "b8b130a35e8a466bbb48ca950528ec74" member_type: VOTER last_known_addr { host: "127.5.152.129" port: 46383 }, Status: LMP_MISMATCH, Last received: 0.0, Next index: 1, Last known committed idx: 0, Time since last communication: 0.000s
I20260713 09:03:17.242228  5730 rpc_server.cc:307] RPC server started. Bound to: 127.5.152.132:33137
I20260713 09:03:17.242368  7265 acceptor_pool.cc:272] collecting diagnostics on the listening RPC socket 127.5.152.132:33137 every 8 connection(s)
I20260713 09:03:17.249235  5730 auto_leader_rebalancer-test.cc:392] add a tserver: ed0bde4b55c04fb0812fbd8758dc9dd9
I20260713 09:03:17.263876  7266 heartbeater.cc:344] Connected to a master server at 127.5.152.190:36989
I20260713 09:03:17.264292  7266 heartbeater.cc:461] Registering TS with master...
I20260713 09:03:17.264988  7266 heartbeater.cc:507] Master 127.5.152.190:36989 requested a full tablet report, sending...
I20260713 09:03:17.266799  6717 ts_manager.cc:194] Registered new tserver with Master: ed0bde4b55c04fb0812fbd8758dc9dd9 (127.5.152.132:33137)
I20260713 09:03:17.268123  6717 master_service.cc:502] Signed X509 certificate for tserver {username='slave'} at 127.0.0.1:56726
I20260713 09:03:18.263617  6816 consensus_queue.cc:237] T 14b1a559f96049e5b5ebe29a246c4923 P b8b130a35e8a466bbb48ca950528ec74 [LEADER]: Queue going to LEADER mode. State: All replicated index: 0, Majority replicated index: 1, Committed index: 1, Last appended: 1.1, Last appended by leader: 0, Current term: 1, Majority size: 2, State: 0, Mode: LEADER, active raft config: opid_index: 2 OBSOLETE_local: false peers { permanent_uuid: "b8b130a35e8a466bbb48ca950528ec74" member_type: VOTER last_known_addr { host: "127.5.152.129" port: 46383 } } peers { permanent_uuid: "88720fb171284209a469fc275903b7df" member_type: VOTER last_known_addr { host: "127.5.152.130" port: 45985 } attrs { replace: true } } peers { permanent_uuid: "fe1e9fa0fdf54021987c2e7958a96ea3" member_type: VOTER last_known_addr { host: "127.5.152.131" port: 45467 } } peers { permanent_uuid: "ed0bde4b55c04fb0812fbd8758dc9dd9" member_type: NON_VOTER last_known_addr { host: "127.5.152.132" port: 33137 } attrs { promote: true } }
I20260713 09:03:18.270183  7266 heartbeater.cc:499] Master 127.5.152.190:36989 was elected leader, sending a full tablet report...
I20260713 09:03:18.270942  6967 raft_consensus.cc:1275] T 14b1a559f96049e5b5ebe29a246c4923 P fe1e9fa0fdf54021987c2e7958a96ea3 [term 1 FOLLOWER]: Refusing update from remote peer b8b130a35e8a466bbb48ca950528ec74: Log matching property violated. Preceding OpId in replica: term: 1 index: 1. Preceding OpId from leader: term: 1 index: 2. (index mismatch)
I20260713 09:03:18.272957  6896 raft_consensus.cc:1275] T 14b1a559f96049e5b5ebe29a246c4923 P 88720fb171284209a469fc275903b7df [term 1 FOLLOWER]: Refusing update from remote peer b8b130a35e8a466bbb48ca950528ec74: Log matching property violated. Preceding OpId in replica: term: 1 index: 1. Preceding OpId from leader: term: 1 index: 2. (index mismatch)
I20260713 09:03:18.273653  7273 consensus_queue.cc:1048] T 14b1a559f96049e5b5ebe29a246c4923 P b8b130a35e8a466bbb48ca950528ec74 [LEADER]: Connected to new peer: Peer: permanent_uuid: "fe1e9fa0fdf54021987c2e7958a96ea3" member_type: VOTER last_known_addr { host: "127.5.152.131" port: 45467 }, Status: LMP_MISMATCH, Last received: 0.0, Next index: 2, Last known committed idx: 1, Time since last communication: 0.000s
I20260713 09:03:18.274575  7071 consensus_queue.cc:1048] T 14b1a559f96049e5b5ebe29a246c4923 P b8b130a35e8a466bbb48ca950528ec74 [LEADER]: Connected to new peer: Peer: permanent_uuid: "88720fb171284209a469fc275903b7df" member_type: VOTER last_known_addr { host: "127.5.152.130" port: 45985 } attrs { replace: true }, Status: LMP_MISMATCH, Last received: 0.0, Next index: 2, Last known committed idx: 1, Time since last communication: 0.000s
I20260713 09:03:18.282094  7273 raft_consensus.cc:2955] T 14b1a559f96049e5b5ebe29a246c4923 P b8b130a35e8a466bbb48ca950528ec74 [term 1 LEADER]: Committing config change with OpId 1.2: config changed from index -1 to 2, NON_VOTER ed0bde4b55c04fb0812fbd8758dc9dd9 (127.5.152.132) added. New config: { opid_index: 2 OBSOLETE_local: false peers { permanent_uuid: "b8b130a35e8a466bbb48ca950528ec74" member_type: VOTER last_known_addr { host: "127.5.152.129" port: 46383 } } peers { permanent_uuid: "88720fb171284209a469fc275903b7df" member_type: VOTER last_known_addr { host: "127.5.152.130" port: 45985 } attrs { replace: true } } peers { permanent_uuid: "fe1e9fa0fdf54021987c2e7958a96ea3" member_type: VOTER last_known_addr { host: "127.5.152.131" port: 45467 } } peers { permanent_uuid: "ed0bde4b55c04fb0812fbd8758dc9dd9" member_type: NON_VOTER last_known_addr { host: "127.5.152.132" port: 33137 } attrs { promote: true } } }
W20260713 09:03:18.284049  6785 consensus_peers.cc:597] T 14b1a559f96049e5b5ebe29a246c4923 P b8b130a35e8a466bbb48ca950528ec74 -> Peer ed0bde4b55c04fb0812fbd8758dc9dd9 (127.5.152.132:33137): Couldn't send request to peer ed0bde4b55c04fb0812fbd8758dc9dd9. Error code: TABLET_NOT_FOUND (6). Status: Not found: Tablet not found: 14b1a559f96049e5b5ebe29a246c4923. This is attempt 1: this message will repeat every 5th retry.
I20260713 09:03:18.283732  6896 raft_consensus.cc:2955] T 14b1a559f96049e5b5ebe29a246c4923 P 88720fb171284209a469fc275903b7df [term 1 FOLLOWER]: Committing config change with OpId 1.2: config changed from index -1 to 2, NON_VOTER ed0bde4b55c04fb0812fbd8758dc9dd9 (127.5.152.132) added. New config: { opid_index: 2 OBSOLETE_local: false peers { permanent_uuid: "b8b130a35e8a466bbb48ca950528ec74" member_type: VOTER last_known_addr { host: "127.5.152.129" port: 46383 } } peers { permanent_uuid: "88720fb171284209a469fc275903b7df" member_type: VOTER last_known_addr { host: "127.5.152.130" port: 45985 } attrs { replace: true } } peers { permanent_uuid: "fe1e9fa0fdf54021987c2e7958a96ea3" member_type: VOTER last_known_addr { host: "127.5.152.131" port: 45467 } } peers { permanent_uuid: "ed0bde4b55c04fb0812fbd8758dc9dd9" member_type: NON_VOTER last_known_addr { host: "127.5.152.132" port: 33137 } attrs { promote: true } } }
I20260713 09:03:18.292623  6967 raft_consensus.cc:2955] T 14b1a559f96049e5b5ebe29a246c4923 P fe1e9fa0fdf54021987c2e7958a96ea3 [term 1 FOLLOWER]: Committing config change with OpId 1.2: config changed from index -1 to 2, NON_VOTER ed0bde4b55c04fb0812fbd8758dc9dd9 (127.5.152.132) added. New config: { opid_index: 2 OBSOLETE_local: false peers { permanent_uuid: "b8b130a35e8a466bbb48ca950528ec74" member_type: VOTER last_known_addr { host: "127.5.152.129" port: 46383 } } peers { permanent_uuid: "88720fb171284209a469fc275903b7df" member_type: VOTER last_known_addr { host: "127.5.152.130" port: 45985 } attrs { replace: true } } peers { permanent_uuid: "fe1e9fa0fdf54021987c2e7958a96ea3" member_type: VOTER last_known_addr { host: "127.5.152.131" port: 45467 } } peers { permanent_uuid: "ed0bde4b55c04fb0812fbd8758dc9dd9" member_type: NON_VOTER last_known_addr { host: "127.5.152.132" port: 33137 } attrs { promote: true } } }
I20260713 09:03:18.298382  6717 catalog_manager.cc:5697] T 14b1a559f96049e5b5ebe29a246c4923 P 88720fb171284209a469fc275903b7df reported cstate change: config changed from index -1 to 2, NON_VOTER ed0bde4b55c04fb0812fbd8758dc9dd9 (127.5.152.132) added. New cstate: current_term: 1 leader_uuid: "b8b130a35e8a466bbb48ca950528ec74" committed_config { opid_index: 2 OBSOLETE_local: false peers { permanent_uuid: "b8b130a35e8a466bbb48ca950528ec74" member_type: VOTER last_known_addr { host: "127.5.152.129" port: 46383 } } peers { permanent_uuid: "88720fb171284209a469fc275903b7df" member_type: VOTER last_known_addr { host: "127.5.152.130" port: 45985 } attrs { replace: true } } peers { permanent_uuid: "fe1e9fa0fdf54021987c2e7958a96ea3" member_type: VOTER last_known_addr { host: "127.5.152.131" port: 45467 } } peers { permanent_uuid: "ed0bde4b55c04fb0812fbd8758dc9dd9" member_type: NON_VOTER last_known_addr { host: "127.5.152.132" port: 33137 } attrs { promote: true } } }
I20260713 09:03:18.315268  6896 consensus_queue.cc:237] T 0eac4d91acca43f5938c65e2670fa41a P 88720fb171284209a469fc275903b7df [LEADER]: Queue going to LEADER mode. State: All replicated index: 0, Majority replicated index: 1, Committed index: 1, Last appended: 1.1, Last appended by leader: 0, Current term: 1, Majority size: 2, State: 0, Mode: LEADER, active raft config: opid_index: 2 OBSOLETE_local: false peers { permanent_uuid: "b8b130a35e8a466bbb48ca950528ec74" member_type: VOTER last_known_addr { host: "127.5.152.129" port: 46383 } attrs { replace: true } } peers { permanent_uuid: "88720fb171284209a469fc275903b7df" member_type: VOTER last_known_addr { host: "127.5.152.130" port: 45985 } } peers { permanent_uuid: "fe1e9fa0fdf54021987c2e7958a96ea3" member_type: VOTER last_known_addr { host: "127.5.152.131" port: 45467 } } peers { permanent_uuid: "ed0bde4b55c04fb0812fbd8758dc9dd9" member_type: NON_VOTER last_known_addr { host: "127.5.152.132" port: 33137 } attrs { promote: true } }
I20260713 09:03:18.323647  6816 raft_consensus.cc:1275] T 0eac4d91acca43f5938c65e2670fa41a P b8b130a35e8a466bbb48ca950528ec74 [term 1 FOLLOWER]: Refusing update from remote peer 88720fb171284209a469fc275903b7df: Log matching property violated. Preceding OpId in replica: term: 1 index: 1. Preceding OpId from leader: term: 1 index: 2. (index mismatch)
I20260713 09:03:18.325232  6967 raft_consensus.cc:1275] T 0eac4d91acca43f5938c65e2670fa41a P fe1e9fa0fdf54021987c2e7958a96ea3 [term 1 FOLLOWER]: Refusing update from remote peer 88720fb171284209a469fc275903b7df: Log matching property violated. Preceding OpId in replica: term: 1 index: 1. Preceding OpId from leader: term: 1 index: 2. (index mismatch)
I20260713 09:03:18.325256  7126 consensus_queue.cc:1048] T 0eac4d91acca43f5938c65e2670fa41a P 88720fb171284209a469fc275903b7df [LEADER]: Connected to new peer: Peer: permanent_uuid: "b8b130a35e8a466bbb48ca950528ec74" member_type: VOTER last_known_addr { host: "127.5.152.129" port: 46383 } attrs { replace: true }, Status: LMP_MISMATCH, Last received: 0.0, Next index: 2, Last known committed idx: 1, Time since last communication: 0.001s
I20260713 09:03:18.327034  7125 consensus_queue.cc:1048] T 0eac4d91acca43f5938c65e2670fa41a P 88720fb171284209a469fc275903b7df [LEADER]: Connected to new peer: Peer: permanent_uuid: "fe1e9fa0fdf54021987c2e7958a96ea3" member_type: VOTER last_known_addr { host: "127.5.152.131" port: 45467 }, Status: LMP_MISMATCH, Last received: 0.0, Next index: 2, Last known committed idx: 1, Time since last communication: 0.000s
W20260713 09:03:18.338745  6860 consensus_peers.cc:597] T 0eac4d91acca43f5938c65e2670fa41a P 88720fb171284209a469fc275903b7df -> Peer ed0bde4b55c04fb0812fbd8758dc9dd9 (127.5.152.132:33137): Couldn't send request to peer ed0bde4b55c04fb0812fbd8758dc9dd9. Error code: TABLET_NOT_FOUND (6). Status: Not found: Tablet not found: 0eac4d91acca43f5938c65e2670fa41a. This is attempt 1: this message will repeat every 5th retry.
I20260713 09:03:18.345674  7125 raft_consensus.cc:2955] T 0eac4d91acca43f5938c65e2670fa41a P 88720fb171284209a469fc275903b7df [term 1 LEADER]: Committing config change with OpId 1.2: config changed from index -1 to 2, NON_VOTER ed0bde4b55c04fb0812fbd8758dc9dd9 (127.5.152.132) added. New config: { opid_index: 2 OBSOLETE_local: false peers { permanent_uuid: "b8b130a35e8a466bbb48ca950528ec74" member_type: VOTER last_known_addr { host: "127.5.152.129" port: 46383 } attrs { replace: true } } peers { permanent_uuid: "88720fb171284209a469fc275903b7df" member_type: VOTER last_known_addr { host: "127.5.152.130" port: 45985 } } peers { permanent_uuid: "fe1e9fa0fdf54021987c2e7958a96ea3" member_type: VOTER last_known_addr { host: "127.5.152.131" port: 45467 } } peers { permanent_uuid: "ed0bde4b55c04fb0812fbd8758dc9dd9" member_type: NON_VOTER last_known_addr { host: "127.5.152.132" port: 33137 } attrs { promote: true } } }
I20260713 09:03:18.349754  6967 raft_consensus.cc:2955] T 0eac4d91acca43f5938c65e2670fa41a P fe1e9fa0fdf54021987c2e7958a96ea3 [term 1 FOLLOWER]: Committing config change with OpId 1.2: config changed from index -1 to 2, NON_VOTER ed0bde4b55c04fb0812fbd8758dc9dd9 (127.5.152.132) added. New config: { opid_index: 2 OBSOLETE_local: false peers { permanent_uuid: "b8b130a35e8a466bbb48ca950528ec74" member_type: VOTER last_known_addr { host: "127.5.152.129" port: 46383 } attrs { replace: true } } peers { permanent_uuid: "88720fb171284209a469fc275903b7df" member_type: VOTER last_known_addr { host: "127.5.152.130" port: 45985 } } peers { permanent_uuid: "fe1e9fa0fdf54021987c2e7958a96ea3" member_type: VOTER last_known_addr { host: "127.5.152.131" port: 45467 } } peers { permanent_uuid: "ed0bde4b55c04fb0812fbd8758dc9dd9" member_type: NON_VOTER last_known_addr { host: "127.5.152.132" port: 33137 } attrs { promote: true } } }
I20260713 09:03:18.356808  6816 raft_consensus.cc:2955] T 0eac4d91acca43f5938c65e2670fa41a P b8b130a35e8a466bbb48ca950528ec74 [term 1 FOLLOWER]: Committing config change with OpId 1.2: config changed from index -1 to 2, NON_VOTER ed0bde4b55c04fb0812fbd8758dc9dd9 (127.5.152.132) added. New config: { opid_index: 2 OBSOLETE_local: false peers { permanent_uuid: "b8b130a35e8a466bbb48ca950528ec74" member_type: VOTER last_known_addr { host: "127.5.152.129" port: 46383 } attrs { replace: true } } peers { permanent_uuid: "88720fb171284209a469fc275903b7df" member_type: VOTER last_known_addr { host: "127.5.152.130" port: 45985 } } peers { permanent_uuid: "fe1e9fa0fdf54021987c2e7958a96ea3" member_type: VOTER last_known_addr { host: "127.5.152.131" port: 45467 } } peers { permanent_uuid: "ed0bde4b55c04fb0812fbd8758dc9dd9" member_type: NON_VOTER last_known_addr { host: "127.5.152.132" port: 33137 } attrs { promote: true } } }
I20260713 09:03:18.363564  6718 catalog_manager.cc:5697] T 0eac4d91acca43f5938c65e2670fa41a P fe1e9fa0fdf54021987c2e7958a96ea3 reported cstate change: config changed from index -1 to 2, NON_VOTER ed0bde4b55c04fb0812fbd8758dc9dd9 (127.5.152.132) added. New cstate: current_term: 1 leader_uuid: "88720fb171284209a469fc275903b7df" committed_config { opid_index: 2 OBSOLETE_local: false peers { permanent_uuid: "b8b130a35e8a466bbb48ca950528ec74" member_type: VOTER last_known_addr { host: "127.5.152.129" port: 46383 } attrs { replace: true } } peers { permanent_uuid: "88720fb171284209a469fc275903b7df" member_type: VOTER last_known_addr { host: "127.5.152.130" port: 45985 } } peers { permanent_uuid: "fe1e9fa0fdf54021987c2e7958a96ea3" member_type: VOTER last_known_addr { host: "127.5.152.131" port: 45467 } } peers { permanent_uuid: "ed0bde4b55c04fb0812fbd8758dc9dd9" member_type: NON_VOTER last_known_addr { host: "127.5.152.132" port: 33137 } attrs { promote: true } } }
I20260713 09:03:18.366775  6821 consensus_queue.cc:237] T 3adf5724ec3140fd94e1fb17ecf0e56e P b8b130a35e8a466bbb48ca950528ec74 [LEADER]: Queue going to LEADER mode. State: All replicated index: 0, Majority replicated index: 1, Committed index: 1, Last appended: 1.1, Last appended by leader: 0, Current term: 1, Majority size: 2, State: 0, Mode: LEADER, active raft config: opid_index: 2 OBSOLETE_local: false peers { permanent_uuid: "b8b130a35e8a466bbb48ca950528ec74" member_type: VOTER last_known_addr { host: "127.5.152.129" port: 46383 } } peers { permanent_uuid: "88720fb171284209a469fc275903b7df" member_type: VOTER last_known_addr { host: "127.5.152.130" port: 45985 } } peers { permanent_uuid: "fe1e9fa0fdf54021987c2e7958a96ea3" member_type: VOTER last_known_addr { host: "127.5.152.131" port: 45467 } attrs { replace: true } } peers { permanent_uuid: "ed0bde4b55c04fb0812fbd8758dc9dd9" member_type: NON_VOTER last_known_addr { host: "127.5.152.132" port: 33137 } attrs { promote: true } }
W20260713 09:03:18.378062  6785 consensus_peers.cc:597] T 3adf5724ec3140fd94e1fb17ecf0e56e P b8b130a35e8a466bbb48ca950528ec74 -> Peer ed0bde4b55c04fb0812fbd8758dc9dd9 (127.5.152.132:33137): Couldn't send request to peer ed0bde4b55c04fb0812fbd8758dc9dd9. Error code: TABLET_NOT_FOUND (6). Status: Not found: Tablet not found: 3adf5724ec3140fd94e1fb17ecf0e56e. This is attempt 1: this message will repeat every 5th retry.
I20260713 09:03:18.379554  6967 raft_consensus.cc:1275] T 3adf5724ec3140fd94e1fb17ecf0e56e P fe1e9fa0fdf54021987c2e7958a96ea3 [term 1 FOLLOWER]: Refusing update from remote peer b8b130a35e8a466bbb48ca950528ec74: Log matching property violated. Preceding OpId in replica: term: 1 index: 1. Preceding OpId from leader: term: 1 index: 2. (index mismatch)
I20260713 09:03:18.380390  6896 raft_consensus.cc:1275] T 3adf5724ec3140fd94e1fb17ecf0e56e P 88720fb171284209a469fc275903b7df [term 1 FOLLOWER]: Refusing update from remote peer b8b130a35e8a466bbb48ca950528ec74: Log matching property violated. Preceding OpId in replica: term: 1 index: 1. Preceding OpId from leader: term: 1 index: 2. (index mismatch)
I20260713 09:03:18.381533  7071 consensus_queue.cc:1048] T 3adf5724ec3140fd94e1fb17ecf0e56e P b8b130a35e8a466bbb48ca950528ec74 [LEADER]: Connected to new peer: Peer: permanent_uuid: "fe1e9fa0fdf54021987c2e7958a96ea3" member_type: VOTER last_known_addr { host: "127.5.152.131" port: 45467 } attrs { replace: true }, Status: LMP_MISMATCH, Last received: 0.0, Next index: 2, Last known committed idx: 1, Time since last communication: 0.000s
I20260713 09:03:18.383031  7273 consensus_queue.cc:1048] T 3adf5724ec3140fd94e1fb17ecf0e56e P b8b130a35e8a466bbb48ca950528ec74 [LEADER]: Connected to new peer: Peer: permanent_uuid: "88720fb171284209a469fc275903b7df" member_type: VOTER last_known_addr { host: "127.5.152.130" port: 45985 }, Status: LMP_MISMATCH, Last received: 0.0, Next index: 2, Last known committed idx: 1, Time since last communication: 0.000s
I20260713 09:03:18.390828  7278 raft_consensus.cc:2955] T 3adf5724ec3140fd94e1fb17ecf0e56e P b8b130a35e8a466bbb48ca950528ec74 [term 1 LEADER]: Committing config change with OpId 1.2: config changed from index -1 to 2, NON_VOTER ed0bde4b55c04fb0812fbd8758dc9dd9 (127.5.152.132) added. New config: { opid_index: 2 OBSOLETE_local: false peers { permanent_uuid: "b8b130a35e8a466bbb48ca950528ec74" member_type: VOTER last_known_addr { host: "127.5.152.129" port: 46383 } } peers { permanent_uuid: "88720fb171284209a469fc275903b7df" member_type: VOTER last_known_addr { host: "127.5.152.130" port: 45985 } } peers { permanent_uuid: "fe1e9fa0fdf54021987c2e7958a96ea3" member_type: VOTER last_known_addr { host: "127.5.152.131" port: 45467 } attrs { replace: true } } peers { permanent_uuid: "ed0bde4b55c04fb0812fbd8758dc9dd9" member_type: NON_VOTER last_known_addr { host: "127.5.152.132" port: 33137 } attrs { promote: true } } }
I20260713 09:03:18.392565  6970 raft_consensus.cc:2955] T 3adf5724ec3140fd94e1fb17ecf0e56e P fe1e9fa0fdf54021987c2e7958a96ea3 [term 1 FOLLOWER]: Committing config change with OpId 1.2: config changed from index -1 to 2, NON_VOTER ed0bde4b55c04fb0812fbd8758dc9dd9 (127.5.152.132) added. New config: { opid_index: 2 OBSOLETE_local: false peers { permanent_uuid: "b8b130a35e8a466bbb48ca950528ec74" member_type: VOTER last_known_addr { host: "127.5.152.129" port: 46383 } } peers { permanent_uuid: "88720fb171284209a469fc275903b7df" member_type: VOTER last_known_addr { host: "127.5.152.130" port: 45985 } } peers { permanent_uuid: "fe1e9fa0fdf54021987c2e7958a96ea3" member_type: VOTER last_known_addr { host: "127.5.152.131" port: 45467 } attrs { replace: true } } peers { permanent_uuid: "ed0bde4b55c04fb0812fbd8758dc9dd9" member_type: NON_VOTER last_known_addr { host: "127.5.152.132" port: 33137 } attrs { promote: true } } }
I20260713 09:03:18.394797  6896 raft_consensus.cc:2955] T 3adf5724ec3140fd94e1fb17ecf0e56e P 88720fb171284209a469fc275903b7df [term 1 FOLLOWER]: Committing config change with OpId 1.2: config changed from index -1 to 2, NON_VOTER ed0bde4b55c04fb0812fbd8758dc9dd9 (127.5.152.132) added. New config: { opid_index: 2 OBSOLETE_local: false peers { permanent_uuid: "b8b130a35e8a466bbb48ca950528ec74" member_type: VOTER last_known_addr { host: "127.5.152.129" port: 46383 } } peers { permanent_uuid: "88720fb171284209a469fc275903b7df" member_type: VOTER last_known_addr { host: "127.5.152.130" port: 45985 } } peers { permanent_uuid: "fe1e9fa0fdf54021987c2e7958a96ea3" member_type: VOTER last_known_addr { host: "127.5.152.131" port: 45467 } attrs { replace: true } } peers { permanent_uuid: "ed0bde4b55c04fb0812fbd8758dc9dd9" member_type: NON_VOTER last_known_addr { host: "127.5.152.132" port: 33137 } attrs { promote: true } } }
I20260713 09:03:18.407315  6718 catalog_manager.cc:5697] T 3adf5724ec3140fd94e1fb17ecf0e56e P b8b130a35e8a466bbb48ca950528ec74 reported cstate change: config changed from index -1 to 2, NON_VOTER ed0bde4b55c04fb0812fbd8758dc9dd9 (127.5.152.132) added. New cstate: current_term: 1 leader_uuid: "b8b130a35e8a466bbb48ca950528ec74" committed_config { opid_index: 2 OBSOLETE_local: false peers { permanent_uuid: "b8b130a35e8a466bbb48ca950528ec74" member_type: VOTER last_known_addr { host: "127.5.152.129" port: 46383 } health_report { overall_health: HEALTHY } } peers { permanent_uuid: "88720fb171284209a469fc275903b7df" member_type: VOTER last_known_addr { host: "127.5.152.130" port: 45985 } health_report { overall_health: HEALTHY } } peers { permanent_uuid: "fe1e9fa0fdf54021987c2e7958a96ea3" member_type: VOTER last_known_addr { host: "127.5.152.131" port: 45467 } attrs { replace: true } health_report { overall_health: HEALTHY } } peers { permanent_uuid: "ed0bde4b55c04fb0812fbd8758dc9dd9" member_type: NON_VOTER last_known_addr { host: "127.5.152.132" port: 33137 } attrs { promote: true } health_report { overall_health: UNKNOWN } } }
I20260713 09:03:18.417026  6970 consensus_queue.cc:237] T fa4ca51b8c7e4e719c39e396fb85fc8f P fe1e9fa0fdf54021987c2e7958a96ea3 [LEADER]: Queue going to LEADER mode. State: All replicated index: 0, Majority replicated index: 1, Committed index: 1, Last appended: 1.1, Last appended by leader: 0, Current term: 1, Majority size: 2, State: 0, Mode: LEADER, active raft config: opid_index: 2 OBSOLETE_local: false peers { permanent_uuid: "b8b130a35e8a466bbb48ca950528ec74" member_type: VOTER last_known_addr { host: "127.5.152.129" port: 46383 } attrs { replace: true } } peers { permanent_uuid: "88720fb171284209a469fc275903b7df" member_type: VOTER last_known_addr { host: "127.5.152.130" port: 45985 } } peers { permanent_uuid: "fe1e9fa0fdf54021987c2e7958a96ea3" member_type: VOTER last_known_addr { host: "127.5.152.131" port: 45467 } } peers { permanent_uuid: "ed0bde4b55c04fb0812fbd8758dc9dd9" member_type: NON_VOTER last_known_addr { host: "127.5.152.132" port: 33137 } attrs { promote: true } }
I20260713 09:03:18.423718  6896 raft_consensus.cc:1275] T fa4ca51b8c7e4e719c39e396fb85fc8f P 88720fb171284209a469fc275903b7df [term 1 FOLLOWER]: Refusing update from remote peer fe1e9fa0fdf54021987c2e7958a96ea3: Log matching property violated. Preceding OpId in replica: term: 1 index: 1. Preceding OpId from leader: term: 1 index: 2. (index mismatch)
I20260713 09:03:18.427095  7188 consensus_queue.cc:1048] T fa4ca51b8c7e4e719c39e396fb85fc8f P fe1e9fa0fdf54021987c2e7958a96ea3 [LEADER]: Connected to new peer: Peer: permanent_uuid: "88720fb171284209a469fc275903b7df" member_type: VOTER last_known_addr { host: "127.5.152.130" port: 45985 }, Status: LMP_MISMATCH, Last received: 0.0, Next index: 2, Last known committed idx: 1, Time since last communication: 0.000s
I20260713 09:03:18.428138  6821 raft_consensus.cc:1275] T fa4ca51b8c7e4e719c39e396fb85fc8f P b8b130a35e8a466bbb48ca950528ec74 [term 1 FOLLOWER]: Refusing update from remote peer fe1e9fa0fdf54021987c2e7958a96ea3: Log matching property violated. Preceding OpId in replica: term: 1 index: 1. Preceding OpId from leader: term: 1 index: 2. (index mismatch)
I20260713 09:03:18.429488  7188 consensus_queue.cc:1048] T fa4ca51b8c7e4e719c39e396fb85fc8f P fe1e9fa0fdf54021987c2e7958a96ea3 [LEADER]: Connected to new peer: Peer: permanent_uuid: "b8b130a35e8a466bbb48ca950528ec74" member_type: VOTER last_known_addr { host: "127.5.152.129" port: 46383 } attrs { replace: true }, Status: LMP_MISMATCH, Last received: 0.0, Next index: 2, Last known committed idx: 1, Time since last communication: 0.000s
W20260713 09:03:18.436815  6934 consensus_peers.cc:597] T fa4ca51b8c7e4e719c39e396fb85fc8f P fe1e9fa0fdf54021987c2e7958a96ea3 -> Peer ed0bde4b55c04fb0812fbd8758dc9dd9 (127.5.152.132:33137): Couldn't send request to peer ed0bde4b55c04fb0812fbd8758dc9dd9. Error code: TABLET_NOT_FOUND (6). Status: Not found: Tablet not found: fa4ca51b8c7e4e719c39e396fb85fc8f. This is attempt 1: this message will repeat every 5th retry.
I20260713 09:03:18.436925  7279 raft_consensus.cc:2955] T fa4ca51b8c7e4e719c39e396fb85fc8f P fe1e9fa0fdf54021987c2e7958a96ea3 [term 1 LEADER]: Committing config change with OpId 1.2: config changed from index -1 to 2, NON_VOTER ed0bde4b55c04fb0812fbd8758dc9dd9 (127.5.152.132) added. New config: { opid_index: 2 OBSOLETE_local: false peers { permanent_uuid: "b8b130a35e8a466bbb48ca950528ec74" member_type: VOTER last_known_addr { host: "127.5.152.129" port: 46383 } attrs { replace: true } } peers { permanent_uuid: "88720fb171284209a469fc275903b7df" member_type: VOTER last_known_addr { host: "127.5.152.130" port: 45985 } } peers { permanent_uuid: "fe1e9fa0fdf54021987c2e7958a96ea3" member_type: VOTER last_known_addr { host: "127.5.152.131" port: 45467 } } peers { permanent_uuid: "ed0bde4b55c04fb0812fbd8758dc9dd9" member_type: NON_VOTER last_known_addr { host: "127.5.152.132" port: 33137 } attrs { promote: true } } }
I20260713 09:03:18.438707  6896 raft_consensus.cc:2955] T fa4ca51b8c7e4e719c39e396fb85fc8f P 88720fb171284209a469fc275903b7df [term 1 FOLLOWER]: Committing config change with OpId 1.2: config changed from index -1 to 2, NON_VOTER ed0bde4b55c04fb0812fbd8758dc9dd9 (127.5.152.132) added. New config: { opid_index: 2 OBSOLETE_local: false peers { permanent_uuid: "b8b130a35e8a466bbb48ca950528ec74" member_type: VOTER last_known_addr { host: "127.5.152.129" port: 46383 } attrs { replace: true } } peers { permanent_uuid: "88720fb171284209a469fc275903b7df" member_type: VOTER last_known_addr { host: "127.5.152.130" port: 45985 } } peers { permanent_uuid: "fe1e9fa0fdf54021987c2e7958a96ea3" member_type: VOTER last_known_addr { host: "127.5.152.131" port: 45467 } } peers { permanent_uuid: "ed0bde4b55c04fb0812fbd8758dc9dd9" member_type: NON_VOTER last_known_addr { host: "127.5.152.132" port: 33137 } attrs { promote: true } } }
I20260713 09:03:18.440589  6821 raft_consensus.cc:2955] T fa4ca51b8c7e4e719c39e396fb85fc8f P b8b130a35e8a466bbb48ca950528ec74 [term 1 FOLLOWER]: Committing config change with OpId 1.2: config changed from index -1 to 2, NON_VOTER ed0bde4b55c04fb0812fbd8758dc9dd9 (127.5.152.132) added. New config: { opid_index: 2 OBSOLETE_local: false peers { permanent_uuid: "b8b130a35e8a466bbb48ca950528ec74" member_type: VOTER last_known_addr { host: "127.5.152.129" port: 46383 } attrs { replace: true } } peers { permanent_uuid: "88720fb171284209a469fc275903b7df" member_type: VOTER last_known_addr { host: "127.5.152.130" port: 45985 } } peers { permanent_uuid: "fe1e9fa0fdf54021987c2e7958a96ea3" member_type: VOTER last_known_addr { host: "127.5.152.131" port: 45467 } } peers { permanent_uuid: "ed0bde4b55c04fb0812fbd8758dc9dd9" member_type: NON_VOTER last_known_addr { host: "127.5.152.132" port: 33137 } attrs { promote: true } } }
I20260713 09:03:18.476213  6718 catalog_manager.cc:5697] T fa4ca51b8c7e4e719c39e396fb85fc8f P 88720fb171284209a469fc275903b7df reported cstate change: config changed from index -1 to 2, NON_VOTER ed0bde4b55c04fb0812fbd8758dc9dd9 (127.5.152.132) added. New cstate: current_term: 1 leader_uuid: "fe1e9fa0fdf54021987c2e7958a96ea3" committed_config { opid_index: 2 OBSOLETE_local: false peers { permanent_uuid: "b8b130a35e8a466bbb48ca950528ec74" member_type: VOTER last_known_addr { host: "127.5.152.129" port: 46383 } attrs { replace: true } } peers { permanent_uuid: "88720fb171284209a469fc275903b7df" member_type: VOTER last_known_addr { host: "127.5.152.130" port: 45985 } } peers { permanent_uuid: "fe1e9fa0fdf54021987c2e7958a96ea3" member_type: VOTER last_known_addr { host: "127.5.152.131" port: 45467 } } peers { permanent_uuid: "ed0bde4b55c04fb0812fbd8758dc9dd9" member_type: NON_VOTER last_known_addr { host: "127.5.152.132" port: 33137 } attrs { promote: true } } }
I20260713 09:03:18.678717  7299 ts_tablet_manager.cc:933] T 14b1a559f96049e5b5ebe29a246c4923 P ed0bde4b55c04fb0812fbd8758dc9dd9: Initiating tablet copy from peer b8b130a35e8a466bbb48ca950528ec74 (127.5.152.129:46383)
I20260713 09:03:18.680652  7299 tablet_copy_client.cc:323] T 14b1a559f96049e5b5ebe29a246c4923 P ed0bde4b55c04fb0812fbd8758dc9dd9: tablet copy: Beginning tablet copy session from remote peer at address 127.5.152.129:46383
I20260713 09:03:18.691892  6831 tablet_copy_service.cc:140] P b8b130a35e8a466bbb48ca950528ec74: Received BeginTabletCopySession request for tablet 14b1a559f96049e5b5ebe29a246c4923 from peer ed0bde4b55c04fb0812fbd8758dc9dd9 ({username='slave'} at 127.0.0.1:41642)
I20260713 09:03:18.692468  6831 tablet_copy_service.cc:161] P b8b130a35e8a466bbb48ca950528ec74: Beginning new tablet copy session on tablet 14b1a559f96049e5b5ebe29a246c4923 from peer ed0bde4b55c04fb0812fbd8758dc9dd9 at {username='slave'} at 127.0.0.1:41642: session id = ed0bde4b55c04fb0812fbd8758dc9dd9-14b1a559f96049e5b5ebe29a246c4923
I20260713 09:03:18.700057  6831 tablet_copy_source_session.cc:215] T 14b1a559f96049e5b5ebe29a246c4923 P b8b130a35e8a466bbb48ca950528ec74: Tablet Copy: opened 0 blocks and 1 log segments
I20260713 09:03:18.703388  7299 data_dirs.cc:400] Could only allocate 1 dirs of requested 3 for tablet 14b1a559f96049e5b5ebe29a246c4923. 1 dirs total, 0 dirs full, 0 dirs failed
I20260713 09:03:18.716187  7299 tablet_copy_client.cc:806] T 14b1a559f96049e5b5ebe29a246c4923 P ed0bde4b55c04fb0812fbd8758dc9dd9: tablet copy: Starting download of 0 data blocks...
I20260713 09:03:18.716820  7299 tablet_copy_client.cc:670] T 14b1a559f96049e5b5ebe29a246c4923 P ed0bde4b55c04fb0812fbd8758dc9dd9: tablet copy: Starting download of 1 WAL segments...
I20260713 09:03:18.720981  7299 tablet_copy_client.cc:538] T 14b1a559f96049e5b5ebe29a246c4923 P ed0bde4b55c04fb0812fbd8758dc9dd9: tablet copy: Tablet Copy complete. Replacing tablet superblock.
I20260713 09:03:18.727097  7299 tablet_bootstrap.cc:492] T 14b1a559f96049e5b5ebe29a246c4923 P ed0bde4b55c04fb0812fbd8758dc9dd9: Bootstrap starting.
I20260713 09:03:18.743611  7299 tablet_bootstrap.cc:492] T 14b1a559f96049e5b5ebe29a246c4923 P ed0bde4b55c04fb0812fbd8758dc9dd9: Bootstrap replayed 1/1 log segments. Stats: ops{read=2 overwritten=0 applied=2 ignored=0} inserts{seen=0 ignored=0} mutations{seen=0 ignored=0} orphaned_commits=0. Pending: 0 replicates
I20260713 09:03:18.744305  7299 tablet_bootstrap.cc:492] T 14b1a559f96049e5b5ebe29a246c4923 P ed0bde4b55c04fb0812fbd8758dc9dd9: Bootstrap complete.
I20260713 09:03:18.745142  7299 ts_tablet_manager.cc:1403] T 14b1a559f96049e5b5ebe29a246c4923 P ed0bde4b55c04fb0812fbd8758dc9dd9: Time spent bootstrapping tablet: real 0.018s	user 0.015s	sys 0.001s
I20260713 09:03:18.747383  7299 raft_consensus.cc:359] T 14b1a559f96049e5b5ebe29a246c4923 P ed0bde4b55c04fb0812fbd8758dc9dd9 [term 1 LEARNER]: Replica starting. Triggering 0 pending ops. Active config: opid_index: 2 OBSOLETE_local: false peers { permanent_uuid: "b8b130a35e8a466bbb48ca950528ec74" member_type: VOTER last_known_addr { host: "127.5.152.129" port: 46383 } } peers { permanent_uuid: "88720fb171284209a469fc275903b7df" member_type: VOTER last_known_addr { host: "127.5.152.130" port: 45985 } attrs { replace: true } } peers { permanent_uuid: "fe1e9fa0fdf54021987c2e7958a96ea3" member_type: VOTER last_known_addr { host: "127.5.152.131" port: 45467 } } peers { permanent_uuid: "ed0bde4b55c04fb0812fbd8758dc9dd9" member_type: NON_VOTER last_known_addr { host: "127.5.152.132" port: 33137 } attrs { promote: true } }
I20260713 09:03:18.747979  7299 raft_consensus.cc:740] T 14b1a559f96049e5b5ebe29a246c4923 P ed0bde4b55c04fb0812fbd8758dc9dd9 [term 1 LEARNER]: Becoming Follower/Learner. State: Replica: ed0bde4b55c04fb0812fbd8758dc9dd9, State: Initialized, Role: LEARNER
I20260713 09:03:18.748515  7299 consensus_queue.cc:260] T 14b1a559f96049e5b5ebe29a246c4923 P ed0bde4b55c04fb0812fbd8758dc9dd9 [NON_LEADER]: Queue going to NON_LEADER mode. State: All replicated index: 0, Majority replicated index: 0, Committed index: 2, Last appended: 1.2, Last appended by leader: 2, Current term: 0, Majority size: -1, State: 0, Mode: NON_LEADER, active raft config: opid_index: 2 OBSOLETE_local: false peers { permanent_uuid: "b8b130a35e8a466bbb48ca950528ec74" member_type: VOTER last_known_addr { host: "127.5.152.129" port: 46383 } } peers { permanent_uuid: "88720fb171284209a469fc275903b7df" member_type: VOTER last_known_addr { host: "127.5.152.130" port: 45985 } attrs { replace: true } } peers { permanent_uuid: "fe1e9fa0fdf54021987c2e7958a96ea3" member_type: VOTER last_known_addr { host: "127.5.152.131" port: 45467 } } peers { permanent_uuid: "ed0bde4b55c04fb0812fbd8758dc9dd9" member_type: NON_VOTER last_known_addr { host: "127.5.152.132" port: 33137 } attrs { promote: true } }
I20260713 09:03:18.751075  7299 ts_tablet_manager.cc:1434] T 14b1a559f96049e5b5ebe29a246c4923 P ed0bde4b55c04fb0812fbd8758dc9dd9: Time spent starting tablet: real 0.006s	user 0.008s	sys 0.000s
I20260713 09:03:18.752678  6831 tablet_copy_service.cc:342] P b8b130a35e8a466bbb48ca950528ec74: Request end of tablet copy session ed0bde4b55c04fb0812fbd8758dc9dd9-14b1a559f96049e5b5ebe29a246c4923 received from {username='slave'} at 127.0.0.1:41642
I20260713 09:03:18.753084  6831 tablet_copy_service.cc:434] P b8b130a35e8a466bbb48ca950528ec74: ending tablet copy session ed0bde4b55c04fb0812fbd8758dc9dd9-14b1a559f96049e5b5ebe29a246c4923 on tablet 14b1a559f96049e5b5ebe29a246c4923 with peer ed0bde4b55c04fb0812fbd8758dc9dd9
I20260713 09:03:18.777077  7299 ts_tablet_manager.cc:933] T 3adf5724ec3140fd94e1fb17ecf0e56e P ed0bde4b55c04fb0812fbd8758dc9dd9: Initiating tablet copy from peer b8b130a35e8a466bbb48ca950528ec74 (127.5.152.129:46383)
I20260713 09:03:18.778591  7299 tablet_copy_client.cc:323] T 3adf5724ec3140fd94e1fb17ecf0e56e P ed0bde4b55c04fb0812fbd8758dc9dd9: tablet copy: Beginning tablet copy session from remote peer at address 127.5.152.129:46383
I20260713 09:03:18.779932  6831 tablet_copy_service.cc:140] P b8b130a35e8a466bbb48ca950528ec74: Received BeginTabletCopySession request for tablet 3adf5724ec3140fd94e1fb17ecf0e56e from peer ed0bde4b55c04fb0812fbd8758dc9dd9 ({username='slave'} at 127.0.0.1:41642)
I20260713 09:03:18.780362  6831 tablet_copy_service.cc:161] P b8b130a35e8a466bbb48ca950528ec74: Beginning new tablet copy session on tablet 3adf5724ec3140fd94e1fb17ecf0e56e from peer ed0bde4b55c04fb0812fbd8758dc9dd9 at {username='slave'} at 127.0.0.1:41642: session id = ed0bde4b55c04fb0812fbd8758dc9dd9-3adf5724ec3140fd94e1fb17ecf0e56e
I20260713 09:03:18.784982  6831 tablet_copy_source_session.cc:215] T 3adf5724ec3140fd94e1fb17ecf0e56e P b8b130a35e8a466bbb48ca950528ec74: Tablet Copy: opened 0 blocks and 1 log segments
I20260713 09:03:18.787577  7299 data_dirs.cc:400] Could only allocate 1 dirs of requested 3 for tablet 3adf5724ec3140fd94e1fb17ecf0e56e. 1 dirs total, 0 dirs full, 0 dirs failed
I20260713 09:03:18.801146  7299 tablet_copy_client.cc:806] T 3adf5724ec3140fd94e1fb17ecf0e56e P ed0bde4b55c04fb0812fbd8758dc9dd9: tablet copy: Starting download of 0 data blocks...
I20260713 09:03:18.801695  7299 tablet_copy_client.cc:670] T 3adf5724ec3140fd94e1fb17ecf0e56e P ed0bde4b55c04fb0812fbd8758dc9dd9: tablet copy: Starting download of 1 WAL segments...
I20260713 09:03:18.805521  7299 tablet_copy_client.cc:538] T 3adf5724ec3140fd94e1fb17ecf0e56e P ed0bde4b55c04fb0812fbd8758dc9dd9: tablet copy: Tablet Copy complete. Replacing tablet superblock.
I20260713 09:03:18.811033  7299 tablet_bootstrap.cc:492] T 3adf5724ec3140fd94e1fb17ecf0e56e P ed0bde4b55c04fb0812fbd8758dc9dd9: Bootstrap starting.
I20260713 09:03:18.826386  7299 tablet_bootstrap.cc:492] T 3adf5724ec3140fd94e1fb17ecf0e56e P ed0bde4b55c04fb0812fbd8758dc9dd9: Bootstrap replayed 1/1 log segments. Stats: ops{read=2 overwritten=0 applied=2 ignored=0} inserts{seen=0 ignored=0} mutations{seen=0 ignored=0} orphaned_commits=0. Pending: 0 replicates
I20260713 09:03:18.827116  7299 tablet_bootstrap.cc:492] T 3adf5724ec3140fd94e1fb17ecf0e56e P ed0bde4b55c04fb0812fbd8758dc9dd9: Bootstrap complete.
I20260713 09:03:18.827693  7299 ts_tablet_manager.cc:1403] T 3adf5724ec3140fd94e1fb17ecf0e56e P ed0bde4b55c04fb0812fbd8758dc9dd9: Time spent bootstrapping tablet: real 0.017s	user 0.015s	sys 0.001s
I20260713 09:03:18.829782  7299 raft_consensus.cc:359] T 3adf5724ec3140fd94e1fb17ecf0e56e P ed0bde4b55c04fb0812fbd8758dc9dd9 [term 1 LEARNER]: Replica starting. Triggering 0 pending ops. Active config: opid_index: 2 OBSOLETE_local: false peers { permanent_uuid: "b8b130a35e8a466bbb48ca950528ec74" member_type: VOTER last_known_addr { host: "127.5.152.129" port: 46383 } } peers { permanent_uuid: "88720fb171284209a469fc275903b7df" member_type: VOTER last_known_addr { host: "127.5.152.130" port: 45985 } } peers { permanent_uuid: "fe1e9fa0fdf54021987c2e7958a96ea3" member_type: VOTER last_known_addr { host: "127.5.152.131" port: 45467 } attrs { replace: true } } peers { permanent_uuid: "ed0bde4b55c04fb0812fbd8758dc9dd9" member_type: NON_VOTER last_known_addr { host: "127.5.152.132" port: 33137 } attrs { promote: true } }
I20260713 09:03:18.830386  7299 raft_consensus.cc:740] T 3adf5724ec3140fd94e1fb17ecf0e56e P ed0bde4b55c04fb0812fbd8758dc9dd9 [term 1 LEARNER]: Becoming Follower/Learner. State: Replica: ed0bde4b55c04fb0812fbd8758dc9dd9, State: Initialized, Role: LEARNER
