I20260713 09:03:04.167032  6732 consensus_queue.cc:1048] T 20da8e57ab354986bed6b37bd7a35fb7 P 377b0aed9ef5443db0b27ebe1426981d [LEADER]: Connected to new peer: Peer: permanent_uuid: "85ee622375654018a752d7aeb72b70b5" member_type: VOTER last_known_addr { host: "127.5.169.194" port: 35141 }, Status: LMP_MISMATCH, Last received: 0.0, Next index: 2, Last known committed idx: 1, Time since last communication: 0.000s
I20260713 09:03:04.174679  6568 raft_consensus.cc:1275] T 20da8e57ab354986bed6b37bd7a35fb7 P a4addb1ede924fcfa49b8b7e770029c6 [term 2 FOLLOWER]: Refusing update from remote peer 377b0aed9ef5443db0b27ebe1426981d: Log matching property violated. Preceding OpId in replica: term: 1 index: 1. Preceding OpId from leader: term: 2 index: 2. (index mismatch)
I20260713 09:03:04.176126  6729 consensus_queue.cc:1048] T 20da8e57ab354986bed6b37bd7a35fb7 P 377b0aed9ef5443db0b27ebe1426981d [LEADER]: Connected to new peer: Peer: permanent_uuid: "a4addb1ede924fcfa49b8b7e770029c6" member_type: VOTER last_known_addr { host: "127.5.169.195" port: 36407 }, Status: LMP_MISMATCH, Last received: 0.0, Next index: 2, Last known committed idx: 1, Time since last communication: 0.000s
I20260713 09:03:04.261394  6496 raft_consensus.cc:1275] T 22dc2af630d74981a4d955ef92493185 P 85ee622375654018a752d7aeb72b70b5 [term 4 FOLLOWER]: Refusing update from remote peer 377b0aed9ef5443db0b27ebe1426981d: Log matching property violated. Preceding OpId in replica: term: 3 index: 3. Preceding OpId from leader: term: 4 index: 4. (index mismatch)
I20260713 09:03:04.262683  6729 consensus_queue.cc:1048] T 22dc2af630d74981a4d955ef92493185 P 377b0aed9ef5443db0b27ebe1426981d [LEADER]: Connected to new peer: Peer: permanent_uuid: "85ee622375654018a752d7aeb72b70b5" member_type: VOTER last_known_addr { host: "127.5.169.194" port: 35141 }, Status: LMP_MISMATCH, Last received: 0.0, Next index: 4, Last known committed idx: 3, Time since last communication: 0.000s
I20260713 09:03:04.269768  6568 raft_consensus.cc:1275] T 22dc2af630d74981a4d955ef92493185 P a4addb1ede924fcfa49b8b7e770029c6 [term 4 FOLLOWER]: Refusing update from remote peer 377b0aed9ef5443db0b27ebe1426981d: Log matching property violated. Preceding OpId in replica: term: 3 index: 3. Preceding OpId from leader: term: 4 index: 4. (index mismatch)
I20260713 09:03:04.271502  6729 consensus_queue.cc:1048] T 22dc2af630d74981a4d955ef92493185 P 377b0aed9ef5443db0b27ebe1426981d [LEADER]: Connected to new peer: Peer: permanent_uuid: "a4addb1ede924fcfa49b8b7e770029c6" member_type: VOTER last_known_addr { host: "127.5.169.195" port: 36407 }, Status: LMP_MISMATCH, Last received: 0.0, Next index: 4, Last known committed idx: 3, Time since last communication: 0.000s
I20260713 09:03:04.514689  6496 raft_consensus.cc:1275] T 985c1eec2f1d406fafc3d33166221e73 P 85ee622375654018a752d7aeb72b70b5 [term 3 FOLLOWER]: Refusing update from remote peer 377b0aed9ef5443db0b27ebe1426981d: Log matching property violated. Preceding OpId in replica: term: 2 index: 2. Preceding OpId from leader: term: 3 index: 3. (index mismatch)
I20260713 09:03:04.515970  6729 consensus_queue.cc:1048] T 985c1eec2f1d406fafc3d33166221e73 P 377b0aed9ef5443db0b27ebe1426981d [LEADER]: Connected to new peer: Peer: permanent_uuid: "85ee622375654018a752d7aeb72b70b5" member_type: VOTER last_known_addr { host: "127.5.169.194" port: 35141 }, Status: LMP_MISMATCH, Last received: 0.0, Next index: 3, Last known committed idx: 2, Time since last communication: 0.000s
I20260713 09:03:04.525336  6568 raft_consensus.cc:1275] T 985c1eec2f1d406fafc3d33166221e73 P a4addb1ede924fcfa49b8b7e770029c6 [term 3 FOLLOWER]: Refusing update from remote peer 377b0aed9ef5443db0b27ebe1426981d: Log matching property violated. Preceding OpId in replica: term: 2 index: 2. Preceding OpId from leader: term: 3 index: 3. (index mismatch)
I20260713 09:03:04.526960  6616 consensus_queue.cc:1048] T 985c1eec2f1d406fafc3d33166221e73 P 377b0aed9ef5443db0b27ebe1426981d [LEADER]: Connected to new peer: Peer: permanent_uuid: "a4addb1ede924fcfa49b8b7e770029c6" member_type: VOTER last_known_addr { host: "127.5.169.195" port: 36407 }, Status: LMP_MISMATCH, Last received: 0.0, Next index: 3, Last known committed idx: 2, Time since last communication: 0.000s
I20260713 09:03:06.572604  5799 auto_leader_rebalancer.cc:141] leader rebalance for table test-workload
I20260713 09:03:06.580130  6422 tablet_service.cc:2072] Received LeaderStepDown RPC: tablet_id: "20da8e57ab354986bed6b37bd7a35fb7"
dest_uuid: "377b0aed9ef5443db0b27ebe1426981d"
mode: GRACEFUL
new_leader_uuid: "a4addb1ede924fcfa49b8b7e770029c6"
 from {username='slave'} at 127.0.0.1:57376
I20260713 09:03:06.581022  6422 raft_consensus.cc:606] T 20da8e57ab354986bed6b37bd7a35fb7 P 377b0aed9ef5443db0b27ebe1426981d [term 2 LEADER]: Received request to transfer leadership to TS a4addb1ede924fcfa49b8b7e770029c6
I20260713 09:03:06.583835  6422 tablet_service.cc:2072] Received LeaderStepDown RPC: tablet_id: "26e33b9d1e734cdca18427ae0ada7fba"
dest_uuid: "377b0aed9ef5443db0b27ebe1426981d"
mode: GRACEFUL
new_leader_uuid: "a4addb1ede924fcfa49b8b7e770029c6"
 from {username='slave'} at 127.0.0.1:57376
I20260713 09:03:06.584251  6422 raft_consensus.cc:606] T 26e33b9d1e734cdca18427ae0ada7fba P 377b0aed9ef5443db0b27ebe1426981d [term 1 LEADER]: Received request to transfer leadership to TS a4addb1ede924fcfa49b8b7e770029c6
I20260713 09:03:06.586745  6422 tablet_service.cc:2072] Received LeaderStepDown RPC: tablet_id: "3bb00dedd8604556a1ce90e12fbf1020"
dest_uuid: "377b0aed9ef5443db0b27ebe1426981d"
mode: GRACEFUL
new_leader_uuid: "85ee622375654018a752d7aeb72b70b5"
 from {username='slave'} at 127.0.0.1:57376
I20260713 09:03:06.587355  6422 raft_consensus.cc:606] T 3bb00dedd8604556a1ce90e12fbf1020 P 377b0aed9ef5443db0b27ebe1426981d [term 3 LEADER]: Received request to transfer leadership to TS 85ee622375654018a752d7aeb72b70b5
I20260713 09:03:06.589921  6422 tablet_service.cc:2072] Received LeaderStepDown RPC: tablet_id: "9cfd7538f619413d832953aa85ff7d35"
dest_uuid: "377b0aed9ef5443db0b27ebe1426981d"
mode: GRACEFUL
new_leader_uuid: "85ee622375654018a752d7aeb72b70b5"
 from {username='slave'} at 127.0.0.1:57376
I20260713 09:03:06.590468  6422 raft_consensus.cc:606] T 9cfd7538f619413d832953aa85ff7d35 P 377b0aed9ef5443db0b27ebe1426981d [term 2 LEADER]: Received request to transfer leadership to TS 85ee622375654018a752d7aeb72b70b5
I20260713 09:03:06.593078  5799 auto_leader_rebalancer.cc:479] table: test-workload, leader rebalance finish, leader transfer count: 4
I20260713 09:03:06.593604  5799 auto_leader_rebalancer.cc:554] All tables' leader rebalancing finished this round
I20260713 09:03:06.671062  6740 raft_consensus.cc:993] T 20da8e57ab354986bed6b37bd7a35fb7 P 377b0aed9ef5443db0b27ebe1426981d: : Instructing follower a4addb1ede924fcfa49b8b7e770029c6 to start an election
I20260713 09:03:06.671808  6732 raft_consensus.cc:1081] T 20da8e57ab354986bed6b37bd7a35fb7 P 377b0aed9ef5443db0b27ebe1426981d [term 2 LEADER]: Signalling peer a4addb1ede924fcfa49b8b7e770029c6 to start an election
I20260713 09:03:06.673367  6568 tablet_service.cc:2044] Received Run Leader Election RPC: tablet_id: "20da8e57ab354986bed6b37bd7a35fb7"
dest_uuid: "a4addb1ede924fcfa49b8b7e770029c6"
 from {username='slave'} at 127.0.0.1:34782
I20260713 09:03:06.673826  6568 raft_consensus.cc:493] T 20da8e57ab354986bed6b37bd7a35fb7 P a4addb1ede924fcfa49b8b7e770029c6 [term 2 FOLLOWER]: Starting forced leader election (received explicit request)
I20260713 09:03:06.674161  6568 raft_consensus.cc:3060] T 20da8e57ab354986bed6b37bd7a35fb7 P a4addb1ede924fcfa49b8b7e770029c6 [term 2 FOLLOWER]: Advancing to term 3
I20260713 09:03:06.678988  6568 raft_consensus.cc:515] T 20da8e57ab354986bed6b37bd7a35fb7 P a4addb1ede924fcfa49b8b7e770029c6 [term 3 FOLLOWER]: Starting forced leader election with config: opid_index: -1 OBSOLETE_local: false peers { permanent_uuid: "377b0aed9ef5443db0b27ebe1426981d" member_type: VOTER last_known_addr { host: "127.5.169.193" port: 32963 } } peers { permanent_uuid: "85ee622375654018a752d7aeb72b70b5" member_type: VOTER last_known_addr { host: "127.5.169.194" port: 35141 } } peers { permanent_uuid: "a4addb1ede924fcfa49b8b7e770029c6" member_type: VOTER last_known_addr { host: "127.5.169.195" port: 36407 } }
I20260713 09:03:06.680550  6568 leader_election.cc:290] T 20da8e57ab354986bed6b37bd7a35fb7 P a4addb1ede924fcfa49b8b7e770029c6 [CANDIDATE]: Term 3 election: Requested vote from peers 377b0aed9ef5443db0b27ebe1426981d (127.5.169.193:32963), 85ee622375654018a752d7aeb72b70b5 (127.5.169.194:35141)
I20260713 09:03:06.681660  6496 tablet_service.cc:1917] Received RequestConsensusVote() RPC: tablet_id: "20da8e57ab354986bed6b37bd7a35fb7" candidate_uuid: "a4addb1ede924fcfa49b8b7e770029c6" candidate_term: 3 candidate_status { last_received { term: 2 index: 2 } } ignore_live_leader: true dest_uuid: "85ee622375654018a752d7aeb72b70b5"
I20260713 09:03:06.681504  6422 tablet_service.cc:1917] Received RequestConsensusVote() RPC: tablet_id: "20da8e57ab354986bed6b37bd7a35fb7" candidate_uuid: "a4addb1ede924fcfa49b8b7e770029c6" candidate_term: 3 candidate_status { last_received { term: 2 index: 2 } } ignore_live_leader: true dest_uuid: "377b0aed9ef5443db0b27ebe1426981d"
I20260713 09:03:06.682294  6496 raft_consensus.cc:3060] T 20da8e57ab354986bed6b37bd7a35fb7 P 85ee622375654018a752d7aeb72b70b5 [term 2 FOLLOWER]: Advancing to term 3
I20260713 09:03:06.682322  6422 raft_consensus.cc:3055] T 20da8e57ab354986bed6b37bd7a35fb7 P 377b0aed9ef5443db0b27ebe1426981d [term 2 LEADER]: Stepping down as leader of term 2
I20260713 09:03:06.682883  6422 raft_consensus.cc:740] T 20da8e57ab354986bed6b37bd7a35fb7 P 377b0aed9ef5443db0b27ebe1426981d [term 2 LEADER]: Becoming Follower/Learner. State: Replica: 377b0aed9ef5443db0b27ebe1426981d, State: Running, Role: LEADER
I20260713 09:03:06.683703  6422 consensus_queue.cc:260] T 20da8e57ab354986bed6b37bd7a35fb7 P 377b0aed9ef5443db0b27ebe1426981d [NON_LEADER]: Queue going to NON_LEADER mode. State: All replicated index: 0, Majority replicated index: 2, Committed index: 2, Last appended: 2.2, Last appended by leader: 2, Current term: 2, Majority size: -1, State: 0, Mode: NON_LEADER, active raft config: opid_index: -1 OBSOLETE_local: false peers { permanent_uuid: "377b0aed9ef5443db0b27ebe1426981d" member_type: VOTER last_known_addr { host: "127.5.169.193" port: 32963 } } peers { permanent_uuid: "85ee622375654018a752d7aeb72b70b5" member_type: VOTER last_known_addr { host: "127.5.169.194" port: 35141 } } peers { permanent_uuid: "a4addb1ede924fcfa49b8b7e770029c6" member_type: VOTER last_known_addr { host: "127.5.169.195" port: 36407 } }
I20260713 09:03:06.685035  6422 raft_consensus.cc:3060] T 20da8e57ab354986bed6b37bd7a35fb7 P 377b0aed9ef5443db0b27ebe1426981d [term 2 FOLLOWER]: Advancing to term 3
I20260713 09:03:06.689353  6496 raft_consensus.cc:2468] T 20da8e57ab354986bed6b37bd7a35fb7 P 85ee622375654018a752d7aeb72b70b5 [term 3 FOLLOWER]: Leader election vote request: Granting yes vote for candidate a4addb1ede924fcfa49b8b7e770029c6 in term 3.
I20260713 09:03:06.690656  6537 leader_election.cc:304] T 20da8e57ab354986bed6b37bd7a35fb7 P a4addb1ede924fcfa49b8b7e770029c6 [CANDIDATE]: Term 3 election: Election decided. Result: candidate won. Election summary: received 2 responses out of 3 voters: 2 yes votes; 0 no votes. yes voters: 85ee622375654018a752d7aeb72b70b5, a4addb1ede924fcfa49b8b7e770029c6; no voters: 
I20260713 09:03:06.691551  6725 raft_consensus.cc:2804] T 20da8e57ab354986bed6b37bd7a35fb7 P a4addb1ede924fcfa49b8b7e770029c6 [term 3 FOLLOWER]: Leader election won for term 3
I20260713 09:03:06.691857  6422 raft_consensus.cc:2468] T 20da8e57ab354986bed6b37bd7a35fb7 P 377b0aed9ef5443db0b27ebe1426981d [term 3 FOLLOWER]: Leader election vote request: Granting yes vote for candidate a4addb1ede924fcfa49b8b7e770029c6 in term 3.
I20260713 09:03:06.692585  6725 raft_consensus.cc:697] T 20da8e57ab354986bed6b37bd7a35fb7 P a4addb1ede924fcfa49b8b7e770029c6 [term 3 LEADER]: Becoming Leader. State: Replica: a4addb1ede924fcfa49b8b7e770029c6, State: Running, Role: LEADER
I20260713 09:03:06.693605  6725 consensus_queue.cc:237] T 20da8e57ab354986bed6b37bd7a35fb7 P a4addb1ede924fcfa49b8b7e770029c6 [LEADER]: Queue going to LEADER mode. State: All replicated index: 0, Majority replicated index: 2, Committed index: 2, Last appended: 2.2, Last appended by leader: 2, Current term: 3, Majority size: 2, State: 0, Mode: LEADER, active raft config: opid_index: -1 OBSOLETE_local: false peers { permanent_uuid: "377b0aed9ef5443db0b27ebe1426981d" member_type: VOTER last_known_addr { host: "127.5.169.193" port: 32963 } } peers { permanent_uuid: "85ee622375654018a752d7aeb72b70b5" member_type: VOTER last_known_addr { host: "127.5.169.194" port: 35141 } } peers { permanent_uuid: "a4addb1ede924fcfa49b8b7e770029c6" member_type: VOTER last_known_addr { host: "127.5.169.195" port: 36407 } }
I20260713 09:03:06.699995  6318 catalog_manager.cc:5697] T 20da8e57ab354986bed6b37bd7a35fb7 P a4addb1ede924fcfa49b8b7e770029c6 reported cstate change: term changed from 2 to 3, leader changed from 377b0aed9ef5443db0b27ebe1426981d (127.5.169.193) to a4addb1ede924fcfa49b8b7e770029c6 (127.5.169.195). New cstate: current_term: 3 leader_uuid: "a4addb1ede924fcfa49b8b7e770029c6" committed_config { opid_index: -1 OBSOLETE_local: false peers { permanent_uuid: "377b0aed9ef5443db0b27ebe1426981d" member_type: VOTER last_known_addr { host: "127.5.169.193" port: 32963 } health_report { overall_health: UNKNOWN } } peers { permanent_uuid: "85ee622375654018a752d7aeb72b70b5" member_type: VOTER last_known_addr { host: "127.5.169.194" port: 35141 } health_report { overall_health: UNKNOWN } } peers { permanent_uuid: "a4addb1ede924fcfa49b8b7e770029c6" member_type: VOTER last_known_addr { host: "127.5.169.195" port: 36407 } health_report { overall_health: HEALTHY } } }
I20260713 09:03:06.820468  6740 raft_consensus.cc:993] T 9cfd7538f619413d832953aa85ff7d35 P 377b0aed9ef5443db0b27ebe1426981d: : Instructing follower 85ee622375654018a752d7aeb72b70b5 to start an election
I20260713 09:03:06.820960  6740 raft_consensus.cc:1081] T 9cfd7538f619413d832953aa85ff7d35 P 377b0aed9ef5443db0b27ebe1426981d [term 2 LEADER]: Signalling peer 85ee622375654018a752d7aeb72b70b5 to start an election
I20260713 09:03:06.822573  6496 tablet_service.cc:2044] Received Run Leader Election RPC: tablet_id: "9cfd7538f619413d832953aa85ff7d35"
dest_uuid: "85ee622375654018a752d7aeb72b70b5"
 from {username='slave'} at 127.0.0.1:37368
I20260713 09:03:06.822973  6496 raft_consensus.cc:493] T 9cfd7538f619413d832953aa85ff7d35 P 85ee622375654018a752d7aeb72b70b5 [term 2 FOLLOWER]: Starting forced leader election (received explicit request)
I20260713 09:03:06.823190  6496 raft_consensus.cc:3060] T 9cfd7538f619413d832953aa85ff7d35 P 85ee622375654018a752d7aeb72b70b5 [term 2 FOLLOWER]: Advancing to term 3
I20260713 09:03:06.827347  6496 raft_consensus.cc:515] T 9cfd7538f619413d832953aa85ff7d35 P 85ee622375654018a752d7aeb72b70b5 [term 3 FOLLOWER]: Starting forced leader election with config: opid_index: -1 OBSOLETE_local: false peers { permanent_uuid: "377b0aed9ef5443db0b27ebe1426981d" member_type: VOTER last_known_addr { host: "127.5.169.193" port: 32963 } } peers { permanent_uuid: "85ee622375654018a752d7aeb72b70b5" member_type: VOTER last_known_addr { host: "127.5.169.194" port: 35141 } } peers { permanent_uuid: "a4addb1ede924fcfa49b8b7e770029c6" member_type: VOTER last_known_addr { host: "127.5.169.195" port: 36407 } }
I20260713 09:03:06.828814  6496 leader_election.cc:290] T 9cfd7538f619413d832953aa85ff7d35 P 85ee622375654018a752d7aeb72b70b5 [CANDIDATE]: Term 3 election: Requested vote from peers 377b0aed9ef5443db0b27ebe1426981d (127.5.169.193:32963), a4addb1ede924fcfa49b8b7e770029c6 (127.5.169.195:36407)
I20260713 09:03:06.829564  6422 tablet_service.cc:1917] Received RequestConsensusVote() RPC: tablet_id: "9cfd7538f619413d832953aa85ff7d35" candidate_uuid: "85ee622375654018a752d7aeb72b70b5" candidate_term: 3 candidate_status { last_received { term: 2 index: 2 } } ignore_live_leader: true dest_uuid: "377b0aed9ef5443db0b27ebe1426981d"
I20260713 09:03:06.829914  6568 tablet_service.cc:1917] Received RequestConsensusVote() RPC: tablet_id: "9cfd7538f619413d832953aa85ff7d35" candidate_uuid: "85ee622375654018a752d7aeb72b70b5" candidate_term: 3 candidate_status { last_received { term: 2 index: 2 } } ignore_live_leader: true dest_uuid: "a4addb1ede924fcfa49b8b7e770029c6"
I20260713 09:03:06.830331  6422 raft_consensus.cc:3055] T 9cfd7538f619413d832953aa85ff7d35 P 377b0aed9ef5443db0b27ebe1426981d [term 2 LEADER]: Stepping down as leader of term 2
I20260713 09:03:06.830440  6568 raft_consensus.cc:3060] T 9cfd7538f619413d832953aa85ff7d35 P a4addb1ede924fcfa49b8b7e770029c6 [term 2 FOLLOWER]: Advancing to term 3
I20260713 09:03:06.830638  6422 raft_consensus.cc:740] T 9cfd7538f619413d832953aa85ff7d35 P 377b0aed9ef5443db0b27ebe1426981d [term 2 LEADER]: Becoming Follower/Learner. State: Replica: 377b0aed9ef5443db0b27ebe1426981d, State: Running, Role: LEADER
I20260713 09:03:06.831449  6422 consensus_queue.cc:260] T 9cfd7538f619413d832953aa85ff7d35 P 377b0aed9ef5443db0b27ebe1426981d [NON_LEADER]: Queue going to NON_LEADER mode. State: All replicated index: 0, Majority replicated index: 2, Committed index: 2, Last appended: 2.2, Last appended by leader: 2, Current term: 2, Majority size: -1, State: 0, Mode: NON_LEADER, active raft config: opid_index: -1 OBSOLETE_local: false peers { permanent_uuid: "377b0aed9ef5443db0b27ebe1426981d" member_type: VOTER last_known_addr { host: "127.5.169.193" port: 32963 } } peers { permanent_uuid: "85ee622375654018a752d7aeb72b70b5" member_type: VOTER last_known_addr { host: "127.5.169.194" port: 35141 } } peers { permanent_uuid: "a4addb1ede924fcfa49b8b7e770029c6" member_type: VOTER last_known_addr { host: "127.5.169.195" port: 36407 } }
I20260713 09:03:06.832321  6422 raft_consensus.cc:3060] T 9cfd7538f619413d832953aa85ff7d35 P 377b0aed9ef5443db0b27ebe1426981d [term 2 FOLLOWER]: Advancing to term 3
I20260713 09:03:06.835297  6568 raft_consensus.cc:2468] T 9cfd7538f619413d832953aa85ff7d35 P a4addb1ede924fcfa49b8b7e770029c6 [term 3 FOLLOWER]: Leader election vote request: Granting yes vote for candidate 85ee622375654018a752d7aeb72b70b5 in term 3.
I20260713 09:03:06.836803  6461 leader_election.cc:304] T 9cfd7538f619413d832953aa85ff7d35 P 85ee622375654018a752d7aeb72b70b5 [CANDIDATE]: Term 3 election: Election decided. Result: candidate won. Election summary: received 2 responses out of 3 voters: 2 yes votes; 0 no votes. yes voters: 85ee622375654018a752d7aeb72b70b5, a4addb1ede924fcfa49b8b7e770029c6; no voters: 
I20260713 09:03:06.837975  6722 raft_consensus.cc:2804] T 9cfd7538f619413d832953aa85ff7d35 P 85ee622375654018a752d7aeb72b70b5 [term 3 FOLLOWER]: Leader election won for term 3
I20260713 09:03:06.838209  6422 raft_consensus.cc:2468] T 9cfd7538f619413d832953aa85ff7d35 P 377b0aed9ef5443db0b27ebe1426981d [term 3 FOLLOWER]: Leader election vote request: Granting yes vote for candidate 85ee622375654018a752d7aeb72b70b5 in term 3.
I20260713 09:03:06.839679  6722 raft_consensus.cc:697] T 9cfd7538f619413d832953aa85ff7d35 P 85ee622375654018a752d7aeb72b70b5 [term 3 LEADER]: Becoming Leader. State: Replica: 85ee622375654018a752d7aeb72b70b5, State: Running, Role: LEADER
I20260713 09:03:06.840718  6722 consensus_queue.cc:237] T 9cfd7538f619413d832953aa85ff7d35 P 85ee622375654018a752d7aeb72b70b5 [LEADER]: Queue going to LEADER mode. State: All replicated index: 0, Majority replicated index: 2, Committed index: 2, Last appended: 2.2, Last appended by leader: 2, Current term: 3, Majority size: 2, State: 0, Mode: LEADER, active raft config: opid_index: -1 OBSOLETE_local: false peers { permanent_uuid: "377b0aed9ef5443db0b27ebe1426981d" member_type: VOTER last_known_addr { host: "127.5.169.193" port: 32963 } } peers { permanent_uuid: "85ee622375654018a752d7aeb72b70b5" member_type: VOTER last_known_addr { host: "127.5.169.194" port: 35141 } } peers { permanent_uuid: "a4addb1ede924fcfa49b8b7e770029c6" member_type: VOTER last_known_addr { host: "127.5.169.195" port: 36407 } }
I20260713 09:03:06.845830  6741 raft_consensus.cc:993] T 3bb00dedd8604556a1ce90e12fbf1020 P 377b0aed9ef5443db0b27ebe1426981d: : Instructing follower 85ee622375654018a752d7aeb72b70b5 to start an election
I20260713 09:03:06.846315  6732 raft_consensus.cc:1081] T 3bb00dedd8604556a1ce90e12fbf1020 P 377b0aed9ef5443db0b27ebe1426981d [term 3 LEADER]: Signalling peer 85ee622375654018a752d7aeb72b70b5 to start an election
I20260713 09:03:06.848220  6497 tablet_service.cc:2044] Received Run Leader Election RPC: tablet_id: "3bb00dedd8604556a1ce90e12fbf1020"
dest_uuid: "85ee622375654018a752d7aeb72b70b5"
 from {username='slave'} at 127.0.0.1:37368
I20260713 09:03:06.848711  6497 raft_consensus.cc:493] T 3bb00dedd8604556a1ce90e12fbf1020 P 85ee622375654018a752d7aeb72b70b5 [term 3 FOLLOWER]: Starting forced leader election (received explicit request)
I20260713 09:03:06.849030  6497 raft_consensus.cc:3060] T 3bb00dedd8604556a1ce90e12fbf1020 P 85ee622375654018a752d7aeb72b70b5 [term 3 FOLLOWER]: Advancing to term 4
I20260713 09:03:06.849912  6318 catalog_manager.cc:5697] T 9cfd7538f619413d832953aa85ff7d35 P 85ee622375654018a752d7aeb72b70b5 reported cstate change: term changed from 2 to 3, leader changed from 377b0aed9ef5443db0b27ebe1426981d (127.5.169.193) to 85ee622375654018a752d7aeb72b70b5 (127.5.169.194). New cstate: current_term: 3 leader_uuid: "85ee622375654018a752d7aeb72b70b5" committed_config { opid_index: -1 OBSOLETE_local: false peers { permanent_uuid: "377b0aed9ef5443db0b27ebe1426981d" member_type: VOTER last_known_addr { host: "127.5.169.193" port: 32963 } health_report { overall_health: UNKNOWN } } peers { permanent_uuid: "85ee622375654018a752d7aeb72b70b5" member_type: VOTER last_known_addr { host: "127.5.169.194" port: 35141 } health_report { overall_health: HEALTHY } } peers { permanent_uuid: "a4addb1ede924fcfa49b8b7e770029c6" member_type: VOTER last_known_addr { host: "127.5.169.195" port: 36407 } health_report { overall_health: UNKNOWN } } }
I20260713 09:03:06.855268  6497 raft_consensus.cc:515] T 3bb00dedd8604556a1ce90e12fbf1020 P 85ee622375654018a752d7aeb72b70b5 [term 4 FOLLOWER]: Starting forced leader election with config: opid_index: -1 OBSOLETE_local: false peers { permanent_uuid: "377b0aed9ef5443db0b27ebe1426981d" member_type: VOTER last_known_addr { host: "127.5.169.193" port: 32963 } } peers { permanent_uuid: "85ee622375654018a752d7aeb72b70b5" member_type: VOTER last_known_addr { host: "127.5.169.194" port: 35141 } } peers { permanent_uuid: "a4addb1ede924fcfa49b8b7e770029c6" member_type: VOTER last_known_addr { host: "127.5.169.195" port: 36407 } }
I20260713 09:03:06.857002  6497 leader_election.cc:290] T 3bb00dedd8604556a1ce90e12fbf1020 P 85ee622375654018a752d7aeb72b70b5 [CANDIDATE]: Term 4 election: Requested vote from peers 377b0aed9ef5443db0b27ebe1426981d (127.5.169.193:32963), a4addb1ede924fcfa49b8b7e770029c6 (127.5.169.195:36407)
I20260713 09:03:06.858210  6422 tablet_service.cc:1917] Received RequestConsensusVote() RPC: tablet_id: "3bb00dedd8604556a1ce90e12fbf1020" candidate_uuid: "85ee622375654018a752d7aeb72b70b5" candidate_term: 4 candidate_status { last_received { term: 3 index: 3 } } ignore_live_leader: true dest_uuid: "377b0aed9ef5443db0b27ebe1426981d"
I20260713 09:03:06.858796  6422 raft_consensus.cc:3055] T 3bb00dedd8604556a1ce90e12fbf1020 P 377b0aed9ef5443db0b27ebe1426981d [term 3 LEADER]: Stepping down as leader of term 3
I20260713 09:03:06.858704  6568 tablet_service.cc:1917] Received RequestConsensusVote() RPC: tablet_id: "3bb00dedd8604556a1ce90e12fbf1020" candidate_uuid: "85ee622375654018a752d7aeb72b70b5" candidate_term: 4 candidate_status { last_received { term: 3 index: 3 } } ignore_live_leader: true dest_uuid: "a4addb1ede924fcfa49b8b7e770029c6"
I20260713 09:03:06.859157  6422 raft_consensus.cc:740] T 3bb00dedd8604556a1ce90e12fbf1020 P 377b0aed9ef5443db0b27ebe1426981d [term 3 LEADER]: Becoming Follower/Learner. State: Replica: 377b0aed9ef5443db0b27ebe1426981d, State: Running, Role: LEADER
I20260713 09:03:06.859324  6568 raft_consensus.cc:3060] T 3bb00dedd8604556a1ce90e12fbf1020 P a4addb1ede924fcfa49b8b7e770029c6 [term 3 FOLLOWER]: Advancing to term 4
I20260713 09:03:06.860059  6422 consensus_queue.cc:260] T 3bb00dedd8604556a1ce90e12fbf1020 P 377b0aed9ef5443db0b27ebe1426981d [NON_LEADER]: Queue going to NON_LEADER mode. State: All replicated index: 0, Majority replicated index: 3, Committed index: 3, Last appended: 3.3, Last appended by leader: 3, Current term: 3, Majority size: -1, State: 0, Mode: NON_LEADER, active raft config: opid_index: -1 OBSOLETE_local: false peers { permanent_uuid: "377b0aed9ef5443db0b27ebe1426981d" member_type: VOTER last_known_addr { host: "127.5.169.193" port: 32963 } } peers { permanent_uuid: "85ee622375654018a752d7aeb72b70b5" member_type: VOTER last_known_addr { host: "127.5.169.194" port: 35141 } } peers { permanent_uuid: "a4addb1ede924fcfa49b8b7e770029c6" member_type: VOTER last_known_addr { host: "127.5.169.195" port: 36407 } }
I20260713 09:03:06.860927  6422 raft_consensus.cc:3060] T 3bb00dedd8604556a1ce90e12fbf1020 P 377b0aed9ef5443db0b27ebe1426981d [term 3 FOLLOWER]: Advancing to term 4
I20260713 09:03:06.863512  6568 raft_consensus.cc:2468] T 3bb00dedd8604556a1ce90e12fbf1020 P a4addb1ede924fcfa49b8b7e770029c6 [term 4 FOLLOWER]: Leader election vote request: Granting yes vote for candidate 85ee622375654018a752d7aeb72b70b5 in term 4.
I20260713 09:03:06.864421  6461 leader_election.cc:304] T 3bb00dedd8604556a1ce90e12fbf1020 P 85ee622375654018a752d7aeb72b70b5 [CANDIDATE]: Term 4 election: Election decided. Result: candidate won. Election summary: received 2 responses out of 3 voters: 2 yes votes; 0 no votes. yes voters: 85ee622375654018a752d7aeb72b70b5, a4addb1ede924fcfa49b8b7e770029c6; no voters: 
I20260713 09:03:06.865099  6722 raft_consensus.cc:2804] T 3bb00dedd8604556a1ce90e12fbf1020 P 85ee622375654018a752d7aeb72b70b5 [term 4 FOLLOWER]: Leader election won for term 4
I20260713 09:03:06.865513  6422 raft_consensus.cc:2468] T 3bb00dedd8604556a1ce90e12fbf1020 P 377b0aed9ef5443db0b27ebe1426981d [term 4 FOLLOWER]: Leader election vote request: Granting yes vote for candidate 85ee622375654018a752d7aeb72b70b5 in term 4.
I20260713 09:03:06.865489  6722 raft_consensus.cc:697] T 3bb00dedd8604556a1ce90e12fbf1020 P 85ee622375654018a752d7aeb72b70b5 [term 4 LEADER]: Becoming Leader. State: Replica: 85ee622375654018a752d7aeb72b70b5, State: Running, Role: LEADER
I20260713 09:03:06.866569  6722 consensus_queue.cc:237] T 3bb00dedd8604556a1ce90e12fbf1020 P 85ee622375654018a752d7aeb72b70b5 [LEADER]: Queue going to LEADER mode. State: All replicated index: 0, Majority replicated index: 3, Committed index: 3, Last appended: 3.3, Last appended by leader: 3, Current term: 4, Majority size: 2, State: 0, Mode: LEADER, active raft config: opid_index: -1 OBSOLETE_local: false peers { permanent_uuid: "377b0aed9ef5443db0b27ebe1426981d" member_type: VOTER last_known_addr { host: "127.5.169.193" port: 32963 } } peers { permanent_uuid: "85ee622375654018a752d7aeb72b70b5" member_type: VOTER last_known_addr { host: "127.5.169.194" port: 35141 } } peers { permanent_uuid: "a4addb1ede924fcfa49b8b7e770029c6" member_type: VOTER last_known_addr { host: "127.5.169.195" port: 36407 } }
I20260713 09:03:06.873487  6318 catalog_manager.cc:5697] T 3bb00dedd8604556a1ce90e12fbf1020 P 85ee622375654018a752d7aeb72b70b5 reported cstate change: term changed from 3 to 4, leader changed from 377b0aed9ef5443db0b27ebe1426981d (127.5.169.193) to 85ee622375654018a752d7aeb72b70b5 (127.5.169.194). New cstate: current_term: 4 leader_uuid: "85ee622375654018a752d7aeb72b70b5" committed_config { opid_index: -1 OBSOLETE_local: false peers { permanent_uuid: "377b0aed9ef5443db0b27ebe1426981d" member_type: VOTER last_known_addr { host: "127.5.169.193" port: 32963 } health_report { overall_health: UNKNOWN } } peers { permanent_uuid: "85ee622375654018a752d7aeb72b70b5" member_type: VOTER last_known_addr { host: "127.5.169.194" port: 35141 } health_report { overall_health: HEALTHY } } peers { permanent_uuid: "a4addb1ede924fcfa49b8b7e770029c6" member_type: VOTER last_known_addr { host: "127.5.169.195" port: 36407 } health_report { overall_health: UNKNOWN } } }
I20260713 09:03:06.906463  6741 raft_consensus.cc:993] T 26e33b9d1e734cdca18427ae0ada7fba P 377b0aed9ef5443db0b27ebe1426981d: : Instructing follower a4addb1ede924fcfa49b8b7e770029c6 to start an election
I20260713 09:03:06.906986  6732 raft_consensus.cc:1081] T 26e33b9d1e734cdca18427ae0ada7fba P 377b0aed9ef5443db0b27ebe1426981d [term 1 LEADER]: Signalling peer a4addb1ede924fcfa49b8b7e770029c6 to start an election
I20260713 09:03:06.908202  6568 tablet_service.cc:2044] Received Run Leader Election RPC: tablet_id: "26e33b9d1e734cdca18427ae0ada7fba"
dest_uuid: "a4addb1ede924fcfa49b8b7e770029c6"
 from {username='slave'} at 127.0.0.1:34782
I20260713 09:03:06.908620  6568 raft_consensus.cc:493] T 26e33b9d1e734cdca18427ae0ada7fba P a4addb1ede924fcfa49b8b7e770029c6 [term 1 FOLLOWER]: Starting forced leader election (received explicit request)
I20260713 09:03:06.908877  6568 raft_consensus.cc:3060] T 26e33b9d1e734cdca18427ae0ada7fba P a4addb1ede924fcfa49b8b7e770029c6 [term 1 FOLLOWER]: Advancing to term 2
I20260713 09:03:06.912881  6568 raft_consensus.cc:515] T 26e33b9d1e734cdca18427ae0ada7fba P a4addb1ede924fcfa49b8b7e770029c6 [term 2 FOLLOWER]: Starting forced leader election with config: opid_index: -1 OBSOLETE_local: false peers { permanent_uuid: "377b0aed9ef5443db0b27ebe1426981d" member_type: VOTER last_known_addr { host: "127.5.169.193" port: 32963 } } peers { permanent_uuid: "85ee622375654018a752d7aeb72b70b5" member_type: VOTER last_known_addr { host: "127.5.169.194" port: 35141 } } peers { permanent_uuid: "a4addb1ede924fcfa49b8b7e770029c6" member_type: VOTER last_known_addr { host: "127.5.169.195" port: 36407 } }
I20260713 09:03:06.914153  6568 leader_election.cc:290] T 26e33b9d1e734cdca18427ae0ada7fba P a4addb1ede924fcfa49b8b7e770029c6 [CANDIDATE]: Term 2 election: Requested vote from peers 377b0aed9ef5443db0b27ebe1426981d (127.5.169.193:32963), 85ee622375654018a752d7aeb72b70b5 (127.5.169.194:35141)
I20260713 09:03:06.914991  6422 tablet_service.cc:1917] Received RequestConsensusVote() RPC: tablet_id: "26e33b9d1e734cdca18427ae0ada7fba" candidate_uuid: "a4addb1ede924fcfa49b8b7e770029c6" candidate_term: 2 candidate_status { last_received { term: 1 index: 1 } } ignore_live_leader: true dest_uuid: "377b0aed9ef5443db0b27ebe1426981d"
I20260713 09:03:06.915158  6497 tablet_service.cc:1917] Received RequestConsensusVote() RPC: tablet_id: "26e33b9d1e734cdca18427ae0ada7fba" candidate_uuid: "a4addb1ede924fcfa49b8b7e770029c6" candidate_term: 2 candidate_status { last_received { term: 1 index: 1 } } ignore_live_leader: true dest_uuid: "85ee622375654018a752d7aeb72b70b5"
I20260713 09:03:06.915478  6422 raft_consensus.cc:3055] T 26e33b9d1e734cdca18427ae0ada7fba P 377b0aed9ef5443db0b27ebe1426981d [term 1 LEADER]: Stepping down as leader of term 1
I20260713 09:03:06.915652  6497 raft_consensus.cc:3060] T 26e33b9d1e734cdca18427ae0ada7fba P 85ee622375654018a752d7aeb72b70b5 [term 1 FOLLOWER]: Advancing to term 2
I20260713 09:03:06.915771  6422 raft_consensus.cc:740] T 26e33b9d1e734cdca18427ae0ada7fba P 377b0aed9ef5443db0b27ebe1426981d [term 1 LEADER]: Becoming Follower/Learner. State: Replica: 377b0aed9ef5443db0b27ebe1426981d, State: Running, Role: LEADER
I20260713 09:03:06.916543  6422 consensus_queue.cc:260] T 26e33b9d1e734cdca18427ae0ada7fba P 377b0aed9ef5443db0b27ebe1426981d [NON_LEADER]: Queue going to NON_LEADER mode. State: All replicated index: 0, Majority replicated index: 1, Committed index: 1, Last appended: 1.1, Last appended by leader: 1, Current term: 1, Majority size: -1, State: 0, Mode: NON_LEADER, active raft config: opid_index: -1 OBSOLETE_local: false peers { permanent_uuid: "377b0aed9ef5443db0b27ebe1426981d" member_type: VOTER last_known_addr { host: "127.5.169.193" port: 32963 } } peers { permanent_uuid: "85ee622375654018a752d7aeb72b70b5" member_type: VOTER last_known_addr { host: "127.5.169.194" port: 35141 } } peers { permanent_uuid: "a4addb1ede924fcfa49b8b7e770029c6" member_type: VOTER last_known_addr { host: "127.5.169.195" port: 36407 } }
I20260713 09:03:06.917407  6422 raft_consensus.cc:3060] T 26e33b9d1e734cdca18427ae0ada7fba P 377b0aed9ef5443db0b27ebe1426981d [term 1 FOLLOWER]: Advancing to term 2
I20260713 09:03:06.919888  6497 raft_consensus.cc:2468] T 26e33b9d1e734cdca18427ae0ada7fba P 85ee622375654018a752d7aeb72b70b5 [term 2 FOLLOWER]: Leader election vote request: Granting yes vote for candidate a4addb1ede924fcfa49b8b7e770029c6 in term 2.
I20260713 09:03:06.920859  6537 leader_election.cc:304] T 26e33b9d1e734cdca18427ae0ada7fba P a4addb1ede924fcfa49b8b7e770029c6 [CANDIDATE]: Term 2 election: Election decided. Result: candidate won. Election summary: received 2 responses out of 3 voters: 2 yes votes; 0 no votes. yes voters: 85ee622375654018a752d7aeb72b70b5, a4addb1ede924fcfa49b8b7e770029c6; no voters: 
I20260713 09:03:06.921368  6422 raft_consensus.cc:2468] T 26e33b9d1e734cdca18427ae0ada7fba P 377b0aed9ef5443db0b27ebe1426981d [term 2 FOLLOWER]: Leader election vote request: Granting yes vote for candidate a4addb1ede924fcfa49b8b7e770029c6 in term 2.
I20260713 09:03:06.921552  6725 raft_consensus.cc:2804] T 26e33b9d1e734cdca18427ae0ada7fba P a4addb1ede924fcfa49b8b7e770029c6 [term 2 FOLLOWER]: Leader election won for term 2
I20260713 09:03:06.922117  6725 raft_consensus.cc:697] T 26e33b9d1e734cdca18427ae0ada7fba P a4addb1ede924fcfa49b8b7e770029c6 [term 2 LEADER]: Becoming Leader. State: Replica: a4addb1ede924fcfa49b8b7e770029c6, State: Running, Role: LEADER
I20260713 09:03:06.922962  6725 consensus_queue.cc:237] T 26e33b9d1e734cdca18427ae0ada7fba P a4addb1ede924fcfa49b8b7e770029c6 [LEADER]: Queue going to LEADER mode. State: All replicated index: 0, Majority replicated index: 1, Committed index: 1, Last appended: 1.1, Last appended by leader: 1, Current term: 2, Majority size: 2, State: 0, Mode: LEADER, active raft config: opid_index: -1 OBSOLETE_local: false peers { permanent_uuid: "377b0aed9ef5443db0b27ebe1426981d" member_type: VOTER last_known_addr { host: "127.5.169.193" port: 32963 } } peers { permanent_uuid: "85ee622375654018a752d7aeb72b70b5" member_type: VOTER last_known_addr { host: "127.5.169.194" port: 35141 } } peers { permanent_uuid: "a4addb1ede924fcfa49b8b7e770029c6" member_type: VOTER last_known_addr { host: "127.5.169.195" port: 36407 } }
I20260713 09:03:06.929232  6318 catalog_manager.cc:5697] T 26e33b9d1e734cdca18427ae0ada7fba P a4addb1ede924fcfa49b8b7e770029c6 reported cstate change: term changed from 1 to 2, leader changed from 377b0aed9ef5443db0b27ebe1426981d (127.5.169.193) to a4addb1ede924fcfa49b8b7e770029c6 (127.5.169.195). New cstate: current_term: 2 leader_uuid: "a4addb1ede924fcfa49b8b7e770029c6" committed_config { opid_index: -1 OBSOLETE_local: false peers { permanent_uuid: "377b0aed9ef5443db0b27ebe1426981d" member_type: VOTER last_known_addr { host: "127.5.169.193" port: 32963 } health_report { overall_health: UNKNOWN } } peers { permanent_uuid: "85ee622375654018a752d7aeb72b70b5" member_type: VOTER last_known_addr { host: "127.5.169.194" port: 35141 } health_report { overall_health: UNKNOWN } } peers { permanent_uuid: "a4addb1ede924fcfa49b8b7e770029c6" member_type: VOTER last_known_addr { host: "127.5.169.195" port: 36407 } health_report { overall_health: HEALTHY } } }
I20260713 09:03:07.176745  6422 raft_consensus.cc:1275] T 20da8e57ab354986bed6b37bd7a35fb7 P 377b0aed9ef5443db0b27ebe1426981d [term 3 FOLLOWER]: Refusing update from remote peer a4addb1ede924fcfa49b8b7e770029c6: Log matching property violated. Preceding OpId in replica: term: 2 index: 2. Preceding OpId from leader: term: 3 index: 3. (index mismatch)
I20260713 09:03:07.179100  6725 consensus_queue.cc:1048] T 20da8e57ab354986bed6b37bd7a35fb7 P a4addb1ede924fcfa49b8b7e770029c6 [LEADER]: Connected to new peer: Peer: permanent_uuid: "377b0aed9ef5443db0b27ebe1426981d" member_type: VOTER last_known_addr { host: "127.5.169.193" port: 32963 }, Status: LMP_MISMATCH, Last received: 0.0, Next index: 3, Last known committed idx: 2, Time since last communication: 0.000s
I20260713 09:03:07.302744  6497 raft_consensus.cc:1275] T 20da8e57ab354986bed6b37bd7a35fb7 P 85ee622375654018a752d7aeb72b70b5 [term 3 FOLLOWER]: Refusing update from remote peer a4addb1ede924fcfa49b8b7e770029c6: Log matching property violated. Preceding OpId in replica: term: 2 index: 2. Preceding OpId from leader: term: 3 index: 3. (index mismatch)
I20260713 09:03:07.304661  6754 consensus_queue.cc:1048] T 20da8e57ab354986bed6b37bd7a35fb7 P a4addb1ede924fcfa49b8b7e770029c6 [LEADER]: Connected to new peer: Peer: permanent_uuid: "85ee622375654018a752d7aeb72b70b5" member_type: VOTER last_known_addr { host: "127.5.169.194" port: 35141 }, Status: LMP_MISMATCH, Last received: 0.0, Next index: 3, Last known committed idx: 2, Time since last communication: 0.001s
I20260713 09:03:07.323632  6421 raft_consensus.cc:1275] T 9cfd7538f619413d832953aa85ff7d35 P 377b0aed9ef5443db0b27ebe1426981d [term 3 FOLLOWER]: Refusing update from remote peer 85ee622375654018a752d7aeb72b70b5: Log matching property violated. Preceding OpId in replica: term: 2 index: 2. Preceding OpId from leader: term: 3 index: 3. (index mismatch)
I20260713 09:03:07.325408  6748 consensus_queue.cc:1048] T 9cfd7538f619413d832953aa85ff7d35 P 85ee622375654018a752d7aeb72b70b5 [LEADER]: Connected to new peer: Peer: permanent_uuid: "377b0aed9ef5443db0b27ebe1426981d" member_type: VOTER last_known_addr { host: "127.5.169.193" port: 32963 }, Status: LMP_MISMATCH, Last received: 0.0, Next index: 3, Last known committed idx: 2, Time since last communication: 0.001s
I20260713 09:03:07.337188  6568 raft_consensus.cc:1275] T 3bb00dedd8604556a1ce90e12fbf1020 P a4addb1ede924fcfa49b8b7e770029c6 [term 4 FOLLOWER]: Refusing update from remote peer 85ee622375654018a752d7aeb72b70b5: Log matching property violated. Preceding OpId in replica: term: 3 index: 3. Preceding OpId from leader: term: 4 index: 4. (index mismatch)
I20260713 09:03:07.338768  6722 consensus_queue.cc:1048] T 3bb00dedd8604556a1ce90e12fbf1020 P 85ee622375654018a752d7aeb72b70b5 [LEADER]: Connected to new peer: Peer: permanent_uuid: "a4addb1ede924fcfa49b8b7e770029c6" member_type: VOTER last_known_addr { host: "127.5.169.195" port: 36407 }, Status: LMP_MISMATCH, Last received: 0.0, Next index: 4, Last known committed idx: 3, Time since last communication: 0.000s
I20260713 09:03:07.366719  6568 raft_consensus.cc:1275] T 9cfd7538f619413d832953aa85ff7d35 P a4addb1ede924fcfa49b8b7e770029c6 [term 3 FOLLOWER]: Refusing update from remote peer 85ee622375654018a752d7aeb72b70b5: Log matching property violated. Preceding OpId in replica: term: 2 index: 2. Preceding OpId from leader: term: 3 index: 3. (index mismatch)
I20260713 09:03:07.368996  6722 consensus_queue.cc:1048] T 9cfd7538f619413d832953aa85ff7d35 P 85ee622375654018a752d7aeb72b70b5 [LEADER]: Connected to new peer: Peer: permanent_uuid: "a4addb1ede924fcfa49b8b7e770029c6" member_type: VOTER last_known_addr { host: "127.5.169.195" port: 36407 }, Status: LMP_MISMATCH, Last received: 0.0, Next index: 3, Last known committed idx: 2, Time since last communication: 0.001s
I20260713 09:03:07.375859  6422 raft_consensus.cc:1275] T 3bb00dedd8604556a1ce90e12fbf1020 P 377b0aed9ef5443db0b27ebe1426981d [term 4 FOLLOWER]: Refusing update from remote peer 85ee622375654018a752d7aeb72b70b5: Log matching property violated. Preceding OpId in replica: term: 3 index: 3. Preceding OpId from leader: term: 4 index: 4. (index mismatch)
I20260713 09:03:07.377386  6764 consensus_queue.cc:1048] T 3bb00dedd8604556a1ce90e12fbf1020 P 85ee622375654018a752d7aeb72b70b5 [LEADER]: Connected to new peer: Peer: permanent_uuid: "377b0aed9ef5443db0b27ebe1426981d" member_type: VOTER last_known_addr { host: "127.5.169.193" port: 32963 }, Status: LMP_MISMATCH, Last received: 0.0, Next index: 4, Last known committed idx: 3, Time since last communication: 0.000s
I20260713 09:03:07.390887  6422 raft_consensus.cc:1275] T 26e33b9d1e734cdca18427ae0ada7fba P 377b0aed9ef5443db0b27ebe1426981d [term 2 FOLLOWER]: Refusing update from remote peer a4addb1ede924fcfa49b8b7e770029c6: Log matching property violated. Preceding OpId in replica: term: 1 index: 1. Preceding OpId from leader: term: 2 index: 2. (index mismatch)
I20260713 09:03:07.392426  6742 consensus_queue.cc:1048] T 26e33b9d1e734cdca18427ae0ada7fba P a4addb1ede924fcfa49b8b7e770029c6 [LEADER]: Connected to new peer: Peer: permanent_uuid: "377b0aed9ef5443db0b27ebe1426981d" member_type: VOTER last_known_addr { host: "127.5.169.193" port: 32963 }, Status: LMP_MISMATCH, Last received: 0.0, Next index: 2, Last known committed idx: 1, Time since last communication: 0.000s
I20260713 09:03:07.401122  6497 raft_consensus.cc:1275] T 26e33b9d1e734cdca18427ae0ada7fba P 85ee622375654018a752d7aeb72b70b5 [term 2 FOLLOWER]: Refusing update from remote peer a4addb1ede924fcfa49b8b7e770029c6: Log matching property violated. Preceding OpId in replica: term: 1 index: 1. Preceding OpId from leader: term: 2 index: 2. (index mismatch)
I20260713 09:03:07.403131  6759 consensus_queue.cc:1048] T 26e33b9d1e734cdca18427ae0ada7fba P a4addb1ede924fcfa49b8b7e770029c6 [LEADER]: Connected to new peer: Peer: permanent_uuid: "85ee622375654018a752d7aeb72b70b5" member_type: VOTER last_known_addr { host: "127.5.169.194" port: 35141 }, Status: LMP_MISMATCH, Last received: 0.0, Next index: 2, Last known committed idx: 1, Time since last communication: 0.001s
I20260713 09:03:07.697763  5799 auto_leader_rebalancer.cc:141] leader rebalance for table test-workload
I20260713 09:03:07.704022  5799 tablet_server.cc:179] TabletServer@127.5.169.193:0 shutting down...
I20260713 09:03:07.726791  5799 ts_tablet_manager.cc:1507] Shutting down tablet manager...
I20260713 09:03:07.727661  5799 tablet_replica.cc:333] T 1dbe4f2a9b294db28b1e735ef31614ee P 377b0aed9ef5443db0b27ebe1426981d: stopping tablet replica
I20260713 09:03:07.728299  5799 raft_consensus.cc:2243] T 1dbe4f2a9b294db28b1e735ef31614ee P 377b0aed9ef5443db0b27ebe1426981d [term 2 FOLLOWER]: Raft consensus shutting down.
I20260713 09:03:07.728749  5799 raft_consensus.cc:2272] T 1dbe4f2a9b294db28b1e735ef31614ee P 377b0aed9ef5443db0b27ebe1426981d [term 2 FOLLOWER]: Raft consensus is shut down!
I20260713 09:03:07.730648  5799 tablet_replica.cc:333] T 512cb05f6d0d4c339f015d3d72ccbe65 P 377b0aed9ef5443db0b27ebe1426981d: stopping tablet replica
I20260713 09:03:07.731205  5799 raft_consensus.cc:2243] T 512cb05f6d0d4c339f015d3d72ccbe65 P 377b0aed9ef5443db0b27ebe1426981d [term 2 FOLLOWER]: Raft consensus shutting down.
I20260713 09:03:07.731668  5799 raft_consensus.cc:2272] T 512cb05f6d0d4c339f015d3d72ccbe65 P 377b0aed9ef5443db0b27ebe1426981d [term 2 FOLLOWER]: Raft consensus is shut down!
I20260713 09:03:07.733279  5799 tablet_replica.cc:333] T 3bb00dedd8604556a1ce90e12fbf1020 P 377b0aed9ef5443db0b27ebe1426981d: stopping tablet replica
I20260713 09:03:07.733970  5799 raft_consensus.cc:2243] T 3bb00dedd8604556a1ce90e12fbf1020 P 377b0aed9ef5443db0b27ebe1426981d [term 4 FOLLOWER]: Raft consensus shutting down.
I20260713 09:03:07.734563  5799 raft_consensus.cc:2272] T 3bb00dedd8604556a1ce90e12fbf1020 P 377b0aed9ef5443db0b27ebe1426981d [term 4 FOLLOWER]: Raft consensus is shut down!
I20260713 09:03:07.737226  5799 tablet_replica.cc:333] T 20da8e57ab354986bed6b37bd7a35fb7 P 377b0aed9ef5443db0b27ebe1426981d: stopping tablet replica
I20260713 09:03:07.737685  5799 raft_consensus.cc:2243] T 20da8e57ab354986bed6b37bd7a35fb7 P 377b0aed9ef5443db0b27ebe1426981d [term 3 FOLLOWER]: Raft consensus shutting down.
I20260713 09:03:07.738019  5799 raft_consensus.cc:2272] T 20da8e57ab354986bed6b37bd7a35fb7 P 377b0aed9ef5443db0b27ebe1426981d [term 3 FOLLOWER]: Raft consensus is shut down!
I20260713 09:03:07.739951  5799 tablet_replica.cc:333] T 10d96ad13c7f44d591766f67a0b734ff P 377b0aed9ef5443db0b27ebe1426981d: stopping tablet replica
I20260713 09:03:07.740391  5799 raft_consensus.cc:2243] T 10d96ad13c7f44d591766f67a0b734ff P 377b0aed9ef5443db0b27ebe1426981d [term 3 LEADER]: Raft consensus shutting down.
I20260713 09:03:07.741040  5799 raft_consensus.cc:2272] T 10d96ad13c7f44d591766f67a0b734ff P 377b0aed9ef5443db0b27ebe1426981d [term 3 FOLLOWER]: Raft consensus is shut down!
I20260713 09:03:07.742648  5799 tablet_replica.cc:333] T 26e33b9d1e734cdca18427ae0ada7fba P 377b0aed9ef5443db0b27ebe1426981d: stopping tablet replica
I20260713 09:03:07.743189  5799 raft_consensus.cc:2243] T 26e33b9d1e734cdca18427ae0ada7fba P 377b0aed9ef5443db0b27ebe1426981d [term 2 FOLLOWER]: Raft consensus shutting down.
I20260713 09:03:07.743530  5799 raft_consensus.cc:2272] T 26e33b9d1e734cdca18427ae0ada7fba P 377b0aed9ef5443db0b27ebe1426981d [term 2 FOLLOWER]: Raft consensus is shut down!
I20260713 09:03:07.745548  5799 tablet_replica.cc:333] T 985c1eec2f1d406fafc3d33166221e73 P 377b0aed9ef5443db0b27ebe1426981d: stopping tablet replica
I20260713 09:03:07.745976  5799 raft_consensus.cc:2243] T 985c1eec2f1d406fafc3d33166221e73 P 377b0aed9ef5443db0b27ebe1426981d [term 3 LEADER]: Raft consensus shutting down.
I20260713 09:03:07.746650  5799 raft_consensus.cc:2272] T 985c1eec2f1d406fafc3d33166221e73 P 377b0aed9ef5443db0b27ebe1426981d [term 3 FOLLOWER]: Raft consensus is shut down!
I20260713 09:03:07.748363  5799 tablet_replica.cc:333] T afa4b52cfaf443d984d769d9ebc7ec4a P 377b0aed9ef5443db0b27ebe1426981d: stopping tablet replica
I20260713 09:03:07.748780  5799 raft_consensus.cc:2243] T afa4b52cfaf443d984d769d9ebc7ec4a P 377b0aed9ef5443db0b27ebe1426981d [term 1 LEADER]: Raft consensus shutting down.
I20260713 09:03:07.749452  5799 raft_consensus.cc:2272] T afa4b52cfaf443d984d769d9ebc7ec4a P 377b0aed9ef5443db0b27ebe1426981d [term 1 FOLLOWER]: Raft consensus is shut down!
I20260713 09:03:07.750991  5799 tablet_replica.cc:333] T 9cfd7538f619413d832953aa85ff7d35 P 377b0aed9ef5443db0b27ebe1426981d: stopping tablet replica
I20260713 09:03:07.751368  5799 raft_consensus.cc:2243] T 9cfd7538f619413d832953aa85ff7d35 P 377b0aed9ef5443db0b27ebe1426981d [term 3 FOLLOWER]: Raft consensus shutting down.
I20260713 09:03:07.751673  5799 raft_consensus.cc:2272] T 9cfd7538f619413d832953aa85ff7d35 P 377b0aed9ef5443db0b27ebe1426981d [term 3 FOLLOWER]: Raft consensus is shut down!
I20260713 09:03:07.753546  5799 tablet_replica.cc:333] T 22dc2af630d74981a4d955ef92493185 P 377b0aed9ef5443db0b27ebe1426981d: stopping tablet replica
I20260713 09:03:07.753947  5799 raft_consensus.cc:2243] T 22dc2af630d74981a4d955ef92493185 P 377b0aed9ef5443db0b27ebe1426981d [term 4 LEADER]: Raft consensus shutting down.
I20260713 09:03:07.754609  5799 raft_consensus.cc:2272] T 22dc2af630d74981a4d955ef92493185 P 377b0aed9ef5443db0b27ebe1426981d [term 4 FOLLOWER]: Raft consensus is shut down!
W20260713 09:03:07.797519  6534 proxy.cc:239] Call had error, refreshing address and retrying: Network error: Client connection negotiation failed: client connection to 127.5.169.193:32963: connect: Connection refused (error 111) [suppressed 5 similar messages]
W20260713 09:03:07.800352  6534 consensus_peers.cc:597] T 26e33b9d1e734cdca18427ae0ada7fba P a4addb1ede924fcfa49b8b7e770029c6 -> Peer 377b0aed9ef5443db0b27ebe1426981d (127.5.169.193:32963): Couldn't send request to peer 377b0aed9ef5443db0b27ebe1426981d. Status: Network error: Client connection negotiation failed: client connection to 127.5.169.193:32963: connect: Connection refused (error 111). This is attempt 1: this message will repeat every 5th retry.
W20260713 09:03:07.812326  6534 consensus_peers.cc:597] T 1dbe4f2a9b294db28b1e735ef31614ee P a4addb1ede924fcfa49b8b7e770029c6 -> Peer 377b0aed9ef5443db0b27ebe1426981d (127.5.169.193:32963): Couldn't send request to peer 377b0aed9ef5443db0b27ebe1426981d. Status: Network error: Client connection negotiation failed: client connection to 127.5.169.193:32963: connect: Connection refused (error 111). This is attempt 1: this message will repeat every 5th retry.
W20260713 09:03:07.814549  6534 consensus_peers.cc:597] T 20da8e57ab354986bed6b37bd7a35fb7 P a4addb1ede924fcfa49b8b7e770029c6 -> Peer 377b0aed9ef5443db0b27ebe1426981d (127.5.169.193:32963): Couldn't send request to peer 377b0aed9ef5443db0b27ebe1426981d. Status: Network error: Client connection negotiation failed: client connection to 127.5.169.193:32963: connect: Connection refused (error 111). This is attempt 1: this message will repeat every 5th retry.
W20260713 09:03:07.815934  6460 consensus_peers.cc:597] T 3bb00dedd8604556a1ce90e12fbf1020 P 85ee622375654018a752d7aeb72b70b5 -> Peer 377b0aed9ef5443db0b27ebe1426981d (127.5.169.193:32963): Couldn't send request to peer 377b0aed9ef5443db0b27ebe1426981d. Status: Network error: Client connection negotiation failed: client connection to 127.5.169.193:32963: connect: Connection refused (error 111). This is attempt 1: this message will repeat every 5th retry.
W20260713 09:03:07.907428  6460 consensus_peers.cc:597] T 9cfd7538f619413d832953aa85ff7d35 P 85ee622375654018a752d7aeb72b70b5 -> Peer 377b0aed9ef5443db0b27ebe1426981d (127.5.169.193:32963): Couldn't send request to peer 377b0aed9ef5443db0b27ebe1426981d. Status: Network error: Client connection negotiation failed: client connection to 127.5.169.193:32963: connect: Connection refused (error 111). This is attempt 1: this message will repeat every 5th retry.
