I20260713 09:03:13.134974  7110 raft_consensus.cc:385] T 56e40e7e5d714f838536a6c4d22c29fe P 6d5c78929ecc4d95ab08ff97c024ea5d [term 0 FOLLOWER]: Consensus starting up: Expiring failure detector timer to make a prompt election more likely
I20260713 09:03:13.140852  7110 raft_consensus.cc:740] T 56e40e7e5d714f838536a6c4d22c29fe P 6d5c78929ecc4d95ab08ff97c024ea5d [term 0 FOLLOWER]: Becoming Follower/Learner. State: Replica: 6d5c78929ecc4d95ab08ff97c024ea5d, State: Initialized, Role: FOLLOWER
I20260713 09:03:13.141593  7110 consensus_queue.cc:260] T 56e40e7e5d714f838536a6c4d22c29fe P 6d5c78929ecc4d95ab08ff97c024ea5d [NON_LEADER]: Queue going to NON_LEADER mode. State: All replicated index: 0, Majority replicated index: 0, Committed index: 0, Last appended: 0.0, Last appended by leader: 0, Current term: 0, Majority size: -1, State: 0, Mode: NON_LEADER, active raft config: opid_index: -1 OBSOLETE_local: false peers { permanent_uuid: "6d5c78929ecc4d95ab08ff97c024ea5d" member_type: VOTER last_known_addr { host: "127.5.169.193" port: 38633 } } peers { permanent_uuid: "95af19e0ea0b41bf8fab9477fb87b344" member_type: VOTER last_known_addr { host: "127.5.169.194" port: 44117 } } peers { permanent_uuid: "b5ac9338015447e2a7ae8ef5a658fe38" member_type: VOTER last_known_addr { host: "127.5.169.195" port: 42303 } }
I20260713 09:03:13.143989  7110 ts_tablet_manager.cc:1434] T 56e40e7e5d714f838536a6c4d22c29fe P 6d5c78929ecc4d95ab08ff97c024ea5d: Time spent starting tablet: real 0.013s	user 0.002s	sys 0.004s
I20260713 09:03:13.144932  7110 tablet_bootstrap.cc:492] T 1278fb349d29497eae7ffe9372f6c554 P 6d5c78929ecc4d95ab08ff97c024ea5d: Bootstrap starting.
I20260713 09:03:13.149000  7108 tablet_bootstrap.cc:654] T 56e40e7e5d714f838536a6c4d22c29fe P 95af19e0ea0b41bf8fab9477fb87b344: Neither blocks nor log segments found. Creating new log.
I20260713 09:03:13.151105  7110 tablet_bootstrap.cc:654] T 1278fb349d29497eae7ffe9372f6c554 P 6d5c78929ecc4d95ab08ff97c024ea5d: Neither blocks nor log segments found. Creating new log.
I20260713 09:03:13.162135  7108 tablet_bootstrap.cc:492] T 56e40e7e5d714f838536a6c4d22c29fe P 95af19e0ea0b41bf8fab9477fb87b344: No bootstrap required, opened a new log
I20260713 09:03:13.162876  7108 ts_tablet_manager.cc:1403] T 56e40e7e5d714f838536a6c4d22c29fe P 95af19e0ea0b41bf8fab9477fb87b344: Time spent bootstrapping tablet: real 0.023s	user 0.008s	sys 0.012s
I20260713 09:03:13.164151  7110 tablet_bootstrap.cc:492] T 1278fb349d29497eae7ffe9372f6c554 P 6d5c78929ecc4d95ab08ff97c024ea5d: No bootstrap required, opened a new log
I20260713 09:03:13.164662  7110 ts_tablet_manager.cc:1403] T 1278fb349d29497eae7ffe9372f6c554 P 6d5c78929ecc4d95ab08ff97c024ea5d: Time spent bootstrapping tablet: real 0.020s	user 0.004s	sys 0.014s
I20260713 09:03:13.167157  7108 raft_consensus.cc:359] T 56e40e7e5d714f838536a6c4d22c29fe P 95af19e0ea0b41bf8fab9477fb87b344 [term 0 FOLLOWER]: Replica starting. Triggering 0 pending ops. Active config: opid_index: -1 OBSOLETE_local: false peers { permanent_uuid: "6d5c78929ecc4d95ab08ff97c024ea5d" member_type: VOTER last_known_addr { host: "127.5.169.193" port: 38633 } } peers { permanent_uuid: "95af19e0ea0b41bf8fab9477fb87b344" member_type: VOTER last_known_addr { host: "127.5.169.194" port: 44117 } } peers { permanent_uuid: "b5ac9338015447e2a7ae8ef5a658fe38" member_type: VOTER last_known_addr { host: "127.5.169.195" port: 42303 } }
I20260713 09:03:13.168347  7108 raft_consensus.cc:385] T 56e40e7e5d714f838536a6c4d22c29fe P 95af19e0ea0b41bf8fab9477fb87b344 [term 0 FOLLOWER]: Consensus starting up: Expiring failure detector timer to make a prompt election more likely
I20260713 09:03:13.168776  7108 raft_consensus.cc:740] T 56e40e7e5d714f838536a6c4d22c29fe P 95af19e0ea0b41bf8fab9477fb87b344 [term 0 FOLLOWER]: Becoming Follower/Learner. State: Replica: 95af19e0ea0b41bf8fab9477fb87b344, State: Initialized, Role: FOLLOWER
I20260713 09:03:13.167531  7110 raft_consensus.cc:359] T 1278fb349d29497eae7ffe9372f6c554 P 6d5c78929ecc4d95ab08ff97c024ea5d [term 0 FOLLOWER]: Replica starting. Triggering 0 pending ops. Active config: opid_index: -1 OBSOLETE_local: false peers { permanent_uuid: "6d5c78929ecc4d95ab08ff97c024ea5d" member_type: VOTER last_known_addr { host: "127.5.169.193" port: 38633 } } peers { permanent_uuid: "b5ac9338015447e2a7ae8ef5a658fe38" member_type: VOTER last_known_addr { host: "127.5.169.195" port: 42303 } } peers { permanent_uuid: "95af19e0ea0b41bf8fab9477fb87b344" member_type: VOTER last_known_addr { host: "127.5.169.194" port: 44117 } }
I20260713 09:03:13.169394  7110 raft_consensus.cc:385] T 1278fb349d29497eae7ffe9372f6c554 P 6d5c78929ecc4d95ab08ff97c024ea5d [term 0 FOLLOWER]: Consensus starting up: Expiring failure detector timer to make a prompt election more likely
I20260713 09:03:13.169675  7110 raft_consensus.cc:740] T 1278fb349d29497eae7ffe9372f6c554 P 6d5c78929ecc4d95ab08ff97c024ea5d [term 0 FOLLOWER]: Becoming Follower/Learner. State: Replica: 6d5c78929ecc4d95ab08ff97c024ea5d, State: Initialized, Role: FOLLOWER
I20260713 09:03:13.169603  7108 consensus_queue.cc:260] T 56e40e7e5d714f838536a6c4d22c29fe P 95af19e0ea0b41bf8fab9477fb87b344 [NON_LEADER]: Queue going to NON_LEADER mode. State: All replicated index: 0, Majority replicated index: 0, Committed index: 0, Last appended: 0.0, Last appended by leader: 0, Current term: 0, Majority size: -1, State: 0, Mode: NON_LEADER, active raft config: opid_index: -1 OBSOLETE_local: false peers { permanent_uuid: "6d5c78929ecc4d95ab08ff97c024ea5d" member_type: VOTER last_known_addr { host: "127.5.169.193" port: 38633 } } peers { permanent_uuid: "95af19e0ea0b41bf8fab9477fb87b344" member_type: VOTER last_known_addr { host: "127.5.169.194" port: 44117 } } peers { permanent_uuid: "b5ac9338015447e2a7ae8ef5a658fe38" member_type: VOTER last_known_addr { host: "127.5.169.195" port: 42303 } }
I20260713 09:03:13.170616  7110 consensus_queue.cc:260] T 1278fb349d29497eae7ffe9372f6c554 P 6d5c78929ecc4d95ab08ff97c024ea5d [NON_LEADER]: Queue going to NON_LEADER mode. State: All replicated index: 0, Majority replicated index: 0, Committed index: 0, Last appended: 0.0, Last appended by leader: 0, Current term: 0, Majority size: -1, State: 0, Mode: NON_LEADER, active raft config: opid_index: -1 OBSOLETE_local: false peers { permanent_uuid: "6d5c78929ecc4d95ab08ff97c024ea5d" member_type: VOTER last_known_addr { host: "127.5.169.193" port: 38633 } } peers { permanent_uuid: "b5ac9338015447e2a7ae8ef5a658fe38" member_type: VOTER last_known_addr { host: "127.5.169.195" port: 42303 } } peers { permanent_uuid: "95af19e0ea0b41bf8fab9477fb87b344" member_type: VOTER last_known_addr { host: "127.5.169.194" port: 44117 } }
I20260713 09:03:13.172201  7108 ts_tablet_manager.cc:1434] T 56e40e7e5d714f838536a6c4d22c29fe P 95af19e0ea0b41bf8fab9477fb87b344: Time spent starting tablet: real 0.009s	user 0.008s	sys 0.000s
I20260713 09:03:13.172859  7110 ts_tablet_manager.cc:1434] T 1278fb349d29497eae7ffe9372f6c554 P 6d5c78929ecc4d95ab08ff97c024ea5d: Time spent starting tablet: real 0.008s	user 0.002s	sys 0.005s
I20260713 09:03:13.173285  7108 tablet_bootstrap.cc:492] T ecbf0978d59046889029e088e27d961f P 95af19e0ea0b41bf8fab9477fb87b344: Bootstrap starting.
I20260713 09:03:13.173646  7109 tablet_bootstrap.cc:492] T 0abb756336d34c0a89e80e1e5618321d P b5ac9338015447e2a7ae8ef5a658fe38: No bootstrap required, opened a new log
I20260713 09:03:13.173801  7110 tablet_bootstrap.cc:492] T 31526426f5274ae18300e47aa6b4f345 P 6d5c78929ecc4d95ab08ff97c024ea5d: Bootstrap starting.
I20260713 09:03:13.174265  7109 ts_tablet_manager.cc:1403] T 0abb756336d34c0a89e80e1e5618321d P b5ac9338015447e2a7ae8ef5a658fe38: Time spent bootstrapping tablet: real 0.046s	user 0.017s	sys 0.023s
I20260713 09:03:13.177693  7109 raft_consensus.cc:359] T 0abb756336d34c0a89e80e1e5618321d P b5ac9338015447e2a7ae8ef5a658fe38 [term 0 FOLLOWER]: Replica starting. Triggering 0 pending ops. Active config: opid_index: -1 OBSOLETE_local: false peers { permanent_uuid: "6d5c78929ecc4d95ab08ff97c024ea5d" member_type: VOTER last_known_addr { host: "127.5.169.193" port: 38633 } } peers { permanent_uuid: "95af19e0ea0b41bf8fab9477fb87b344" member_type: VOTER last_known_addr { host: "127.5.169.194" port: 44117 } } peers { permanent_uuid: "b5ac9338015447e2a7ae8ef5a658fe38" member_type: VOTER last_known_addr { host: "127.5.169.195" port: 42303 } }
I20260713 09:03:13.178678  7109 raft_consensus.cc:385] T 0abb756336d34c0a89e80e1e5618321d P b5ac9338015447e2a7ae8ef5a658fe38 [term 0 FOLLOWER]: Consensus starting up: Expiring failure detector timer to make a prompt election more likely
I20260713 09:03:13.179003  7115 raft_consensus.cc:493] T 56e40e7e5d714f838536a6c4d22c29fe P 95af19e0ea0b41bf8fab9477fb87b344 [term 0 FOLLOWER]: Starting pre-election (no leader contacted us within the election timeout)
I20260713 09:03:13.179141  7109 raft_consensus.cc:740] T 0abb756336d34c0a89e80e1e5618321d P b5ac9338015447e2a7ae8ef5a658fe38 [term 0 FOLLOWER]: Becoming Follower/Learner. State: Replica: b5ac9338015447e2a7ae8ef5a658fe38, State: Initialized, Role: FOLLOWER
I20260713 09:03:13.179731  7115 raft_consensus.cc:515] T 56e40e7e5d714f838536a6c4d22c29fe P 95af19e0ea0b41bf8fab9477fb87b344 [term 0 FOLLOWER]: Starting pre-election with config: opid_index: -1 OBSOLETE_local: false peers { permanent_uuid: "6d5c78929ecc4d95ab08ff97c024ea5d" member_type: VOTER last_known_addr { host: "127.5.169.193" port: 38633 } } peers { permanent_uuid: "95af19e0ea0b41bf8fab9477fb87b344" member_type: VOTER last_known_addr { host: "127.5.169.194" port: 44117 } } peers { permanent_uuid: "b5ac9338015447e2a7ae8ef5a658fe38" member_type: VOTER last_known_addr { host: "127.5.169.195" port: 42303 } }
I20260713 09:03:13.181025  7110 tablet_bootstrap.cc:654] T 31526426f5274ae18300e47aa6b4f345 P 6d5c78929ecc4d95ab08ff97c024ea5d: Neither blocks nor log segments found. Creating new log.
I20260713 09:03:13.180485  7109 consensus_queue.cc:260] T 0abb756336d34c0a89e80e1e5618321d P b5ac9338015447e2a7ae8ef5a658fe38 [NON_LEADER]: Queue going to NON_LEADER mode. State: All replicated index: 0, Majority replicated index: 0, Committed index: 0, Last appended: 0.0, Last appended by leader: 0, Current term: 0, Majority size: -1, State: 0, Mode: NON_LEADER, active raft config: opid_index: -1 OBSOLETE_local: false peers { permanent_uuid: "6d5c78929ecc4d95ab08ff97c024ea5d" member_type: VOTER last_known_addr { host: "127.5.169.193" port: 38633 } } peers { permanent_uuid: "95af19e0ea0b41bf8fab9477fb87b344" member_type: VOTER last_known_addr { host: "127.5.169.194" port: 44117 } } peers { permanent_uuid: "b5ac9338015447e2a7ae8ef5a658fe38" member_type: VOTER last_known_addr { host: "127.5.169.195" port: 42303 } }
I20260713 09:03:13.181353  7108 tablet_bootstrap.cc:654] T ecbf0978d59046889029e088e27d961f P 95af19e0ea0b41bf8fab9477fb87b344: Neither blocks nor log segments found. Creating new log.
I20260713 09:03:13.182381  7115 leader_election.cc:290] T 56e40e7e5d714f838536a6c4d22c29fe P 95af19e0ea0b41bf8fab9477fb87b344 [CANDIDATE]: Term 1 pre-election: Requested pre-vote from peers 6d5c78929ecc4d95ab08ff97c024ea5d (127.5.169.193:38633), b5ac9338015447e2a7ae8ef5a658fe38 (127.5.169.195:42303)
I20260713 09:03:13.187328  7109 ts_tablet_manager.cc:1434] T 0abb756336d34c0a89e80e1e5618321d P b5ac9338015447e2a7ae8ef5a658fe38: Time spent starting tablet: real 0.013s	user 0.005s	sys 0.003s
I20260713 09:03:13.188980  7109 tablet_bootstrap.cc:492] T fb221f1f42b74fcea93a29482a523dff P b5ac9338015447e2a7ae8ef5a658fe38: Bootstrap starting.
I20260713 09:03:13.194954  7108 tablet_bootstrap.cc:492] T ecbf0978d59046889029e088e27d961f P 95af19e0ea0b41bf8fab9477fb87b344: No bootstrap required, opened a new log
I20260713 09:03:13.195086  7110 tablet_bootstrap.cc:492] T 31526426f5274ae18300e47aa6b4f345 P 6d5c78929ecc4d95ab08ff97c024ea5d: No bootstrap required, opened a new log
I20260713 09:03:13.195564  7108 ts_tablet_manager.cc:1403] T ecbf0978d59046889029e088e27d961f P 95af19e0ea0b41bf8fab9477fb87b344: Time spent bootstrapping tablet: real 0.023s	user 0.011s	sys 0.009s
I20260713 09:03:13.195639  7110 ts_tablet_manager.cc:1403] T 31526426f5274ae18300e47aa6b4f345 P 6d5c78929ecc4d95ab08ff97c024ea5d: Time spent bootstrapping tablet: real 0.022s	user 0.006s	sys 0.011s
I20260713 09:03:13.197461  7109 tablet_bootstrap.cc:654] T fb221f1f42b74fcea93a29482a523dff P b5ac9338015447e2a7ae8ef5a658fe38: Neither blocks nor log segments found. Creating new log.
I20260713 09:03:13.198765  7110 raft_consensus.cc:359] T 31526426f5274ae18300e47aa6b4f345 P 6d5c78929ecc4d95ab08ff97c024ea5d [term 0 FOLLOWER]: Replica starting. Triggering 0 pending ops. Active config: opid_index: -1 OBSOLETE_local: false peers { permanent_uuid: "6d5c78929ecc4d95ab08ff97c024ea5d" member_type: VOTER last_known_addr { host: "127.5.169.193" port: 38633 } } peers { permanent_uuid: "95af19e0ea0b41bf8fab9477fb87b344" member_type: VOTER last_known_addr { host: "127.5.169.194" port: 44117 } } peers { permanent_uuid: "b5ac9338015447e2a7ae8ef5a658fe38" member_type: VOTER last_known_addr { host: "127.5.169.195" port: 42303 } }
I20260713 09:03:13.199555  7110 raft_consensus.cc:385] T 31526426f5274ae18300e47aa6b4f345 P 6d5c78929ecc4d95ab08ff97c024ea5d [term 0 FOLLOWER]: Consensus starting up: Expiring failure detector timer to make a prompt election more likely
I20260713 09:03:13.199354  7108 raft_consensus.cc:359] T ecbf0978d59046889029e088e27d961f P 95af19e0ea0b41bf8fab9477fb87b344 [term 0 FOLLOWER]: Replica starting. Triggering 0 pending ops. Active config: opid_index: -1 OBSOLETE_local: false peers { permanent_uuid: "6d5c78929ecc4d95ab08ff97c024ea5d" member_type: VOTER last_known_addr { host: "127.5.169.193" port: 38633 } } peers { permanent_uuid: "95af19e0ea0b41bf8fab9477fb87b344" member_type: VOTER last_known_addr { host: "127.5.169.194" port: 44117 } } peers { permanent_uuid: "b5ac9338015447e2a7ae8ef5a658fe38" member_type: VOTER last_known_addr { host: "127.5.169.195" port: 42303 } }
I20260713 09:03:13.199899  7110 raft_consensus.cc:740] T 31526426f5274ae18300e47aa6b4f345 P 6d5c78929ecc4d95ab08ff97c024ea5d [term 0 FOLLOWER]: Becoming Follower/Learner. State: Replica: 6d5c78929ecc4d95ab08ff97c024ea5d, State: Initialized, Role: FOLLOWER
I20260713 09:03:13.200145  7108 raft_consensus.cc:385] T ecbf0978d59046889029e088e27d961f P 95af19e0ea0b41bf8fab9477fb87b344 [term 0 FOLLOWER]: Consensus starting up: Expiring failure detector timer to make a prompt election more likely
I20260713 09:03:13.200491  7108 raft_consensus.cc:740] T ecbf0978d59046889029e088e27d961f P 95af19e0ea0b41bf8fab9477fb87b344 [term 0 FOLLOWER]: Becoming Follower/Learner. State: Replica: 95af19e0ea0b41bf8fab9477fb87b344, State: Initialized, Role: FOLLOWER
I20260713 09:03:13.200937  7110 consensus_queue.cc:260] T 31526426f5274ae18300e47aa6b4f345 P 6d5c78929ecc4d95ab08ff97c024ea5d [NON_LEADER]: Queue going to NON_LEADER mode. State: All replicated index: 0, Majority replicated index: 0, Committed index: 0, Last appended: 0.0, Last appended by leader: 0, Current term: 0, Majority size: -1, State: 0, Mode: NON_LEADER, active raft config: opid_index: -1 OBSOLETE_local: false peers { permanent_uuid: "6d5c78929ecc4d95ab08ff97c024ea5d" member_type: VOTER last_known_addr { host: "127.5.169.193" port: 38633 } } peers { permanent_uuid: "95af19e0ea0b41bf8fab9477fb87b344" member_type: VOTER last_known_addr { host: "127.5.169.194" port: 44117 } } peers { permanent_uuid: "b5ac9338015447e2a7ae8ef5a658fe38" member_type: VOTER last_known_addr { host: "127.5.169.195" port: 42303 } }
I20260713 09:03:13.201445  7108 consensus_queue.cc:260] T ecbf0978d59046889029e088e27d961f P 95af19e0ea0b41bf8fab9477fb87b344 [NON_LEADER]: Queue going to NON_LEADER mode. State: All replicated index: 0, Majority replicated index: 0, Committed index: 0, Last appended: 0.0, Last appended by leader: 0, Current term: 0, Majority size: -1, State: 0, Mode: NON_LEADER, active raft config: opid_index: -1 OBSOLETE_local: false peers { permanent_uuid: "6d5c78929ecc4d95ab08ff97c024ea5d" member_type: VOTER last_known_addr { host: "127.5.169.193" port: 38633 } } peers { permanent_uuid: "95af19e0ea0b41bf8fab9477fb87b344" member_type: VOTER last_known_addr { host: "127.5.169.194" port: 44117 } } peers { permanent_uuid: "b5ac9338015447e2a7ae8ef5a658fe38" member_type: VOTER last_known_addr { host: "127.5.169.195" port: 42303 } }
I20260713 09:03:13.203783  7110 ts_tablet_manager.cc:1434] T 31526426f5274ae18300e47aa6b4f345 P 6d5c78929ecc4d95ab08ff97c024ea5d: Time spent starting tablet: real 0.008s	user 0.005s	sys 0.002s
I20260713 09:03:13.204849  7108 ts_tablet_manager.cc:1434] T ecbf0978d59046889029e088e27d961f P 95af19e0ea0b41bf8fab9477fb87b344: Time spent starting tablet: real 0.009s	user 0.007s	sys 0.000s
I20260713 09:03:13.205132  7110 tablet_bootstrap.cc:492] T fb221f1f42b74fcea93a29482a523dff P 6d5c78929ecc4d95ab08ff97c024ea5d: Bootstrap starting.
I20260713 09:03:13.206135  7108 tablet_bootstrap.cc:492] T 1278fb349d29497eae7ffe9372f6c554 P 95af19e0ea0b41bf8fab9477fb87b344: Bootstrap starting.
I20260713 09:03:13.210635  7109 tablet_bootstrap.cc:492] T fb221f1f42b74fcea93a29482a523dff P b5ac9338015447e2a7ae8ef5a658fe38: No bootstrap required, opened a new log
I20260713 09:03:13.211261  7109 ts_tablet_manager.cc:1403] T fb221f1f42b74fcea93a29482a523dff P b5ac9338015447e2a7ae8ef5a658fe38: Time spent bootstrapping tablet: real 0.023s	user 0.010s	sys 0.010s
I20260713 09:03:13.212141  7110 tablet_bootstrap.cc:654] T fb221f1f42b74fcea93a29482a523dff P 6d5c78929ecc4d95ab08ff97c024ea5d: Neither blocks nor log segments found. Creating new log.
I20260713 09:03:13.213760  7115 raft_consensus.cc:493] T fb221f1f42b74fcea93a29482a523dff P 95af19e0ea0b41bf8fab9477fb87b344 [term 0 FOLLOWER]: Starting pre-election (no leader contacted us within the election timeout)
I20260713 09:03:13.214437  7108 tablet_bootstrap.cc:654] T 1278fb349d29497eae7ffe9372f6c554 P 95af19e0ea0b41bf8fab9477fb87b344: Neither blocks nor log segments found. Creating new log.
I20260713 09:03:13.214282  7115 raft_consensus.cc:515] T fb221f1f42b74fcea93a29482a523dff P 95af19e0ea0b41bf8fab9477fb87b344 [term 0 FOLLOWER]: Starting pre-election with config: opid_index: -1 OBSOLETE_local: false peers { permanent_uuid: "6d5c78929ecc4d95ab08ff97c024ea5d" member_type: VOTER last_known_addr { host: "127.5.169.193" port: 38633 } } peers { permanent_uuid: "95af19e0ea0b41bf8fab9477fb87b344" member_type: VOTER last_known_addr { host: "127.5.169.194" port: 44117 } } peers { permanent_uuid: "b5ac9338015447e2a7ae8ef5a658fe38" member_type: VOTER last_known_addr { host: "127.5.169.195" port: 42303 } }
I20260713 09:03:13.214746  7116 raft_consensus.cc:493] T 28ad7215f1104de2ac13445737aa39ee P b5ac9338015447e2a7ae8ef5a658fe38 [term 0 FOLLOWER]: Starting pre-election (no leader contacted us within the election timeout)
I20260713 09:03:13.215312  7116 raft_consensus.cc:515] T 28ad7215f1104de2ac13445737aa39ee P b5ac9338015447e2a7ae8ef5a658fe38 [term 0 FOLLOWER]: Starting pre-election with config: opid_index: -1 OBSOLETE_local: false peers { permanent_uuid: "6d5c78929ecc4d95ab08ff97c024ea5d" member_type: VOTER last_known_addr { host: "127.5.169.193" port: 38633 } } peers { permanent_uuid: "95af19e0ea0b41bf8fab9477fb87b344" member_type: VOTER last_known_addr { host: "127.5.169.194" port: 44117 } } peers { permanent_uuid: "b5ac9338015447e2a7ae8ef5a658fe38" member_type: VOTER last_known_addr { host: "127.5.169.195" port: 42303 } }
I20260713 09:03:13.216959  7115 leader_election.cc:290] T fb221f1f42b74fcea93a29482a523dff P 95af19e0ea0b41bf8fab9477fb87b344 [CANDIDATE]: Term 1 pre-election: Requested pre-vote from peers 6d5c78929ecc4d95ab08ff97c024ea5d (127.5.169.193:38633), b5ac9338015447e2a7ae8ef5a658fe38 (127.5.169.195:42303)
I20260713 09:03:13.220216  7114 raft_consensus.cc:493] T 56e40e7e5d714f838536a6c4d22c29fe P 6d5c78929ecc4d95ab08ff97c024ea5d [term 0 FOLLOWER]: Starting pre-election (no leader contacted us within the election timeout)
I20260713 09:03:13.220880  7114 raft_consensus.cc:515] T 56e40e7e5d714f838536a6c4d22c29fe P 6d5c78929ecc4d95ab08ff97c024ea5d [term 0 FOLLOWER]: Starting pre-election with config: opid_index: -1 OBSOLETE_local: false peers { permanent_uuid: "6d5c78929ecc4d95ab08ff97c024ea5d" member_type: VOTER last_known_addr { host: "127.5.169.193" port: 38633 } } peers { permanent_uuid: "95af19e0ea0b41bf8fab9477fb87b344" member_type: VOTER last_known_addr { host: "127.5.169.194" port: 44117 } } peers { permanent_uuid: "b5ac9338015447e2a7ae8ef5a658fe38" member_type: VOTER last_known_addr { host: "127.5.169.195" port: 42303 } }
I20260713 09:03:13.223824  7116 leader_election.cc:290] T 28ad7215f1104de2ac13445737aa39ee P b5ac9338015447e2a7ae8ef5a658fe38 [CANDIDATE]: Term 1 pre-election: Requested pre-vote from peers 6d5c78929ecc4d95ab08ff97c024ea5d (127.5.169.193:38633), 95af19e0ea0b41bf8fab9477fb87b344 (127.5.169.194:44117)
I20260713 09:03:13.224367  7110 tablet_bootstrap.cc:492] T fb221f1f42b74fcea93a29482a523dff P 6d5c78929ecc4d95ab08ff97c024ea5d: No bootstrap required, opened a new log
I20260713 09:03:13.224825  7110 ts_tablet_manager.cc:1403] T fb221f1f42b74fcea93a29482a523dff P 6d5c78929ecc4d95ab08ff97c024ea5d: Time spent bootstrapping tablet: real 0.020s	user 0.010s	sys 0.007s
I20260713 09:03:13.225919  7108 tablet_bootstrap.cc:492] T 1278fb349d29497eae7ffe9372f6c554 P 95af19e0ea0b41bf8fab9477fb87b344: No bootstrap required, opened a new log
I20260713 09:03:13.226406  7108 ts_tablet_manager.cc:1403] T 1278fb349d29497eae7ffe9372f6c554 P 95af19e0ea0b41bf8fab9477fb87b344: Time spent bootstrapping tablet: real 0.021s	user 0.015s	sys 0.003s
I20260713 09:03:13.227789  7110 raft_consensus.cc:359] T fb221f1f42b74fcea93a29482a523dff P 6d5c78929ecc4d95ab08ff97c024ea5d [term 0 FOLLOWER]: Replica starting. Triggering 0 pending ops. Active config: opid_index: -1 OBSOLETE_local: false peers { permanent_uuid: "6d5c78929ecc4d95ab08ff97c024ea5d" member_type: VOTER last_known_addr { host: "127.5.169.193" port: 38633 } } peers { permanent_uuid: "95af19e0ea0b41bf8fab9477fb87b344" member_type: VOTER last_known_addr { host: "127.5.169.194" port: 44117 } } peers { permanent_uuid: "b5ac9338015447e2a7ae8ef5a658fe38" member_type: VOTER last_known_addr { host: "127.5.169.195" port: 42303 } }
I20260713 09:03:13.228552  7110 raft_consensus.cc:385] T fb221f1f42b74fcea93a29482a523dff P 6d5c78929ecc4d95ab08ff97c024ea5d [term 0 FOLLOWER]: Consensus starting up: Expiring failure detector timer to make a prompt election more likely
I20260713 09:03:13.228839  7110 raft_consensus.cc:740] T fb221f1f42b74fcea93a29482a523dff P 6d5c78929ecc4d95ab08ff97c024ea5d [term 0 FOLLOWER]: Becoming Follower/Learner. State: Replica: 6d5c78929ecc4d95ab08ff97c024ea5d, State: Initialized, Role: FOLLOWER
I20260713 09:03:13.229799  7110 consensus_queue.cc:260] T fb221f1f42b74fcea93a29482a523dff P 6d5c78929ecc4d95ab08ff97c024ea5d [NON_LEADER]: Queue going to NON_LEADER mode. State: All replicated index: 0, Majority replicated index: 0, Committed index: 0, Last appended: 0.0, Last appended by leader: 0, Current term: 0, Majority size: -1, State: 0, Mode: NON_LEADER, active raft config: opid_index: -1 OBSOLETE_local: false peers { permanent_uuid: "6d5c78929ecc4d95ab08ff97c024ea5d" member_type: VOTER last_known_addr { host: "127.5.169.193" port: 38633 } } peers { permanent_uuid: "95af19e0ea0b41bf8fab9477fb87b344" member_type: VOTER last_known_addr { host: "127.5.169.194" port: 44117 } } peers { permanent_uuid: "b5ac9338015447e2a7ae8ef5a658fe38" member_type: VOTER last_known_addr { host: "127.5.169.195" port: 42303 } }
I20260713 09:03:13.230034  7108 raft_consensus.cc:359] T 1278fb349d29497eae7ffe9372f6c554 P 95af19e0ea0b41bf8fab9477fb87b344 [term 0 FOLLOWER]: Replica starting. Triggering 0 pending ops. Active config: opid_index: -1 OBSOLETE_local: false peers { permanent_uuid: "6d5c78929ecc4d95ab08ff97c024ea5d" member_type: VOTER last_known_addr { host: "127.5.169.193" port: 38633 } } peers { permanent_uuid: "b5ac9338015447e2a7ae8ef5a658fe38" member_type: VOTER last_known_addr { host: "127.5.169.195" port: 42303 } } peers { permanent_uuid: "95af19e0ea0b41bf8fab9477fb87b344" member_type: VOTER last_known_addr { host: "127.5.169.194" port: 44117 } }
I20260713 09:03:13.234334  7108 raft_consensus.cc:385] T 1278fb349d29497eae7ffe9372f6c554 P 95af19e0ea0b41bf8fab9477fb87b344 [term 0 FOLLOWER]: Consensus starting up: Expiring failure detector timer to make a prompt election more likely
I20260713 09:03:13.234644  7108 raft_consensus.cc:740] T 1278fb349d29497eae7ffe9372f6c554 P 95af19e0ea0b41bf8fab9477fb87b344 [term 0 FOLLOWER]: Becoming Follower/Learner. State: Replica: 95af19e0ea0b41bf8fab9477fb87b344, State: Initialized, Role: FOLLOWER
I20260713 09:03:13.235376  7114 leader_election.cc:290] T 56e40e7e5d714f838536a6c4d22c29fe P 6d5c78929ecc4d95ab08ff97c024ea5d [CANDIDATE]: Term 1 pre-election: Requested pre-vote from peers 95af19e0ea0b41bf8fab9477fb87b344 (127.5.169.194:44117), b5ac9338015447e2a7ae8ef5a658fe38 (127.5.169.195:42303)
I20260713 09:03:13.235610  7108 consensus_queue.cc:260] T 1278fb349d29497eae7ffe9372f6c554 P 95af19e0ea0b41bf8fab9477fb87b344 [NON_LEADER]: Queue going to NON_LEADER mode. State: All replicated index: 0, Majority replicated index: 0, Committed index: 0, Last appended: 0.0, Last appended by leader: 0, Current term: 0, Majority size: -1, State: 0, Mode: NON_LEADER, active raft config: opid_index: -1 OBSOLETE_local: false peers { permanent_uuid: "6d5c78929ecc4d95ab08ff97c024ea5d" member_type: VOTER last_known_addr { host: "127.5.169.193" port: 38633 } } peers { permanent_uuid: "b5ac9338015447e2a7ae8ef5a658fe38" member_type: VOTER last_known_addr { host: "127.5.169.195" port: 42303 } } peers { permanent_uuid: "95af19e0ea0b41bf8fab9477fb87b344" member_type: VOTER last_known_addr { host: "127.5.169.194" port: 44117 } }
I20260713 09:03:13.239848  7110 ts_tablet_manager.cc:1434] T fb221f1f42b74fcea93a29482a523dff P 6d5c78929ecc4d95ab08ff97c024ea5d: Time spent starting tablet: real 0.015s	user 0.011s	sys 0.004s
I20260713 09:03:13.240001  7108 ts_tablet_manager.cc:1434] T 1278fb349d29497eae7ffe9372f6c554 P 95af19e0ea0b41bf8fab9477fb87b344: Time spent starting tablet: real 0.013s	user 0.007s	sys 0.000s
I20260713 09:03:13.241057  7108 tablet_bootstrap.cc:492] T 0abb756336d34c0a89e80e1e5618321d P 95af19e0ea0b41bf8fab9477fb87b344: Bootstrap starting.
I20260713 09:03:13.241189  7110 tablet_bootstrap.cc:492] T 28ad7215f1104de2ac13445737aa39ee P 6d5c78929ecc4d95ab08ff97c024ea5d: Bootstrap starting.
I20260713 09:03:13.249382  7110 tablet_bootstrap.cc:654] T 28ad7215f1104de2ac13445737aa39ee P 6d5c78929ecc4d95ab08ff97c024ea5d: Neither blocks nor log segments found. Creating new log.
I20260713 09:03:13.249385  7108 tablet_bootstrap.cc:654] T 0abb756336d34c0a89e80e1e5618321d P 95af19e0ea0b41bf8fab9477fb87b344: Neither blocks nor log segments found. Creating new log.
I20260713 09:03:13.260872  7115 raft_consensus.cc:493] T a61dbff49f734203a1b73ba8d34922b1 P 95af19e0ea0b41bf8fab9477fb87b344 [term 0 FOLLOWER]: Starting pre-election (no leader contacted us within the election timeout)
I20260713 09:03:13.261767  7110 tablet_bootstrap.cc:492] T 28ad7215f1104de2ac13445737aa39ee P 6d5c78929ecc4d95ab08ff97c024ea5d: No bootstrap required, opened a new log
I20260713 09:03:13.261377  7115 raft_consensus.cc:515] T a61dbff49f734203a1b73ba8d34922b1 P 95af19e0ea0b41bf8fab9477fb87b344 [term 0 FOLLOWER]: Starting pre-election with config: opid_index: -1 OBSOLETE_local: false peers { permanent_uuid: "6d5c78929ecc4d95ab08ff97c024ea5d" member_type: VOTER last_known_addr { host: "127.5.169.193" port: 38633 } } peers { permanent_uuid: "95af19e0ea0b41bf8fab9477fb87b344" member_type: VOTER last_known_addr { host: "127.5.169.194" port: 44117 } } peers { permanent_uuid: "b5ac9338015447e2a7ae8ef5a658fe38" member_type: VOTER last_known_addr { host: "127.5.169.195" port: 42303 } }
I20260713 09:03:13.262229  7108 tablet_bootstrap.cc:492] T 0abb756336d34c0a89e80e1e5618321d P 95af19e0ea0b41bf8fab9477fb87b344: No bootstrap required, opened a new log
I20260713 09:03:13.262874  7108 ts_tablet_manager.cc:1403] T 0abb756336d34c0a89e80e1e5618321d P 95af19e0ea0b41bf8fab9477fb87b344: Time spent bootstrapping tablet: real 0.022s	user 0.013s	sys 0.005s
I20260713 09:03:13.263638  7115 leader_election.cc:290] T a61dbff49f734203a1b73ba8d34922b1 P 95af19e0ea0b41bf8fab9477fb87b344 [CANDIDATE]: Term 1 pre-election: Requested pre-vote from peers 6d5c78929ecc4d95ab08ff97c024ea5d (127.5.169.193:38633), b5ac9338015447e2a7ae8ef5a658fe38 (127.5.169.195:42303)
I20260713 09:03:13.263445  7109 raft_consensus.cc:359] T fb221f1f42b74fcea93a29482a523dff P b5ac9338015447e2a7ae8ef5a658fe38 [term 0 FOLLOWER]: Replica starting. Triggering 0 pending ops. Active config: opid_index: -1 OBSOLETE_local: false peers { permanent_uuid: "6d5c78929ecc4d95ab08ff97c024ea5d" member_type: VOTER last_known_addr { host: "127.5.169.193" port: 38633 } } peers { permanent_uuid: "95af19e0ea0b41bf8fab9477fb87b344" member_type: VOTER last_known_addr { host: "127.5.169.194" port: 44117 } } peers { permanent_uuid: "b5ac9338015447e2a7ae8ef5a658fe38" member_type: VOTER last_known_addr { host: "127.5.169.195" port: 42303 } }
I20260713 09:03:13.264353  7110 ts_tablet_manager.cc:1403] T 28ad7215f1104de2ac13445737aa39ee P 6d5c78929ecc4d95ab08ff97c024ea5d: Time spent bootstrapping tablet: real 0.023s	user 0.020s	sys 0.000s
I20260713 09:03:13.266328  7108 raft_consensus.cc:359] T 0abb756336d34c0a89e80e1e5618321d P 95af19e0ea0b41bf8fab9477fb87b344 [term 0 FOLLOWER]: Replica starting. Triggering 0 pending ops. Active config: opid_index: -1 OBSOLETE_local: false peers { permanent_uuid: "6d5c78929ecc4d95ab08ff97c024ea5d" member_type: VOTER last_known_addr { host: "127.5.169.193" port: 38633 } } peers { permanent_uuid: "95af19e0ea0b41bf8fab9477fb87b344" member_type: VOTER last_known_addr { host: "127.5.169.194" port: 44117 } } peers { permanent_uuid: "b5ac9338015447e2a7ae8ef5a658fe38" member_type: VOTER last_known_addr { host: "127.5.169.195" port: 42303 } }
I20260713 09:03:13.267302  7108 raft_consensus.cc:385] T 0abb756336d34c0a89e80e1e5618321d P 95af19e0ea0b41bf8fab9477fb87b344 [term 0 FOLLOWER]: Consensus starting up: Expiring failure detector timer to make a prompt election more likely
I20260713 09:03:13.264359  7109 raft_consensus.cc:385] T fb221f1f42b74fcea93a29482a523dff P b5ac9338015447e2a7ae8ef5a658fe38 [term 0 FOLLOWER]: Consensus starting up: Expiring failure detector timer to make a prompt election more likely
I20260713 09:03:13.267383  7110 raft_consensus.cc:359] T 28ad7215f1104de2ac13445737aa39ee P 6d5c78929ecc4d95ab08ff97c024ea5d [term 0 FOLLOWER]: Replica starting. Triggering 0 pending ops. Active config: opid_index: -1 OBSOLETE_local: false peers { permanent_uuid: "6d5c78929ecc4d95ab08ff97c024ea5d" member_type: VOTER last_known_addr { host: "127.5.169.193" port: 38633 } } peers { permanent_uuid: "95af19e0ea0b41bf8fab9477fb87b344" member_type: VOTER last_known_addr { host: "127.5.169.194" port: 44117 } } peers { permanent_uuid: "b5ac9338015447e2a7ae8ef5a658fe38" member_type: VOTER last_known_addr { host: "127.5.169.195" port: 42303 } }
I20260713 09:03:13.267729  7108 raft_consensus.cc:740] T 0abb756336d34c0a89e80e1e5618321d P 95af19e0ea0b41bf8fab9477fb87b344 [term 0 FOLLOWER]: Becoming Follower/Learner. State: Replica: 95af19e0ea0b41bf8fab9477fb87b344, State: Initialized, Role: FOLLOWER
I20260713 09:03:13.268241  7110 raft_consensus.cc:385] T 28ad7215f1104de2ac13445737aa39ee P 6d5c78929ecc4d95ab08ff97c024ea5d [term 0 FOLLOWER]: Consensus starting up: Expiring failure detector timer to make a prompt election more likely
I20260713 09:03:13.268739  7110 raft_consensus.cc:740] T 28ad7215f1104de2ac13445737aa39ee P 6d5c78929ecc4d95ab08ff97c024ea5d [term 0 FOLLOWER]: Becoming Follower/Learner. State: Replica: 6d5c78929ecc4d95ab08ff97c024ea5d, State: Initialized, Role: FOLLOWER
I20260713 09:03:13.268831  7108 consensus_queue.cc:260] T 0abb756336d34c0a89e80e1e5618321d P 95af19e0ea0b41bf8fab9477fb87b344 [NON_LEADER]: Queue going to NON_LEADER mode. State: All replicated index: 0, Majority replicated index: 0, Committed index: 0, Last appended: 0.0, Last appended by leader: 0, Current term: 0, Majority size: -1, State: 0, Mode: NON_LEADER, active raft config: opid_index: -1 OBSOLETE_local: false peers { permanent_uuid: "6d5c78929ecc4d95ab08ff97c024ea5d" member_type: VOTER last_known_addr { host: "127.5.169.193" port: 38633 } } peers { permanent_uuid: "95af19e0ea0b41bf8fab9477fb87b344" member_type: VOTER last_known_addr { host: "127.5.169.194" port: 44117 } } peers { permanent_uuid: "b5ac9338015447e2a7ae8ef5a658fe38" member_type: VOTER last_known_addr { host: "127.5.169.195" port: 42303 } }
I20260713 09:03:13.269624  7110 consensus_queue.cc:260] T 28ad7215f1104de2ac13445737aa39ee P 6d5c78929ecc4d95ab08ff97c024ea5d [NON_LEADER]: Queue going to NON_LEADER mode. State: All replicated index: 0, Majority replicated index: 0, Committed index: 0, Last appended: 0.0, Last appended by leader: 0, Current term: 0, Majority size: -1, State: 0, Mode: NON_LEADER, active raft config: opid_index: -1 OBSOLETE_local: false peers { permanent_uuid: "6d5c78929ecc4d95ab08ff97c024ea5d" member_type: VOTER last_known_addr { host: "127.5.169.193" port: 38633 } } peers { permanent_uuid: "95af19e0ea0b41bf8fab9477fb87b344" member_type: VOTER last_known_addr { host: "127.5.169.194" port: 44117 } } peers { permanent_uuid: "b5ac9338015447e2a7ae8ef5a658fe38" member_type: VOTER last_known_addr { host: "127.5.169.195" port: 42303 } }
I20260713 09:03:13.271116  7108 ts_tablet_manager.cc:1434] T 0abb756336d34c0a89e80e1e5618321d P 95af19e0ea0b41bf8fab9477fb87b344: Time spent starting tablet: real 0.008s	user 0.007s	sys 0.000s
I20260713 09:03:13.272117  7108 tablet_bootstrap.cc:492] T 376c5705bdfb47e8ad429251a9dd01d0 P 95af19e0ea0b41bf8fab9477fb87b344: Bootstrap starting.
I20260713 09:03:13.272323  7110 ts_tablet_manager.cc:1434] T 28ad7215f1104de2ac13445737aa39ee P 6d5c78929ecc4d95ab08ff97c024ea5d: Time spent starting tablet: real 0.008s	user 0.005s	sys 0.001s
I20260713 09:03:13.273234  7110 tablet_bootstrap.cc:492] T 0abb756336d34c0a89e80e1e5618321d P 6d5c78929ecc4d95ab08ff97c024ea5d: Bootstrap starting.
I20260713 09:03:13.278488  7108 tablet_bootstrap.cc:654] T 376c5705bdfb47e8ad429251a9dd01d0 P 95af19e0ea0b41bf8fab9477fb87b344: Neither blocks nor log segments found. Creating new log.
I20260713 09:03:13.279518  7110 tablet_bootstrap.cc:654] T 0abb756336d34c0a89e80e1e5618321d P 6d5c78929ecc4d95ab08ff97c024ea5d: Neither blocks nor log segments found. Creating new log.
I20260713 09:03:13.268187  7109 raft_consensus.cc:740] T fb221f1f42b74fcea93a29482a523dff P b5ac9338015447e2a7ae8ef5a658fe38 [term 0 FOLLOWER]: Becoming Follower/Learner. State: Replica: b5ac9338015447e2a7ae8ef5a658fe38, State: Initialized, Role: FOLLOWER
I20260713 09:03:13.287748  7109 consensus_queue.cc:260] T fb221f1f42b74fcea93a29482a523dff P b5ac9338015447e2a7ae8ef5a658fe38 [NON_LEADER]: Queue going to NON_LEADER mode. State: All replicated index: 0, Majority replicated index: 0, Committed index: 0, Last appended: 0.0, Last appended by leader: 0, Current term: 0, Majority size: -1, State: 0, Mode: NON_LEADER, active raft config: opid_index: -1 OBSOLETE_local: false peers { permanent_uuid: "6d5c78929ecc4d95ab08ff97c024ea5d" member_type: VOTER last_known_addr { host: "127.5.169.193" port: 38633 } } peers { permanent_uuid: "95af19e0ea0b41bf8fab9477fb87b344" member_type: VOTER last_known_addr { host: "127.5.169.194" port: 44117 } } peers { permanent_uuid: "b5ac9338015447e2a7ae8ef5a658fe38" member_type: VOTER last_known_addr { host: "127.5.169.195" port: 42303 } }
I20260713 09:03:13.291160  7110 tablet_bootstrap.cc:492] T 0abb756336d34c0a89e80e1e5618321d P 6d5c78929ecc4d95ab08ff97c024ea5d: No bootstrap required, opened a new log
I20260713 09:03:13.291656  7110 ts_tablet_manager.cc:1403] T 0abb756336d34c0a89e80e1e5618321d P 6d5c78929ecc4d95ab08ff97c024ea5d: Time spent bootstrapping tablet: real 0.019s	user 0.009s	sys 0.008s
I20260713 09:03:13.294413  7110 raft_consensus.cc:359] T 0abb756336d34c0a89e80e1e5618321d P 6d5c78929ecc4d95ab08ff97c024ea5d [term 0 FOLLOWER]: Replica starting. Triggering 0 pending ops. Active config: opid_index: -1 OBSOLETE_local: false peers { permanent_uuid: "6d5c78929ecc4d95ab08ff97c024ea5d" member_type: VOTER last_known_addr { host: "127.5.169.193" port: 38633 } } peers { permanent_uuid: "95af19e0ea0b41bf8fab9477fb87b344" member_type: VOTER last_known_addr { host: "127.5.169.194" port: 44117 } } peers { permanent_uuid: "b5ac9338015447e2a7ae8ef5a658fe38" member_type: VOTER last_known_addr { host: "127.5.169.195" port: 42303 } }
I20260713 09:03:13.295101  7110 raft_consensus.cc:385] T 0abb756336d34c0a89e80e1e5618321d P 6d5c78929ecc4d95ab08ff97c024ea5d [term 0 FOLLOWER]: Consensus starting up: Expiring failure detector timer to make a prompt election more likely
I20260713 09:03:13.295408  7110 raft_consensus.cc:740] T 0abb756336d34c0a89e80e1e5618321d P 6d5c78929ecc4d95ab08ff97c024ea5d [term 0 FOLLOWER]: Becoming Follower/Learner. State: Replica: 6d5c78929ecc4d95ab08ff97c024ea5d, State: Initialized, Role: FOLLOWER
I20260713 09:03:13.296046  7110 consensus_queue.cc:260] T 0abb756336d34c0a89e80e1e5618321d P 6d5c78929ecc4d95ab08ff97c024ea5d [NON_LEADER]: Queue going to NON_LEADER mode. State: All replicated index: 0, Majority replicated index: 0, Committed index: 0, Last appended: 0.0, Last appended by leader: 0, Current term: 0, Majority size: -1, State: 0, Mode: NON_LEADER, active raft config: opid_index: -1 OBSOLETE_local: false peers { permanent_uuid: "6d5c78929ecc4d95ab08ff97c024ea5d" member_type: VOTER last_known_addr { host: "127.5.169.193" port: 38633 } } peers { permanent_uuid: "95af19e0ea0b41bf8fab9477fb87b344" member_type: VOTER last_known_addr { host: "127.5.169.194" port: 44117 } } peers { permanent_uuid: "b5ac9338015447e2a7ae8ef5a658fe38" member_type: VOTER last_known_addr { host: "127.5.169.195" port: 42303 } }
I20260713 09:03:13.297046  7116 raft_consensus.cc:493] T 56e40e7e5d714f838536a6c4d22c29fe P b5ac9338015447e2a7ae8ef5a658fe38 [term 0 FOLLOWER]: Starting pre-election (no leader contacted us within the election timeout)
I20260713 09:03:13.297573  7116 raft_consensus.cc:515] T 56e40e7e5d714f838536a6c4d22c29fe P b5ac9338015447e2a7ae8ef5a658fe38 [term 0 FOLLOWER]: Starting pre-election with config: opid_index: -1 OBSOLETE_local: false peers { permanent_uuid: "6d5c78929ecc4d95ab08ff97c024ea5d" member_type: VOTER last_known_addr { host: "127.5.169.193" port: 38633 } } peers { permanent_uuid: "95af19e0ea0b41bf8fab9477fb87b344" member_type: VOTER last_known_addr { host: "127.5.169.194" port: 44117 } } peers { permanent_uuid: "b5ac9338015447e2a7ae8ef5a658fe38" member_type: VOTER last_known_addr { host: "127.5.169.195" port: 42303 } }
I20260713 09:03:13.298385  7110 ts_tablet_manager.cc:1434] T 0abb756336d34c0a89e80e1e5618321d P 6d5c78929ecc4d95ab08ff97c024ea5d: Time spent starting tablet: real 0.006s	user 0.006s	sys 0.000s
I20260713 09:03:13.299291  7110 tablet_bootstrap.cc:492] T ecbf0978d59046889029e088e27d961f P 6d5c78929ecc4d95ab08ff97c024ea5d: Bootstrap starting.
I20260713 09:03:13.299747  7116 leader_election.cc:290] T 56e40e7e5d714f838536a6c4d22c29fe P b5ac9338015447e2a7ae8ef5a658fe38 [CANDIDATE]: Term 1 pre-election: Requested pre-vote from peers 6d5c78929ecc4d95ab08ff97c024ea5d (127.5.169.193:38633), 95af19e0ea0b41bf8fab9477fb87b344 (127.5.169.194:44117)
I20260713 09:03:13.299196  7109 ts_tablet_manager.cc:1434] T fb221f1f42b74fcea93a29482a523dff P b5ac9338015447e2a7ae8ef5a658fe38: Time spent starting tablet: real 0.088s	user 0.002s	sys 0.005s
I20260713 09:03:13.301947  6994 tablet_service.cc:1917] Received RequestConsensusVote() RPC: tablet_id: "28ad7215f1104de2ac13445737aa39ee" candidate_uuid: "b5ac9338015447e2a7ae8ef5a658fe38" candidate_term: 1 candidate_status { last_received { term: 0 index: 0 } } ignore_live_leader: false dest_uuid: "95af19e0ea0b41bf8fab9477fb87b344" is_pre_election: true
I20260713 09:03:13.303043  7109 tablet_bootstrap.cc:492] T 376c5705bdfb47e8ad429251a9dd01d0 P b5ac9338015447e2a7ae8ef5a658fe38: Bootstrap starting.
I20260713 09:03:13.303500  6993 tablet_service.cc:1917] Received RequestConsensusVote() RPC: tablet_id: "56e40e7e5d714f838536a6c4d22c29fe" candidate_uuid: "b5ac9338015447e2a7ae8ef5a658fe38" candidate_term: 1 candidate_status { last_received { term: 0 index: 0 } } ignore_live_leader: false dest_uuid: "95af19e0ea0b41bf8fab9477fb87b344" is_pre_election: true
W20260713 09:03:13.304785  7031 leader_election.cc:343] T 28ad7215f1104de2ac13445737aa39ee P b5ac9338015447e2a7ae8ef5a658fe38 [CANDIDATE]: Term 1 pre-election: Tablet error from VoteRequest() call to peer 95af19e0ea0b41bf8fab9477fb87b344 (127.5.169.194:44117): Illegal state: must be running to vote when last-logged opid is not known
I20260713 09:03:13.304860  6993 raft_consensus.cc:2468] T 56e40e7e5d714f838536a6c4d22c29fe P 95af19e0ea0b41bf8fab9477fb87b344 [term 0 FOLLOWER]: Leader pre-election vote request: Granting yes vote for candidate b5ac9338015447e2a7ae8ef5a658fe38 in term 0.
I20260713 09:03:13.308662  7031 leader_election.cc:304] T 56e40e7e5d714f838536a6c4d22c29fe P b5ac9338015447e2a7ae8ef5a658fe38 [CANDIDATE]: Term 1 pre-election: Election decided. Result: candidate won. Election summary: received 2 responses out of 3 voters: 2 yes votes; 0 no votes. yes voters: 95af19e0ea0b41bf8fab9477fb87b344, b5ac9338015447e2a7ae8ef5a658fe38; no voters: 
I20260713 09:03:13.309566  7116 raft_consensus.cc:2804] T 56e40e7e5d714f838536a6c4d22c29fe P b5ac9338015447e2a7ae8ef5a658fe38 [term 0 FOLLOWER]: Leader pre-election won for term 1
I20260713 09:03:13.309943  7116 raft_consensus.cc:493] T 56e40e7e5d714f838536a6c4d22c29fe P b5ac9338015447e2a7ae8ef5a658fe38 [term 0 FOLLOWER]: Starting leader election (no leader contacted us within the election timeout)
I20260713 09:03:13.310266  7116 raft_consensus.cc:3060] T 56e40e7e5d714f838536a6c4d22c29fe P b5ac9338015447e2a7ae8ef5a658fe38 [term 0 FOLLOWER]: Advancing to term 1
I20260713 09:03:13.316608  7068 tablet_service.cc:1917] Received RequestConsensusVote() RPC: tablet_id: "56e40e7e5d714f838536a6c4d22c29fe" candidate_uuid: "6d5c78929ecc4d95ab08ff97c024ea5d" candidate_term: 1 candidate_status { last_received { term: 0 index: 0 } } ignore_live_leader: false dest_uuid: "b5ac9338015447e2a7ae8ef5a658fe38" is_pre_election: true
I20260713 09:03:13.317076  7109 tablet_bootstrap.cc:654] T 376c5705bdfb47e8ad429251a9dd01d0 P b5ac9338015447e2a7ae8ef5a658fe38: Neither blocks nor log segments found. Creating new log.
I20260713 09:03:13.327055  6918 tablet_service.cc:1917] Received RequestConsensusVote() RPC: tablet_id: "56e40e7e5d714f838536a6c4d22c29fe" candidate_uuid: "b5ac9338015447e2a7ae8ef5a658fe38" candidate_term: 1 candidate_status { last_received { term: 0 index: 0 } } ignore_live_leader: false dest_uuid: "6d5c78929ecc4d95ab08ff97c024ea5d" is_pre_election: true
I20260713 09:03:13.327394  7136 raft_consensus.cc:493] T a61dbff49f734203a1b73ba8d34922b1 P 6d5c78929ecc4d95ab08ff97c024ea5d [term 0 FOLLOWER]: Starting pre-election (no leader contacted us within the election timeout)
I20260713 09:03:13.326489  7067 tablet_service.cc:1917] Received RequestConsensusVote() RPC: tablet_id: "56e40e7e5d714f838536a6c4d22c29fe" candidate_uuid: "95af19e0ea0b41bf8fab9477fb87b344" candidate_term: 1 candidate_status { last_received { term: 0 index: 0 } } ignore_live_leader: false dest_uuid: "b5ac9338015447e2a7ae8ef5a658fe38" is_pre_election: true
I20260713 09:03:13.329793  6918 raft_consensus.cc:2468] T 56e40e7e5d714f838536a6c4d22c29fe P 6d5c78929ecc4d95ab08ff97c024ea5d [term 0 FOLLOWER]: Leader pre-election vote request: Granting yes vote for candidate b5ac9338015447e2a7ae8ef5a658fe38 in term 0.
I20260713 09:03:13.329759  7136 raft_consensus.cc:515] T a61dbff49f734203a1b73ba8d34922b1 P 6d5c78929ecc4d95ab08ff97c024ea5d [term 0 FOLLOWER]: Starting pre-election with config: opid_index: -1 OBSOLETE_local: false peers { permanent_uuid: "6d5c78929ecc4d95ab08ff97c024ea5d" member_type: VOTER last_known_addr { host: "127.5.169.193" port: 38633 } } peers { permanent_uuid: "95af19e0ea0b41bf8fab9477fb87b344" member_type: VOTER last_known_addr { host: "127.5.169.194" port: 44117 } } peers { permanent_uuid: "b5ac9338015447e2a7ae8ef5a658fe38" member_type: VOTER last_known_addr { host: "127.5.169.195" port: 42303 } }
I20260713 09:03:13.331765  7110 tablet_bootstrap.cc:654] T ecbf0978d59046889029e088e27d961f P 6d5c78929ecc4d95ab08ff97c024ea5d: Neither blocks nor log segments found. Creating new log.
I20260713 09:03:13.324730  6919 tablet_service.cc:1917] Received RequestConsensusVote() RPC: tablet_id: "28ad7215f1104de2ac13445737aa39ee" candidate_uuid: "b5ac9338015447e2a7ae8ef5a658fe38" candidate_term: 1 candidate_status { last_received { term: 0 index: 0 } } ignore_live_leader: false dest_uuid: "6d5c78929ecc4d95ab08ff97c024ea5d" is_pre_election: true
I20260713 09:03:13.333053  6919 raft_consensus.cc:2468] T 28ad7215f1104de2ac13445737aa39ee P 6d5c78929ecc4d95ab08ff97c024ea5d [term 0 FOLLOWER]: Leader pre-election vote request: Granting yes vote for candidate b5ac9338015447e2a7ae8ef5a658fe38 in term 0.
I20260713 09:03:13.333683  7136 leader_election.cc:290] T a61dbff49f734203a1b73ba8d34922b1 P 6d5c78929ecc4d95ab08ff97c024ea5d [CANDIDATE]: Term 1 pre-election: Requested pre-vote from peers 95af19e0ea0b41bf8fab9477fb87b344 (127.5.169.194:44117), b5ac9338015447e2a7ae8ef5a658fe38 (127.5.169.195:42303)
I20260713 09:03:13.334106  7067 tablet_service.cc:1917] Received RequestConsensusVote() RPC: tablet_id: "fb221f1f42b74fcea93a29482a523dff" candidate_uuid: "95af19e0ea0b41bf8fab9477fb87b344" candidate_term: 1 candidate_status { last_received { term: 0 index: 0 } } ignore_live_leader: false dest_uuid: "b5ac9338015447e2a7ae8ef5a658fe38" is_pre_election: true
I20260713 09:03:13.334692  7067 raft_consensus.cc:2468] T fb221f1f42b74fcea93a29482a523dff P b5ac9338015447e2a7ae8ef5a658fe38 [term 0 FOLLOWER]: Leader pre-election vote request: Granting yes vote for candidate 95af19e0ea0b41bf8fab9477fb87b344 in term 0.
I20260713 09:03:13.334870  7066 tablet_service.cc:1917] Received RequestConsensusVote() RPC: tablet_id: "a61dbff49f734203a1b73ba8d34922b1" candidate_uuid: "95af19e0ea0b41bf8fab9477fb87b344" candidate_term: 1 candidate_status { last_received { term: 0 index: 0 } } ignore_live_leader: false dest_uuid: "b5ac9338015447e2a7ae8ef5a658fe38" is_pre_election: true
I20260713 09:03:13.335101  7065 tablet_service.cc:1917] Received RequestConsensusVote() RPC: tablet_id: "a61dbff49f734203a1b73ba8d34922b1" candidate_uuid: "6d5c78929ecc4d95ab08ff97c024ea5d" candidate_term: 1 candidate_status { last_received { term: 0 index: 0 } } ignore_live_leader: false dest_uuid: "b5ac9338015447e2a7ae8ef5a658fe38" is_pre_election: true
I20260713 09:03:13.338945  7108 tablet_bootstrap.cc:492] T 376c5705bdfb47e8ad429251a9dd01d0 P 95af19e0ea0b41bf8fab9477fb87b344: No bootstrap required, opened a new log
W20260713 09:03:13.339000  6883 leader_election.cc:343] T a61dbff49f734203a1b73ba8d34922b1 P 6d5c78929ecc4d95ab08ff97c024ea5d [CANDIDATE]: Term 1 pre-election: Tablet error from VoteRequest() call to peer b5ac9338015447e2a7ae8ef5a658fe38 (127.5.169.195:42303): Illegal state: must be running to vote when last-logged opid is not known
I20260713 09:03:13.339507  7108 ts_tablet_manager.cc:1403] T 376c5705bdfb47e8ad429251a9dd01d0 P 95af19e0ea0b41bf8fab9477fb87b344: Time spent bootstrapping tablet: real 0.068s	user 0.012s	sys 0.014s
I20260713 09:03:13.339345  6958 leader_election.cc:304] T fb221f1f42b74fcea93a29482a523dff P 95af19e0ea0b41bf8fab9477fb87b344 [CANDIDATE]: Term 1 pre-election: Election decided. Result: candidate won. Election summary: received 2 responses out of 3 voters: 2 yes votes; 0 no votes. yes voters: 95af19e0ea0b41bf8fab9477fb87b344, b5ac9338015447e2a7ae8ef5a658fe38; no voters: 
I20260713 09:03:13.340953  7115 raft_consensus.cc:2804] T fb221f1f42b74fcea93a29482a523dff P 95af19e0ea0b41bf8fab9477fb87b344 [term 0 FOLLOWER]: Leader pre-election won for term 1
I20260713 09:03:13.341423  7115 raft_consensus.cc:493] T fb221f1f42b74fcea93a29482a523dff P 95af19e0ea0b41bf8fab9477fb87b344 [term 0 FOLLOWER]: Starting leader election (no leader contacted us within the election timeout)
I20260713 09:03:13.330559  7116 raft_consensus.cc:515] T 56e40e7e5d714f838536a6c4d22c29fe P b5ac9338015447e2a7ae8ef5a658fe38 [term 1 FOLLOWER]: Starting leader election with config: opid_index: -1 OBSOLETE_local: false peers { permanent_uuid: "6d5c78929ecc4d95ab08ff97c024ea5d" member_type: VOTER last_known_addr { host: "127.5.169.193" port: 38633 } } peers { permanent_uuid: "95af19e0ea0b41bf8fab9477fb87b344" member_type: VOTER last_known_addr { host: "127.5.169.194" port: 44117 } } peers { permanent_uuid: "b5ac9338015447e2a7ae8ef5a658fe38" member_type: VOTER last_known_addr { host: "127.5.169.195" port: 42303 } }
I20260713 09:03:13.341877  7115 raft_consensus.cc:3060] T fb221f1f42b74fcea93a29482a523dff P 95af19e0ea0b41bf8fab9477fb87b344 [term 0 FOLLOWER]: Advancing to term 1
I20260713 09:03:13.342207  7108 raft_consensus.cc:359] T 376c5705bdfb47e8ad429251a9dd01d0 P 95af19e0ea0b41bf8fab9477fb87b344 [term 0 FOLLOWER]: Replica starting. Triggering 0 pending ops. Active config: opid_index: -1 OBSOLETE_local: false peers { permanent_uuid: "6d5c78929ecc4d95ab08ff97c024ea5d" member_type: VOTER last_known_addr { host: "127.5.169.193" port: 38633 } } peers { permanent_uuid: "95af19e0ea0b41bf8fab9477fb87b344" member_type: VOTER last_known_addr { host: "127.5.169.194" port: 44117 } } peers { permanent_uuid: "b5ac9338015447e2a7ae8ef5a658fe38" member_type: VOTER last_known_addr { host: "127.5.169.195" port: 42303 } }
